74.7.227.39 - - [21/Apr/2026:18:32:32 +0000] "GET /goods.php?detail/17302545170550 HTTP/1.1" 404 21054 "https://s2spw.com/goods.php?detail/271007799228" "Mozilla/5.0 AppleWebKit/537.36 (KHTML, like Gecko; compatible; GPTBot/1.3; +https://openai.com/gptbot)"
66.249.79.197 - - [21/Apr/2026:18:32:33 +0000] "GET /?jp/058036821.html HTTP/1.1" 200 554848 "-" "Mozilla/5.0 (Linux; Android 6.0.1; Nexus 5X Build/MMB29P) AppleWebKit/537.36 (KHTML, like Gecko) Chrome/146.0.7680.177 Mobile Safari/537.36 (compatible; Googlebot/2.1; +http://www.google.com/bot.html)"
66.249.79.197 - - [21/Apr/2026:18:32:33 +0000] "GET /?detail/050041844854 HTTP/1.1" 200 553761 "-" "Mozilla/5.0 (Linux; Android 6.0.1; Nexus 5X Build/MMB29P) AppleWebKit/537.36 (KHTML, like Gecko) Chrome/146.0.7680.177 Mobile Safari/537.36 (compatible; Googlebot/2.1; +http://www.google.com/bot.html)"
74.7.227.39 - - [21/Apr/2026:18:32:35 +0000] "GET /goods.php?detail/08702701298868 HTTP/1.1" 404 21054 "https://s2spw.com/goods.php?goods/087027294" "Mozilla/5.0 AppleWebKit/537.36 (KHTML, like Gecko; compatible; GPTBot/1.3; +https://openai.com/gptbot)"
74.7.227.39 - - [21/Apr/2026:18:32:38 +0000] "GET /goods.php?detail/09300307942731 HTTP/1.1" 404 21054 "https://s2spw.com/goods.php?detail/093008100961" "Mozilla/5.0 AppleWebKit/537.36 (KHTML, like Gecko; compatible; GPTBot/1.3; +https://openai.com/gptbot)"
74.7.227.39 - - [21/Apr/2026:18:32:40 +0000] "GET /goods.php?detail/19503857515781 HTTP/1.1" 404 21054 "https://s2spw.com/goods.php?detail/001043102100" "Mozilla/5.0 AppleWebKit/537.36 (KHTML, like Gecko; compatible; GPTBot/1.3; +https://openai.com/gptbot)"
66.249.79.199 - - [21/Apr/2026:18:32:41 +0000] "GET /?goods/161007372 HTTP/1.1" 200 553941 "-" "Mozilla/5.0 (Linux; Android 6.0.1; Nexus 5X Build/MMB29P) AppleWebKit/537.36 (KHTML, like Gecko) Chrome/146.0.7680.177 Mobile Safari/537.36 (compatible; Googlebot/2.1; +http://www.google.com/bot.html)"
74.7.227.39 - - [21/Apr/2026:18:32:43 +0000] "GET /goods.php?detail/23504352234298 HTTP/1.1" 404 21054 "https://s2spw.com/goods.php?detail/076013727767" "Mozilla/5.0 AppleWebKit/537.36 (KHTML, like Gecko; compatible; GPTBot/1.3; +https://openai.com/gptbot)"
66.249.79.197 - - [21/Apr/2026:18:32:45 +0000] "GET /?goods/111045499 HTTP/1.1" 200 555995 "-" "Mozilla/5.0 (Linux; Android 6.0.1; Nexus 5X Build/MMB29P) AppleWebKit/537.36 (KHTML, like Gecko) Chrome/146.0.7680.177 Mobile Safari/537.36 (compatible; Googlebot/2.1; +http://www.google.com/bot.html)"
74.7.227.39 - - [21/Apr/2026:18:32:46 +0000] "GET /goods.php?detail/20200386124811 HTTP/1.1" 404 21054 "https://s2spw.com/goods.php?detail/2020039038383" "Mozilla/5.0 AppleWebKit/537.36 (KHTML, like Gecko; compatible; GPTBot/1.3; +https://openai.com/gptbot)"
74.7.227.39 - - [21/Apr/2026:18:32:49 +0000] "GET /goods.php?detail/10700733658650 HTTP/1.1" 404 21054 "https://s2spw.com/goods.php?detail/107008328281" "Mozilla/5.0 AppleWebKit/537.36 (KHTML, like Gecko; compatible; GPTBot/1.3; +https://openai.com/gptbot)"
135.181.160.215 - - [21/Apr/2026:18:32:51 +0000] "POST /wp-content/plugins/cutfdpm/index.php HTTP/1.1" 404 21054 "-" "-"
74.7.227.39 - - [21/Apr/2026:18:32:52 +0000] "GET /goods.php?detail/25400202653037 HTTP/1.1" 404 21054 "https://s2spw.com/goods.php?detail/254002140828" "Mozilla/5.0 AppleWebKit/537.36 (KHTML, like Gecko; compatible; GPTBot/1.3; +https://openai.com/gptbot)"
66.249.79.198 - - [21/Apr/2026:18:32:53 +0000] "GET /?jp/296032235.html HTTP/1.1" 200 555614 "-" "Mozilla/5.0 (Linux; Android 6.0.1; Nexus 5X Build/MMB29P) AppleWebKit/537.36 (KHTML, like Gecko) Chrome/146.0.7680.177 Mobile Safari/537.36 (compatible; Googlebot/2.1; +http://www.google.com/bot.html)"
74.7.227.39 - - [21/Apr/2026:18:32:54 +0000] "GET /goods.php?detail/28100598080940 HTTP/1.1" 404 21054 "https://s2spw.com/goods.php?detail/281005130072" "Mozilla/5.0 AppleWebKit/537.36 (KHTML, like Gecko; compatible; GPTBot/1.3; +https://openai.com/gptbot)"
66.249.79.198 - - [21/Apr/2026:18:32:57 +0000] "GET /?jp/238010936.html HTTP/1.1" 200 555164 "-" "Mozilla/5.0 (Linux; Android 6.0.1; Nexus 5X Build/MMB29P) AppleWebKit/537.36 (KHTML, like Gecko) Chrome/146.0.7680.177 Mobile Safari/537.36 (compatible; Googlebot/2.1; +http://www.google.com/bot.html)"
74.7.227.39 - - [21/Apr/2026:18:32:57 +0000] "GET /goods.php?detail/04001287872016 HTTP/1.1" 404 21054 "https://s2spw.com/goods.php?goods/040012669" "Mozilla/5.0 AppleWebKit/537.36 (KHTML, like Gecko; compatible; GPTBot/1.3; +https://openai.com/gptbot)"
74.7.227.39 - - [21/Apr/2026:18:33:00 +0000] "GET /goods.php?detail/29303976596729 HTTP/1.1" 404 21054 "https://s2spw.com/goods.php?detail/29302659653967" "Mozilla/5.0 AppleWebKit/537.36 (KHTML, like Gecko; compatible; GPTBot/1.3; +https://openai.com/gptbot)"
66.249.79.197 - - [21/Apr/2026:18:33:01 +0000] "GET /?detail/296033360634 HTTP/1.1" 200 563018 "-" "Mozilla/5.0 (Linux; Android 6.0.1; Nexus 5X Build/MMB29P) AppleWebKit/537.36 (KHTML, like Gecko) Chrome/146.0.7680.177 Mobile Safari/537.36 (compatible; Googlebot/2.1; +http://www.google.com/bot.html)"
74.7.227.39 - - [21/Apr/2026:18:33:03 +0000] "GET /goods.php?detail/06103946799496 HTTP/1.1" 404 21054 "https://s2spw.com/goods.php?goods/061039373" "Mozilla/5.0 AppleWebKit/537.36 (KHTML, like Gecko; compatible; GPTBot/1.3; +https://openai.com/gptbot)"
66.249.79.198 - - [21/Apr/2026:18:33:05 +0000] "GET /?detail/182039166053 HTTP/1.1" 200 556083 "-" "Mozilla/5.0 (Linux; Android 6.0.1; Nexus 5X Build/MMB29P) AppleWebKit/537.36 (KHTML, like Gecko) Chrome/146.0.7680.177 Mobile Safari/537.36 (compatible; Googlebot/2.1; +http://www.google.com/bot.html)"
74.7.227.39 - - [21/Apr/2026:18:33:06 +0000] "GET /goods.php?detail/01800217755858 HTTP/1.1" 404 21054 "https://s2spw.com/goods.php?detail/018002360228" "Mozilla/5.0 AppleWebKit/537.36 (KHTML, like Gecko; compatible; GPTBot/1.3; +https://openai.com/gptbot)"
66.249.79.195 - - [21/Apr/2026:18:33:08 +0000] "GET /?goods/244018305 HTTP/1.1" 200 553550 "-" "Mozilla/5.0 (Linux; Android 6.0.1; Nexus 5X Build/MMB29P) AppleWebKit/537.36 (KHTML, like Gecko) Chrome/146.0.7680.177 Mobile Safari/537.36 (compatible; Googlebot/2.1; +http://www.google.com/bot.html)"
74.7.227.39 - - [21/Apr/2026:18:33:09 +0000] "GET /goods.php?detail/25303280185015 HTTP/1.1" 404 21054 "https://s2spw.com/goods.php?detail/289027782442" "Mozilla/5.0 AppleWebKit/537.36 (KHTML, like Gecko; compatible; GPTBot/1.3; +https://openai.com/gptbot)"
74.7.227.39 - - [21/Apr/2026:18:33:12 +0000] "GET /goods.php?detail/25301128622855 HTTP/1.1" 404 21054 "https://s2spw.com/goods.php?detail/253023596590" "Mozilla/5.0 AppleWebKit/537.36 (KHTML, like Gecko; compatible; GPTBot/1.3; +https://openai.com/gptbot)"
66.249.79.195 - - [21/Apr/2026:18:33:12 +0000] "GET /?detail/159034262089 HTTP/1.1" 301 - "-" "Mozilla/5.0 (Linux; Android 6.0.1; Nexus 5X Build/MMB29P) AppleWebKit/537.36 (KHTML, like Gecko) Chrome/146.0.7680.177 Mobile Safari/537.36 (compatible; Googlebot/2.1; +http://www.google.com/bot.html)"
66.249.79.197 - - [21/Apr/2026:18:33:13 +0000] "GET /?detail%2F159034262089 HTTP/1.1" 200 556709 "-" "Mozilla/5.0 (Linux; Android 6.0.1; Nexus 5X Build/MMB29P) AppleWebKit/537.36 (KHTML, like Gecko) Chrome/146.0.7680.177 Mobile Safari/537.36 (compatible; Googlebot/2.1; +http://www.google.com/bot.html)"
66.249.79.196 - - [21/Apr/2026:18:33:13 +0000] "GET /?detail/0100300861366 HTTP/1.1" 200 565544 "-" "Mozilla/5.0 (Linux; Android 6.0.1; Nexus 5X Build/MMB29P) AppleWebKit/537.36 (KHTML, like Gecko) Chrome/146.0.7680.177 Mobile Safari/537.36 (compatible; Googlebot/2.1; +http://www.google.com/bot.html)"
74.7.227.39 - - [21/Apr/2026:18:33:15 +0000] "GET /goods.php?detail/14904384148059 HTTP/1.1" 404 21054 "https://s2spw.com/goods.php?detail/290002813114" "Mozilla/5.0 AppleWebKit/537.36 (KHTML, like Gecko; compatible; GPTBot/1.3; +https://openai.com/gptbot)"
66.249.79.198 - - [21/Apr/2026:18:33:16 +0000] "GET /?detail/159034274178 HTTP/1.1" 200 557445 "-" "Mozilla/5.0 (Linux; Android 6.0.1; Nexus 5X Build/MMB29P) AppleWebKit/537.36 (KHTML, like Gecko) Chrome/146.0.7680.177 Mobile Safari/537.36 (compatible; Googlebot/2.1; +http://www.google.com/bot.html)"
74.7.227.39 - - [21/Apr/2026:18:33:18 +0000] "GET /goods.php?detail/06104870694416 HTTP/1.1" 404 21054 "https://s2spw.com/goods.php?detail/232031957736" "Mozilla/5.0 AppleWebKit/537.36 (KHTML, like Gecko; compatible; GPTBot/1.3; +https://openai.com/gptbot)"
74.7.227.39 - - [21/Apr/2026:18:33:21 +0000] "GET /goods.php?detail/09801879023017 HTTP/1.1" 404 21054 "https://s2spw.com/goods.php?detail/1520248154836" "Mozilla/5.0 AppleWebKit/537.36 (KHTML, like Gecko; compatible; GPTBot/1.3; +https://openai.com/gptbot)"
74.7.227.39 - - [21/Apr/2026:18:33:23 +0000] "GET /goods.php?detail/01200731634737 HTTP/1.1" 404 21054 "https://s2spw.com/goods.php?detail/004016682908" "Mozilla/5.0 AppleWebKit/537.36 (KHTML, like Gecko; compatible; GPTBot/1.3; +https://openai.com/gptbot)"
66.249.79.196 - - [21/Apr/2026:18:33:24 +0000] "GET /?goods/147019735 HTTP/1.1" 200 559526 "-" "Mozilla/5.0 (Linux; Android 6.0.1; Nexus 5X Build/MMB29P) AppleWebKit/537.36 (KHTML, like Gecko) Chrome/146.0.7680.177 Mobile Safari/537.36 (compatible; Googlebot/2.1; +http://www.google.com/bot.html)"
74.7.227.39 - - [21/Apr/2026:18:33:26 +0000] "GET /goods.php?detail/17402434031161 HTTP/1.1" 404 21054 "https://s2spw.com/goods.php?detail/1710274702028" "Mozilla/5.0 AppleWebKit/537.36 (KHTML, like Gecko; compatible; GPTBot/1.3; +https://openai.com/gptbot)"
66.249.79.196 - - [21/Apr/2026:18:33:28 +0000] "GET /?goods/283008947 HTTP/1.1" 200 567443 "-" "Mozilla/5.0 (Linux; Android 6.0.1; Nexus 5X Build/MMB29P) AppleWebKit/537.36 (KHTML, like Gecko) Chrome/146.0.7680.177 Mobile Safari/537.36 (compatible; Googlebot/2.1; +http://www.google.com/bot.html)"
74.7.227.39 - - [21/Apr/2026:18:33:29 +0000] "GET /goods.php?detail/29103895029099 HTTP/1.1" 404 21054 "https://s2spw.com/goods.php?detail/291044531506" "Mozilla/5.0 AppleWebKit/537.36 (KHTML, like Gecko; compatible; GPTBot/1.3; +https://openai.com/gptbot)"
74.7.227.39 - - [21/Apr/2026:18:33:32 +0000] "GET /goods.php?detail/08102324662132 HTTP/1.1" 404 21054 "https://s2spw.com/goods.php?detail/0810242082522" "Mozilla/5.0 AppleWebKit/537.36 (KHTML, like Gecko; compatible; GPTBot/1.3; +https://openai.com/gptbot)"
66.249.79.196 - - [21/Apr/2026:18:33:32 +0000] "GET /?goods/105035855 HTTP/1.1" 301 - "-" "Mozilla/5.0 (Linux; Android 6.0.1; Nexus 5X Build/MMB29P) AppleWebKit/537.36 (KHTML, like Gecko) Chrome/146.0.7680.177 Mobile Safari/537.36 (compatible; Googlebot/2.1; +http://www.google.com/bot.html)"
66.249.79.197 - - [21/Apr/2026:18:33:32 +0000] "GET /?goods%2F105035855 HTTP/1.1" 200 568431 "-" "Mozilla/5.0 (Linux; Android 6.0.1; Nexus 5X Build/MMB29P) AppleWebKit/537.36 (KHTML, like Gecko) Chrome/146.0.7680.177 Mobile Safari/537.36 (compatible; Googlebot/2.1; +http://www.google.com/bot.html)"
66.249.79.198 - - [21/Apr/2026:18:33:33 +0000] "GET /?detail/258036915631 HTTP/1.1" 200 557274 "-" "Mozilla/5.0 (Linux; Android 6.0.1; Nexus 5X Build/MMB29P) AppleWebKit/537.36 (KHTML, like Gecko) Chrome/146.0.7680.177 Mobile Safari/537.36 (compatible; GoogleOther)"
74.7.227.39 - - [21/Apr/2026:18:33:34 +0000] "GET /goods.php?detail/14300202427235 HTTP/1.1" 404 21054 "https://s2spw.com/goods.php?detail/143003440373" "Mozilla/5.0 AppleWebKit/537.36 (KHTML, like Gecko; compatible; GPTBot/1.3; +https://openai.com/gptbot)"
66.249.79.195 - - [21/Apr/2026:18:33:35 +0000] "GET /?detail/01602736042844 HTTP/1.1" 301 - "-" "Mozilla/5.0 (Linux; Android 6.0.1; Nexus 5X Build/MMB29P) AppleWebKit/537.36 (KHTML, like Gecko) Chrome/146.0.7680.177 Mobile Safari/537.36 (compatible; Googlebot/2.1; +http://www.google.com/bot.html)"
66.249.79.195 - - [21/Apr/2026:18:33:35 +0000] "GET /?detail%2F01602736042844 HTTP/1.1" 200 556185 "-" "Mozilla/5.0 (Linux; Android 6.0.1; Nexus 5X Build/MMB29P) AppleWebKit/537.36 (KHTML, like Gecko) Chrome/146.0.7680.177 Mobile Safari/537.36 (compatible; Googlebot/2.1; +http://www.google.com/bot.html)"
66.249.79.196 - - [21/Apr/2026:18:33:36 +0000] "GET /?detail/24201570495167 HTTP/1.1" 200 560633 "-" "Mozilla/5.0 (Linux; Android 6.0.1; Nexus 5X Build/MMB29P) AppleWebKit/537.36 (KHTML, like Gecko) Chrome/146.0.7680.177 Mobile Safari/537.36 (compatible; Googlebot/2.1; +http://www.google.com/bot.html)"
74.7.227.39 - - [21/Apr/2026:18:33:37 +0000] "GET /goods.php?detail/29400601998698 HTTP/1.1" 404 21054 "https://s2spw.com/goods.php?detail/004002157781" "Mozilla/5.0 AppleWebKit/537.36 (KHTML, like Gecko; compatible; GPTBot/1.3; +https://openai.com/gptbot)"
74.7.227.39 - - [21/Apr/2026:18:33:40 +0000] "GET /goods.php?detail/12003341550703 HTTP/1.1" 404 21054 "https://s2spw.com/goods.php?detail/138034286504" "Mozilla/5.0 AppleWebKit/537.36 (KHTML, like Gecko; compatible; GPTBot/1.3; +https://openai.com/gptbot)"
66.249.79.200 - - [21/Apr/2026:18:33:40 +0000] "GET /?jp/208039636.html HTTP/1.1" 200 554426 "-" "Mozilla/5.0 (Linux; Android 6.0.1; Nexus 5X Build/MMB29P) AppleWebKit/537.36 (KHTML, like Gecko) Chrome/146.0.7680.177 Mobile Safari/537.36 (compatible; Googlebot/2.1; +http://www.google.com/bot.html)"
74.7.227.39 - - [21/Apr/2026:18:33:43 +0000] "GET /goods.php?detail/09904242096741 HTTP/1.1" 404 21054 "https://s2spw.com/goods.php?detail/124003567720" "Mozilla/5.0 AppleWebKit/537.36 (KHTML, like Gecko; compatible; GPTBot/1.3; +https://openai.com/gptbot)"
66.249.79.200 - - [21/Apr/2026:18:33:44 +0000] "GET /?detail/0350145904939 HTTP/1.1" 200 556712 "-" "Mozilla/5.0 (Linux; Android 6.0.1; Nexus 5X Build/MMB29P) AppleWebKit/537.36 (KHTML, like Gecko) Chrome/146.0.7680.177 Mobile Safari/537.36 (compatible; Googlebot/2.1; +http://www.google.com/bot.html)"
74.7.227.39 - - [21/Apr/2026:18:33:46 +0000] "GET /goods.php?detail/12501233929052 HTTP/1.1" 404 21054 "https://s2spw.com/goods.php?detail/125012219459" "Mozilla/5.0 AppleWebKit/537.36 (KHTML, like Gecko; compatible; GPTBot/1.3; +https://openai.com/gptbot)"
74.7.227.39 - - [21/Apr/2026:18:33:49 +0000] "GET /goods.php?detail/01701125232535 HTTP/1.1" 404 21054 "https://s2spw.com/goods.php?detail/0170113855363" "Mozilla/5.0 AppleWebKit/537.36 (KHTML, like Gecko; compatible; GPTBot/1.3; +https://openai.com/gptbot)"
74.7.227.39 - - [21/Apr/2026:18:33:51 +0000] "GET /goods.php?detail/02500681281728 HTTP/1.1" 404 21054 "https://s2spw.com/goods.php?safe_search/config?return_url=%2Fproduct%2Fdetail%2Fpocketcompany4-1671855" "Mozilla/5.0 AppleWebKit/537.36 (KHTML, like Gecko; compatible; GPTBot/1.3; +https://openai.com/gptbot)"
66.249.79.200 - - [21/Apr/2026:18:33:52 +0000] "GET /?detail/2780427350873 HTTP/1.1" 200 557079 "-" "Mozilla/5.0 (Linux; Android 6.0.1; Nexus 5X Build/MMB29P) AppleWebKit/537.36 (KHTML, like Gecko) Chrome/146.0.7680.177 Mobile Safari/537.36 (compatible; Googlebot/2.1; +http://www.google.com/bot.html)"
74.7.227.39 - - [21/Apr/2026:18:33:54 +0000] "GET /goods.php?detail/01401201601998 HTTP/1.1" 404 21054 "https://s2spw.com/goods.php?detail/270005396996" "Mozilla/5.0 AppleWebKit/537.36 (KHTML, like Gecko; compatible; GPTBot/1.3; +https://openai.com/gptbot)"
66.249.79.200 - - [21/Apr/2026:18:33:56 +0000] "GET /?detail/00804006818588 HTTP/1.1" 200 558626 "-" "Mozilla/5.0 (Linux; Android 6.0.1; Nexus 5X Build/MMB29P) AppleWebKit/537.36 (KHTML, like Gecko) Chrome/146.0.7680.177 Mobile Safari/537.36 (compatible; Googlebot/2.1; +http://www.google.com/bot.html)"
74.7.227.39 - - [21/Apr/2026:18:33:57 +0000] "GET /goods.php?detail/11202241250632 HTTP/1.1" 404 21054 "https://s2spw.com/goods.php?detail/281044005044" "Mozilla/5.0 AppleWebKit/537.36 (KHTML, like Gecko; compatible; GPTBot/1.3; +https://openai.com/gptbot)"
74.7.227.39 - - [21/Apr/2026:18:34:00 +0000] "GET /goods.php?detail/19004052741717 HTTP/1.1" 404 21054 "https://s2spw.com/goods.php?detail/030021128206" "Mozilla/5.0 AppleWebKit/537.36 (KHTML, like Gecko; compatible; GPTBot/1.3; +https://openai.com/gptbot)"
66.249.79.195 - - [21/Apr/2026:18:34:01 +0000] "GET /?jp/255044185.html HTTP/1.1" 200 554203 "-" "Mozilla/5.0 (Linux; Android 6.0.1; Nexus 5X Build/MMB29P) AppleWebKit/537.36 (KHTML, like Gecko) Chrome/146.0.7680.177 Mobile Safari/537.36 (compatible; Googlebot/2.1; +http://www.google.com/bot.html)"
74.7.227.39 - - [21/Apr/2026:18:34:03 +0000] "GET /goods.php?detail/00300596757233 HTTP/1.1" 404 21054 "https://s2spw.com/goods.php?detail/003000924871" "Mozilla/5.0 AppleWebKit/537.36 (KHTML, like Gecko; compatible; GPTBot/1.3; +https://openai.com/gptbot)"
66.249.79.195 - - [21/Apr/2026:18:34:06 +0000] "GET /?goods/075002985 HTTP/1.1" 200 556832 "-" "Mozilla/5.0 (Linux; Android 6.0.1; Nexus 5X Build/MMB29P) AppleWebKit/537.36 (KHTML, like Gecko) Chrome/146.0.7680.177 Mobile Safari/537.36 (compatible; Googlebot/2.1; +http://www.google.com/bot.html)"
74.7.227.39 - - [21/Apr/2026:18:34:06 +0000] "GET /goods.php?detail/04300385350029 HTTP/1.1" 404 21054 "https://s2spw.com/goods.php?detail/043000634170" "Mozilla/5.0 AppleWebKit/537.36 (KHTML, like Gecko; compatible; GPTBot/1.3; +https://openai.com/gptbot)"
66.249.79.196 - - [21/Apr/2026:18:34:08 +0000] "GET /?goods/045001367 HTTP/1.1" 200 575259 "-" "Mozilla/5.0 (Linux; Android 6.0.1; Nexus 5X Build/MMB29P) AppleWebKit/537.36 (KHTML, like Gecko) Chrome/146.0.7680.177 Mobile Safari/537.36 (compatible; Googlebot/2.1; +http://www.google.com/bot.html)"
66.249.79.198 - - [21/Apr/2026:18:34:08 +0000] "GET /?detail/20101173780254 HTTP/1.1" 200 554793 "-" "Mozilla/5.0 (Linux; Android 6.0.1; Nexus 5X Build/MMB29P) AppleWebKit/537.36 (KHTML, like Gecko) Chrome/146.0.7680.177 Mobile Safari/537.36 (compatible; Googlebot/2.1; +http://www.google.com/bot.html)"
74.7.227.39 - - [21/Apr/2026:18:34:09 +0000] "GET /goods.php?detail/08501650780748 HTTP/1.1" 404 21054 "https://s2spw.com/goods.php?detail/0850124124678" "Mozilla/5.0 AppleWebKit/537.36 (KHTML, like Gecko; compatible; GPTBot/1.3; +https://openai.com/gptbot)"
74.7.227.39 - - [21/Apr/2026:18:34:11 +0000] "GET /goods.php?detail/01701142633104 HTTP/1.1" 404 21054 "https://s2spw.com/goods.php?detail/0170114743776" "Mozilla/5.0 AppleWebKit/537.36 (KHTML, like Gecko; compatible; GPTBot/1.3; +https://openai.com/gptbot)"
66.249.79.198 - - [21/Apr/2026:18:34:13 +0000] "GET /?goods/044004456 HTTP/1.1" 200 563353 "-" "Mozilla/5.0 (Linux; Android 6.0.1; Nexus 5X Build/MMB29P) AppleWebKit/537.36 (KHTML, like Gecko) Chrome/146.0.7680.177 Mobile Safari/537.36 (compatible; Googlebot/2.1; +http://www.google.com/bot.html)"
74.7.227.39 - - [21/Apr/2026:18:34:14 +0000] "GET /goods.php?detail/02202447418087 HTTP/1.1" 404 21054 "https://s2spw.com/goods.php?goods/022025257" "Mozilla/5.0 AppleWebKit/537.36 (KHTML, like Gecko; compatible; GPTBot/1.3; +https://openai.com/gptbot)"
66.249.79.195 - - [21/Apr/2026:18:34:16 +0000] "GET /?goods/030037646 HTTP/1.1" 200 555992 "-" "Mozilla/5.0 (Linux; Android 6.0.1; Nexus 5X Build/MMB29P) AppleWebKit/537.36 (KHTML, like Gecko) Chrome/146.0.7680.177 Mobile Safari/537.36 (compatible; Googlebot/2.1; +http://www.google.com/bot.html)"
74.7.227.39 - - [21/Apr/2026:18:34:17 +0000] "GET /goods.php?detail/26801270837077 HTTP/1.1" 404 21054 "https://s2spw.com/goods.php?detail/268006430500" "Mozilla/5.0 AppleWebKit/537.36 (KHTML, like Gecko; compatible; GPTBot/1.3; +https://openai.com/gptbot)"
74.7.227.39 - - [21/Apr/2026:18:34:20 +0000] "GET /goods.php?detail/10503134475345 HTTP/1.1" 404 21054 "https://s2spw.com/goods.php?detail/033003034101" "Mozilla/5.0 AppleWebKit/537.36 (KHTML, like Gecko; compatible; GPTBot/1.3; +https://openai.com/gptbot)"
66.249.79.196 - - [21/Apr/2026:18:34:19 +0000] "GET /?goods/030037648 HTTP/1.1" 200 555426 "-" "Mozilla/5.0 (Linux; Android 6.0.1; Nexus 5X Build/MMB29P) AppleWebKit/537.36 (KHTML, like Gecko) Chrome/146.0.7680.177 Mobile Safari/537.36 (compatible; Googlebot/2.1; +http://www.google.com/bot.html)"
74.7.227.39 - - [21/Apr/2026:18:34:23 +0000] "GET /goods.php?detail/24900197909259 HTTP/1.1" 404 21054 "https://s2spw.com/goods.php?detail/249002233420" "Mozilla/5.0 AppleWebKit/537.36 (KHTML, like Gecko; compatible; GPTBot/1.3; +https://openai.com/gptbot)"
66.249.79.196 - - [21/Apr/2026:18:34:24 +0000] "GET /?detail/241042423697 HTTP/1.1" 200 567052 "-" "Mozilla/5.0 (Linux; Android 6.0.1; Nexus 5X Build/MMB29P) AppleWebKit/537.36 (KHTML, like Gecko) Chrome/146.0.7680.177 Mobile Safari/537.36 (compatible; Googlebot/2.1; +http://www.google.com/bot.html)"
74.7.227.39 - - [21/Apr/2026:18:34:25 +0000] "GET /goods.php?detail/10203393810059 HTTP/1.1" 404 21054 "https://s2spw.com/goods.php?detail/257000847154" "Mozilla/5.0 AppleWebKit/537.36 (KHTML, like Gecko; compatible; GPTBot/1.3; +https://openai.com/gptbot)"
66.249.79.198 - - [21/Apr/2026:18:34:26 +0000] "GET /?jp/157029148.html HTTP/1.1" 200 576875 "-" "Mozilla/5.0 (Linux; Android 6.0.1; Nexus 5X Build/MMB29P) AppleWebKit/537.36 (KHTML, like Gecko) Chrome/146.0.7680.177 Mobile Safari/537.36 (compatible; GoogleOther)"
66.249.79.197 - - [21/Apr/2026:18:34:27 +0000] "GET /?detail/095035702705 HTTP/1.1" 200 557160 "-" "Mozilla/5.0 (Linux; Android 6.0.1; Nexus 5X Build/MMB29P) AppleWebKit/537.36 (KHTML, like Gecko) Chrome/146.0.7680.177 Mobile Safari/537.36 (compatible; Googlebot/2.1; +http://www.google.com/bot.html)"
74.7.227.39 - - [21/Apr/2026:18:34:28 +0000] "GET /goods.php?detail/02503912012257 HTTP/1.1" 404 21054 "https://s2spw.com/goods.php?detail/202010253750" "Mozilla/5.0 AppleWebKit/537.36 (KHTML, like Gecko; compatible; GPTBot/1.3; +https://openai.com/gptbot)"
74.7.227.39 - - [21/Apr/2026:18:34:31 +0000] "GET /goods.php?detail/09400880515513 HTTP/1.1" 404 21054 "https://s2spw.com/goods.php?detail/0940091828625" "Mozilla/5.0 AppleWebKit/537.36 (KHTML, like Gecko; compatible; GPTBot/1.3; +https://openai.com/gptbot)"
66.249.79.195 - - [21/Apr/2026:18:34:31 +0000] "GET /?detail/106044608068 HTTP/1.1" 200 556496 "-" "Mozilla/5.0 (Linux; Android 6.0.1; Nexus 5X Build/MMB29P) AppleWebKit/537.36 (KHTML, like Gecko) Chrome/146.0.7680.177 Mobile Safari/537.36 (compatible; Googlebot/2.1; +http://www.google.com/bot.html)"
66.249.79.195 - - [21/Apr/2026:18:34:32 +0000] "GET /?jp/258031785.html HTTP/1.1" 200 558927 "-" "Mozilla/5.0 (Linux; Android 6.0.1; Nexus 5X Build/MMB29P) AppleWebKit/537.36 (KHTML, like Gecko) Chrome/146.0.7680.177 Mobile Safari/537.36 (compatible; Googlebot/2.1; +http://www.google.com/bot.html)"
74.7.227.39 - - [21/Apr/2026:18:34:34 +0000] "GET /goods.php?detail/00303355941604 HTTP/1.1" 404 21054 "https://s2spw.com/goods.php?detail/003033021644" "Mozilla/5.0 AppleWebKit/537.36 (KHTML, like Gecko; compatible; GPTBot/1.3; +https://openai.com/gptbot)"
66.249.79.198 - - [21/Apr/2026:18:34:35 +0000] "GET /?detail/2220331169793 HTTP/1.1" 200 558113 "-" "Mozilla/5.0 (Linux; Android 6.0.1; Nexus 5X Build/MMB29P) AppleWebKit/537.36 (KHTML, like Gecko) Chrome/146.0.7680.177 Mobile Safari/537.36 (compatible; Googlebot/2.1; +http://www.google.com/bot.html)"
74.7.227.39 - - [21/Apr/2026:18:34:37 +0000] "GET /goods.php?detail/04204155635654 HTTP/1.1" 404 21054 "https://s2spw.com/goods.php?detail/2100385857663" "Mozilla/5.0 AppleWebKit/537.36 (KHTML, like Gecko; compatible; GPTBot/1.3; +https://openai.com/gptbot)"
66.249.79.201 - - [21/Apr/2026:18:34:39 +0000] "GET /?jp/060017831.html HTTP/1.1" 200 555775 "-" "Mozilla/5.0 (Linux; Android 6.0.1; Nexus 5X Build/MMB29P) AppleWebKit/537.36 (KHTML, like Gecko) Chrome/146.0.7680.177 Mobile Safari/537.36 (compatible; Googlebot/2.1; +http://www.google.com/bot.html)"
74.7.227.39 - - [21/Apr/2026:18:34:40 +0000] "GET /goods.php?detail/20904249616901 HTTP/1.1" 404 21054 "https://s2spw.com/goods.php?detail/032041892497" "Mozilla/5.0 AppleWebKit/537.36 (KHTML, like Gecko; compatible; GPTBot/1.3; +https://openai.com/gptbot)"
74.7.227.39 - - [21/Apr/2026:18:34:42 +0000] "GET /goods.php?detail/00900656576684 HTTP/1.1" 404 21054 "https://s2spw.com/goods.php?detail/0090109677170" "Mozilla/5.0 AppleWebKit/537.36 (KHTML, like Gecko; compatible; GPTBot/1.3; +https://openai.com/gptbot)"
66.249.79.201 - - [21/Apr/2026:18:34:43 +0000] "GET /?jp/299002248.html HTTP/1.1" 200 569233 "-" "Mozilla/5.0 (Linux; Android 6.0.1; Nexus 5X Build/MMB29P) AppleWebKit/537.36 (KHTML, like Gecko) Chrome/146.0.7680.177 Mobile Safari/537.36 (compatible; Googlebot/2.1; +http://www.google.com/bot.html)"
74.7.227.39 - - [21/Apr/2026:18:34:45 +0000] "GET /goods.php?detail/19903981917158 HTTP/1.1" 404 21054 "https://s2spw.com/goods.php?detail/1390010613097" "Mozilla/5.0 AppleWebKit/537.36 (KHTML, like Gecko; compatible; GPTBot/1.3; +https://openai.com/gptbot)"
66.249.79.199 - - [21/Apr/2026:18:34:47 +0000] "GET /?goods/135021486 HTTP/1.1" 200 558495 "-" "Mozilla/5.0 (Linux; Android 6.0.1; Nexus 5X Build/MMB29P) AppleWebKit/537.36 (KHTML, like Gecko) Chrome/146.0.7680.177 Mobile Safari/537.36 (compatible; Googlebot/2.1; +http://www.google.com/bot.html)"
74.7.227.39 - - [21/Apr/2026:18:34:48 +0000] "GET /goods.php?detail/17200892585878 HTTP/1.1" 404 21054 "https://s2spw.com/goods.php?detail/004004118292" "Mozilla/5.0 AppleWebKit/537.36 (KHTML, like Gecko; compatible; GPTBot/1.3; +https://openai.com/gptbot)"
74.7.227.39 - - [21/Apr/2026:18:34:51 +0000] "GET /goods.php?detail/07900268200875 HTTP/1.1" 404 21054 "https://s2spw.com/goods.php?detail/0790026710602" "Mozilla/5.0 AppleWebKit/537.36 (KHTML, like Gecko; compatible; GPTBot/1.3; +https://openai.com/gptbot)"
66.249.79.195 - - [21/Apr/2026:18:34:53 +0000] "GET /?detail/223016610424 HTTP/1.1" 200 555391 "-" "Mozilla/5.0 (Linux; Android 6.0.1; Nexus 5X Build/MMB29P) AppleWebKit/537.36 (KHTML, like Gecko) Chrome/146.0.7680.177 Mobile Safari/537.36 (compatible; Googlebot/2.1; +http://www.google.com/bot.html)"
74.7.227.39 - - [21/Apr/2026:18:34:54 +0000] "GET /goods.php?detail/01101917090365 HTTP/1.1" 404 21054 "https://s2spw.com/goods.php?detail/011019889449" "Mozilla/5.0 AppleWebKit/537.36 (KHTML, like Gecko; compatible; GPTBot/1.3; +https://openai.com/gptbot)"
66.249.79.196 - - [21/Apr/2026:18:34:55 +0000] "GET /?jp/228018581.html HTTP/1.1" 200 560826 "-" "Mozilla/5.0 (Linux; Android 6.0.1; Nexus 5X Build/MMB29P) AppleWebKit/537.36 (KHTML, like Gecko) Chrome/146.0.7680.177 Mobile Safari/537.36 (compatible; Googlebot/2.1; +http://www.google.com/bot.html)"
66.249.79.197 - - [21/Apr/2026:18:34:55 +0000] "GET /?goods/049031977 HTTP/1.1" 200 559330 "-" "Mozilla/5.0 (Linux; Android 6.0.1; Nexus 5X Build/MMB29P) AppleWebKit/537.36 (KHTML, like Gecko) Chrome/146.0.7680.177 Mobile Safari/537.36 (compatible; Googlebot/2.1; +http://www.google.com/bot.html)"
74.7.227.39 - - [21/Apr/2026:18:34:57 +0000] "GET /goods.php?detail/01001546076874 HTTP/1.1" 404 21054 "https://s2spw.com/goods.php?detail/010016857085" "Mozilla/5.0 AppleWebKit/537.36 (KHTML, like Gecko; compatible; GPTBot/1.3; +https://openai.com/gptbot)"
66.249.79.196 - - [21/Apr/2026:18:34:59 +0000] "GET /?jp/083035466.html HTTP/1.1" 200 555068 "-" "Mozilla/5.0 (Linux; Android 6.0.1; Nexus 5X Build/MMB29P) AppleWebKit/537.36 (KHTML, like Gecko) Chrome/146.0.7680.177 Mobile Safari/537.36 (compatible; Googlebot/2.1; +http://www.google.com/bot.html)"
74.7.227.39 - - [21/Apr/2026:18:35:00 +0000] "GET /goods.php?detail/00400647844715 HTTP/1.1" 404 21054 "https://s2spw.com/goods.php?detail/004007059009" "Mozilla/5.0 AppleWebKit/537.36 (KHTML, like Gecko; compatible; GPTBot/1.3; +https://openai.com/gptbot)"
74.7.227.39 - - [21/Apr/2026:18:35:03 +0000] "GET /goods.php?detail/06504493492439 HTTP/1.1" 404 21054 "https://s2spw.com/goods.php?detail/084007090721" "Mozilla/5.0 AppleWebKit/537.36 (KHTML, like Gecko; compatible; GPTBot/1.3; +https://openai.com/gptbot)"
66.249.79.200 - - [21/Apr/2026:18:35:03 +0000] "GET /?detail/027012668664 HTTP/1.1" 301 - "-" "Mozilla/5.0 (Linux; Android 6.0.1; Nexus 5X Build/MMB29P) AppleWebKit/537.36 (KHTML, like Gecko) Chrome/146.0.7680.177 Mobile Safari/537.36 (compatible; Googlebot/2.1; +http://www.google.com/bot.html)"
66.249.79.195 - - [21/Apr/2026:18:35:03 +0000] "GET /?detail%2F027012668664 HTTP/1.1" 200 560307 "-" "Mozilla/5.0 (Linux; Android 6.0.1; Nexus 5X Build/MMB29P) AppleWebKit/537.36 (KHTML, like Gecko) Chrome/146.0.7680.177 Mobile Safari/537.36 (compatible; Googlebot/2.1; +http://www.google.com/bot.html)"
74.7.227.39 - - [21/Apr/2026:18:35:05 +0000] "GET /goods.php?detail/06800200626734 HTTP/1.1" 404 21054 "https://s2spw.com/goods.php?detail/0680020272805" "Mozilla/5.0 AppleWebKit/537.36 (KHTML, like Gecko; compatible; GPTBot/1.3; +https://openai.com/gptbot)"
66.249.79.200 - - [21/Apr/2026:18:35:07 +0000] "GET /?detail/159039360155 HTTP/1.1" 200 560638 "-" "Mozilla/5.0 (Linux; Android 6.0.1; Nexus 5X Build/MMB29P) AppleWebKit/537.36 (KHTML, like Gecko) Chrome/146.0.7680.177 Mobile Safari/537.36 (compatible; Googlebot/2.1; +http://www.google.com/bot.html)"
74.7.227.39 - - [21/Apr/2026:18:35:08 +0000] "GET /goods.php?detail/21004884858060 HTTP/1.1" 404 21054 "https://s2spw.com/goods.php?detail/020021150069" "Mozilla/5.0 AppleWebKit/537.36 (KHTML, like Gecko; compatible; GPTBot/1.3; +https://openai.com/gptbot)"
66.249.79.196 - - [21/Apr/2026:18:35:11 +0000] "GET /?jp/009016221.html HTTP/1.1" 200 566055 "-" "Mozilla/5.0 (Linux; Android 6.0.1; Nexus 5X Build/MMB29P) AppleWebKit/537.36 (KHTML, like Gecko) Chrome/146.0.7680.177 Mobile Safari/537.36 (compatible; GoogleOther)"
74.7.227.39 - - [21/Apr/2026:18:35:11 +0000] "GET /goods.php?detail/15901636011469 HTTP/1.1" 404 21054 "https://s2spw.com/goods.php?detail/159015955947" "Mozilla/5.0 AppleWebKit/537.36 (KHTML, like Gecko; compatible; GPTBot/1.3; +https://openai.com/gptbot)"
74.7.227.39 - - [21/Apr/2026:18:35:14 +0000] "GET /goods.php?detail/04803021312902 HTTP/1.1" 404 21054 "https://s2spw.com/goods.php?detail/0480305280428" "Mozilla/5.0 AppleWebKit/537.36 (KHTML, like Gecko; compatible; GPTBot/1.3; +https://openai.com/gptbot)"
66.249.79.197 - - [21/Apr/2026:18:35:15 +0000] "GET /?detail/0650351996741 HTTP/1.1" 200 564360 "-" "Mozilla/5.0 (Linux; Android 6.0.1; Nexus 5X Build/MMB29P) AppleWebKit/537.36 (KHTML, like Gecko) Chrome/146.0.7680.177 Mobile Safari/537.36 (compatible; Googlebot/2.1; +http://www.google.com/bot.html)"
74.7.227.39 - - [21/Apr/2026:18:35:17 +0000] "GET /goods.php?detail/01600181369044 HTTP/1.1" 404 21054 "https://s2spw.com/goods.php?detail/016000547490" "Mozilla/5.0 AppleWebKit/537.36 (KHTML, like Gecko; compatible; GPTBot/1.3; +https://openai.com/gptbot)"
66.249.79.196 - - [21/Apr/2026:18:35:17 +0000] "GET /?detail/152005511773 HTTP/1.1" 301 - "-" "Mozilla/5.0 (Linux; Android 6.0.1; Nexus 5X Build/MMB29P) AppleWebKit/537.36 (KHTML, like Gecko) Chrome/146.0.7680.177 Mobile Safari/537.36 (compatible; Googlebot/2.1; +http://www.google.com/bot.html)"
66.249.79.198 - - [21/Apr/2026:18:35:17 +0000] "GET /?detail%2F152005511773 HTTP/1.1" 200 556116 "-" "Mozilla/5.0 (Linux; Android 6.0.1; Nexus 5X Build/MMB29P) AppleWebKit/537.36 (KHTML, like Gecko) Chrome/146.0.7680.177 Mobile Safari/537.36 (compatible; Googlebot/2.1; +http://www.google.com/bot.html)"
66.249.79.196 - - [21/Apr/2026:18:35:19 +0000] "GET /?goods/150027545 HTTP/1.1" 200 579825 "-" "Mozilla/5.0 (Linux; Android 6.0.1; Nexus 5X Build/MMB29P) AppleWebKit/537.36 (KHTML, like Gecko) Chrome/146.0.7680.177 Mobile Safari/537.36 (compatible; Googlebot/2.1; +http://www.google.com/bot.html)"
74.7.227.39 - - [21/Apr/2026:18:35:20 +0000] "GET /goods.php?detail/05500785041430 HTTP/1.1" 404 21054 "https://s2spw.com/goods.php?detail/055006767158" "Mozilla/5.0 AppleWebKit/537.36 (KHTML, like Gecko; compatible; GPTBot/1.3; +https://openai.com/gptbot)"
74.7.227.39 - - [21/Apr/2026:18:35:23 +0000] "GET /goods.php?detail/24001868042416 HTTP/1.1" 404 21054 "https://s2spw.com/goods.php?detail/013035045206" "Mozilla/5.0 AppleWebKit/537.36 (KHTML, like Gecko; compatible; GPTBot/1.3; +https://openai.com/gptbot)"
66.249.79.196 - - [21/Apr/2026:18:35:22 +0000] "GET /?goods/065035206 HTTP/1.1" 200 585608 "-" "Mozilla/5.0 (Linux; Android 6.0.1; Nexus 5X Build/MMB29P) AppleWebKit/537.36 (KHTML, like Gecko) Chrome/146.0.7680.177 Mobile Safari/537.36 (compatible; Googlebot/2.1; +http://www.google.com/bot.html)"
74.7.227.39 - - [21/Apr/2026:18:35:25 +0000] "GET /goods.php?detail/06100291093125 HTTP/1.1" 404 21054 "https://s2spw.com/goods.php?pcmypage?callback=product/review/seeslife-2526-mqln-gala-jk-1" "Mozilla/5.0 AppleWebKit/537.36 (KHTML, like Gecko; compatible; GPTBot/1.3; +https://openai.com/gptbot)"
66.249.79.195 - - [21/Apr/2026:18:35:27 +0000] "GET /?detail/005045376628 HTTP/1.1" 200 570795 "-" "Mozilla/5.0 (Linux; Android 6.0.1; Nexus 5X Build/MMB29P) AppleWebKit/537.36 (KHTML, like Gecko) Chrome/146.0.7680.177 Mobile Safari/537.36 (compatible; Googlebot/2.1; +http://www.google.com/bot.html)"
74.7.227.39 - - [21/Apr/2026:18:35:28 +0000] "GET /goods.php?detail/25602050460716 HTTP/1.1" 404 21054 "https://s2spw.com/goods.php?jp/256020509.html" "Mozilla/5.0 AppleWebKit/537.36 (KHTML, like Gecko; compatible; GPTBot/1.3; +https://openai.com/gptbot)"
66.249.79.197 - - [21/Apr/2026:18:35:30 +0000] "GET /?jp/083035449.html HTTP/1.1" 200 554840 "-" "Mozilla/5.0 (Linux; Android 6.0.1; Nexus 5X Build/MMB29P) AppleWebKit/537.36 (KHTML, like Gecko) Chrome/146.0.7680.177 Mobile Safari/537.36 (compatible; Googlebot/2.1; +http://www.google.com/bot.html)"
74.7.227.39 - - [21/Apr/2026:18:35:31 +0000] "GET /goods.php?detail/11504915914369 HTTP/1.1" 404 21054 "https://s2spw.com/goods.php?detail/254044767864" "Mozilla/5.0 AppleWebKit/537.36 (KHTML, like Gecko; compatible; GPTBot/1.3; +https://openai.com/gptbot)"
74.7.227.39 - - [21/Apr/2026:18:35:34 +0000] "GET /goods.php?detail/03302362883379 HTTP/1.1" 404 21054 "https://s2spw.com/goods.php?detail/033038007833" "Mozilla/5.0 AppleWebKit/537.36 (KHTML, like Gecko; compatible; GPTBot/1.3; +https://openai.com/gptbot)"
66.249.79.196 - - [21/Apr/2026:18:35:34 +0000] "GET /?goods/116010247 HTTP/1.1" 301 - "-" "Mozilla/5.0 (Linux; Android 6.0.1; Nexus 5X Build/MMB29P) AppleWebKit/537.36 (KHTML, like Gecko) Chrome/146.0.7680.177 Mobile Safari/537.36 (compatible; Googlebot/2.1; +http://www.google.com/bot.html)"
66.249.79.198 - - [21/Apr/2026:18:35:35 +0000] "GET /?goods%2F116010247 HTTP/1.1" 200 554432 "-" "Mozilla/5.0 (Linux; Android 6.0.1; Nexus 5X Build/MMB29P) AppleWebKit/537.36 (KHTML, like Gecko) Chrome/146.0.7680.177 Mobile Safari/537.36 (compatible; Googlebot/2.1; +http://www.google.com/bot.html)"
74.7.227.39 - - [21/Apr/2026:18:35:37 +0000] "GET /goods.php?detail/06801180709638 HTTP/1.1" 404 21054 "https://s2spw.com/goods.php?detail/172007222003" "Mozilla/5.0 AppleWebKit/537.36 (KHTML, like Gecko; compatible; GPTBot/1.3; +https://openai.com/gptbot)"
74.7.227.39 - - [21/Apr/2026:18:35:40 +0000] "GET /goods.php?detail/24303024013625 HTTP/1.1" 404 21054 "https://s2spw.com/goods.php?detail/243028145495" "Mozilla/5.0 AppleWebKit/537.36 (KHTML, like Gecko; compatible; GPTBot/1.3; +https://openai.com/gptbot)"
66.249.79.195 - - [21/Apr/2026:18:35:40 +0000] "GET /?goods/143006489 HTTP/1.1" 200 571359 "-" "Mozilla/5.0 (Linux; Android 6.0.1; Nexus 5X Build/MMB29P) AppleWebKit/537.36 (KHTML, like Gecko) Chrome/146.0.7680.177 Mobile Safari/537.36 (compatible; Googlebot/2.1; +http://www.google.com/bot.html)"
66.249.79.195 - - [21/Apr/2026:18:35:42 +0000] "GET /?jp/065035194.html HTTP/1.1" 200 564077 "-" "Mozilla/5.0 (Linux; Android 6.0.1; Nexus 5X Build/MMB29P) AppleWebKit/537.36 (KHTML, like Gecko) Chrome/146.0.7680.177 Mobile Safari/537.36 (compatible; Googlebot/2.1; +http://www.google.com/bot.html)"
74.7.227.39 - - [21/Apr/2026:18:35:43 +0000] "GET /goods.php?detail/23604376612767 HTTP/1.1" 404 21054 "https://s2spw.com/goods.php?jp/194008891.html" "Mozilla/5.0 AppleWebKit/537.36 (KHTML, like Gecko; compatible; GPTBot/1.3; +https://openai.com/gptbot)"
74.7.227.39 - - [21/Apr/2026:18:35:45 +0000] "GET /goods.php?detail/10700581251224 HTTP/1.1" 404 21054 "https://s2spw.com/goods.php?detail/107007392886" "Mozilla/5.0 AppleWebKit/537.36 (KHTML, like Gecko; compatible; GPTBot/1.3; +https://openai.com/gptbot)"
66.249.79.201 - - [21/Apr/2026:18:35:48 +0000] "GET /?jp/027032030.html HTTP/1.1" 200 560867 "-" "Mozilla/5.0 (Linux; Android 6.0.1; Nexus 5X Build/MMB29P) AppleWebKit/537.36 (KHTML, like Gecko) Chrome/146.0.7680.177 Mobile Safari/537.36 (compatible; Googlebot/2.1; +http://www.google.com/bot.html)"
74.7.227.39 - - [21/Apr/2026:18:35:48 +0000] "GET /goods.php?detail/18602302622716 HTTP/1.1" 404 21054 "https://s2spw.com/goods.php?detail/126028569284" "Mozilla/5.0 AppleWebKit/537.36 (KHTML, like Gecko; compatible; GPTBot/1.3; +https://openai.com/gptbot)"
66.249.79.199 - - [21/Apr/2026:18:35:50 +0000] "GET /?detail/2240042159030 HTTP/1.1" 200 553771 "-" "Mozilla/5.0 (Linux; Android 6.0.1; Nexus 5X Build/MMB29P) AppleWebKit/537.36 (KHTML, like Gecko) Chrome/146.0.7680.177 Mobile Safari/537.36 (compatible; Googlebot/2.1; +http://www.google.com/bot.html)"
74.7.227.39 - - [21/Apr/2026:18:35:51 +0000] "GET /goods.php?detail/09301311631297 HTTP/1.1" 404 21054 "https://s2spw.com/goods.php?detail/093012043083" "Mozilla/5.0 AppleWebKit/537.36 (KHTML, like Gecko; compatible; GPTBot/1.3; +https://openai.com/gptbot)"
74.7.227.39 - - [21/Apr/2026:18:35:54 +0000] "GET /goods.php?detail/11400770048275 HTTP/1.1" 404 21054 "https://s2spw.com/goods.php?detail/114009012084" "Mozilla/5.0 AppleWebKit/537.36 (KHTML, like Gecko; compatible; GPTBot/1.3; +https://openai.com/gptbot)"
66.249.79.200 - - [21/Apr/2026:18:35:54 +0000] "GET /?detail/131041897012 HTTP/1.1" 301 - "-" "Mozilla/5.0 (Linux; Android 6.0.1; Nexus 5X Build/MMB29P) AppleWebKit/537.36 (KHTML, like Gecko) Chrome/146.0.7680.177 Mobile Safari/537.36 (compatible; Googlebot/2.1; +http://www.google.com/bot.html)"
66.249.79.197 - - [21/Apr/2026:18:35:55 +0000] "GET /?detail%2F131041897012 HTTP/1.1" 200 563335 "-" "Mozilla/5.0 (Linux; Android 6.0.1; Nexus 5X Build/MMB29P) AppleWebKit/537.36 (KHTML, like Gecko) Chrome/146.0.7680.177 Mobile Safari/537.36 (compatible; Googlebot/2.1; +http://www.google.com/bot.html)"
74.7.227.39 - - [21/Apr/2026:18:35:57 +0000] "GET /goods.php?detail/00300164408998 HTTP/1.1" 404 21054 "https://s2spw.com/goods.php?detail/0030078039580" "Mozilla/5.0 AppleWebKit/537.36 (KHTML, like Gecko; compatible; GPTBot/1.3; +https://openai.com/gptbot)"
66.249.79.202 - - [21/Apr/2026:18:35:58 +0000] "GET /?goods/245015879 HTTP/1.1" 200 558892 "-" "Mozilla/5.0 (Linux; Android 6.0.1; Nexus 5X Build/MMB29P) AppleWebKit/537.36 (KHTML, like Gecko) Chrome/146.0.7680.177 Mobile Safari/537.36 (compatible; Googlebot/2.1; +http://www.google.com/bot.html)"
74.7.227.39 - - [21/Apr/2026:18:36:00 +0000] "GET /goods.php?detail/02602232250478 HTTP/1.1" 404 21054 "https://s2spw.com/goods.php?detail/026021727839" "Mozilla/5.0 AppleWebKit/537.36 (KHTML, like Gecko; compatible; GPTBot/1.3; +https://openai.com/gptbot)"
66.249.79.196 - - [21/Apr/2026:18:36:02 +0000] "GET /?goods/252023426 HTTP/1.1" 200 556576 "-" "Mozilla/5.0 (Linux; Android 6.0.1; Nexus 5X Build/MMB29P) AppleWebKit/537.36 (KHTML, like Gecko) Chrome/146.0.7680.177 Mobile Safari/537.36 (compatible; Googlebot/2.1; +http://www.google.com/bot.html)"
74.7.227.39 - - [21/Apr/2026:18:36:03 +0000] "GET /goods.php?detail/19903992155270 HTTP/1.1" 404 21054 "https://s2spw.com/goods.php?detail/199040416989" "Mozilla/5.0 AppleWebKit/537.36 (KHTML, like Gecko; compatible; GPTBot/1.3; +https://openai.com/gptbot)"
74.7.227.39 - - [21/Apr/2026:18:36:06 +0000] "GET /goods.php?detail/21300129125755 HTTP/1.1" 404 21054 "https://s2spw.com/goods.php?detail/232020164605" "Mozilla/5.0 AppleWebKit/537.36 (KHTML, like Gecko; compatible; GPTBot/1.3; +https://openai.com/gptbot)"
66.249.79.197 - - [21/Apr/2026:18:36:06 +0000] "GET /?goods/234002150 HTTP/1.1" 200 570589 "-" "Mozilla/5.0 (Linux; Android 6.0.1; Nexus 5X Build/MMB29P) AppleWebKit/537.36 (KHTML, like Gecko) Chrome/146.0.7680.177 Mobile Safari/537.36 (compatible; Googlebot/2.1; +http://www.google.com/bot.html)"
74.7.227.39 - - [21/Apr/2026:18:36:08 +0000] "GET /goods.php?detail/12500257055443 HTTP/1.1" 404 21054 "https://s2spw.com/goods.php?detail/258019770184" "Mozilla/5.0 AppleWebKit/537.36 (KHTML, like Gecko; compatible; GPTBot/1.3; +https://openai.com/gptbot)"
66.249.79.197 - - [21/Apr/2026:18:36:10 +0000] "GET /?jp/057000584.html HTTP/1.1" 200 576150 "-" "Mozilla/5.0 (Linux; Android 6.0.1; Nexus 5X Build/MMB29P) AppleWebKit/537.36 (KHTML, like Gecko) Chrome/146.0.7680.177 Mobile Safari/537.36 (compatible; Googlebot/2.1; +http://www.google.com/bot.html)"
74.7.227.39 - - [21/Apr/2026:18:36:11 +0000] "GET /goods.php?detail/28201285172350 HTTP/1.1" 404 21054 "https://s2spw.com/goods.php?detail/0830016263160" "Mozilla/5.0 AppleWebKit/537.36 (KHTML, like Gecko; compatible; GPTBot/1.3; +https://openai.com/gptbot)"
66.249.79.195 - - [21/Apr/2026:18:36:14 +0000] "GET /?goods/189013891 HTTP/1.1" 200 555530 "-" "Mozilla/5.0 (Linux; Android 6.0.1; Nexus 5X Build/MMB29P) AppleWebKit/537.36 (KHTML, like Gecko) Chrome/146.0.7680.177 Mobile Safari/537.36 (compatible; Googlebot/2.1; +http://www.google.com/bot.html)"
74.7.227.39 - - [21/Apr/2026:18:36:14 +0000] "GET /goods.php?detail/22703575770429 HTTP/1.1" 404 21054 "https://s2spw.com/goods.php?detail/227035674870" "Mozilla/5.0 AppleWebKit/537.36 (KHTML, like Gecko; compatible; GPTBot/1.3; +https://openai.com/gptbot)"
74.7.227.39 - - [21/Apr/2026:18:36:17 +0000] "GET /goods.php?detail/20300130782166 HTTP/1.1" 404 21054 "https://s2spw.com/goods.php?detail/203045234619" "Mozilla/5.0 AppleWebKit/537.36 (KHTML, like Gecko; compatible; GPTBot/1.3; +https://openai.com/gptbot)"
74.7.227.39 - - [21/Apr/2026:18:36:26 +0000] "GET /goods.php?detail/02403011241972 HTTP/1.1" 404 21054 "https://s2spw.com/goods.php?detail/0240285480874" "Mozilla/5.0 AppleWebKit/537.36 (KHTML, like Gecko; compatible; GPTBot/1.3; +https://openai.com/gptbot)"
66.249.79.196 - - [21/Apr/2026:18:36:25 +0000] "GET /?goods/118027365 HTTP/1.1" 200 557148 "-" "Mozilla/5.0 (Linux; Android 6.0.1; Nexus 5X Build/MMB29P) AppleWebKit/537.36 (KHTML, like Gecko) Chrome/146.0.7680.177 Mobile Safari/537.36 (compatible; Googlebot/2.1; +http://www.google.com/bot.html)"
66.249.79.197 - - [21/Apr/2026:18:36:26 +0000] "GET /?goods/142031721 HTTP/1.1" 301 - "-" "Mozilla/5.0 (Linux; Android 6.0.1; Nexus 5X Build/MMB29P) AppleWebKit/537.36 (KHTML, like Gecko) Chrome/146.0.7680.177 Mobile Safari/537.36 (compatible; Googlebot/2.1; +http://www.google.com/bot.html)"
74.7.227.39 - - [21/Apr/2026:18:36:26 +0000] "GET /goods.php?detail/09200581189096 HTTP/1.1" 404 21054 "https://s2spw.com/goods.php?goods/026021865" "Mozilla/5.0 AppleWebKit/537.36 (KHTML, like Gecko; compatible; GPTBot/1.3; +https://openai.com/gptbot)"
66.249.79.195 - - [21/Apr/2026:18:36:26 +0000] "GET /?goods%2F142031721 HTTP/1.1" 200 559731 "-" "Mozilla/5.0 (Linux; Android 6.0.1; Nexus 5X Build/MMB29P) AppleWebKit/537.36 (KHTML, like Gecko) Chrome/146.0.7680.177 Mobile Safari/537.36 (compatible; Googlebot/2.1; +http://www.google.com/bot.html)"
74.7.227.39 - - [21/Apr/2026:18:36:29 +0000] "GET /goods.php?detail/12202082514431 HTTP/1.1" 404 21054 "https://s2spw.com/goods.php?detail/0700214338004" "Mozilla/5.0 AppleWebKit/537.36 (KHTML, like Gecko; compatible; GPTBot/1.3; +https://openai.com/gptbot)"
66.249.79.197 - - [21/Apr/2026:18:36:29 +0000] "GET /?jp/002006473.html HTTP/1.1" 200 556073 "-" "Mozilla/5.0 (Linux; Android 6.0.1; Nexus 5X Build/MMB29P) AppleWebKit/537.36 (KHTML, like Gecko) Chrome/146.0.7680.177 Mobile Safari/537.36 (compatible; GoogleOther)"
66.249.79.195 - - [21/Apr/2026:18:36:30 +0000] "GET /?goods/234007002 HTTP/1.1" 200 556152 "-" "Mozilla/5.0 (Linux; Android 6.0.1; Nexus 5X Build/MMB29P) AppleWebKit/537.36 (KHTML, like Gecko) Chrome/146.0.7680.177 Mobile Safari/537.36 (compatible; Googlebot/2.1; +http://www.google.com/bot.html)"
74.7.227.39 - - [21/Apr/2026:18:36:32 +0000] "GET /goods.php?detail/08002022317537 HTTP/1.1" 404 21054 "https://s2spw.com/goods.php?detail/144016286974" "Mozilla/5.0 AppleWebKit/537.36 (KHTML, like Gecko; compatible; GPTBot/1.3; +https://openai.com/gptbot)"
74.7.227.39 - - [21/Apr/2026:18:36:35 +0000] "GET /goods.php?detail/04402744718737 HTTP/1.1" 404 21054 "https://s2spw.com/goods.php?detail/132026302292" "Mozilla/5.0 AppleWebKit/537.36 (KHTML, like Gecko; compatible; GPTBot/1.3; +https://openai.com/gptbot)"
66.249.79.198 - - [21/Apr/2026:18:36:35 +0000] "GET /?detail/20203447388147 HTTP/1.1" 200 571663 "-" "Mozilla/5.0 (Linux; Android 6.0.1; Nexus 5X Build/MMB29P) AppleWebKit/537.36 (KHTML, like Gecko) Chrome/146.0.7680.177 Mobile Safari/537.36 (compatible; Googlebot/2.1; +http://www.google.com/bot.html)"
66.249.79.197 - - [21/Apr/2026:18:36:35 +0000] "GET /?detail/16503809323903 HTTP/1.1" 200 554337 "-" "Mozilla/5.0 (Linux; Android 6.0.1; Nexus 5X Build/MMB29P) AppleWebKit/537.36 (KHTML, like Gecko) Chrome/146.0.7680.177 Mobile Safari/537.36 (compatible; Googlebot/2.1; +http://www.google.com/bot.html)"
66.249.79.197 - - [21/Apr/2026:18:36:37 +0000] "GET /?jp/256017836.html HTTP/1.1" 200 554562 "-" "Mozilla/5.0 (Linux; Android 6.0.1; Nexus 5X Build/MMB29P) AppleWebKit/537.36 (KHTML, like Gecko) Chrome/146.0.7680.177 Mobile Safari/537.36 (compatible; Googlebot/2.1; +http://www.google.com/bot.html)"
74.7.227.39 - - [21/Apr/2026:18:36:38 +0000] "GET /goods.php?detail/10701600124451 HTTP/1.1" 404 21054 "https://s2spw.com/goods.php?detail/1070161561363" "Mozilla/5.0 AppleWebKit/537.36 (KHTML, like Gecko; compatible; GPTBot/1.3; +https://openai.com/gptbot)"
66.249.79.199 - - [21/Apr/2026:18:36:39 +0000] "GET /?detail/2830423206947 HTTP/1.1" 200 561721 "-" "Mozilla/5.0 (Linux; Android 6.0.1; Nexus 5X Build/MMB29P) AppleWebKit/537.36 (KHTML, like Gecko) Chrome/146.0.7680.177 Mobile Safari/537.36 (compatible; Googlebot/2.1; +http://www.google.com/bot.html)"
74.7.227.39 - - [21/Apr/2026:18:36:40 +0000] "GET /goods.php?detail/03900620348943 HTTP/1.1" 404 21054 "https://s2spw.com/goods.php?detail/039000087820" "Mozilla/5.0 AppleWebKit/537.36 (KHTML, like Gecko; compatible; GPTBot/1.3; +https://openai.com/gptbot)"
66.249.79.196 - - [21/Apr/2026:18:36:41 +0000] "GET /?detail/070010735851 HTTP/1.1" 200 557039 "-" "Mozilla/5.0 (Linux; Android 6.0.1; Nexus 5X Build/MMB29P) AppleWebKit/537.36 (KHTML, like Gecko) Chrome/146.0.7680.177 Mobile Safari/537.36 (compatible; Googlebot/2.1; +http://www.google.com/bot.html)"
74.7.227.39 - - [21/Apr/2026:18:36:43 +0000] "GET /goods.php?detail/24402392234071 HTTP/1.1" 404 21054 "https://s2spw.com/goods.php?detail/290004168907" "Mozilla/5.0 AppleWebKit/537.36 (KHTML, like Gecko; compatible; GPTBot/1.3; +https://openai.com/gptbot)"
66.249.79.198 - - [21/Apr/2026:18:36:45 +0000] "GET /?detail/07104726412012 HTTP/1.1" 200 558613 "-" "Mozilla/5.0 (Linux; Android 6.0.1; Nexus 5X Build/MMB29P) AppleWebKit/537.36 (KHTML, like Gecko) Chrome/146.0.7680.177 Mobile Safari/537.36 (compatible; Googlebot/2.1; +http://www.google.com/bot.html)"
74.7.227.39 - - [21/Apr/2026:18:36:46 +0000] "GET /goods.php?detail/06903058684486 HTTP/1.1" 404 21054 "https://s2spw.com/goods.php?detail/069020009619" "Mozilla/5.0 AppleWebKit/537.36 (KHTML, like Gecko; compatible; GPTBot/1.3; +https://openai.com/gptbot)"
74.7.227.39 - - [21/Apr/2026:18:36:49 +0000] "GET /goods.php?detail/00400818157486 HTTP/1.1" 404 21054 "https://s2spw.com/goods.php?detail/0040085026564" "Mozilla/5.0 AppleWebKit/537.36 (KHTML, like Gecko; compatible; GPTBot/1.3; +https://openai.com/gptbot)"
74.7.227.39 - - [21/Apr/2026:18:36:52 +0000] "GET /goods.php?detail/11201758578756 HTTP/1.1" 404 21054 "https://s2spw.com/goods.php?detail/112019912160" "Mozilla/5.0 AppleWebKit/537.36 (KHTML, like Gecko; compatible; GPTBot/1.3; +https://openai.com/gptbot)"
66.249.79.197 - - [21/Apr/2026:18:36:53 +0000] "GET /?detail/13204358360861 HTTP/1.1" 200 559526 "-" "Mozilla/5.0 (Linux; Android 6.0.1; Nexus 5X Build/MMB29P) AppleWebKit/537.36 (KHTML, like Gecko) Chrome/146.0.7680.177 Mobile Safari/537.36 (compatible; Googlebot/2.1; +http://www.google.com/bot.html)"
74.7.227.39 - - [21/Apr/2026:18:36:54 +0000] "GET /goods.php?detail/17604456764463 HTTP/1.1" 404 21054 "https://s2spw.com/goods.php?detail/176044400294" "Mozilla/5.0 AppleWebKit/537.36 (KHTML, like Gecko; compatible; GPTBot/1.3; +https://openai.com/gptbot)"
74.7.227.39 - - [21/Apr/2026:18:36:57 +0000] "GET /goods.php?detail/16700123772016 HTTP/1.1" 404 21054 "https://s2spw.com/goods.php?detail/157040573450" "Mozilla/5.0 AppleWebKit/537.36 (KHTML, like Gecko; compatible; GPTBot/1.3; +https://openai.com/gptbot)"
66.249.79.196 - - [21/Apr/2026:18:36:57 +0000] "GET /?jp/056021007.html HTTP/1.1" 301 - "-" "Mozilla/5.0 (Linux; Android 6.0.1; Nexus 5X Build/MMB29P) AppleWebKit/537.36 (KHTML, like Gecko) Chrome/146.0.7680.177 Mobile Safari/537.36 (compatible; Googlebot/2.1; +http://www.google.com/bot.html)"
66.249.79.196 - - [21/Apr/2026:18:36:58 +0000] "GET /?jp%2F056021007_html HTTP/1.1" 200 558930 "-" "Mozilla/5.0 (Linux; Android 6.0.1; Nexus 5X Build/MMB29P) AppleWebKit/537.36 (KHTML, like Gecko) Chrome/146.0.7680.177 Mobile Safari/537.36 (compatible; Googlebot/2.1; +http://www.google.com/bot.html)"
74.7.227.39 - - [21/Apr/2026:18:37:00 +0000] "GET /goods.php?detail/03604837233038 HTTP/1.1" 404 21054 "https://s2spw.com/goods.php?detail/252009696551" "Mozilla/5.0 AppleWebKit/537.36 (KHTML, like Gecko; compatible; GPTBot/1.3; +https://openai.com/gptbot)"
66.249.79.202 - - [21/Apr/2026:18:37:01 +0000] "GET /?jp/030031091.html HTTP/1.1" 200 556513 "-" "Mozilla/5.0 (Linux; Android 6.0.1; Nexus 5X Build/MMB29P) AppleWebKit/537.36 (KHTML, like Gecko) Chrome/146.0.7680.177 Mobile Safari/537.36 (compatible; Googlebot/2.1; +http://www.google.com/bot.html)"
66.249.79.202 - - [21/Apr/2026:18:37:01 +0000] "GET /?detail/1200392070716 HTTP/1.1" 200 556326 "-" "Mozilla/5.0 (Linux; Android 6.0.1; Nexus 5X Build/MMB29P) AppleWebKit/537.36 (KHTML, like Gecko) Chrome/146.0.7680.177 Mobile Safari/537.36 (compatible; Googlebot/2.1; +http://www.google.com/bot.html)"
