74.7.227.39 - - [21/Apr/2026:19:07:45 +0000] "GET /goods.php?detail/10403045029249 HTTP/1.1" 404 21054 "https://s2spw.com/goods.php?detail/291022572988" "Mozilla/5.0 AppleWebKit/537.36 (KHTML, like Gecko; compatible; GPTBot/1.3; +https://openai.com/gptbot)"
168.144.107.188 - - [21/Apr/2026:19:07:46 +0000] "GET /wp-admin/index.php HTTP/1.1" 302 - "https://s2spw.com/wp-login.php" "Mozilla/5.0 (Macintosh; Intel Mac OS X 13_6_1) AppleWebKit/605.1.15 (KHTML, like Gecko) Version/17.2 Safari/605.1.15"
168.144.107.188 - - [21/Apr/2026:19:07:48 +0000] "GET /wp-login.php?redirect_to=https%3A%2F%2Fs2spw.com%2Fwp-admin%2Findex.php&reauth=1 HTTP/1.1" 200 4609 "https://s2spw.com/wp-login.php" "Mozilla/5.0 (Macintosh; Intel Mac OS X 13_6_1) AppleWebKit/605.1.15 (KHTML, like Gecko) Version/17.2 Safari/605.1.15"
74.7.227.39 - - [21/Apr/2026:19:07:48 +0000] "GET /goods.php?detail/20101693032139 HTTP/1.1" 404 21054 "https://s2spw.com/goods.php?detail/2010167618473" "Mozilla/5.0 AppleWebKit/537.36 (KHTML, like Gecko; compatible; GPTBot/1.3; +https://openai.com/gptbot)"
168.144.107.188 - - [21/Apr/2026:19:07:49 +0000] "POST /wp-login.php HTTP/1.1" 200 4983 "https://s2spw.com/wp-login.php" "Mozilla/5.0 (X11; Ubuntu; Linux x86_64) AppleWebKit/537.36 (KHTML, like Gecko) Chrome/121.0.0.0 Safari/537.36"
66.249.79.195 - - [21/Apr/2026:19:07:49 +0000] "GET /?goods/002019381 HTTP/1.1" 200 556197 "-" "Mozilla/5.0 (Linux; Android 6.0.1; Nexus 5X Build/MMB29P) AppleWebKit/537.36 (KHTML, like Gecko) Chrome/146.0.7680.177 Mobile Safari/537.36 (compatible; Googlebot/2.1; +http://www.google.com/bot.html)"
74.7.227.39 - - [21/Apr/2026:19:07:51 +0000] "GET /goods.php?detail/05201210138229 HTTP/1.1" 404 21054 "https://s2spw.com/goods.php?detail/215003633997" "Mozilla/5.0 AppleWebKit/537.36 (KHTML, like Gecko; compatible; GPTBot/1.3; +https://openai.com/gptbot)"
168.144.107.188 - - [21/Apr/2026:19:07:51 +0000] "GET /wp-admin/index.php HTTP/1.1" 302 - "https://s2spw.com/wp-login.php" "Mozilla/5.0 (Macintosh; Intel Mac OS X 10_15_7; rv:119.0) Gecko/20100101 Firefox/119.0"
168.144.107.188 - - [21/Apr/2026:19:07:53 +0000] "GET /wp-login.php?redirect_to=https%3A%2F%2Fs2spw.com%2Fwp-admin%2Findex.php&reauth=1 HTTP/1.1" 200 4609 "https://s2spw.com/wp-login.php" "Mozilla/5.0 (Macintosh; Intel Mac OS X 10_15_7; rv:119.0) Gecko/20100101 Firefox/119.0"
74.7.227.39 - - [21/Apr/2026:19:07:54 +0000] "GET /goods.php?detail/11601051360712 HTTP/1.1" 404 21054 "https://s2spw.com/goods.php?detail/116010645176" "Mozilla/5.0 AppleWebKit/537.36 (KHTML, like Gecko; compatible; GPTBot/1.3; +https://openai.com/gptbot)"
168.144.107.188 - - [21/Apr/2026:19:07:55 +0000] "POST /wp-login.php HTTP/1.1" 200 4973 "https://s2spw.com/wp-login.php" "Mozilla/5.0 (Macintosh; Intel Mac OS X 13_6_1) AppleWebKit/605.1.15 (KHTML, like Gecko) Version/17.1 Safari/605.1.15"
74.7.227.39 - - [21/Apr/2026:19:07:56 +0000] "GET /goods.php?detail/21203342373753 HTTP/1.1" 404 21054 "https://s2spw.com/goods.php?goods/126034161" "Mozilla/5.0 AppleWebKit/537.36 (KHTML, like Gecko; compatible; GPTBot/1.3; +https://openai.com/gptbot)"
168.144.107.188 - - [21/Apr/2026:19:07:57 +0000] "GET /wp-admin/index.php HTTP/1.1" 302 - "https://s2spw.com/wp-login.php" "Mozilla/5.0 (X11; Linux x86_64) AppleWebKit/537.36 (KHTML, like Gecko) Chrome/119.0.0.0 Safari/537.36"
168.144.107.188 - - [21/Apr/2026:19:07:59 +0000] "GET /wp-login.php?redirect_to=https%3A%2F%2Fs2spw.com%2Fwp-admin%2Findex.php&reauth=1 HTTP/1.1" 200 4609 "https://s2spw.com/wp-login.php" "Mozilla/5.0 (X11; Linux x86_64) AppleWebKit/537.36 (KHTML, like Gecko) Chrome/119.0.0.0 Safari/537.36"
74.7.227.39 - - [21/Apr/2026:19:07:59 +0000] "GET /goods.php?detail/26001772592020 HTTP/1.1" 404 21054 "https://s2spw.com/goods.php?detail/260019577574" "Mozilla/5.0 AppleWebKit/537.36 (KHTML, like Gecko; compatible; GPTBot/1.3; +https://openai.com/gptbot)"
168.144.107.188 - - [21/Apr/2026:19:08:01 +0000] "POST /wp-login.php HTTP/1.1" 200 4972 "https://s2spw.com/wp-login.php" "Mozilla/5.0 (Windows NT 11.0; Win64; x64) AppleWebKit/537.36 (KHTML, like Gecko) Chrome/118.0.0.0 Safari/537.36"
74.7.227.39 - - [21/Apr/2026:19:08:02 +0000] "GET /goods.php?detail/02702018507216 HTTP/1.1" 404 21054 "https://s2spw.com/goods.php?detail/212018042090" "Mozilla/5.0 AppleWebKit/537.36 (KHTML, like Gecko; compatible; GPTBot/1.3; +https://openai.com/gptbot)"
168.144.107.188 - - [21/Apr/2026:19:08:03 +0000] "GET /wp-admin/index.php HTTP/1.1" 302 - "https://s2spw.com/wp-login.php" "Mozilla/5.0 (Macintosh; Intel Mac OS X 10_15_7) AppleWebKit/605.1.15 (KHTML, like Gecko) Version/17.2 Safari/605.1.15"
168.144.107.188 - - [21/Apr/2026:19:08:04 +0000] "GET /wp-login.php?redirect_to=https%3A%2F%2Fs2spw.com%2Fwp-admin%2Findex.php&reauth=1 HTTP/1.1" 200 4609 "https://s2spw.com/wp-login.php" "Mozilla/5.0 (Macintosh; Intel Mac OS X 10_15_7) AppleWebKit/605.1.15 (KHTML, like Gecko) Version/17.2 Safari/605.1.15"
74.7.227.39 - - [21/Apr/2026:19:08:05 +0000] "GET /goods.php?detail/02202468764100 HTTP/1.1" 404 21054 "https://s2spw.com/goods.php?detail/022024767574" "Mozilla/5.0 AppleWebKit/537.36 (KHTML, like Gecko; compatible; GPTBot/1.3; +https://openai.com/gptbot)"
168.144.107.188 - - [21/Apr/2026:19:08:06 +0000] "POST /wp-login.php HTTP/1.1" 200 4978 "https://s2spw.com/wp-login.php" "Mozilla/5.0 (Macintosh; Intel Mac OS X 10_15_7) AppleWebKit/605.1.15 (KHTML, like Gecko) Version/17.2 Safari/605.1.15"
74.7.227.39 - - [21/Apr/2026:19:08:08 +0000] "GET /goods.php?detail/04404592469057 HTTP/1.1" 404 21054 "https://s2spw.com/goods.php?detail/044046420130" "Mozilla/5.0 AppleWebKit/537.36 (KHTML, like Gecko; compatible; GPTBot/1.3; +https://openai.com/gptbot)"
168.144.107.188 - - [21/Apr/2026:19:08:08 +0000] "GET /wp-admin/index.php HTTP/1.1" 302 - "https://s2spw.com/wp-login.php" "Mozilla/5.0 (Windows NT 10.0; Win64; x64) AppleWebKit/537.36 (KHTML, like Gecko) Chrome/120.0.0.0 Safari/537.36"
168.144.107.188 - - [21/Apr/2026:19:08:10 +0000] "GET /wp-login.php?redirect_to=https%3A%2F%2Fs2spw.com%2Fwp-admin%2Findex.php&reauth=1 HTTP/1.1" 200 4609 "https://s2spw.com/wp-login.php" "Mozilla/5.0 (Windows NT 10.0; Win64; x64) AppleWebKit/537.36 (KHTML, like Gecko) Chrome/120.0.0.0 Safari/537.36"
74.7.227.39 - - [21/Apr/2026:19:08:10 +0000] "GET /goods.php?detail/23800973262392 HTTP/1.1" 404 21054 "https://s2spw.com/goods.php?detail/170016685296" "Mozilla/5.0 AppleWebKit/537.36 (KHTML, like Gecko; compatible; GPTBot/1.3; +https://openai.com/gptbot)"
168.144.107.188 - - [21/Apr/2026:19:08:12 +0000] "POST /wp-login.php HTTP/1.1" 200 4974 "https://s2spw.com/wp-login.php" "Mozilla/5.0 (Macintosh; Intel Mac OS X 13_6_1) AppleWebKit/605.1.15 (KHTML, like Gecko) Version/16.6 Safari/605.1.15"
74.7.227.39 - - [21/Apr/2026:19:08:13 +0000] "GET /goods.php?detail/20402055848384 HTTP/1.1" 404 21054 "https://s2spw.com/goods.php?detail/204020336399" "Mozilla/5.0 AppleWebKit/537.36 (KHTML, like Gecko; compatible; GPTBot/1.3; +https://openai.com/gptbot)"
168.144.107.188 - - [21/Apr/2026:19:08:14 +0000] "GET /wp-admin/index.php HTTP/1.1" 302 - "https://s2spw.com/wp-login.php" "Mozilla/5.0 (Windows NT 11.0; Win64; x64) AppleWebKit/537.36 (KHTML, like Gecko) Chrome/121.0.0.0 Safari/537.36"
168.144.107.188 - - [21/Apr/2026:19:08:15 +0000] "GET /wp-login.php?redirect_to=https%3A%2F%2Fs2spw.com%2Fwp-admin%2Findex.php&reauth=1 HTTP/1.1" 200 4609 "https://s2spw.com/wp-login.php" "Mozilla/5.0 (Windows NT 11.0; Win64; x64) AppleWebKit/537.36 (KHTML, like Gecko) Chrome/121.0.0.0 Safari/537.36"
74.7.227.39 - - [21/Apr/2026:19:08:16 +0000] "GET /goods.php?detail/02002114957047 HTTP/1.1" 404 21054 "https://s2spw.com/goods.php?detail/020021334698" "Mozilla/5.0 AppleWebKit/537.36 (KHTML, like Gecko; compatible; GPTBot/1.3; +https://openai.com/gptbot)"
168.144.107.188 - - [21/Apr/2026:19:08:18 +0000] "POST /wp-login.php HTTP/1.1" 200 4974 "https://s2spw.com/wp-login.php" "Mozilla/5.0 (Windows NT 11.0; Win64; x64) AppleWebKit/537.36 (KHTML, like Gecko) Chrome/119.0.0.0 Safari/537.36"
74.7.227.39 - - [21/Apr/2026:19:08:19 +0000] "GET /goods.php?detail/02002708795011 HTTP/1.1" 404 21054 "https://s2spw.com/goods.php?detail/020026375155" "Mozilla/5.0 AppleWebKit/537.36 (KHTML, like Gecko; compatible; GPTBot/1.3; +https://openai.com/gptbot)"
168.144.107.188 - - [21/Apr/2026:19:08:20 +0000] "GET /wp-admin/index.php HTTP/1.1" 302 - "https://s2spw.com/wp-login.php" "Mozilla/5.0 (Macintosh; Intel Mac OS X 10_15_7) AppleWebKit/537.36 (KHTML, like Gecko) Chrome/120.0.0.0 Safari/537.36"
74.7.227.39 - - [21/Apr/2026:19:08:22 +0000] "GET /goods.php?detail/25202402085172 HTTP/1.1" 404 21054 "https://s2spw.com/goods.php?detail/242006367526" "Mozilla/5.0 AppleWebKit/537.36 (KHTML, like Gecko; compatible; GPTBot/1.3; +https://openai.com/gptbot)"
168.144.107.188 - - [21/Apr/2026:19:08:22 +0000] "GET /wp-login.php?redirect_to=https%3A%2F%2Fs2spw.com%2Fwp-admin%2Findex.php&reauth=1 HTTP/1.1" 200 4609 "https://s2spw.com/wp-login.php" "Mozilla/5.0 (Macintosh; Intel Mac OS X 10_15_7) AppleWebKit/537.36 (KHTML, like Gecko) Chrome/120.0.0.0 Safari/537.36"
168.144.107.188 - - [21/Apr/2026:19:08:24 +0000] "POST /wp-login.php HTTP/1.1" 200 4976 "https://s2spw.com/wp-login.php" "Mozilla/5.0 (X11; Linux x86_64) AppleWebKit/537.36 (KHTML, like Gecko) Chrome/119.0.0.0 Safari/537.36"
74.7.227.39 - - [21/Apr/2026:19:08:25 +0000] "GET /goods.php?detail/10302047027788 HTTP/1.1" 404 21054 "https://s2spw.com/goods.php?detail/271018974308" "Mozilla/5.0 AppleWebKit/537.36 (KHTML, like Gecko; compatible; GPTBot/1.3; +https://openai.com/gptbot)"
74.7.227.39 - - [21/Apr/2026:19:08:27 +0000] "GET /goods.php?detail/22300687227113 HTTP/1.1" 404 21054 "https://s2spw.com/goods.php?detail/166032133946" "Mozilla/5.0 AppleWebKit/537.36 (KHTML, like Gecko; compatible; GPTBot/1.3; +https://openai.com/gptbot)"
74.7.227.39 - - [21/Apr/2026:19:08:30 +0000] "GET /goods.php?detail/21002562750462 HTTP/1.1" 404 21054 "https://s2spw.com/goods.php?detail/036001014529" "Mozilla/5.0 AppleWebKit/537.36 (KHTML, like Gecko; compatible; GPTBot/1.3; +https://openai.com/gptbot)"
168.144.107.188 - - [21/Apr/2026:19:08:33 +0000] "GET /wp-admin/index.php HTTP/1.1" 302 - "https://s2spw.com/wp-login.php" "Mozilla/5.0 (X11; Linux x86_64) AppleWebKit/537.36 (KHTML, like Gecko) Chrome/118.0.0.0 Safari/537.36"
74.7.227.39 - - [21/Apr/2026:19:08:33 +0000] "GET /goods.php?detail/00600456953676 HTTP/1.1" 404 21054 "https://s2spw.com/goods.php?detail/006004062150" "Mozilla/5.0 AppleWebKit/537.36 (KHTML, like Gecko; compatible; GPTBot/1.3; +https://openai.com/gptbot)"
168.144.107.188 - - [21/Apr/2026:19:08:35 +0000] "GET /wp-login.php?redirect_to=https%3A%2F%2Fs2spw.com%2Fwp-admin%2Findex.php&reauth=1 HTTP/1.1" 200 4609 "https://s2spw.com/wp-login.php" "Mozilla/5.0 (X11; Linux x86_64) AppleWebKit/537.36 (KHTML, like Gecko) Chrome/118.0.0.0 Safari/537.36"
74.7.227.39 - - [21/Apr/2026:19:08:36 +0000] "GET /goods.php?detail/02902683676677 HTTP/1.1" 404 21054 "https://s2spw.com/goods.php?detail/178042020291" "Mozilla/5.0 AppleWebKit/537.36 (KHTML, like Gecko; compatible; GPTBot/1.3; +https://openai.com/gptbot)"
168.144.107.188 - - [21/Apr/2026:19:08:37 +0000] "POST /wp-login.php HTTP/1.1" 200 4971 "https://s2spw.com/wp-login.php" "Mozilla/5.0 (Windows NT 11.0; Win64; x64) AppleWebKit/537.36 (KHTML, like Gecko) Chrome/120.0.0.0 Safari/537.36"
74.7.227.39 - - [21/Apr/2026:19:08:39 +0000] "GET /goods.php?detail/11201031259493 HTTP/1.1" 404 21054 "https://s2spw.com/goods.php?jp/060043167.html" "Mozilla/5.0 AppleWebKit/537.36 (KHTML, like Gecko; compatible; GPTBot/1.3; +https://openai.com/gptbot)"
168.144.107.188 - - [21/Apr/2026:19:08:39 +0000] "GET /wp-admin/index.php HTTP/1.1" 302 - "https://s2spw.com/wp-login.php" "Mozilla/5.0 (X11; Ubuntu; Linux x86_64) AppleWebKit/537.36 (KHTML, like Gecko) Chrome/120.0.0.0 Safari/537.36"
168.144.107.188 - - [21/Apr/2026:19:08:41 +0000] "GET /wp-login.php?redirect_to=https%3A%2F%2Fs2spw.com%2Fwp-admin%2Findex.php&reauth=1 HTTP/1.1" 200 4609 "https://s2spw.com/wp-login.php" "Mozilla/5.0 (X11; Ubuntu; Linux x86_64) AppleWebKit/537.36 (KHTML, like Gecko) Chrome/120.0.0.0 Safari/537.36"
74.7.227.39 - - [21/Apr/2026:19:08:41 +0000] "GET /goods.php?detail/20602049760882 HTTP/1.1" 404 21054 "https://s2spw.com/goods.php?detail/206020421304" "Mozilla/5.0 AppleWebKit/537.36 (KHTML, like Gecko; compatible; GPTBot/1.3; +https://openai.com/gptbot)"
168.144.107.188 - - [21/Apr/2026:19:08:43 +0000] "POST /wp-login.php HTTP/1.1" 200 4978 "https://s2spw.com/wp-login.php" "Mozilla/5.0 (Windows NT 11.0; Win64; x64; rv:119.0) Gecko/20100101 Firefox/119.0"
66.249.79.197 - - [21/Apr/2026:19:08:44 +0000] "GET /?jp/054033913.html HTTP/1.1" 301 - "-" "Mozilla/5.0 (Linux; Android 6.0.1; Nexus 5X Build/MMB29P) AppleWebKit/537.36 (KHTML, like Gecko) Chrome/146.0.7680.177 Mobile Safari/537.36 (compatible; GoogleOther)"
74.7.227.39 - - [21/Apr/2026:19:08:44 +0000] "GET /goods.php?detail/01001142269772 HTTP/1.1" 404 21054 "https://s2spw.com/goods.php?detail/010011338474" "Mozilla/5.0 AppleWebKit/537.36 (KHTML, like Gecko; compatible; GPTBot/1.3; +https://openai.com/gptbot)"
66.249.79.197 - - [21/Apr/2026:19:08:45 +0000] "GET /?jp%2F054033913_html HTTP/1.1" 200 43282 "-" "Mozilla/5.0 (Linux; Android 6.0.1; Nexus 5X Build/MMB29P) AppleWebKit/537.36 (KHTML, like Gecko) Chrome/146.0.7680.177 Mobile Safari/537.36 (compatible; GoogleOther)"
168.144.107.188 - - [21/Apr/2026:19:08:45 +0000] "GET /wp-admin/index.php HTTP/1.1" 302 - "https://s2spw.com/wp-login.php" "Mozilla/5.0 (Macintosh; Intel Mac OS X 13_6_1) AppleWebKit/605.1.15 (KHTML, like Gecko) Version/17.1 Safari/605.1.15"
74.7.227.39 - - [21/Apr/2026:19:08:47 +0000] "GET /goods.php?detail/22304902272104 HTTP/1.1" 404 21054 "https://s2spw.com/goods.php?product/edit/valuecare-vc-nd-26855-024" "Mozilla/5.0 AppleWebKit/537.36 (KHTML, like Gecko; compatible; GPTBot/1.3; +https://openai.com/gptbot)"
168.144.107.188 - - [21/Apr/2026:19:08:47 +0000] "GET /wp-login.php?redirect_to=https%3A%2F%2Fs2spw.com%2Fwp-admin%2Findex.php&reauth=1 HTTP/1.1" 200 4609 "https://s2spw.com/wp-login.php" "Mozilla/5.0 (Macintosh; Intel Mac OS X 13_6_1) AppleWebKit/605.1.15 (KHTML, like Gecko) Version/17.1 Safari/605.1.15"
66.249.79.196 - - [21/Apr/2026:19:08:49 +0000] "GET /?jp/014000552.html HTTP/1.1" 200 555471 "-" "Mozilla/5.0 (Linux; Android 6.0.1; Nexus 5X Build/MMB29P) AppleWebKit/537.36 (KHTML, like Gecko) Chrome/146.0.7680.177 Mobile Safari/537.36 (compatible; Googlebot/2.1; +http://www.google.com/bot.html)"
168.144.107.188 - - [21/Apr/2026:19:08:50 +0000] "POST /wp-login.php HTTP/1.1" 200 4970 "https://s2spw.com/wp-login.php" "Mozilla/5.0 (Macintosh; Intel Mac OS X 10_15_7) AppleWebKit/537.36 (KHTML, like Gecko) Chrome/120.0.0.0 Safari/537.36"
74.7.227.39 - - [21/Apr/2026:19:08:50 +0000] "GET /goods.php?detail/10900469543610 HTTP/1.1" 404 21054 "https://s2spw.com/goods.php?detail/2090178040456" "Mozilla/5.0 AppleWebKit/537.36 (KHTML, like Gecko; compatible; GPTBot/1.3; +https://openai.com/gptbot)"
168.144.107.188 - - [21/Apr/2026:19:08:51 +0000] "GET /wp-admin/index.php HTTP/1.1" 302 - "https://s2spw.com/wp-login.php" "Mozilla/5.0 (Macintosh; Intel Mac OS X 10_15_7) AppleWebKit/605.1.15 (KHTML, like Gecko) Version/17.0 Safari/605.1.15"
74.7.227.39 - - [21/Apr/2026:19:08:53 +0000] "GET /goods.php?detail/12200317991818 HTTP/1.1" 404 21054 "https://s2spw.com/goods.php?jp/122001497.html" "Mozilla/5.0 AppleWebKit/537.36 (KHTML, like Gecko; compatible; GPTBot/1.3; +https://openai.com/gptbot)"
168.144.107.188 - - [21/Apr/2026:19:08:53 +0000] "GET /wp-login.php?redirect_to=https%3A%2F%2Fs2spw.com%2Fwp-admin%2Findex.php&reauth=1 HTTP/1.1" 200 4609 "https://s2spw.com/wp-login.php" "Mozilla/5.0 (Macintosh; Intel Mac OS X 10_15_7) AppleWebKit/605.1.15 (KHTML, like Gecko) Version/17.0 Safari/605.1.15"
168.144.107.188 - - [21/Apr/2026:19:08:55 +0000] "POST /wp-login.php HTTP/1.1" 200 4971 "https://s2spw.com/wp-login.php" "Mozilla/5.0 (Macintosh; Intel Mac OS X 13_6_1) AppleWebKit/537.36 (KHTML, like Gecko) Chrome/118.0.0.0 Safari/537.36"
74.7.227.39 - - [21/Apr/2026:19:08:55 +0000] "GET /goods.php?detail/00901866409803 HTTP/1.1" 404 21054 "https://s2spw.com/goods.php?detail/176006079211" "Mozilla/5.0 AppleWebKit/537.36 (KHTML, like Gecko; compatible; GPTBot/1.3; +https://openai.com/gptbot)"
168.144.107.188 - - [21/Apr/2026:19:08:57 +0000] "GET /wp-admin/index.php HTTP/1.1" 302 - "https://s2spw.com/wp-login.php" "Mozilla/5.0 (Windows NT 10.0; Win64; x64) AppleWebKit/537.36 (KHTML, like Gecko) Chrome/118.0.0.0 Safari/537.36"
74.7.227.39 - - [21/Apr/2026:19:08:58 +0000] "GET /goods.php?detail/16603848820016 HTTP/1.1" 404 21054 "https://s2spw.com/goods.php?goods/026024612" "Mozilla/5.0 AppleWebKit/537.36 (KHTML, like Gecko; compatible; GPTBot/1.3; +https://openai.com/gptbot)"
168.144.107.188 - - [21/Apr/2026:19:08:59 +0000] "GET /wp-login.php?redirect_to=https%3A%2F%2Fs2spw.com%2Fwp-admin%2Findex.php&reauth=1 HTTP/1.1" 200 4609 "https://s2spw.com/wp-login.php" "Mozilla/5.0 (Windows NT 10.0; Win64; x64) AppleWebKit/537.36 (KHTML, like Gecko) Chrome/118.0.0.0 Safari/537.36"
168.144.107.188 - - [21/Apr/2026:19:09:01 +0000] "POST /wp-login.php HTTP/1.1" 200 4985 "https://s2spw.com/wp-login.php" "Mozilla/5.0 (Macintosh; Intel Mac OS X 13_6_1; rv:121.0) Gecko/20100101 Firefox/121.0"
74.7.227.39 - - [21/Apr/2026:19:09:01 +0000] "GET /goods.php?detail/03701104704280 HTTP/1.1" 404 21054 "https://s2spw.com/goods.php?detail/199037468908" "Mozilla/5.0 AppleWebKit/537.36 (KHTML, like Gecko; compatible; GPTBot/1.3; +https://openai.com/gptbot)"
168.144.107.188 - - [21/Apr/2026:19:09:03 +0000] "GET /wp-admin/index.php HTTP/1.1" 302 - "https://s2spw.com/wp-login.php" "Mozilla/5.0 (X11; Linux x86_64) AppleWebKit/537.36 (KHTML, like Gecko) Chrome/119.0.0.0 Safari/537.36"
74.7.227.39 - - [21/Apr/2026:19:09:04 +0000] "GET /goods.php?detail/15502022730276 HTTP/1.1" 404 21054 "https://s2spw.com/goods.php?goods/070040606" "Mozilla/5.0 AppleWebKit/537.36 (KHTML, like Gecko; compatible; GPTBot/1.3; +https://openai.com/gptbot)"
168.144.107.188 - - [21/Apr/2026:19:09:05 +0000] "GET /wp-login.php?redirect_to=https%3A%2F%2Fs2spw.com%2Fwp-admin%2Findex.php&reauth=1 HTTP/1.1" 200 4609 "https://s2spw.com/wp-login.php" "Mozilla/5.0 (X11; Linux x86_64) AppleWebKit/537.36 (KHTML, like Gecko) Chrome/119.0.0.0 Safari/537.36"
74.7.227.39 - - [21/Apr/2026:19:09:07 +0000] "GET /goods.php?detail/04301352053570 HTTP/1.1" 404 21054 "https://s2spw.com/goods.php?detail/067002209735" "Mozilla/5.0 AppleWebKit/537.36 (KHTML, like Gecko; compatible; GPTBot/1.3; +https://openai.com/gptbot)"
168.144.107.188 - - [21/Apr/2026:19:09:07 +0000] "POST /wp-login.php HTTP/1.1" 200 4975 "https://s2spw.com/wp-login.php" "Mozilla/5.0 (X11; Linux x86_64) AppleWebKit/537.36 (KHTML, like Gecko) Chrome/119.0.0.0 Safari/537.36"
168.144.107.188 - - [21/Apr/2026:19:09:09 +0000] "GET /wp-admin/index.php HTTP/1.1" 302 - "https://s2spw.com/wp-login.php" "Mozilla/5.0 (Windows NT 10.0; Win64; x64; rv:121.0) Gecko/20100101 Firefox/121.0"
74.7.227.39 - - [21/Apr/2026:19:09:09 +0000] "GET /goods.php?detail/22101028187404 HTTP/1.1" 404 21054 "https://s2spw.com/goods.php?detail/088010329401" "Mozilla/5.0 AppleWebKit/537.36 (KHTML, like Gecko; compatible; GPTBot/1.3; +https://openai.com/gptbot)"
168.144.107.188 - - [21/Apr/2026:19:09:11 +0000] "GET /wp-login.php?redirect_to=https%3A%2F%2Fs2spw.com%2Fwp-admin%2Findex.php&reauth=1 HTTP/1.1" 200 4609 "https://s2spw.com/wp-login.php" "Mozilla/5.0 (Windows NT 10.0; Win64; x64; rv:121.0) Gecko/20100101 Firefox/121.0"
74.7.227.39 - - [21/Apr/2026:19:09:12 +0000] "GET /goods.php?detail/00401478284032 HTTP/1.1" 404 21054 "https://s2spw.com/goods.php?detail/260026780455" "Mozilla/5.0 AppleWebKit/537.36 (KHTML, like Gecko; compatible; GPTBot/1.3; +https://openai.com/gptbot)"
168.144.107.188 - - [21/Apr/2026:19:09:13 +0000] "POST /wp-login.php HTTP/1.1" 200 4969 "https://s2spw.com/wp-login.php" "Mozilla/5.0 (Macintosh; Intel Mac OS X 13_6_1; rv:118.0) Gecko/20100101 Firefox/118.0"
74.7.227.39 - - [21/Apr/2026:19:09:15 +0000] "GET /goods.php?detail/20404928441933 HTTP/1.1" 404 21054 "https://s2spw.com/goods.php?jp/204049039.html" "Mozilla/5.0 AppleWebKit/537.36 (KHTML, like Gecko; compatible; GPTBot/1.3; +https://openai.com/gptbot)"
168.144.107.188 - - [21/Apr/2026:19:09:15 +0000] "GET /wp-admin/index.php HTTP/1.1" 302 - "https://s2spw.com/wp-login.php" "Mozilla/5.0 (Macintosh; Intel Mac OS X 13_6_1) AppleWebKit/537.36 (KHTML, like Gecko) Chrome/118.0.0.0 Safari/537.36"
168.144.107.188 - - [21/Apr/2026:19:09:17 +0000] "GET /wp-login.php?redirect_to=https%3A%2F%2Fs2spw.com%2Fwp-admin%2Findex.php&reauth=1 HTTP/1.1" 200 4609 "https://s2spw.com/wp-login.php" "Mozilla/5.0 (Macintosh; Intel Mac OS X 13_6_1) AppleWebKit/537.36 (KHTML, like Gecko) Chrome/118.0.0.0 Safari/537.36"
74.7.227.39 - - [21/Apr/2026:19:09:18 +0000] "GET /goods.php?detail/11503152642265 HTTP/1.1" 404 21054 "https://s2spw.com/goods.php?detail/010032980027" "Mozilla/5.0 AppleWebKit/537.36 (KHTML, like Gecko; compatible; GPTBot/1.3; +https://openai.com/gptbot)"
168.144.107.188 - - [21/Apr/2026:19:09:19 +0000] "POST /wp-login.php HTTP/1.1" 200 4976 "https://s2spw.com/wp-login.php" "Mozilla/5.0 (Macintosh; Intel Mac OS X 13_6_1) AppleWebKit/605.1.15 (KHTML, like Gecko) Version/16.6 Safari/605.1.15"
74.7.227.39 - - [21/Apr/2026:19:09:21 +0000] "GET /goods.php?detail/10102095770994 HTTP/1.1" 404 21054 "https://s2spw.com/goods.php?detail/101023253189" "Mozilla/5.0 AppleWebKit/537.36 (KHTML, like Gecko; compatible; GPTBot/1.3; +https://openai.com/gptbot)"
168.144.107.188 - - [21/Apr/2026:19:09:21 +0000] "GET /wp-admin/index.php HTTP/1.1" 302 - "https://s2spw.com/wp-login.php" "Mozilla/5.0 (Windows NT 11.0; Win64; x64) AppleWebKit/537.36 (KHTML, like Gecko) Chrome/118.0.0.0 Safari/537.36"
168.144.107.188 - - [21/Apr/2026:19:09:23 +0000] "GET /wp-login.php?redirect_to=https%3A%2F%2Fs2spw.com%2Fwp-admin%2Findex.php&reauth=1 HTTP/1.1" 200 4609 "https://s2spw.com/wp-login.php" "Mozilla/5.0 (Windows NT 11.0; Win64; x64) AppleWebKit/537.36 (KHTML, like Gecko) Chrome/118.0.0.0 Safari/537.36"
74.7.227.39 - - [21/Apr/2026:19:09:24 +0000] "GET /goods.php?detail/23202977623943 HTTP/1.1" 404 21054 "https://s2spw.com/goods.php?detail/028000661828" "Mozilla/5.0 AppleWebKit/537.36 (KHTML, like Gecko; compatible; GPTBot/1.3; +https://openai.com/gptbot)"
66.249.79.195 - - [21/Apr/2026:19:09:24 +0000] "GET /?jp/211041172.html HTTP/1.1" 200 556114 "-" "Mozilla/5.0 (Linux; Android 6.0.1; Nexus 5X Build/MMB29P) AppleWebKit/537.36 (KHTML, like Gecko) Chrome/146.0.7680.177 Mobile Safari/537.36 (compatible; Googlebot/2.1; +http://www.google.com/bot.html)"
168.144.107.188 - - [21/Apr/2026:19:09:25 +0000] "POST /wp-login.php HTTP/1.1" 200 4973 "https://s2spw.com/wp-login.php" "Mozilla/5.0 (Macintosh; Intel Mac OS X 10_15_7; rv:121.0) Gecko/20100101 Firefox/121.0"
74.7.227.39 - - [21/Apr/2026:19:09:27 +0000] "GET /goods.php?detail/28303017090181 HTTP/1.1" 404 21054 "https://s2spw.com/goods.php?detail/283029769899" "Mozilla/5.0 AppleWebKit/537.36 (KHTML, like Gecko; compatible; GPTBot/1.3; +https://openai.com/gptbot)"
66.249.79.196 - - [21/Apr/2026:19:09:27 +0000] "GET /?goods/209031301 HTTP/1.1" 301 - "-" "Mozilla/5.0 (Linux; Android 6.0.1; Nexus 5X Build/MMB29P) AppleWebKit/537.36 (KHTML, like Gecko) Chrome/146.0.7680.177 Mobile Safari/537.36 (compatible; GoogleOther)"
168.144.107.188 - - [21/Apr/2026:19:09:28 +0000] "GET /wp-admin/index.php HTTP/1.1" 302 - "https://s2spw.com/wp-login.php" "Mozilla/5.0 (Windows NT 11.0; Win64; x64; rv:121.0) Gecko/20100101 Firefox/121.0"
66.249.79.196 - - [21/Apr/2026:19:09:28 +0000] "GET /?goods%2F209031301 HTTP/1.1" 200 559451 "-" "Mozilla/5.0 (Linux; Android 6.0.1; Nexus 5X Build/MMB29P) AppleWebKit/537.36 (KHTML, like Gecko) Chrome/146.0.7680.177 Mobile Safari/537.36 (compatible; GoogleOther)"
74.7.227.39 - - [21/Apr/2026:19:09:29 +0000] "GET /goods.php?detail/29402871727252 HTTP/1.1" 404 21054 "https://s2spw.com/goods.php?detail/2940297953542" "Mozilla/5.0 AppleWebKit/537.36 (KHTML, like Gecko; compatible; GPTBot/1.3; +https://openai.com/gptbot)"
168.144.107.188 - - [21/Apr/2026:19:09:30 +0000] "GET /wp-login.php?redirect_to=https%3A%2F%2Fs2spw.com%2Fwp-admin%2Findex.php&reauth=1 HTTP/1.1" 200 4609 "https://s2spw.com/wp-login.php" "Mozilla/5.0 (Windows NT 11.0; Win64; x64; rv:121.0) Gecko/20100101 Firefox/121.0"
168.144.107.188 - - [21/Apr/2026:19:09:32 +0000] "POST /wp-login.php HTTP/1.1" 200 4974 "https://s2spw.com/wp-login.php" "Mozilla/5.0 (Macintosh; Intel Mac OS X 10_15_7) AppleWebKit/537.36 (KHTML, like Gecko) Chrome/121.0.0.0 Safari/537.36"
74.7.227.39 - - [21/Apr/2026:19:09:32 +0000] "GET /goods.php?detail/14002338394409 HTTP/1.1" 404 21054 "https://s2spw.com/goods.php?detail/1400254117554" "Mozilla/5.0 AppleWebKit/537.36 (KHTML, like Gecko; compatible; GPTBot/1.3; +https://openai.com/gptbot)"
168.144.107.188 - - [21/Apr/2026:19:09:34 +0000] "GET /wp-admin/index.php HTTP/1.1" 302 - "https://s2spw.com/wp-login.php" "Mozilla/5.0 (Macintosh; Intel Mac OS X 13_6_1) AppleWebKit/537.36 (KHTML, like Gecko) Chrome/119.0.0.0 Safari/537.36"
74.7.227.39 - - [21/Apr/2026:19:09:35 +0000] "GET /goods.php?detail/17104582015545 HTTP/1.1" 404 21054 "https://s2spw.com/goods.php?detail/171039170002" "Mozilla/5.0 AppleWebKit/537.36 (KHTML, like Gecko; compatible; GPTBot/1.3; +https://openai.com/gptbot)"
168.144.107.188 - - [21/Apr/2026:19:09:36 +0000] "GET /wp-login.php?redirect_to=https%3A%2F%2Fs2spw.com%2Fwp-admin%2Findex.php&reauth=1 HTTP/1.1" 200 4609 "https://s2spw.com/wp-login.php" "Mozilla/5.0 (Macintosh; Intel Mac OS X 13_6_1) AppleWebKit/537.36 (KHTML, like Gecko) Chrome/119.0.0.0 Safari/537.36"
168.144.107.188 - - [21/Apr/2026:19:09:38 +0000] "POST /wp-login.php HTTP/1.1" 200 4971 "https://s2spw.com/wp-login.php" "Mozilla/5.0 (Macintosh; Intel Mac OS X 13_6_1; rv:118.0) Gecko/20100101 Firefox/118.0"
74.7.227.39 - - [21/Apr/2026:19:09:38 +0000] "GET /goods.php?detail/29001201175582 HTTP/1.1" 404 21054 "https://s2spw.com/goods.php?jp/297026346.html" "Mozilla/5.0 AppleWebKit/537.36 (KHTML, like Gecko; compatible; GPTBot/1.3; +https://openai.com/gptbot)"
168.144.107.188 - - [21/Apr/2026:19:09:40 +0000] "GET /wp-admin/index.php HTTP/1.1" 302 - "https://s2spw.com/wp-login.php" "Mozilla/5.0 (X11; Ubuntu; Linux x86_64) AppleWebKit/537.36 (KHTML, like Gecko) Chrome/118.0.0.0 Safari/537.36"
74.7.227.39 - - [21/Apr/2026:19:09:41 +0000] "GET /goods.php?detail/16803374414166 HTTP/1.1" 404 21054 "https://s2spw.com/goods.php?detail/296007025858" "Mozilla/5.0 AppleWebKit/537.36 (KHTML, like Gecko; compatible; GPTBot/1.3; +https://openai.com/gptbot)"
168.144.107.188 - - [21/Apr/2026:19:09:42 +0000] "GET /wp-login.php?redirect_to=https%3A%2F%2Fs2spw.com%2Fwp-admin%2Findex.php&reauth=1 HTTP/1.1" 200 4609 "https://s2spw.com/wp-login.php" "Mozilla/5.0 (X11; Ubuntu; Linux x86_64) AppleWebKit/537.36 (KHTML, like Gecko) Chrome/118.0.0.0 Safari/537.36"
74.7.227.39 - - [21/Apr/2026:19:09:44 +0000] "GET /goods.php?detail/08900856918391 HTTP/1.1" 404 21054 "https://s2spw.com/goods.php?detail/0460486433843" "Mozilla/5.0 AppleWebKit/537.36 (KHTML, like Gecko; compatible; GPTBot/1.3; +https://openai.com/gptbot)"
168.144.107.188 - - [21/Apr/2026:19:09:44 +0000] "POST /wp-login.php HTTP/1.1" 200 4983 "https://s2spw.com/wp-login.php" "Mozilla/5.0 (X11; Ubuntu; Linux x86_64) AppleWebKit/537.36 (KHTML, like Gecko) Chrome/118.0.0.0 Safari/537.36"
168.144.107.188 - - [21/Apr/2026:19:09:46 +0000] "GET /wp-admin/index.php HTTP/1.1" 302 - "https://s2spw.com/wp-login.php" "Mozilla/5.0 (Macintosh; Intel Mac OS X 10_15_7) AppleWebKit/537.36 (KHTML, like Gecko) Chrome/120.0.0.0 Safari/537.36"
74.7.227.39 - - [21/Apr/2026:19:09:46 +0000] "GET /goods.php?detail/10104641256915 HTTP/1.1" 404 21054 "https://s2spw.com/goods.php?detail/101046663213" "Mozilla/5.0 AppleWebKit/537.36 (KHTML, like Gecko; compatible; GPTBot/1.3; +https://openai.com/gptbot)"
168.144.107.188 - - [21/Apr/2026:19:09:48 +0000] "GET /wp-login.php?redirect_to=https%3A%2F%2Fs2spw.com%2Fwp-admin%2Findex.php&reauth=1 HTTP/1.1" 200 4609 "https://s2spw.com/wp-login.php" "Mozilla/5.0 (Macintosh; Intel Mac OS X 10_15_7) AppleWebKit/537.36 (KHTML, like Gecko) Chrome/120.0.0.0 Safari/537.36"
74.7.227.39 - - [21/Apr/2026:19:09:49 +0000] "GET /goods.php?detail/19900470088492 HTTP/1.1" 404 21054 "https://s2spw.com/goods.php?detail/045040470290" "Mozilla/5.0 AppleWebKit/537.36 (KHTML, like Gecko; compatible; GPTBot/1.3; +https://openai.com/gptbot)"
168.144.107.188 - - [21/Apr/2026:19:09:50 +0000] "POST /wp-login.php HTTP/1.1" 200 4971 "https://s2spw.com/wp-login.php" "Mozilla/5.0 (Macintosh; Intel Mac OS X 13_6_1) AppleWebKit/537.36 (KHTML, like Gecko) Chrome/120.0.0.0 Safari/537.36"
168.144.107.188 - - [21/Apr/2026:19:09:52 +0000] "GET /wp-admin/index.php HTTP/1.1" 302 - "https://s2spw.com/wp-login.php" "Mozilla/5.0 (Macintosh; Intel Mac OS X 13_6_1) AppleWebKit/605.1.15 (KHTML, like Gecko) Version/17.1 Safari/605.1.15"
74.7.227.39 - - [21/Apr/2026:19:09:52 +0000] "GET /goods.php?detail/03700367345953 HTTP/1.1" 404 21054 "https://s2spw.com/goods.php?detail/120008790747" "Mozilla/5.0 AppleWebKit/537.36 (KHTML, like Gecko; compatible; GPTBot/1.3; +https://openai.com/gptbot)"
168.144.107.188 - - [21/Apr/2026:19:09:54 +0000] "GET /wp-login.php?redirect_to=https%3A%2F%2Fs2spw.com%2Fwp-admin%2Findex.php&reauth=1 HTTP/1.1" 200 4609 "https://s2spw.com/wp-login.php" "Mozilla/5.0 (Macintosh; Intel Mac OS X 13_6_1) AppleWebKit/605.1.15 (KHTML, like Gecko) Version/17.1 Safari/605.1.15"
74.7.227.39 - - [21/Apr/2026:19:09:55 +0000] "GET /goods.php?detail/15500467585671 HTTP/1.1" 404 21054 "https://s2spw.com/goods.php?detail/155001591446" "Mozilla/5.0 AppleWebKit/537.36 (KHTML, like Gecko; compatible; GPTBot/1.3; +https://openai.com/gptbot)"
168.144.107.188 - - [21/Apr/2026:19:09:56 +0000] "POST /wp-login.php HTTP/1.1" 200 4855 "https://s2spw.com/wp-login.php" "Mozilla/5.0 (Macintosh; Intel Mac OS X 13_6_1) AppleWebKit/537.36 (KHTML, like Gecko) Chrome/118.0.0.0 Safari/537.36"
74.7.227.39 - - [21/Apr/2026:19:09:58 +0000] "GET /goods.php?detail/04300207259079 HTTP/1.1" 404 21054 "https://s2spw.com/goods.php?detail/043001531490" "Mozilla/5.0 AppleWebKit/537.36 (KHTML, like Gecko; compatible; GPTBot/1.3; +https://openai.com/gptbot)"
168.144.107.188 - - [21/Apr/2026:19:09:58 +0000] "GET /wp-admin/index.php HTTP/1.1" 302 - "https://s2spw.com/wp-login.php" "Mozilla/5.0 (Macintosh; Intel Mac OS X 10_15_7) AppleWebKit/605.1.15 (KHTML, like Gecko) Version/17.0 Safari/605.1.15"
74.7.227.39 - - [21/Apr/2026:19:10:01 +0000] "GET /goods.php?detail/19104942747100 HTTP/1.1" 404 21054 "https://s2spw.com/goods.php?detail/191049257882" "Mozilla/5.0 AppleWebKit/537.36 (KHTML, like Gecko; compatible; GPTBot/1.3; +https://openai.com/gptbot)"
168.144.107.188 - - [21/Apr/2026:19:10:01 +0000] "GET /wp-login.php?redirect_to=https%3A%2F%2Fs2spw.com%2Fwp-admin%2Findex.php&reauth=1 HTTP/1.1" 200 4609 "https://s2spw.com/wp-login.php" "Mozilla/5.0 (Macintosh; Intel Mac OS X 10_15_7) AppleWebKit/605.1.15 (KHTML, like Gecko) Version/17.0 Safari/605.1.15"
74.7.227.39 - - [21/Apr/2026:19:10:03 +0000] "GET /goods.php?detail/00700985746677 HTTP/1.1" 404 21054 "https://s2spw.com/goods.php?detail/007006746310" "Mozilla/5.0 AppleWebKit/537.36 (KHTML, like Gecko; compatible; GPTBot/1.3; +https://openai.com/gptbot)"
168.144.107.188 - - [21/Apr/2026:19:10:03 +0000] "POST /wp-login.php HTTP/1.1" 200 4979 "https://s2spw.com/wp-login.php" "Mozilla/5.0 (Macintosh; Intel Mac OS X 13_6_1) AppleWebKit/537.36 (KHTML, like Gecko) Chrome/120.0.0.0 Safari/537.36"
168.144.107.188 - - [21/Apr/2026:19:10:05 +0000] "GET /wp-admin/index.php HTTP/1.1" 302 - "https://s2spw.com/wp-login.php" "Mozilla/5.0 (Windows NT 10.0; Win64; x64; rv:118.0) Gecko/20100101 Firefox/118.0"
74.7.227.39 - - [21/Apr/2026:19:10:06 +0000] "GET /goods.php?detail/02003584520654 HTTP/1.1" 404 21054 "https://s2spw.com/goods.php?detail/195011919964" "Mozilla/5.0 AppleWebKit/537.36 (KHTML, like Gecko; compatible; GPTBot/1.3; +https://openai.com/gptbot)"
168.144.107.188 - - [21/Apr/2026:19:10:08 +0000] "GET /wp-login.php?redirect_to=https%3A%2F%2Fs2spw.com%2Fwp-admin%2Findex.php&reauth=1 HTTP/1.1" 200 4609 "https://s2spw.com/wp-login.php" "Mozilla/5.0 (Windows NT 10.0; Win64; x64; rv:118.0) Gecko/20100101 Firefox/118.0"
74.7.227.39 - - [21/Apr/2026:19:10:09 +0000] "GET /goods.php?detail/26004845006027 HTTP/1.1" 404 21054 "https://s2spw.com/goods.php?detail/112034325412" "Mozilla/5.0 AppleWebKit/537.36 (KHTML, like Gecko; compatible; GPTBot/1.3; +https://openai.com/gptbot)"
168.144.107.188 - - [21/Apr/2026:19:10:10 +0000] "POST /wp-login.php HTTP/1.1" 200 4973 "https://s2spw.com/wp-login.php" "Mozilla/5.0 (Macintosh; Intel Mac OS X 13_6_1; rv:118.0) Gecko/20100101 Firefox/118.0"
74.7.227.39 - - [21/Apr/2026:19:10:12 +0000] "GET /goods.php?detail/04404874681150 HTTP/1.1" 404 21054 "https://s2spw.com/goods.php?detail/044016834843" "Mozilla/5.0 AppleWebKit/537.36 (KHTML, like Gecko; compatible; GPTBot/1.3; +https://openai.com/gptbot)"
168.144.107.188 - - [21/Apr/2026:19:10:12 +0000] "GET /wp-admin/index.php HTTP/1.1" 302 - "https://s2spw.com/wp-login.php" "Mozilla/5.0 (Macintosh; Intel Mac OS X 10_15_7; rv:118.0) Gecko/20100101 Firefox/118.0"
66.249.79.197 - - [21/Apr/2026:19:10:12 +0000] "GET /?detail/15701795542162 HTTP/1.1" 200 585841 "-" "Mozilla/5.0 (Linux; Android 6.0.1; Nexus 5X Build/MMB29P) AppleWebKit/537.36 (KHTML, like Gecko) Chrome/146.0.7680.177 Mobile Safari/537.36 (compatible; Googlebot/2.1; +http://www.google.com/bot.html)"
168.144.107.188 - - [21/Apr/2026:19:10:14 +0000] "GET /wp-login.php?redirect_to=https%3A%2F%2Fs2spw.com%2Fwp-admin%2Findex.php&reauth=1 HTTP/1.1" 200 4609 "https://s2spw.com/wp-login.php" "Mozilla/5.0 (Macintosh; Intel Mac OS X 10_15_7; rv:118.0) Gecko/20100101 Firefox/118.0"
74.7.227.39 - - [21/Apr/2026:19:10:15 +0000] "GET /goods.php?detail/02200303638019 HTTP/1.1" 404 21054 "https://s2spw.com/goods.php?detail/022002780111" "Mozilla/5.0 AppleWebKit/537.36 (KHTML, like Gecko; compatible; GPTBot/1.3; +https://openai.com/gptbot)"
168.144.107.188 - - [21/Apr/2026:19:10:16 +0000] "POST /wp-login.php HTTP/1.1" 200 4974 "https://s2spw.com/wp-login.php" "Mozilla/5.0 (Windows NT 10.0; Win64; x64; rv:118.0) Gecko/20100101 Firefox/118.0"
74.7.227.39 - - [21/Apr/2026:19:10:17 +0000] "GET /goods.php?detail/00600780848275 HTTP/1.1" 404 21054 "https://s2spw.com/goods.php?detail/0060078039608" "Mozilla/5.0 AppleWebKit/537.36 (KHTML, like Gecko; compatible; GPTBot/1.3; +https://openai.com/gptbot)"
168.144.107.188 - - [21/Apr/2026:19:10:18 +0000] "GET /wp-admin/index.php HTTP/1.1" 302 - "https://s2spw.com/wp-login.php" "Mozilla/5.0 (X11; Ubuntu; Linux x86_64) AppleWebKit/537.36 (KHTML, like Gecko) Chrome/119.0.0.0 Safari/537.36"
74.7.227.39 - - [21/Apr/2026:19:10:20 +0000] "GET /goods.php?detail/03801916969861 HTTP/1.1" 404 21054 "https://s2spw.com/goods.php?detail/031009188507" "Mozilla/5.0 AppleWebKit/537.36 (KHTML, like Gecko; compatible; GPTBot/1.3; +https://openai.com/gptbot)"
168.144.107.188 - - [21/Apr/2026:19:10:20 +0000] "GET /wp-login.php?redirect_to=https%3A%2F%2Fs2spw.com%2Fwp-admin%2Findex.php&reauth=1 HTTP/1.1" 200 4609 "https://s2spw.com/wp-login.php" "Mozilla/5.0 (X11; Ubuntu; Linux x86_64) AppleWebKit/537.36 (KHTML, like Gecko) Chrome/119.0.0.0 Safari/537.36"
168.144.107.188 - - [21/Apr/2026:19:10:23 +0000] "POST /wp-login.php HTTP/1.1" 200 4974 "https://s2spw.com/wp-login.php" "Mozilla/5.0 (Macintosh; Intel Mac OS X 13_6_1; rv:118.0) Gecko/20100101 Firefox/118.0"
74.7.227.39 - - [21/Apr/2026:19:10:23 +0000] "GET /goods.php?detail/04103141127847 HTTP/1.1" 404 21054 "https://s2spw.com/goods.php?detail/293047972792" "Mozilla/5.0 AppleWebKit/537.36 (KHTML, like Gecko; compatible; GPTBot/1.3; +https://openai.com/gptbot)"
168.144.107.188 - - [21/Apr/2026:19:10:25 +0000] "GET /wp-admin/index.php HTTP/1.1" 302 - "https://s2spw.com/wp-login.php" "Mozilla/5.0 (Macintosh; Intel Mac OS X 10_15_7) AppleWebKit/537.36 (KHTML, like Gecko) Chrome/118.0.0.0 Safari/537.36"
74.7.227.39 - - [21/Apr/2026:19:10:26 +0000] "GET /goods.php?detail/10102519008431 HTTP/1.1" 404 21054 "https://s2spw.com/goods.php?detail/101027495359" "Mozilla/5.0 AppleWebKit/537.36 (KHTML, like Gecko; compatible; GPTBot/1.3; +https://openai.com/gptbot)"
168.144.107.188 - - [21/Apr/2026:19:10:27 +0000] "GET /wp-login.php?redirect_to=https%3A%2F%2Fs2spw.com%2Fwp-admin%2Findex.php&reauth=1 HTTP/1.1" 200 4609 "https://s2spw.com/wp-login.php" "Mozilla/5.0 (Macintosh; Intel Mac OS X 10_15_7) AppleWebKit/537.36 (KHTML, like Gecko) Chrome/118.0.0.0 Safari/537.36"
74.7.227.39 - - [21/Apr/2026:19:10:28 +0000] "GET /goods.php?detail/10403919088086 HTTP/1.1" 404 21054 "https://s2spw.com/goods.php?detail/104038803171" "Mozilla/5.0 AppleWebKit/537.36 (KHTML, like Gecko; compatible; GPTBot/1.3; +https://openai.com/gptbot)"
168.144.107.188 - - [21/Apr/2026:19:10:29 +0000] "POST /wp-login.php HTTP/1.1" 200 4970 "https://s2spw.com/wp-login.php" "Mozilla/5.0 (X11; Ubuntu; Linux x86_64) AppleWebKit/537.36 (KHTML, like Gecko) Chrome/118.0.0.0 Safari/537.36"
66.249.79.196 - - [21/Apr/2026:19:10:31 +0000] "GET /?detail/078027178741 HTTP/1.1" 301 - "-" "Mozilla/5.0 (Linux; Android 6.0.1; Nexus 5X Build/MMB29P) AppleWebKit/537.36 (KHTML, like Gecko) Chrome/146.0.7680.177 Mobile Safari/537.36 (compatible; Googlebot/2.1; +http://www.google.com/bot.html)"
74.7.227.39 - - [21/Apr/2026:19:10:31 +0000] "GET /goods.php?detail/20203268681072 HTTP/1.1" 404 21054 "https://s2spw.com/goods.php?detail/202024746307" "Mozilla/5.0 AppleWebKit/537.36 (KHTML, like Gecko; compatible; GPTBot/1.3; +https://openai.com/gptbot)"
168.144.107.188 - - [21/Apr/2026:19:10:31 +0000] "GET /wp-admin/index.php HTTP/1.1" 302 - "https://s2spw.com/wp-login.php" "Mozilla/5.0 (Windows NT 11.0; Win64; x64; rv:121.0) Gecko/20100101 Firefox/121.0"
66.249.79.196 - - [21/Apr/2026:19:10:32 +0000] "GET /?detail%2F078027178741 HTTP/1.1" 200 43282 "-" "Mozilla/5.0 (Linux; Android 6.0.1; Nexus 5X Build/MMB29P) AppleWebKit/537.36 (KHTML, like Gecko) Chrome/146.0.7680.177 Mobile Safari/537.36 (compatible; Googlebot/2.1; +http://www.google.com/bot.html)"
168.144.107.188 - - [21/Apr/2026:19:10:34 +0000] "GET /wp-login.php?redirect_to=https%3A%2F%2Fs2spw.com%2Fwp-admin%2Findex.php&reauth=1 HTTP/1.1" 200 4609 "https://s2spw.com/wp-login.php" "Mozilla/5.0 (Windows NT 11.0; Win64; x64; rv:121.0) Gecko/20100101 Firefox/121.0"
74.7.227.39 - - [21/Apr/2026:19:10:34 +0000] "GET /goods.php?detail/15902119155274 HTTP/1.1" 404 21054 "https://s2spw.com/goods.php?detail/266039841180" "Mozilla/5.0 AppleWebKit/537.36 (KHTML, like Gecko; compatible; GPTBot/1.3; +https://openai.com/gptbot)"
168.144.107.188 - - [21/Apr/2026:19:10:36 +0000] "POST /wp-login.php HTTP/1.1" 200 4975 "https://s2spw.com/wp-login.php" "Mozilla/5.0 (Windows NT 10.0; Win64; x64) AppleWebKit/537.36 (KHTML, like Gecko) Chrome/120.0.0.0 Safari/537.36"
74.7.227.39 - - [21/Apr/2026:19:10:37 +0000] "GET /goods.php?detail/25102810985595 HTTP/1.1" 404 21054 "https://s2spw.com/goods.php?detail/139044208447" "Mozilla/5.0 AppleWebKit/537.36 (KHTML, like Gecko; compatible; GPTBot/1.3; +https://openai.com/gptbot)"
168.144.107.188 - - [21/Apr/2026:19:10:38 +0000] "GET /wp-admin/index.php HTTP/1.1" 302 - "https://s2spw.com/wp-login.php" "Mozilla/5.0 (Windows NT 10.0; Win64; x64; rv:119.0) Gecko/20100101 Firefox/119.0"
74.7.227.39 - - [21/Apr/2026:19:10:40 +0000] "GET /goods.php?detail/14401501038651 HTTP/1.1" 404 21054 "https://s2spw.com/goods.php?detail/1440145514877" "Mozilla/5.0 AppleWebKit/537.36 (KHTML, like Gecko; compatible; GPTBot/1.3; +https://openai.com/gptbot)"
168.144.107.188 - - [21/Apr/2026:19:10:40 +0000] "GET /wp-login.php?redirect_to=https%3A%2F%2Fs2spw.com%2Fwp-admin%2Findex.php&reauth=1 HTTP/1.1" 200 4609 "https://s2spw.com/wp-login.php" "Mozilla/5.0 (Windows NT 10.0; Win64; x64; rv:119.0) Gecko/20100101 Firefox/119.0"
168.144.107.188 - - [21/Apr/2026:19:10:42 +0000] "POST /wp-login.php HTTP/1.1" 200 4974 "https://s2spw.com/wp-login.php" "Mozilla/5.0 (X11; Linux x86_64) AppleWebKit/537.36 (KHTML, like Gecko) Chrome/120.0.0.0 Safari/537.36"
66.249.79.195 - - [21/Apr/2026:19:10:42 +0000] "GET /?detail/0970247210479 HTTP/1.1" 301 - "-" "Mozilla/5.0 (Linux; Android 6.0.1; Nexus 5X Build/MMB29P) AppleWebKit/537.36 (KHTML, like Gecko) Chrome/146.0.7680.177 Mobile Safari/537.36 (compatible; GoogleOther)"
74.7.227.39 - - [21/Apr/2026:19:10:42 +0000] "GET /goods.php?detail/11503412043484 HTTP/1.1" 404 21054 "https://s2spw.com/goods.php?detail/115034575082" "Mozilla/5.0 AppleWebKit/537.36 (KHTML, like Gecko; compatible; GPTBot/1.3; +https://openai.com/gptbot)"
66.249.79.195 - - [21/Apr/2026:19:10:43 +0000] "GET /?detail%2F0970247210479 HTTP/1.1" 200 43282 "-" "Mozilla/5.0 (Linux; Android 6.0.1; Nexus 5X Build/MMB29P) AppleWebKit/537.36 (KHTML, like Gecko) Chrome/146.0.7680.177 Mobile Safari/537.36 (compatible; GoogleOther)"
168.144.107.188 - - [21/Apr/2026:19:10:44 +0000] "GET /wp-admin/index.php HTTP/1.1" 302 - "https://s2spw.com/wp-login.php" "Mozilla/5.0 (Macintosh; Intel Mac OS X 13_6_1) AppleWebKit/537.36 (KHTML, like Gecko) Chrome/121.0.0.0 Safari/537.36"
74.7.227.39 - - [21/Apr/2026:19:10:45 +0000] "GET /goods.php?detail/13300622747221 HTTP/1.1" 404 21054 "https://s2spw.com/goods.php?jp/230008837.html" "Mozilla/5.0 AppleWebKit/537.36 (KHTML, like Gecko; compatible; GPTBot/1.3; +https://openai.com/gptbot)"
168.144.107.188 - - [21/Apr/2026:19:10:46 +0000] "GET /wp-login.php?redirect_to=https%3A%2F%2Fs2spw.com%2Fwp-admin%2Findex.php&reauth=1 HTTP/1.1" 200 4609 "https://s2spw.com/wp-login.php" "Mozilla/5.0 (Macintosh; Intel Mac OS X 13_6_1) AppleWebKit/537.36 (KHTML, like Gecko) Chrome/121.0.0.0 Safari/537.36"
168.144.107.188 - - [21/Apr/2026:19:10:48 +0000] "POST /wp-login.php HTTP/1.1" 200 4978 "https://s2spw.com/wp-login.php" "Mozilla/5.0 (Macintosh; Intel Mac OS X 13_6_1) AppleWebKit/605.1.15 (KHTML, like Gecko) Version/17.0 Safari/605.1.15"
74.7.227.39 - - [21/Apr/2026:19:10:48 +0000] "GET /goods.php?detail/02504451942191 HTTP/1.1" 404 21054 "https://s2spw.com/goods.php?detail/113013269218" "Mozilla/5.0 AppleWebKit/537.36 (KHTML, like Gecko; compatible; GPTBot/1.3; +https://openai.com/gptbot)"
168.144.107.188 - - [21/Apr/2026:19:10:50 +0000] "GET /wp-admin/index.php HTTP/1.1" 302 - "https://s2spw.com/wp-login.php" "Mozilla/5.0 (Windows NT 10.0; Win64; x64) AppleWebKit/537.36 (KHTML, like Gecko) Chrome/119.0.0.0 Safari/537.36"
74.7.227.39 - - [21/Apr/2026:19:10:51 +0000] "GET /goods.php?detail/28603341411381 HTTP/1.1" 404 21054 "https://s2spw.com/goods.php?detail/173004249787" "Mozilla/5.0 AppleWebKit/537.36 (KHTML, like Gecko; compatible; GPTBot/1.3; +https://openai.com/gptbot)"
168.144.107.188 - - [21/Apr/2026:19:10:52 +0000] "GET /wp-login.php?redirect_to=https%3A%2F%2Fs2spw.com%2Fwp-admin%2Findex.php&reauth=1 HTTP/1.1" 200 4609 "https://s2spw.com/wp-login.php" "Mozilla/5.0 (Windows NT 10.0; Win64; x64) AppleWebKit/537.36 (KHTML, like Gecko) Chrome/119.0.0.0 Safari/537.36"
74.7.227.39 - - [21/Apr/2026:19:10:54 +0000] "GET /goods.php?detail/05101667836606 HTTP/1.1" 404 21054 "https://s2spw.com/goods.php?goods/155006853" "Mozilla/5.0 AppleWebKit/537.36 (KHTML, like Gecko; compatible; GPTBot/1.3; +https://openai.com/gptbot)"
168.144.107.188 - - [21/Apr/2026:19:10:54 +0000] "POST /wp-login.php HTTP/1.1" 200 4970 "https://s2spw.com/wp-login.php" "Mozilla/5.0 (Macintosh; Intel Mac OS X 13_6_1; rv:121.0) Gecko/20100101 Firefox/121.0"
168.144.107.188 - - [21/Apr/2026:19:10:56 +0000] "GET /wp-admin/index.php HTTP/1.1" 302 - "https://s2spw.com/wp-login.php" "Mozilla/5.0 (Macintosh; Intel Mac OS X 10_15_7; rv:118.0) Gecko/20100101 Firefox/118.0"
74.7.227.39 - - [21/Apr/2026:19:10:56 +0000] "GET /goods.php?detail/08603034939540 HTTP/1.1" 404 21054 "https://s2spw.com/goods.php?detail/177029088704" "Mozilla/5.0 AppleWebKit/537.36 (KHTML, like Gecko; compatible; GPTBot/1.3; +https://openai.com/gptbot)"
168.144.107.188 - - [21/Apr/2026:19:10:58 +0000] "GET /wp-login.php?redirect_to=https%3A%2F%2Fs2spw.com%2Fwp-admin%2Findex.php&reauth=1 HTTP/1.1" 200 4609 "https://s2spw.com/wp-login.php" "Mozilla/5.0 (Macintosh; Intel Mac OS X 10_15_7; rv:118.0) Gecko/20100101 Firefox/118.0"
74.7.227.39 - - [21/Apr/2026:19:10:59 +0000] "GET /goods.php?detail/24003702140349 HTTP/1.1" 404 21054 "https://s2spw.com/goods.php?detail/0320069393263" "Mozilla/5.0 AppleWebKit/537.36 (KHTML, like Gecko; compatible; GPTBot/1.3; +https://openai.com/gptbot)"
168.144.107.188 - - [21/Apr/2026:19:10:59 +0000] "POST /wp-login.php HTTP/1.1" 200 4970 "https://s2spw.com/wp-login.php" "Mozilla/5.0 (Macintosh; Intel Mac OS X 13_6_1) AppleWebKit/537.36 (KHTML, like Gecko) Chrome/121.0.0.0 Safari/537.36"
168.144.107.188 - - [21/Apr/2026:19:11:01 +0000] "GET /wp-admin/index.php HTTP/1.1" 302 - "https://s2spw.com/wp-login.php" "Mozilla/5.0 (Macintosh; Intel Mac OS X 10_15_7) AppleWebKit/605.1.15 (KHTML, like Gecko) Version/17.1 Safari/605.1.15"
74.7.227.39 - - [21/Apr/2026:19:11:02 +0000] "GET /goods.php?detail/11500223607233 HTTP/1.1" 404 21054 "https://s2spw.com/goods.php?detail/047043564672" "Mozilla/5.0 AppleWebKit/537.36 (KHTML, like Gecko; compatible; GPTBot/1.3; +https://openai.com/gptbot)"
168.144.107.188 - - [21/Apr/2026:19:11:03 +0000] "GET /wp-login.php?redirect_to=https%3A%2F%2Fs2spw.com%2Fwp-admin%2Findex.php&reauth=1 HTTP/1.1" 200 4609 "https://s2spw.com/wp-login.php" "Mozilla/5.0 (Macintosh; Intel Mac OS X 10_15_7) AppleWebKit/605.1.15 (KHTML, like Gecko) Version/17.1 Safari/605.1.15"
74.7.227.39 - - [21/Apr/2026:19:11:05 +0000] "GET /goods.php?detail/15004050720487 HTTP/1.1" 404 21054 "https://s2spw.com/goods.php?goods/205049802" "Mozilla/5.0 AppleWebKit/537.36 (KHTML, like Gecko; compatible; GPTBot/1.3; +https://openai.com/gptbot)"
168.144.107.188 - - [21/Apr/2026:19:11:05 +0000] "POST /wp-login.php HTTP/1.1" 200 4972 "https://s2spw.com/wp-login.php" "Mozilla/5.0 (Macintosh; Intel Mac OS X 10_15_7) AppleWebKit/605.1.15 (KHTML, like Gecko) Version/17.2 Safari/605.1.15"
168.144.107.188 - - [21/Apr/2026:19:11:07 +0000] "GET /wp-admin/index.php HTTP/1.1" 302 - "https://s2spw.com/wp-login.php" "Mozilla/5.0 (Macintosh; Intel Mac OS X 13_6_1) AppleWebKit/605.1.15 (KHTML, like Gecko) Version/17.0 Safari/605.1.15"
74.7.227.39 - - [21/Apr/2026:19:11:08 +0000] "GET /goods.php?detail/08502570188016 HTTP/1.1" 404 21054 "https://s2spw.com/goods.php?detail/013016576655" "Mozilla/5.0 AppleWebKit/537.36 (KHTML, like Gecko; compatible; GPTBot/1.3; +https://openai.com/gptbot)"
168.144.107.188 - - [21/Apr/2026:19:11:09 +0000] "GET /wp-login.php?redirect_to=https%3A%2F%2Fs2spw.com%2Fwp-admin%2Findex.php&reauth=1 HTTP/1.1" 200 4609 "https://s2spw.com/wp-login.php" "Mozilla/5.0 (Macintosh; Intel Mac OS X 13_6_1) AppleWebKit/605.1.15 (KHTML, like Gecko) Version/17.0 Safari/605.1.15"
74.7.227.39 - - [21/Apr/2026:19:11:11 +0000] "GET /goods.php?detail/00200196212482 HTTP/1.1" 404 21054 "https://s2spw.com/goods.php?detail/002005247136" "Mozilla/5.0 AppleWebKit/537.36 (KHTML, like Gecko; compatible; GPTBot/1.3; +https://openai.com/gptbot)"
168.144.107.188 - - [21/Apr/2026:19:11:11 +0000] "POST /wp-login.php HTTP/1.1" 200 4974 "https://s2spw.com/wp-login.php" "Mozilla/5.0 (X11; Ubuntu; Linux x86_64) AppleWebKit/537.36 (KHTML, like Gecko) Chrome/119.0.0.0 Safari/537.36"
74.7.227.39 - - [21/Apr/2026:19:11:14 +0000] "GET /goods.php?detail/25303104940025 HTTP/1.1" 404 21054 "https://s2spw.com/goods.php?detail/129013484366" "Mozilla/5.0 AppleWebKit/537.36 (KHTML, like Gecko; compatible; GPTBot/1.3; +https://openai.com/gptbot)"
168.144.107.188 - - [21/Apr/2026:19:11:14 +0000] "GET /wp-admin/index.php HTTP/1.1" 302 - "https://s2spw.com/wp-login.php" "Mozilla/5.0 (X11; Ubuntu; Linux x86_64) AppleWebKit/537.36 (KHTML, like Gecko) Chrome/118.0.0.0 Safari/537.36"
168.144.107.188 - - [21/Apr/2026:19:11:15 +0000] "GET /wp-login.php?redirect_to=https%3A%2F%2Fs2spw.com%2Fwp-admin%2Findex.php&reauth=1 HTTP/1.1" 200 4609 "https://s2spw.com/wp-login.php" "Mozilla/5.0 (X11; Ubuntu; Linux x86_64) AppleWebKit/537.36 (KHTML, like Gecko) Chrome/118.0.0.0 Safari/537.36"
74.7.227.39 - - [21/Apr/2026:19:11:16 +0000] "GET /goods.php?detail/21500711559539 HTTP/1.1" 404 21054 "https://s2spw.com/goods.php?detail/215007192169" "Mozilla/5.0 AppleWebKit/537.36 (KHTML, like Gecko; compatible; GPTBot/1.3; +https://openai.com/gptbot)"
168.144.107.188 - - [21/Apr/2026:19:11:17 +0000] "POST /wp-login.php HTTP/1.1" 200 4972 "https://s2spw.com/wp-login.php" "Mozilla/5.0 (Windows NT 10.0; Win64; x64) AppleWebKit/537.36 (KHTML, like Gecko) Chrome/118.0.0.0 Safari/537.36"
74.7.227.39 - - [21/Apr/2026:19:11:19 +0000] "GET /goods.php?detail/16201433107330 HTTP/1.1" 404 21054 "https://s2spw.com/goods.php?detail/1880453146416" "Mozilla/5.0 AppleWebKit/537.36 (KHTML, like Gecko; compatible; GPTBot/1.3; +https://openai.com/gptbot)"
168.144.107.188 - - [21/Apr/2026:19:11:19 +0000] "GET /wp-admin/index.php HTTP/1.1" 302 - "https://s2spw.com/wp-login.php" "Mozilla/5.0 (Macintosh; Intel Mac OS X 10_15_7) AppleWebKit/605.1.15 (KHTML, like Gecko) Version/17.1 Safari/605.1.15"
168.144.107.188 - - [21/Apr/2026:19:11:22 +0000] "GET /wp-login.php?redirect_to=https%3A%2F%2Fs2spw.com%2Fwp-admin%2Findex.php&reauth=1 HTTP/1.1" 200 4609 "https://s2spw.com/wp-login.php" "Mozilla/5.0 (Macintosh; Intel Mac OS X 10_15_7) AppleWebKit/605.1.15 (KHTML, like Gecko) Version/17.1 Safari/605.1.15"
74.7.227.39 - - [21/Apr/2026:19:11:22 +0000] "GET /goods.php?detail/27100832087381 HTTP/1.1" 404 21054 "https://s2spw.com/goods.php?detail/026029404615" "Mozilla/5.0 AppleWebKit/537.36 (KHTML, like Gecko; compatible; GPTBot/1.3; +https://openai.com/gptbot)"
168.144.107.188 - - [21/Apr/2026:19:11:24 +0000] "POST /wp-login.php HTTP/1.1" 200 4977 "https://s2spw.com/wp-login.php" "Mozilla/5.0 (Windows NT 10.0; Win64; x64; rv:120.0) Gecko/20100101 Firefox/120.0"
