66.249.79.199 - - [21/Apr/2026:18:41:41 +0000] "GET /?jp/032025636.html HTTP/1.1" 200 554994 "-" "Mozilla/5.0 (Linux; Android 6.0.1; Nexus 5X Build/MMB29P) AppleWebKit/537.36 (KHTML, like Gecko) Chrome/146.0.7680.177 Mobile Safari/537.36 (compatible; Googlebot/2.1; +http://www.google.com/bot.html)"
74.7.227.39 - - [21/Apr/2026:18:41:41 +0000] "GET /goods.php?detail/06404250669924 HTTP/1.1" 404 21054 "https://s2spw.com/goods.php?detail/064043040999" "Mozilla/5.0 AppleWebKit/537.36 (KHTML, like Gecko; compatible; GPTBot/1.3; +https://openai.com/gptbot)"
66.249.79.198 - - [21/Apr/2026:18:41:42 +0000] "GET /?jp/234040868.html HTTP/1.1" 301 - "-" "Mozilla/5.0 (Linux; Android 6.0.1; Nexus 5X Build/MMB29P) AppleWebKit/537.36 (KHTML, like Gecko) Chrome/146.0.7680.177 Mobile Safari/537.36 (compatible; Googlebot/2.1; +http://www.google.com/bot.html)"
66.249.79.195 - - [21/Apr/2026:18:41:42 +0000] "GET /?jp%2F234040868_html HTTP/1.1" 200 560307 "-" "Mozilla/5.0 (Linux; Android 6.0.1; Nexus 5X Build/MMB29P) AppleWebKit/537.36 (KHTML, like Gecko) Chrome/146.0.7680.177 Mobile Safari/537.36 (compatible; Googlebot/2.1; +http://www.google.com/bot.html)"
74.7.227.39 - - [21/Apr/2026:18:41:44 +0000] "GET /goods.php?detail/21604205143220 HTTP/1.1" 404 21054 "https://s2spw.com/goods.php?detail/295037665450" "Mozilla/5.0 AppleWebKit/537.36 (KHTML, like Gecko; compatible; GPTBot/1.3; +https://openai.com/gptbot)"
66.249.79.195 - - [21/Apr/2026:18:41:45 +0000] "GET /?goods/221035057 HTTP/1.1" 301 - "-" "Mozilla/5.0 (Linux; Android 6.0.1; Nexus 5X Build/MMB29P) AppleWebKit/537.36 (KHTML, like Gecko) Chrome/146.0.7680.177 Mobile Safari/537.36 (compatible; Googlebot/2.1; +http://www.google.com/bot.html)"
66.249.79.199 - - [21/Apr/2026:18:41:45 +0000] "GET /?goods%2F221035057 HTTP/1.1" 200 557031 "-" "Mozilla/5.0 (Linux; Android 6.0.1; Nexus 5X Build/MMB29P) AppleWebKit/537.36 (KHTML, like Gecko) Chrome/146.0.7680.177 Mobile Safari/537.36 (compatible; Googlebot/2.1; +http://www.google.com/bot.html)"
74.7.227.39 - - [21/Apr/2026:18:41:47 +0000] "GET /goods.php?detail/25804077667704 HTTP/1.1" 404 21054 "https://s2spw.com/goods.php?detail/087026755102" "Mozilla/5.0 AppleWebKit/537.36 (KHTML, like Gecko; compatible; GPTBot/1.3; +https://openai.com/gptbot)"
74.7.227.39 - - [21/Apr/2026:18:41:50 +0000] "GET /goods.php?detail/08300936519030 HTTP/1.1" 404 21054 "https://s2spw.com/goods.php?detail/083008434249" "Mozilla/5.0 AppleWebKit/537.36 (KHTML, like Gecko; compatible; GPTBot/1.3; +https://openai.com/gptbot)"
74.7.227.39 - - [21/Apr/2026:18:41:53 +0000] "GET /goods.php?detail/08101912301661 HTTP/1.1" 404 21054 "https://s2spw.com/goods.php?detail/081019518848" "Mozilla/5.0 AppleWebKit/537.36 (KHTML, like Gecko; compatible; GPTBot/1.3; +https://openai.com/gptbot)"
66.249.79.196 - - [21/Apr/2026:18:41:53 +0000] "GET /?jp/032024112.html HTTP/1.1" 200 555242 "-" "Mozilla/5.0 (Linux; Android 6.0.1; Nexus 5X Build/MMB29P) AppleWebKit/537.36 (KHTML, like Gecko) Chrome/146.0.7680.177 Mobile Safari/537.36 (compatible; Googlebot/2.1; +http://www.google.com/bot.html)"
74.7.227.39 - - [21/Apr/2026:18:41:55 +0000] "GET /goods.php?detail/05801561232080 HTTP/1.1" 404 21054 "https://s2spw.com/goods.php?product/edit/honkeya-ds-2435706" "Mozilla/5.0 AppleWebKit/537.36 (KHTML, like Gecko; compatible; GPTBot/1.3; +https://openai.com/gptbot)"
66.249.79.200 - - [21/Apr/2026:18:41:55 +0000] "GET /?goods/003036572 HTTP/1.1" 200 554989 "-" "Mozilla/5.0 (Linux; Android 6.0.1; Nexus 5X Build/MMB29P) AppleWebKit/537.36 (KHTML, like Gecko) Chrome/146.0.7680.177 Mobile Safari/537.36 (compatible; Googlebot/2.1; +http://www.google.com/bot.html)"
66.249.79.200 - - [21/Apr/2026:18:41:58 +0000] "GET /?goods/126048378 HTTP/1.1" 200 554360 "-" "Mozilla/5.0 (Linux; Android 6.0.1; Nexus 5X Build/MMB29P) AppleWebKit/537.36 (KHTML, like Gecko) Chrome/146.0.7680.177 Mobile Safari/537.36 (compatible; Googlebot/2.1; +http://www.google.com/bot.html)"
74.7.227.39 - - [21/Apr/2026:18:41:58 +0000] "GET /goods.php?detail/15401509790052 HTTP/1.1" 404 21054 "https://s2spw.com/goods.php?detail/154014026166" "Mozilla/5.0 AppleWebKit/537.36 (KHTML, like Gecko; compatible; GPTBot/1.3; +https://openai.com/gptbot)"
74.7.227.39 - - [21/Apr/2026:18:42:01 +0000] "GET /goods.php?detail/03100922442254 HTTP/1.1" 404 21054 "https://s2spw.com/goods.php?detail/031038793647" "Mozilla/5.0 AppleWebKit/537.36 (KHTML, like Gecko; compatible; GPTBot/1.3; +https://openai.com/gptbot)"
66.249.79.201 - - [21/Apr/2026:18:42:01 +0000] "GET /?goods/064035489 HTTP/1.1" 200 553744 "-" "Mozilla/5.0 (Linux; Android 6.0.1; Nexus 5X Build/MMB29P) AppleWebKit/537.36 (KHTML, like Gecko) Chrome/146.0.7680.177 Mobile Safari/537.36 (compatible; Googlebot/2.1; +http://www.google.com/bot.html)"
74.7.227.39 - - [21/Apr/2026:18:42:04 +0000] "GET /goods.php?detail/09600744934001 HTTP/1.1" 404 21054 "https://s2spw.com/goods.php?detail/096007494324" "Mozilla/5.0 AppleWebKit/537.36 (KHTML, like Gecko; compatible; GPTBot/1.3; +https://openai.com/gptbot)"
66.249.79.199 - - [21/Apr/2026:18:42:05 +0000] "GET /?detail/07303435375084 HTTP/1.1" 200 562606 "-" "Mozilla/5.0 (Linux; Android 6.0.1; Nexus 5X Build/MMB29P) AppleWebKit/537.36 (KHTML, like Gecko) Chrome/146.0.7680.177 Mobile Safari/537.36 (compatible; Googlebot/2.1; +http://www.google.com/bot.html)"
66.249.79.198 - - [21/Apr/2026:18:42:06 +0000] "GET /?detail/29801822818104 HTTP/1.1" 200 556009 "-" "Mozilla/5.0 (Linux; Android 6.0.1; Nexus 5X Build/MMB29P) AppleWebKit/537.36 (KHTML, like Gecko) Chrome/146.0.7680.177 Mobile Safari/537.36 (compatible; Googlebot/2.1; +http://www.google.com/bot.html)"
74.7.227.39 - - [21/Apr/2026:18:42:07 +0000] "GET /goods.php?detail/06900645334641 HTTP/1.1" 404 21054 "https://s2spw.com/goods.php?detail/169023289068" "Mozilla/5.0 AppleWebKit/537.36 (KHTML, like Gecko; compatible; GPTBot/1.3; +https://openai.com/gptbot)"
66.249.79.197 - - [21/Apr/2026:18:42:09 +0000] "GET /?goods/270047077 HTTP/1.1" 200 561186 "-" "Mozilla/5.0 (Linux; Android 6.0.1; Nexus 5X Build/MMB29P) AppleWebKit/537.36 (KHTML, like Gecko) Chrome/146.0.7680.177 Mobile Safari/537.36 (compatible; Googlebot/2.1; +http://www.google.com/bot.html)"
74.7.227.39 - - [21/Apr/2026:18:42:09 +0000] "GET /goods.php?detail/22404883001225 HTTP/1.1" 404 21054 "https://s2spw.com/goods.php?goods/236046856" "Mozilla/5.0 AppleWebKit/537.36 (KHTML, like Gecko; compatible; GPTBot/1.3; +https://openai.com/gptbot)"
74.7.227.39 - - [21/Apr/2026:18:42:12 +0000] "GET /goods.php?detail/19200508670606 HTTP/1.1" 404 21054 "https://s2spw.com/goods.php?detail/192004584513" "Mozilla/5.0 AppleWebKit/537.36 (KHTML, like Gecko; compatible; GPTBot/1.3; +https://openai.com/gptbot)"
66.249.79.197 - - [21/Apr/2026:18:42:13 +0000] "GET /?jp/091014778.html HTTP/1.1" 301 - "-" "Mozilla/5.0 (Linux; Android 6.0.1; Nexus 5X Build/MMB29P) AppleWebKit/537.36 (KHTML, like Gecko) Chrome/146.0.7680.177 Mobile Safari/537.36 (compatible; Googlebot/2.1; +http://www.google.com/bot.html)"
66.249.79.198 - - [21/Apr/2026:18:42:13 +0000] "GET /?jp%2F091014778_html HTTP/1.1" 200 43282 "-" "Mozilla/5.0 (Linux; Android 6.0.1; Nexus 5X Build/MMB29P) AppleWebKit/537.36 (KHTML, like Gecko) Chrome/146.0.7680.177 Mobile Safari/537.36 (compatible; Googlebot/2.1; +http://www.google.com/bot.html)"
74.7.227.39 - - [21/Apr/2026:18:42:15 +0000] "GET /goods.php?detail/10701704728703 HTTP/1.1" 404 21054 "https://s2spw.com/goods.php?detail/107016960999" "Mozilla/5.0 AppleWebKit/537.36 (KHTML, like Gecko; compatible; GPTBot/1.3; +https://openai.com/gptbot)"
66.249.79.196 - - [21/Apr/2026:18:42:17 +0000] "GET /?goods/088010756 HTTP/1.1" 200 554919 "-" "Mozilla/5.0 (Linux; Android 6.0.1; Nexus 5X Build/MMB29P) AppleWebKit/537.36 (KHTML, like Gecko) Chrome/146.0.7680.177 Mobile Safari/537.36 (compatible; Googlebot/2.1; +http://www.google.com/bot.html)"
74.7.227.39 - - [21/Apr/2026:18:42:18 +0000] "GET /goods.php?detail/05102215137316 HTTP/1.1" 404 21054 "https://s2spw.com/goods.php?detail/051041212581" "Mozilla/5.0 AppleWebKit/537.36 (KHTML, like Gecko; compatible; GPTBot/1.3; +https://openai.com/gptbot)"
74.7.227.39 - - [21/Apr/2026:18:42:21 +0000] "GET /goods.php?detail/16300718081876 HTTP/1.1" 404 21054 "https://s2spw.com/goods.php?detail/163020944060" "Mozilla/5.0 AppleWebKit/537.36 (KHTML, like Gecko; compatible; GPTBot/1.3; +https://openai.com/gptbot)"
66.249.79.197 - - [21/Apr/2026:18:42:21 +0000] "GET /?goods/204039759 HTTP/1.1" 200 569831 "-" "Mozilla/5.0 (Linux; Android 6.0.1; Nexus 5X Build/MMB29P) AppleWebKit/537.36 (KHTML, like Gecko) Chrome/146.0.7680.177 Mobile Safari/537.36 (compatible; Googlebot/2.1; +http://www.google.com/bot.html)"
74.7.227.39 - - [21/Apr/2026:18:42:24 +0000] "GET /goods.php?detail/08700805506495 HTTP/1.1" 404 21054 "https://s2spw.com/goods.php?detail/087008194137" "Mozilla/5.0 AppleWebKit/537.36 (KHTML, like Gecko; compatible; GPTBot/1.3; +https://openai.com/gptbot)"
66.249.79.196 - - [21/Apr/2026:18:42:25 +0000] "GET /?goods/163041690 HTTP/1.1" 200 555430 "-" "Mozilla/5.0 (Linux; Android 6.0.1; Nexus 5X Build/MMB29P) AppleWebKit/537.36 (KHTML, like Gecko) Chrome/146.0.7680.177 Mobile Safari/537.36 (compatible; Googlebot/2.1; +http://www.google.com/bot.html)"
74.7.227.39 - - [21/Apr/2026:18:42:26 +0000] "GET /goods.php?detail/02202639918362 HTTP/1.1" 404 21054 "https://s2spw.com/goods.php?detail/0220265127250" "Mozilla/5.0 AppleWebKit/537.36 (KHTML, like Gecko; compatible; GPTBot/1.3; +https://openai.com/gptbot)"
74.7.227.39 - - [21/Apr/2026:18:42:29 +0000] "GET /goods.php?detail/26100410492608 HTTP/1.1" 404 21054 "https://s2spw.com/goods.php?detail/114031426066" "Mozilla/5.0 AppleWebKit/537.36 (KHTML, like Gecko; compatible; GPTBot/1.3; +https://openai.com/gptbot)"
74.7.227.39 - - [21/Apr/2026:18:42:32 +0000] "GET /goods.php?detail/07002183603683 HTTP/1.1" 404 21054 "https://s2spw.com/goods.php?detail/153048644086" "Mozilla/5.0 AppleWebKit/537.36 (KHTML, like Gecko; compatible; GPTBot/1.3; +https://openai.com/gptbot)"
66.249.79.196 - - [21/Apr/2026:18:42:35 +0000] "GET /?detail/110023539166 HTTP/1.1" 200 555571 "-" "Mozilla/5.0 (Linux; Android 6.0.1; Nexus 5X Build/MMB29P) AppleWebKit/537.36 (KHTML, like Gecko) Chrome/146.0.7680.177 Mobile Safari/537.36 (compatible; Googlebot/2.1; +http://www.google.com/bot.html)"
66.249.79.195 - - [21/Apr/2026:18:42:35 +0000] "GET /?jp/269028838.html HTTP/1.1" 200 554072 "-" "Mozilla/5.0 (Linux; Android 6.0.1; Nexus 5X Build/MMB29P) AppleWebKit/537.36 (KHTML, like Gecko) Chrome/146.0.7680.177 Mobile Safari/537.36 (compatible; Googlebot/2.1; +http://www.google.com/bot.html)"
74.7.227.39 - - [21/Apr/2026:18:42:35 +0000] "GET /goods.php?detail/22101226530440 HTTP/1.1" 404 21054 "https://s2spw.com/goods.php?detail/2090396070221" "Mozilla/5.0 AppleWebKit/537.36 (KHTML, like Gecko; compatible; GPTBot/1.3; +https://openai.com/gptbot)"
66.249.79.196 - - [21/Apr/2026:18:42:37 +0000] "GET /?jp/028022667.html HTTP/1.1" 200 559318 "-" "Mozilla/5.0 (Linux; Android 6.0.1; Nexus 5X Build/MMB29P) AppleWebKit/537.36 (KHTML, like Gecko) Chrome/146.0.7680.177 Mobile Safari/537.36 (compatible; Googlebot/2.1; +http://www.google.com/bot.html)"
74.7.227.39 - - [21/Apr/2026:18:42:38 +0000] "GET /goods.php?detail/24200100606547 HTTP/1.1" 404 21054 "https://s2spw.com/goods.php?detail/242003302388" "Mozilla/5.0 AppleWebKit/537.36 (KHTML, like Gecko; compatible; GPTBot/1.3; +https://openai.com/gptbot)"
66.249.79.198 - - [21/Apr/2026:18:42:39 +0000] "GET /special/222001465.html HTTP/1.1" 404 21054 "-" "Mozilla/5.0 (Linux; Android 6.0.1; Nexus 5X Build/MMB29P) AppleWebKit/537.36 (KHTML, like Gecko) Chrome/146.0.7680.177 Mobile Safari/537.36 (compatible; GoogleOther)"
66.249.79.198 - - [21/Apr/2026:18:42:41 +0000] "GET /?jp/273011279.html HTTP/1.1" 200 555575 "-" "Mozilla/5.0 (Linux; Android 6.0.1; Nexus 5X Build/MMB29P) AppleWebKit/537.36 (KHTML, like Gecko) Chrome/146.0.7680.177 Mobile Safari/537.36 (compatible; Googlebot/2.1; +http://www.google.com/bot.html)"
74.7.227.39 - - [21/Apr/2026:18:42:41 +0000] "GET /goods.php?detail/29203305338790 HTTP/1.1" 404 21054 "https://s2spw.com/goods.php?detail/019005527545" "Mozilla/5.0 AppleWebKit/537.36 (KHTML, like Gecko; compatible; GPTBot/1.3; +https://openai.com/gptbot)"
66.249.79.195 - - [21/Apr/2026:18:42:41 +0000] "GET /?detail/0670072571726 HTTP/1.1" 200 556494 "-" "Mozilla/5.0 (Linux; Android 6.0.1; Nexus 5X Build/MMB29P) AppleWebKit/537.36 (KHTML, like Gecko) Chrome/146.0.7680.177 Mobile Safari/537.36 (compatible; Googlebot/2.1; +http://www.google.com/bot.html)"
74.7.227.39 - - [21/Apr/2026:18:42:44 +0000] "GET /goods.php?detail/01801216908629 HTTP/1.1" 404 21054 "https://s2spw.com/goods.php?detail/018011677965" "Mozilla/5.0 AppleWebKit/537.36 (KHTML, like Gecko; compatible; GPTBot/1.3; +https://openai.com/gptbot)"
66.249.79.199 - - [21/Apr/2026:18:42:44 +0000] "GET /?goods/079047608 HTTP/1.1" 301 - "-" "Mozilla/5.0 (Linux; Android 6.0.1; Nexus 5X Build/MMB29P) AppleWebKit/537.36 (KHTML, like Gecko) Chrome/146.0.7680.177 Mobile Safari/537.36 (compatible; Googlebot/2.1; +http://www.google.com/bot.html)"
66.249.79.199 - - [21/Apr/2026:18:42:45 +0000] "GET /?goods%2F079047608 HTTP/1.1" 200 564733 "-" "Mozilla/5.0 (Linux; Android 6.0.1; Nexus 5X Build/MMB29P) AppleWebKit/537.36 (KHTML, like Gecko) Chrome/146.0.7680.177 Mobile Safari/537.36 (compatible; Googlebot/2.1; +http://www.google.com/bot.html)"
74.7.227.39 - - [21/Apr/2026:18:42:47 +0000] "GET /goods.php?detail/11800335281890 HTTP/1.1" 404 21054 "https://s2spw.com/goods.php?detail/122018910331" "Mozilla/5.0 AppleWebKit/537.36 (KHTML, like Gecko; compatible; GPTBot/1.3; +https://openai.com/gptbot)"
74.7.227.39 - - [21/Apr/2026:18:42:50 +0000] "GET /goods.php?detail/18300811848852 HTTP/1.1" 404 21054 "https://s2spw.com/goods.php?detail/183008318074" "Mozilla/5.0 AppleWebKit/537.36 (KHTML, like Gecko; compatible; GPTBot/1.3; +https://openai.com/gptbot)"
66.249.79.201 - - [21/Apr/2026:18:42:52 +0000] "GET /?detail/226042552832 HTTP/1.1" 200 558138 "-" "Mozilla/5.0 (Linux; Android 6.0.1; Nexus 5X Build/MMB29P) AppleWebKit/537.36 (KHTML, like Gecko) Chrome/146.0.7680.177 Mobile Safari/537.36 (compatible; Googlebot/2.1; +http://www.google.com/bot.html)"
74.7.227.39 - - [21/Apr/2026:18:42:52 +0000] "GET /goods.php?detail/10201007539579 HTTP/1.1" 404 21054 "https://s2spw.com/goods.php?detail/1020106330500" "Mozilla/5.0 AppleWebKit/537.36 (KHTML, like Gecko; compatible; GPTBot/1.3; +https://openai.com/gptbot)"
74.7.227.39 - - [21/Apr/2026:18:42:55 +0000] "GET /goods.php?detail/11604721677148 HTTP/1.1" 404 21054 "https://s2spw.com/goods.php?detail/227000341123" "Mozilla/5.0 AppleWebKit/537.36 (KHTML, like Gecko; compatible; GPTBot/1.3; +https://openai.com/gptbot)"
66.249.79.197 - - [21/Apr/2026:18:42:56 +0000] "GET /?goods/067007275 HTTP/1.1" 200 560224 "-" "Mozilla/5.0 (Linux; Android 6.0.1; Nexus 5X Build/MMB29P) AppleWebKit/537.36 (KHTML, like Gecko) Chrome/146.0.7680.177 Mobile Safari/537.36 (compatible; Googlebot/2.1; +http://www.google.com/bot.html)"
74.7.227.39 - - [21/Apr/2026:18:42:58 +0000] "GET /goods.php?detail/03704003547684 HTTP/1.1" 404 21054 "https://s2spw.com/goods.php?detail/187049023493" "Mozilla/5.0 AppleWebKit/537.36 (KHTML, like Gecko; compatible; GPTBot/1.3; +https://openai.com/gptbot)"
66.249.79.195 - - [21/Apr/2026:18:43:00 +0000] "GET /?detail/1640035533741 HTTP/1.1" 200 569450 "-" "Mozilla/5.0 (Linux; Android 6.0.1; Nexus 5X Build/MMB29P) AppleWebKit/537.36 (KHTML, like Gecko) Chrome/146.0.7680.177 Mobile Safari/537.36 (compatible; Googlebot/2.1; +http://www.google.com/bot.html)"
74.7.227.39 - - [21/Apr/2026:18:43:01 +0000] "GET /goods.php?detail/10601202482243 HTTP/1.1" 404 21054 "https://s2spw.com/goods.php?detail/0860358672518" "Mozilla/5.0 AppleWebKit/537.36 (KHTML, like Gecko; compatible; GPTBot/1.3; +https://openai.com/gptbot)"
74.7.227.39 - - [21/Apr/2026:18:43:04 +0000] "GET /goods.php?detail/11502218822704 HTTP/1.1" 404 21054 "https://s2spw.com/goods.php?detail/070021940764" "Mozilla/5.0 AppleWebKit/537.36 (KHTML, like Gecko; compatible; GPTBot/1.3; +https://openai.com/gptbot)"
66.249.79.195 - - [21/Apr/2026:18:43:04 +0000] "GET /?detail/25202795198287 HTTP/1.1" 200 557388 "-" "Mozilla/5.0 (Linux; Android 6.0.1; Nexus 5X Build/MMB29P) AppleWebKit/537.36 (KHTML, like Gecko) Chrome/146.0.7680.177 Mobile Safari/537.36 (compatible; Googlebot/2.1; +http://www.google.com/bot.html)"
66.249.79.197 - - [21/Apr/2026:18:43:04 +0000] "GET /?jp/094008116.html HTTP/1.1" 200 556173 "-" "Mozilla/5.0 (Linux; Android 6.0.1; Nexus 5X Build/MMB29P) AppleWebKit/537.36 (KHTML, like Gecko) Chrome/146.0.7680.177 Mobile Safari/537.36 (compatible; GoogleOther)"
74.7.227.39 - - [21/Apr/2026:18:43:07 +0000] "GET /goods.php?detail/06904905340489 HTTP/1.1" 404 21054 "https://s2spw.com/goods.php?detail/1430410441810" "Mozilla/5.0 AppleWebKit/537.36 (KHTML, like Gecko; compatible; GPTBot/1.3; +https://openai.com/gptbot)"
66.249.79.197 - - [21/Apr/2026:18:43:08 +0000] "GET /?detail/24302948134619 HTTP/1.1" 200 562616 "-" "Mozilla/5.0 (Linux; Android 6.0.1; Nexus 5X Build/MMB29P) AppleWebKit/537.36 (KHTML, like Gecko) Chrome/146.0.7680.177 Mobile Safari/537.36 (compatible; Googlebot/2.1; +http://www.google.com/bot.html)"
74.7.227.39 - - [21/Apr/2026:18:43:10 +0000] "GET /goods.php?detail/15201662678627 HTTP/1.1" 404 21054 "https://s2spw.com/goods.php?detail/022027182399" "Mozilla/5.0 AppleWebKit/537.36 (KHTML, like Gecko; compatible; GPTBot/1.3; +https://openai.com/gptbot)"
74.7.227.39 - - [21/Apr/2026:18:43:12 +0000] "GET /goods.php?detail/05804309556563 HTTP/1.1" 404 21054 "https://s2spw.com/goods.php?detail/172006022850" "Mozilla/5.0 AppleWebKit/537.36 (KHTML, like Gecko; compatible; GPTBot/1.3; +https://openai.com/gptbot)"
66.249.79.195 - - [21/Apr/2026:18:43:12 +0000] "GET /?detail/2220212720120 HTTP/1.1" 200 569763 "-" "Mozilla/5.0 (Linux; Android 6.0.1; Nexus 5X Build/MMB29P) AppleWebKit/537.36 (KHTML, like Gecko) Chrome/146.0.7680.177 Mobile Safari/537.36 (compatible; Googlebot/2.1; +http://www.google.com/bot.html)"
74.7.227.39 - - [21/Apr/2026:18:43:15 +0000] "GET /goods.php?detail/01200142675122 HTTP/1.1" 404 21054 "https://s2spw.com/goods.php?detail/012000964875" "Mozilla/5.0 AppleWebKit/537.36 (KHTML, like Gecko; compatible; GPTBot/1.3; +https://openai.com/gptbot)"
66.249.79.196 - - [21/Apr/2026:18:43:16 +0000] "GET /?detail/0080383711588 HTTP/1.1" 200 561111 "-" "Mozilla/5.0 (Linux; Android 6.0.1; Nexus 5X Build/MMB29P) AppleWebKit/537.36 (KHTML, like Gecko) Chrome/146.0.7680.177 Mobile Safari/537.36 (compatible; Googlebot/2.1; +http://www.google.com/bot.html)"
74.7.227.39 - - [21/Apr/2026:18:43:18 +0000] "GET /goods.php?detail/00400759023742 HTTP/1.1" 404 21054 "https://s2spw.com/goods.php?detail/0040100313188" "Mozilla/5.0 AppleWebKit/537.36 (KHTML, like Gecko; compatible; GPTBot/1.3; +https://openai.com/gptbot)"
66.249.79.195 - - [21/Apr/2026:18:43:20 +0000] "GET /?jp/176004487.html HTTP/1.1" 200 557014 "-" "Mozilla/5.0 (Linux; Android 6.0.1; Nexus 5X Build/MMB29P) AppleWebKit/537.36 (KHTML, like Gecko) Chrome/146.0.7680.177 Mobile Safari/537.36 (compatible; Googlebot/2.1; +http://www.google.com/bot.html)"
74.7.227.39 - - [21/Apr/2026:18:43:21 +0000] "GET /goods.php?detail/02100223561283 HTTP/1.1" 404 21054 "https://s2spw.com/goods.php?detail/021002219449" "Mozilla/5.0 AppleWebKit/537.36 (KHTML, like Gecko; compatible; GPTBot/1.3; +https://openai.com/gptbot)"
74.7.227.39 - - [21/Apr/2026:18:43:24 +0000] "GET /goods.php?detail/26100342700134 HTTP/1.1" 404 21054 "https://s2spw.com/goods.php?detail/09102027046635" "Mozilla/5.0 AppleWebKit/537.36 (KHTML, like Gecko; compatible; GPTBot/1.3; +https://openai.com/gptbot)"
66.249.79.198 - - [21/Apr/2026:18:43:24 +0000] "GET /?goods/120010408 HTTP/1.1" 301 - "-" "Mozilla/5.0 (Linux; Android 6.0.1; Nexus 5X Build/MMB29P) AppleWebKit/537.36 (KHTML, like Gecko) Chrome/146.0.7680.177 Mobile Safari/537.36 (compatible; Googlebot/2.1; +http://www.google.com/bot.html)"
66.249.79.195 - - [21/Apr/2026:18:43:24 +0000] "GET /?goods%2F120010408 HTTP/1.1" 200 556674 "-" "Mozilla/5.0 (Linux; Android 6.0.1; Nexus 5X Build/MMB29P) AppleWebKit/537.36 (KHTML, like Gecko) Chrome/146.0.7680.177 Mobile Safari/537.36 (compatible; Googlebot/2.1; +http://www.google.com/bot.html)"
74.7.227.39 - - [21/Apr/2026:18:43:27 +0000] "GET /goods.php?detail/10604591711760 HTTP/1.1" 404 21054 "https://s2spw.com/goods.php?detail/039011249497" "Mozilla/5.0 AppleWebKit/537.36 (KHTML, like Gecko; compatible; GPTBot/1.3; +https://openai.com/gptbot)"
66.249.79.195 - - [21/Apr/2026:18:43:28 +0000] "GET /?jp/294007094.html HTTP/1.1" 200 555659 "-" "Mozilla/5.0 (Linux; Android 6.0.1; Nexus 5X Build/MMB29P) AppleWebKit/537.36 (KHTML, like Gecko) Chrome/146.0.7680.177 Mobile Safari/537.36 (compatible; Googlebot/2.1; +http://www.google.com/bot.html)"
66.249.79.198 - - [21/Apr/2026:18:43:29 +0000] "GET /?goods/071045417 HTTP/1.1" 200 559691 "-" "Mozilla/5.0 (Linux; Android 6.0.1; Nexus 5X Build/MMB29P) AppleWebKit/537.36 (KHTML, like Gecko) Chrome/146.0.7680.177 Mobile Safari/537.36 (compatible; Googlebot/2.1; +http://www.google.com/bot.html)"
74.7.227.39 - - [21/Apr/2026:18:43:29 +0000] "GET /goods.php?detail/17401991933707 HTTP/1.1" 404 21054 "https://s2spw.com/goods.php?detail/2490168533072" "Mozilla/5.0 AppleWebKit/537.36 (KHTML, like Gecko; compatible; GPTBot/1.3; +https://openai.com/gptbot)"
216.73.216.14 - - [21/Apr/2026:18:43:30 +0000] "GET /robots.txt HTTP/1.1" 200 332 "-" "Mozilla/5.0 AppleWebKit/537.36 (KHTML, like Gecko; compatible; ClaudeBot/1.0; +claudebot@anthropic.com)"
216.73.216.14 - - [21/Apr/2026:18:43:30 +0000] "GET / HTTP/1.1" 200 43282 "-" "Mozilla/5.0 AppleWebKit/537.36 (KHTML, like Gecko; compatible; ClaudeBot/1.0; +claudebot@anthropic.com)"
66.249.79.198 - - [21/Apr/2026:18:43:31 +0000] "GET /?goods/275021722 HTTP/1.1" 200 561535 "-" "Mozilla/5.0 (Linux; Android 6.0.1; Nexus 5X Build/MMB29P) AppleWebKit/537.36 (KHTML, like Gecko) Chrome/146.0.7680.177 Mobile Safari/537.36 (compatible; Googlebot/2.1; +http://www.google.com/bot.html)"
74.7.227.39 - - [21/Apr/2026:18:43:32 +0000] "GET /goods.php?detail/06300600190284 HTTP/1.1" 404 21054 "https://s2spw.com/goods.php?pcmypage?callback=product%2Fdetail%2Ffirst34-trusco-6115404" "Mozilla/5.0 AppleWebKit/537.36 (KHTML, like Gecko; compatible; GPTBot/1.3; +https://openai.com/gptbot)"
74.7.227.39 - - [21/Apr/2026:18:43:35 +0000] "GET /goods.php?detail/20701072412960 HTTP/1.1" 404 21054 "https://s2spw.com/goods.php?detail/2070101050053" "Mozilla/5.0 AppleWebKit/537.36 (KHTML, like Gecko; compatible; GPTBot/1.3; +https://openai.com/gptbot)"
66.249.79.199 - - [21/Apr/2026:18:43:36 +0000] "GET /?jp/237021498.html HTTP/1.1" 200 557888 "-" "Mozilla/5.0 (Linux; Android 6.0.1; Nexus 5X Build/MMB29P) AppleWebKit/537.36 (KHTML, like Gecko) Chrome/146.0.7680.177 Mobile Safari/537.36 (compatible; Googlebot/2.1; +http://www.google.com/bot.html)"
74.7.227.39 - - [21/Apr/2026:18:43:38 +0000] "GET /goods.php?detail/07600650012542 HTTP/1.1" 404 21054 "https://s2spw.com/goods.php?detail/076007035469" "Mozilla/5.0 AppleWebKit/537.36 (KHTML, like Gecko; compatible; GPTBot/1.3; +https://openai.com/gptbot)"
74.7.227.39 - - [21/Apr/2026:18:43:41 +0000] "GET /goods.php?detail/21501531198331 HTTP/1.1" 404 21054 "https://s2spw.com/goods.php?detail/2650490237654" "Mozilla/5.0 AppleWebKit/537.36 (KHTML, like Gecko; compatible; GPTBot/1.3; +https://openai.com/gptbot)"
74.7.227.39 - - [21/Apr/2026:18:43:44 +0000] "GET /goods.php?detail/10901920646946 HTTP/1.1" 404 21054 "https://s2spw.com/goods.php?detail/1090190669503" "Mozilla/5.0 AppleWebKit/537.36 (KHTML, like Gecko; compatible; GPTBot/1.3; +https://openai.com/gptbot)"
66.249.79.195 - - [21/Apr/2026:18:43:43 +0000] "GET /?jp/021011783.html HTTP/1.1" 200 559930 "-" "Mozilla/5.0 (Linux; Android 6.0.1; Nexus 5X Build/MMB29P) AppleWebKit/537.36 (KHTML, like Gecko) Chrome/146.0.7680.177 Mobile Safari/537.36 (compatible; Googlebot/2.1; +http://www.google.com/bot.html)"
74.7.227.39 - - [21/Apr/2026:18:43:47 +0000] "GET /goods.php?detail/10802865280623 HTTP/1.1" 404 21054 "https://s2spw.com/goods.php?pcmypage?callback=product/review/asty-shop-e2-1sduwgcz9u-17ca" "Mozilla/5.0 AppleWebKit/537.36 (KHTML, like Gecko; compatible; GPTBot/1.3; +https://openai.com/gptbot)"
66.249.79.199 - - [21/Apr/2026:18:43:47 +0000] "GET /?goods/172033938 HTTP/1.1" 200 554850 "-" "Mozilla/5.0 (Linux; Android 6.0.1; Nexus 5X Build/MMB29P) AppleWebKit/537.36 (KHTML, like Gecko) Chrome/146.0.7680.177 Mobile Safari/537.36 (compatible; Googlebot/2.1; +http://www.google.com/bot.html)"
66.249.79.200 - - [21/Apr/2026:18:43:48 +0000] "GET /?jp/064036673.html HTTP/1.1" 200 557491 "-" "Mozilla/5.0 (Linux; Android 6.0.1; Nexus 5X Build/MMB29P) AppleWebKit/537.36 (KHTML, like Gecko) Chrome/146.0.7680.177 Mobile Safari/537.36 (compatible; Googlebot/2.1; +http://www.google.com/bot.html)"
74.7.227.39 - - [21/Apr/2026:18:43:49 +0000] "GET /goods.php?detail/27001003708764 HTTP/1.1" 404 21054 "https://s2spw.com/goods.php?detail/270007932669" "Mozilla/5.0 AppleWebKit/537.36 (KHTML, like Gecko; compatible; GPTBot/1.3; +https://openai.com/gptbot)"
74.7.227.39 - - [21/Apr/2026:18:43:52 +0000] "GET /goods.php?detail/20404844101564 HTTP/1.1" 404 21054 "https://s2spw.com/goods.php?jp/204048616.html" "Mozilla/5.0 AppleWebKit/537.36 (KHTML, like Gecko; compatible; GPTBot/1.3; +https://openai.com/gptbot)"
66.249.79.198 - - [21/Apr/2026:18:43:52 +0000] "GET /?jp/241017790.html HTTP/1.1" 200 571783 "-" "Mozilla/5.0 (Linux; Android 6.0.1; Nexus 5X Build/MMB29P) AppleWebKit/537.36 (KHTML, like Gecko) Chrome/146.0.7680.177 Mobile Safari/537.36 (compatible; Googlebot/2.1; +http://www.google.com/bot.html)"
74.7.227.39 - - [21/Apr/2026:18:43:55 +0000] "GET /goods.php?detail/16700793317053 HTTP/1.1" 404 21054 "https://s2spw.com/goods.php?detail/167007816345" "Mozilla/5.0 AppleWebKit/537.36 (KHTML, like Gecko; compatible; GPTBot/1.3; +https://openai.com/gptbot)"
66.249.79.195 - - [21/Apr/2026:18:43:56 +0000] "GET /?detail/23903519775772 HTTP/1.1" 200 554685 "-" "Mozilla/5.0 (Linux; Android 6.0.1; Nexus 5X Build/MMB29P) AppleWebKit/537.36 (KHTML, like Gecko) Chrome/146.0.7680.177 Mobile Safari/537.36 (compatible; Googlebot/2.1; +http://www.google.com/bot.html)"
74.7.227.39 - - [21/Apr/2026:18:43:58 +0000] "GET /goods.php?detail/07503906391990 HTTP/1.1" 404 21054 "https://s2spw.com/goods.php?detail/2330371170393" "Mozilla/5.0 AppleWebKit/537.36 (KHTML, like Gecko; compatible; GPTBot/1.3; +https://openai.com/gptbot)"
66.249.79.202 - - [21/Apr/2026:18:44:00 +0000] "GET /?detail/2680354439303 HTTP/1.1" 200 568628 "-" "Mozilla/5.0 (Linux; Android 6.0.1; Nexus 5X Build/MMB29P) AppleWebKit/537.36 (KHTML, like Gecko) Chrome/146.0.7680.177 Mobile Safari/537.36 (compatible; Googlebot/2.1; +http://www.google.com/bot.html)"
74.7.227.39 - - [21/Apr/2026:18:44:00 +0000] "GET /goods.php?detail/09501229972285 HTTP/1.1" 404 21054 "https://s2spw.com/goods.php?detail/0050459599160" "Mozilla/5.0 AppleWebKit/537.36 (KHTML, like Gecko; compatible; GPTBot/1.3; +https://openai.com/gptbot)"
74.7.227.39 - - [21/Apr/2026:18:44:03 +0000] "GET /goods.php?detail/03603884256334 HTTP/1.1" 404 21054 "https://s2spw.com/goods.php?detail/036038824006" "Mozilla/5.0 AppleWebKit/537.36 (KHTML, like Gecko; compatible; GPTBot/1.3; +https://openai.com/gptbot)"
66.249.79.199 - - [21/Apr/2026:18:44:03 +0000] "GET /?goods/183012046 HTTP/1.1" 200 556904 "-" "Mozilla/5.0 (Linux; Android 6.0.1; Nexus 5X Build/MMB29P) AppleWebKit/537.36 (KHTML, like Gecko) Chrome/146.0.7680.177 Mobile Safari/537.36 (compatible; Googlebot/2.1; +http://www.google.com/bot.html)"
74.7.227.39 - - [21/Apr/2026:18:44:06 +0000] "GET /goods.php?detail/29200103009848 HTTP/1.1" 404 21054 "https://s2spw.com/goods.php?detail/202040383570" "Mozilla/5.0 AppleWebKit/537.36 (KHTML, like Gecko; compatible; GPTBot/1.3; +https://openai.com/gptbot)"
66.249.79.197 - - [21/Apr/2026:18:44:07 +0000] "GET /?jp/277047338.html HTTP/1.1" 200 559933 "-" "Mozilla/5.0 (Linux; Android 6.0.1; Nexus 5X Build/MMB29P) AppleWebKit/537.36 (KHTML, like Gecko) Chrome/146.0.7680.177 Mobile Safari/537.36 (compatible; Googlebot/2.1; +http://www.google.com/bot.html)"
74.7.227.39 - - [21/Apr/2026:18:44:09 +0000] "GET /goods.php?detail/12301639009068 HTTP/1.1" 404 21054 "https://s2spw.com/goods.php?detail/211036610220" "Mozilla/5.0 AppleWebKit/537.36 (KHTML, like Gecko; compatible; GPTBot/1.3; +https://openai.com/gptbot)"
66.249.79.198 - - [21/Apr/2026:18:44:11 +0000] "GET /?goods/300032937 HTTP/1.1" 200 553575 "-" "Mozilla/5.0 (Linux; Android 6.0.1; Nexus 5X Build/MMB29P) AppleWebKit/537.36 (KHTML, like Gecko) Chrome/146.0.7680.177 Mobile Safari/537.36 (compatible; Googlebot/2.1; +http://www.google.com/bot.html)"
74.7.227.39 - - [21/Apr/2026:18:44:12 +0000] "GET /goods.php?detail/13002907629702 HTTP/1.1" 404 21054 "https://s2spw.com/goods.php?detail/130029043433" "Mozilla/5.0 AppleWebKit/537.36 (KHTML, like Gecko; compatible; GPTBot/1.3; +https://openai.com/gptbot)"
74.7.227.39 - - [21/Apr/2026:18:44:14 +0000] "GET /goods.php?detail/13201171782066 HTTP/1.1" 404 21054 "https://s2spw.com/goods.php?detail/132011107064" "Mozilla/5.0 AppleWebKit/537.36 (KHTML, like Gecko; compatible; GPTBot/1.3; +https://openai.com/gptbot)"
66.249.79.198 - - [21/Apr/2026:18:44:15 +0000] "GET /?jp/029039601.html HTTP/1.1" 200 556828 "-" "Mozilla/5.0 (Linux; Android 6.0.1; Nexus 5X Build/MMB29P) AppleWebKit/537.36 (KHTML, like Gecko) Chrome/146.0.7680.177 Mobile Safari/537.36 (compatible; Googlebot/2.1; +http://www.google.com/bot.html)"
74.7.227.39 - - [21/Apr/2026:18:44:17 +0000] "GET /goods.php?detail/03202779317474 HTTP/1.1" 404 21054 "https://s2spw.com/goods.php?jp/223000139.html" "Mozilla/5.0 AppleWebKit/537.36 (KHTML, like Gecko; compatible; GPTBot/1.3; +https://openai.com/gptbot)"
74.7.227.39 - - [21/Apr/2026:18:44:20 +0000] "GET /goods.php?detail/00200305638019 HTTP/1.1" 404 21054 "https://s2spw.com/goods.php?detail/0020042636703" "Mozilla/5.0 AppleWebKit/537.36 (KHTML, like Gecko; compatible; GPTBot/1.3; +https://openai.com/gptbot)"
66.249.79.196 - - [21/Apr/2026:18:44:23 +0000] "GET /?jp/195049851.html HTTP/1.1" 200 577596 "-" "Mozilla/5.0 (Linux; Android 6.0.1; Nexus 5X Build/MMB29P) AppleWebKit/537.36 (KHTML, like Gecko) Chrome/146.0.7680.177 Mobile Safari/537.36 (compatible; Googlebot/2.1; +http://www.google.com/bot.html)"
74.7.227.39 - - [21/Apr/2026:18:44:23 +0000] "GET /goods.php?detail/04300624818003 HTTP/1.1" 404 21054 "https://s2spw.com/goods.php?product/edit/kurosawa-shop-04-7176" "Mozilla/5.0 AppleWebKit/537.36 (KHTML, like Gecko; compatible; GPTBot/1.3; +https://openai.com/gptbot)"
74.7.227.39 - - [21/Apr/2026:18:44:26 +0000] "GET /goods.php?detail/01901370724110 HTTP/1.1" 404 21054 "https://s2spw.com/goods.php?detail/019013637865" "Mozilla/5.0 AppleWebKit/537.36 (KHTML, like Gecko; compatible; GPTBot/1.3; +https://openai.com/gptbot)"
66.249.79.196 - - [21/Apr/2026:18:44:27 +0000] "GET /?jp/098037120.html HTTP/1.1" 200 560754 "-" "Mozilla/5.0 (Linux; Android 6.0.1; Nexus 5X Build/MMB29P) AppleWebKit/537.36 (KHTML, like Gecko) Chrome/146.0.7680.177 Mobile Safari/537.36 (compatible; Googlebot/2.1; +http://www.google.com/bot.html)"
74.7.227.39 - - [21/Apr/2026:18:44:29 +0000] "GET /goods.php?detail/12101251386201 HTTP/1.1" 404 21054 "https://s2spw.com/goods.php?detail/211011752709" "Mozilla/5.0 AppleWebKit/537.36 (KHTML, like Gecko; compatible; GPTBot/1.3; +https://openai.com/gptbot)"
74.7.227.39 - - [21/Apr/2026:18:44:32 +0000] "GET /goods.php?detail/10200227024315 HTTP/1.1" 404 21054 "https://s2spw.com/goods.php?detail/1020029087887" "Mozilla/5.0 AppleWebKit/537.36 (KHTML, like Gecko; compatible; GPTBot/1.3; +https://openai.com/gptbot)"
66.249.79.197 - - [21/Apr/2026:18:44:33 +0000] "GET /?jp/033036222.html HTTP/1.1" 200 555138 "-" "Mozilla/5.0 (Linux; Android 6.0.1; Nexus 5X Build/MMB29P) AppleWebKit/537.36 (KHTML, like Gecko) Chrome/146.0.7680.177 Mobile Safari/537.36 (compatible; Googlebot/2.1; +http://www.google.com/bot.html)"
74.7.227.39 - - [21/Apr/2026:18:44:34 +0000] "GET /goods.php?detail/01804541020017 HTTP/1.1" 404 21054 "https://s2spw.com/goods.php?detail/008044749522" "Mozilla/5.0 AppleWebKit/537.36 (KHTML, like Gecko; compatible; GPTBot/1.3; +https://openai.com/gptbot)"
74.7.227.39 - - [21/Apr/2026:18:44:37 +0000] "GET /goods.php?detail/09300780995396 HTTP/1.1" 404 21054 "https://s2spw.com/goods.php?detail/1230154365428" "Mozilla/5.0 AppleWebKit/537.36 (KHTML, like Gecko; compatible; GPTBot/1.3; +https://openai.com/gptbot)"
74.7.227.39 - - [21/Apr/2026:18:44:40 +0000] "GET /goods.php?detail/07902542076690 HTTP/1.1" 404 21054 "https://s2spw.com/goods.php?detail/189036739655" "Mozilla/5.0 AppleWebKit/537.36 (KHTML, like Gecko; compatible; GPTBot/1.3; +https://openai.com/gptbot)"
66.249.79.197 - - [21/Apr/2026:18:44:42 +0000] "GET /?detail/23202533388515 HTTP/1.1" 200 554286 "-" "Mozilla/5.0 (Linux; Android 6.0.1; Nexus 5X Build/MMB29P) AppleWebKit/537.36 (KHTML, like Gecko) Chrome/146.0.7680.177 Mobile Safari/537.36 (compatible; GoogleOther)"
74.7.227.39 - - [21/Apr/2026:18:44:43 +0000] "GET /goods.php?detail/14502550725785 HTTP/1.1" 404 21054 "https://s2spw.com/goods.php?detail/1610282661887" "Mozilla/5.0 AppleWebKit/537.36 (KHTML, like Gecko; compatible; GPTBot/1.3; +https://openai.com/gptbot)"
74.7.227.39 - - [21/Apr/2026:18:44:46 +0000] "GET /goods.php?detail/04504117311397 HTTP/1.1" 404 21054 "https://s2spw.com/goods.php?detail/045044816076" "Mozilla/5.0 AppleWebKit/537.36 (KHTML, like Gecko; compatible; GPTBot/1.3; +https://openai.com/gptbot)"
74.7.227.39 - - [21/Apr/2026:18:44:49 +0000] "GET /goods.php?detail/22803772897975 HTTP/1.1" 404 21054 "https://s2spw.com/goods.php?detail/125029829109" "Mozilla/5.0 AppleWebKit/537.36 (KHTML, like Gecko; compatible; GPTBot/1.3; +https://openai.com/gptbot)"
74.7.227.39 - - [21/Apr/2026:18:44:52 +0000] "GET /goods.php?detail/04700564757342 HTTP/1.1" 404 21054 "https://s2spw.com/goods.php?product/edit/lxom-tt0731ie40rvqbp-1" "Mozilla/5.0 AppleWebKit/537.36 (KHTML, like Gecko; compatible; GPTBot/1.3; +https://openai.com/gptbot)"
74.7.227.39 - - [21/Apr/2026:18:44:54 +0000] "GET /goods.php?detail/11003641063625 HTTP/1.1" 404 21054 "https://s2spw.com/goods.php?detail/191001170128" "Mozilla/5.0 AppleWebKit/537.36 (KHTML, like Gecko; compatible; GPTBot/1.3; +https://openai.com/gptbot)"
74.7.227.39 - - [21/Apr/2026:18:44:58 +0000] "GET /goods.php?detail/02002768706981 HTTP/1.1" 404 21054 "https://s2spw.com/goods.php?detail/020028031260" "Mozilla/5.0 AppleWebKit/537.36 (KHTML, like Gecko; compatible; GPTBot/1.3; +https://openai.com/gptbot)"
74.7.227.39 - - [21/Apr/2026:18:45:00 +0000] "GET /goods.php?detail/16101007819205 HTTP/1.1" 404 21054 "https://s2spw.com/goods.php?detail/284025570282" "Mozilla/5.0 AppleWebKit/537.36 (KHTML, like Gecko; compatible; GPTBot/1.3; +https://openai.com/gptbot)"
66.249.79.195 - - [21/Apr/2026:18:45:03 +0000] "GET /?jp/101037634.html HTTP/1.1" 200 553261 "-" "Mozilla/5.0 (Linux; Android 6.0.1; Nexus 5X Build/MMB29P) AppleWebKit/537.36 (KHTML, like Gecko) Chrome/146.0.7680.177 Mobile Safari/537.36 (compatible; Googlebot/2.1; +http://www.google.com/bot.html)"
74.7.227.39 - - [21/Apr/2026:18:45:03 +0000] "GET /goods.php?detail/01101267380883 HTTP/1.1" 404 21054 "https://s2spw.com/goods.php?detail/0110127858289" "Mozilla/5.0 AppleWebKit/537.36 (KHTML, like Gecko; compatible; GPTBot/1.3; +https://openai.com/gptbot)"
74.7.227.39 - - [21/Apr/2026:18:45:07 +0000] "GET /goods.php?detail/23503535593678 HTTP/1.1" 404 21054 "https://s2spw.com/goods.php?detail/235035463489" "Mozilla/5.0 AppleWebKit/537.36 (KHTML, like Gecko; compatible; GPTBot/1.3; +https://openai.com/gptbot)"
74.7.227.39 - - [21/Apr/2026:18:45:09 +0000] "GET /goods.php?detail/22800700131918 HTTP/1.1" 404 21054 "https://s2spw.com/goods.php?detail/228007208594" "Mozilla/5.0 AppleWebKit/537.36 (KHTML, like Gecko; compatible; GPTBot/1.3; +https://openai.com/gptbot)"
74.7.227.39 - - [21/Apr/2026:18:45:12 +0000] "GET /goods.php?detail/01201158019556 HTTP/1.1" 404 21054 "https://s2spw.com/goods.php?detail/012010445916" "Mozilla/5.0 AppleWebKit/537.36 (KHTML, like Gecko; compatible; GPTBot/1.3; +https://openai.com/gptbot)"
74.7.227.39 - - [21/Apr/2026:18:45:15 +0000] "GET /goods.php?detail/04802946002011 HTTP/1.1" 404 21054 "https://s2spw.com/goods.php?detail/0440405581615" "Mozilla/5.0 AppleWebKit/537.36 (KHTML, like Gecko; compatible; GPTBot/1.3; +https://openai.com/gptbot)"
74.7.227.39 - - [21/Apr/2026:18:45:18 +0000] "GET /goods.php?detail/28501238122778 HTTP/1.1" 404 21054 "https://s2spw.com/goods.php?detail/114035557077" "Mozilla/5.0 AppleWebKit/537.36 (KHTML, like Gecko; compatible; GPTBot/1.3; +https://openai.com/gptbot)"
74.7.227.39 - - [21/Apr/2026:18:45:20 +0000] "GET /goods.php?detail/01400526470606 HTTP/1.1" 404 21054 "https://s2spw.com/goods.php?product/edit/ssk-1-asve-4988115294742_10-" "Mozilla/5.0 AppleWebKit/537.36 (KHTML, like Gecko; compatible; GPTBot/1.3; +https://openai.com/gptbot)"
74.7.227.39 - - [21/Apr/2026:18:45:23 +0000] "GET /goods.php?detail/02100234422860 HTTP/1.1" 404 21054 "https://s2spw.com/goods.php?detail/021005742833" "Mozilla/5.0 AppleWebKit/537.36 (KHTML, like Gecko; compatible; GPTBot/1.3; +https://openai.com/gptbot)"
74.7.227.39 - - [21/Apr/2026:18:45:26 +0000] "GET /goods.php?detail/08804887062972 HTTP/1.1" 404 21054 "https://s2spw.com/goods.php?detail/088048826920" "Mozilla/5.0 AppleWebKit/537.36 (KHTML, like Gecko; compatible; GPTBot/1.3; +https://openai.com/gptbot)"
74.7.227.39 - - [21/Apr/2026:18:45:29 +0000] "GET /goods.php?detail/28802235630556 HTTP/1.1" 404 21054 "https://s2spw.com/goods.php?detail/2880228725838" "Mozilla/5.0 AppleWebKit/537.36 (KHTML, like Gecko; compatible; GPTBot/1.3; +https://openai.com/gptbot)"
74.7.227.39 - - [21/Apr/2026:18:45:32 +0000] "GET /goods.php?detail/23401531848841 HTTP/1.1" 404 21054 "https://s2spw.com/goods.php?product/edit/auc-axis-parts-agd-sb-legacy-bs9-front-st284" "Mozilla/5.0 AppleWebKit/537.36 (KHTML, like Gecko; compatible; GPTBot/1.3; +https://openai.com/gptbot)"
74.7.227.39 - - [21/Apr/2026:18:45:35 +0000] "GET /goods.php?detail/10703174057207 HTTP/1.1" 404 21054 "https://s2spw.com/goods.php?detail/002044401857" "Mozilla/5.0 AppleWebKit/537.36 (KHTML, like Gecko; compatible; GPTBot/1.3; +https://openai.com/gptbot)"
74.7.227.39 - - [21/Apr/2026:18:45:37 +0000] "GET /goods.php?detail/03801876301166 HTTP/1.1" 404 21054 "https://s2spw.com/goods.php?detail/101040031441" "Mozilla/5.0 AppleWebKit/537.36 (KHTML, like Gecko; compatible; GPTBot/1.3; +https://openai.com/gptbot)"
74.7.227.39 - - [21/Apr/2026:18:45:40 +0000] "GET /goods.php?detail/04900684992822 HTTP/1.1" 404 21054 "https://s2spw.com/goods.php?jp/196002552.html" "Mozilla/5.0 AppleWebKit/537.36 (KHTML, like Gecko; compatible; GPTBot/1.3; +https://openai.com/gptbot)"
74.7.227.39 - - [21/Apr/2026:18:45:43 +0000] "GET /goods.php?detail/21300134953102 HTTP/1.1" 404 21054 "https://s2spw.com/goods.php?detail/213000254394" "Mozilla/5.0 AppleWebKit/537.36 (KHTML, like Gecko; compatible; GPTBot/1.3; +https://openai.com/gptbot)"
74.7.227.39 - - [21/Apr/2026:18:45:47 +0000] "GET /goods.php?detail/10600260173015 HTTP/1.1" 404 21054 "https://s2spw.com/goods.php?jp/016010883.html" "Mozilla/5.0 AppleWebKit/537.36 (KHTML, like Gecko; compatible; GPTBot/1.3; +https://openai.com/gptbot)"
74.7.227.39 - - [21/Apr/2026:18:45:49 +0000] "GET /goods.php?detail/27701751423714 HTTP/1.1" 404 21054 "https://s2spw.com/goods.php?detail/017007966345" "Mozilla/5.0 AppleWebKit/537.36 (KHTML, like Gecko; compatible; GPTBot/1.3; +https://openai.com/gptbot)"
74.7.227.39 - - [21/Apr/2026:18:45:52 +0000] "GET /goods.php?detail/10303293404941 HTTP/1.1" 404 21054 "https://s2spw.com/goods.php?detail/103032038352" "Mozilla/5.0 AppleWebKit/537.36 (KHTML, like Gecko; compatible; GPTBot/1.3; +https://openai.com/gptbot)"
74.7.227.39 - - [21/Apr/2026:18:45:55 +0000] "GET /goods.php?detail/14303176833100 HTTP/1.1" 404 21054 "https://s2spw.com/goods.php?detail/0990094519170" "Mozilla/5.0 AppleWebKit/537.36 (KHTML, like Gecko; compatible; GPTBot/1.3; +https://openai.com/gptbot)"
74.7.227.39 - - [21/Apr/2026:18:45:57 +0000] "GET /goods.php?detail/11901520177156 HTTP/1.1" 404 21054 "https://s2spw.com/goods.php?detail/119033362933" "Mozilla/5.0 AppleWebKit/537.36 (KHTML, like Gecko; compatible; GPTBot/1.3; +https://openai.com/gptbot)"
74.7.227.39 - - [21/Apr/2026:18:46:00 +0000] "GET /goods.php?detail/11700701957858 HTTP/1.1" 404 21054 "https://s2spw.com/goods.php?detail/2270033992231" "Mozilla/5.0 AppleWebKit/537.36 (KHTML, like Gecko; compatible; GPTBot/1.3; +https://openai.com/gptbot)"
74.7.227.39 - - [21/Apr/2026:18:46:03 +0000] "GET /goods.php?detail/25400424747291 HTTP/1.1" 404 21054 "https://s2spw.com/goods.php?detail/254004336779" "Mozilla/5.0 AppleWebKit/537.36 (KHTML, like Gecko; compatible; GPTBot/1.3; +https://openai.com/gptbot)"
74.7.227.39 - - [21/Apr/2026:18:46:06 +0000] "GET /goods.php?detail/03601080168394 HTTP/1.1" 404 21054 "https://s2spw.com/goods.php?detail/024019426765" "Mozilla/5.0 AppleWebKit/537.36 (KHTML, like Gecko; compatible; GPTBot/1.3; +https://openai.com/gptbot)"
74.7.227.39 - - [21/Apr/2026:18:46:09 +0000] "GET /goods.php?detail/01200720817834 HTTP/1.1" 404 21054 "https://s2spw.com/goods.php?jp/012007032.html" "Mozilla/5.0 AppleWebKit/537.36 (KHTML, like Gecko; compatible; GPTBot/1.3; +https://openai.com/gptbot)"
74.7.227.39 - - [21/Apr/2026:18:46:12 +0000] "GET /goods.php?detail/26404784648233 HTTP/1.1" 404 21054 "https://s2spw.com/goods.php?detail/080010579277" "Mozilla/5.0 AppleWebKit/537.36 (KHTML, like Gecko; compatible; GPTBot/1.3; +https://openai.com/gptbot)"
74.7.227.39 - - [21/Apr/2026:18:46:14 +0000] "GET /goods.php?detail/27104713716911 HTTP/1.1" 404 21054 "https://s2spw.com/goods.php?detail/271049149966" "Mozilla/5.0 AppleWebKit/537.36 (KHTML, like Gecko; compatible; GPTBot/1.3; +https://openai.com/gptbot)"
74.7.227.39 - - [21/Apr/2026:18:46:17 +0000] "GET /goods.php?detail/22302313499694 HTTP/1.1" 404 21054 "https://s2spw.com/goods.php?special/unexpected/136008301" "Mozilla/5.0 AppleWebKit/537.36 (KHTML, like Gecko; compatible; GPTBot/1.3; +https://openai.com/gptbot)"
74.7.227.39 - - [21/Apr/2026:18:46:20 +0000] "GET /goods.php?detail/14303091511942 HTTP/1.1" 404 21054 "https://s2spw.com/goods.php?detail/143031169170" "Mozilla/5.0 AppleWebKit/537.36 (KHTML, like Gecko; compatible; GPTBot/1.3; +https://openai.com/gptbot)"
74.7.227.39 - - [21/Apr/2026:18:46:23 +0000] "GET /goods.php?detail/22004486038722 HTTP/1.1" 404 21054 "https://s2spw.com/goods.php?detail/220045305046" "Mozilla/5.0 AppleWebKit/537.36 (KHTML, like Gecko; compatible; GPTBot/1.3; +https://openai.com/gptbot)"
74.7.227.39 - - [21/Apr/2026:18:46:26 +0000] "GET /goods.php?detail/03602977876887 HTTP/1.1" 404 21054 "https://s2spw.com/goods.php?detail/107005062553" "Mozilla/5.0 AppleWebKit/537.36 (KHTML, like Gecko; compatible; GPTBot/1.3; +https://openai.com/gptbot)"
74.7.227.39 - - [21/Apr/2026:18:46:28 +0000] "GET /goods.php?detail/18302040290829 HTTP/1.1" 404 21054 "https://s2spw.com/goods.php?detail/183021431311" "Mozilla/5.0 AppleWebKit/537.36 (KHTML, like Gecko; compatible; GPTBot/1.3; +https://openai.com/gptbot)"
74.7.227.39 - - [21/Apr/2026:18:46:31 +0000] "GET /goods.php?detail/19200293592699 HTTP/1.1" 404 21054 "https://s2spw.com/goods.php?detail/192002060962" "Mozilla/5.0 AppleWebKit/537.36 (KHTML, like Gecko; compatible; GPTBot/1.3; +https://openai.com/gptbot)"
74.7.227.39 - - [21/Apr/2026:18:46:34 +0000] "GET /goods.php?detail/23703793492312 HTTP/1.1" 404 21054 "https://s2spw.com/goods.php?detail/004049616033" "Mozilla/5.0 AppleWebKit/537.36 (KHTML, like Gecko; compatible; GPTBot/1.3; +https://openai.com/gptbot)"
74.7.227.39 - - [21/Apr/2026:18:46:37 +0000] "GET /goods.php?detail/03300625818003 HTTP/1.1" 404 21054 "https://s2spw.com/goods.php?detail/033014404970" "Mozilla/5.0 AppleWebKit/537.36 (KHTML, like Gecko; compatible; GPTBot/1.3; +https://openai.com/gptbot)"
66.249.79.197 - - [21/Apr/2026:18:46:37 +0000] "GET /?goods/163013171 HTTP/1.1" 200 560526 "-" "Mozilla/5.0 (Linux; Android 6.0.1; Nexus 5X Build/MMB29P) AppleWebKit/537.36 (KHTML, like Gecko) Chrome/146.0.7680.177 Mobile Safari/537.36 (compatible; Googlebot/2.1; +http://www.google.com/bot.html)"
74.7.227.39 - - [21/Apr/2026:18:46:40 +0000] "GET /goods.php?detail/20803801137722 HTTP/1.1" 404 21054 "https://s2spw.com/goods.php?special/skill/031000410" "Mozilla/5.0 AppleWebKit/537.36 (KHTML, like Gecko; compatible; GPTBot/1.3; +https://openai.com/gptbot)"
66.249.79.196 - - [21/Apr/2026:18:46:41 +0000] "GET /?jp/011037551.html HTTP/1.1" 200 557112 "-" "Mozilla/5.0 (Linux; Android 6.0.1; Nexus 5X Build/MMB29P) AppleWebKit/537.36 (KHTML, like Gecko) Chrome/146.0.7680.177 Mobile Safari/537.36 (compatible; Googlebot/2.1; +http://www.google.com/bot.html)"
74.7.227.39 - - [21/Apr/2026:18:46:43 +0000] "GET /goods.php?detail/29400225311411 HTTP/1.1" 404 21054 "https://s2spw.com/goods.php?detail/294001464381" "Mozilla/5.0 AppleWebKit/537.36 (KHTML, like Gecko; compatible; GPTBot/1.3; +https://openai.com/gptbot)"
66.249.79.195 - - [21/Apr/2026:18:46:45 +0000] "GET /?goods/198040666 HTTP/1.1" 200 556667 "-" "Mozilla/5.0 (Linux; Android 6.0.1; Nexus 5X Build/MMB29P) AppleWebKit/537.36 (KHTML, like Gecko) Chrome/146.0.7680.177 Mobile Safari/537.36 (compatible; Googlebot/2.1; +http://www.google.com/bot.html)"
74.7.227.39 - - [21/Apr/2026:18:46:45 +0000] "GET /goods.php?detail/17303609081008 HTTP/1.1" 404 21054 "https://s2spw.com/goods.php?detail/003008879713" "Mozilla/5.0 AppleWebKit/537.36 (KHTML, like Gecko; compatible; GPTBot/1.3; +https://openai.com/gptbot)"
66.249.79.195 - - [21/Apr/2026:18:46:46 +0000] "GET /?detail/0710453451211 HTTP/1.1" 301 - "-" "Mozilla/5.0 (Linux; Android 6.0.1; Nexus 5X Build/MMB29P) AppleWebKit/537.36 (KHTML, like Gecko) Chrome/146.0.7680.177 Mobile Safari/537.36 (compatible; GoogleOther)"
74.7.227.39 - - [21/Apr/2026:18:46:48 +0000] "GET /goods.php?detail/11501532699552 HTTP/1.1" 404 21054 "https://s2spw.com/goods.php?jp/115015526.html" "Mozilla/5.0 AppleWebKit/537.36 (KHTML, like Gecko; compatible; GPTBot/1.3; +https://openai.com/gptbot)"
66.249.79.196 - - [21/Apr/2026:18:46:49 +0000] "GET /?detail/1170347808404 HTTP/1.1" 200 554511 "-" "Mozilla/5.0 (Linux; Android 6.0.1; Nexus 5X Build/MMB29P) AppleWebKit/537.36 (KHTML, like Gecko) Chrome/146.0.7680.177 Mobile Safari/537.36 (compatible; Googlebot/2.1; +http://www.google.com/bot.html)"
66.249.79.196 - - [21/Apr/2026:18:46:49 +0000] "GET /?detail%2F0710453451211 HTTP/1.1" 200 558111 "-" "Mozilla/5.0 (Linux; Android 6.0.1; Nexus 5X Build/MMB29P) AppleWebKit/537.36 (KHTML, like Gecko) Chrome/146.0.7680.177 Mobile Safari/537.36 (compatible; GoogleOther)"
74.7.227.39 - - [21/Apr/2026:18:46:51 +0000] "GET /goods.php?detail/09302470535050 HTTP/1.1" 404 21054 "https://s2spw.com/goods.php?detail/087023876063" "Mozilla/5.0 AppleWebKit/537.36 (KHTML, like Gecko; compatible; GPTBot/1.3; +https://openai.com/gptbot)"
74.7.227.39 - - [21/Apr/2026:18:46:54 +0000] "GET /goods.php?detail/23500911043530 HTTP/1.1" 404 21054 "https://s2spw.com/goods.php?detail/126020842440" "Mozilla/5.0 AppleWebKit/537.36 (KHTML, like Gecko; compatible; GPTBot/1.3; +https://openai.com/gptbot)"
66.249.79.197 - - [21/Apr/2026:18:46:54 +0000] "GET /?goods/246024318 HTTP/1.1" 200 557323 "-" "Mozilla/5.0 (Linux; Android 6.0.1; Nexus 5X Build/MMB29P) AppleWebKit/537.36 (KHTML, like Gecko) Chrome/146.0.7680.177 Mobile Safari/537.36 (compatible; Googlebot/2.1; +http://www.google.com/bot.html)"
74.7.227.39 - - [21/Apr/2026:18:46:56 +0000] "GET /goods.php?detail/19003449271200 HTTP/1.1" 404 21054 "https://s2spw.com/goods.php?detail/190034615194" "Mozilla/5.0 AppleWebKit/537.36 (KHTML, like Gecko; compatible; GPTBot/1.3; +https://openai.com/gptbot)"
66.249.79.195 - - [21/Apr/2026:18:46:59 +0000] "GET /?detail/015037911519 HTTP/1.1" 200 559413 "-" "Mozilla/5.0 (Linux; Android 6.0.1; Nexus 5X Build/MMB29P) AppleWebKit/537.36 (KHTML, like Gecko) Chrome/146.0.7680.177 Mobile Safari/537.36 (compatible; Googlebot/2.1; +http://www.google.com/bot.html)"
74.7.227.39 - - [21/Apr/2026:18:46:59 +0000] "GET /goods.php?detail/02403600291466 HTTP/1.1" 404 21054 "https://s2spw.com/goods.php?jp/024030194.html" "Mozilla/5.0 AppleWebKit/537.36 (KHTML, like Gecko; compatible; GPTBot/1.3; +https://openai.com/gptbot)"
66.249.79.196 - - [21/Apr/2026:18:47:01 +0000] "GET /?detail/03600854020005 HTTP/1.1" 200 556095 "-" "Mozilla/5.0 (Linux; Android 6.0.1; Nexus 5X Build/MMB29P) AppleWebKit/537.36 (KHTML, like Gecko) Chrome/146.0.7680.177 Mobile Safari/537.36 (compatible; GoogleOther)"
74.7.227.39 - - [21/Apr/2026:18:47:02 +0000] "GET /goods.php?detail/08401053884349 HTTP/1.1" 404 21054 "https://s2spw.com/goods.php?detail/009029654123" "Mozilla/5.0 AppleWebKit/537.36 (KHTML, like Gecko; compatible; GPTBot/1.3; +https://openai.com/gptbot)"
74.7.227.39 - - [21/Apr/2026:18:47:05 +0000] "GET /goods.php?detail/13304858118168 HTTP/1.1" 404 21054 "https://s2spw.com/goods.php?detail/2110192041171" "Mozilla/5.0 AppleWebKit/537.36 (KHTML, like Gecko; compatible; GPTBot/1.3; +https://openai.com/gptbot)"
66.249.79.196 - - [21/Apr/2026:18:47:05 +0000] "GET /?jp/027043169.html HTTP/1.1" 200 572041 "-" "Mozilla/5.0 (Linux; Android 6.0.1; Nexus 5X Build/MMB29P) AppleWebKit/537.36 (KHTML, like Gecko) Chrome/146.0.7680.177 Mobile Safari/537.36 (compatible; Googlebot/2.1; +http://www.google.com/bot.html)"
66.249.79.195 - - [21/Apr/2026:18:47:05 +0000] "GET /?goods/018021706 HTTP/1.1" 301 - "-" "Mozilla/5.0 (Linux; Android 6.0.1; Nexus 5X Build/MMB29P) AppleWebKit/537.36 (KHTML, like Gecko) Chrome/146.0.7680.177 Mobile Safari/537.36 (compatible; Googlebot/2.1; +http://www.google.com/bot.html)"
