HEX
Server: Apache
System: Linux server.instantlogomakers.com 5.14.0-427.42.1.el9_4.x86_64 #1 SMP PREEMPT_DYNAMIC Fri Nov 1 14:58:02 EDT 2024 x86_64
User: s2spw (1156)
PHP: 8.1.34
Disabled: exec,passthru,shell_exec,system
Upload Files
File: /home/s2spw/access-logs/s2spw.com-ssl_log
74.7.227.39 - - [21/Apr/2026:17:45:48 +0000] "GET /goods.php?detail/20502328843503 HTTP/1.1" 404 21054 "https://s2spw.com/goods.php?detail/057008980708" "Mozilla/5.0 AppleWebKit/537.36 (KHTML, like Gecko; compatible; GPTBot/1.3; +https://openai.com/gptbot)"
66.249.79.195 - - [21/Apr/2026:17:45:53 +0000] "GET /shop/pg/52soft/37156 HTTP/1.1" 200 561436 "-" "Mozilla/5.0 (Linux; Android 6.0.1; Nexus 5X Build/MMB29P) AppleWebKit/537.36 (KHTML, like Gecko) Chrome/146.0.7680.177 Mobile Safari/537.36 (compatible; Googlebot/2.1; +http://www.google.com/bot.html)"
74.7.227.39 - - [21/Apr/2026:17:45:55 +0000] "GET /goods.php?detail/05804598200483 HTTP/1.1" 404 21054 "https://s2spw.com/goods.php?detail/055010860080" "Mozilla/5.0 AppleWebKit/537.36 (KHTML, like Gecko; compatible; GPTBot/1.3; +https://openai.com/gptbot)"
74.7.227.39 - - [21/Apr/2026:17:45:56 +0000] "GET /goods.php?detail/04904101356401 HTTP/1.1" 404 21054 "https://s2spw.com/goods.php?detail/137020988412" "Mozilla/5.0 AppleWebKit/537.36 (KHTML, like Gecko; compatible; GPTBot/1.3; +https://openai.com/gptbot)"
66.249.79.195 - - [21/Apr/2026:17:45:57 +0000] "GET /shop/pg/293stroke/8075 HTTP/1.1" 200 558624 "-" "Mozilla/5.0 (Linux; Android 6.0.1; Nexus 5X Build/MMB29P) AppleWebKit/537.36 (KHTML, like Gecko) Chrome/146.0.7680.177 Mobile Safari/537.36 (compatible; Googlebot/2.1; +http://www.google.com/bot.html)"
66.249.79.195 - - [21/Apr/2026:17:45:56 +0000] "GET /pcmypage?callback=/product%2Fdetail%2rcmd-4t-3785265 HTTP/1.1" 200 555512 "-" "Mozilla/5.0 (Linux; Android 6.0.1; Nexus 5X Build/MMB29P) AppleWebKit/537.36 (KHTML, like Gecko) Chrome/146.0.7680.177 Mobile Safari/537.36 (compatible; GoogleOther)"
66.249.79.195 - - [21/Apr/2026:17:45:58 +0000] "GET /shop/pg/7place/10729 HTTP/1.1" 200 557486 "-" "Mozilla/5.0 (Linux; Android 6.0.1; Nexus 5X Build/MMB29P) AppleWebKit/537.36 (KHTML, like Gecko) Chrome/146.0.7680.177 Mobile Safari/537.36 (compatible; Googlebot/2.1; +http://www.google.com/bot.html)"
74.7.227.39 - - [21/Apr/2026:17:45:58 +0000] "GET /goods.php?detail/08500246211411 HTTP/1.1" 404 21054 "https://s2spw.com/goods.php?detail/085000262820" "Mozilla/5.0 AppleWebKit/537.36 (KHTML, like Gecko; compatible; GPTBot/1.3; +https://openai.com/gptbot)"
66.249.79.196 - - [21/Apr/2026:17:45:59 +0000] "GET /shop/pg/67shot/15175 HTTP/1.1" 200 555731 "-" "Mozilla/5.0 (Linux; Android 6.0.1; Nexus 5X Build/MMB29P) AppleWebKit/537.36 (KHTML, like Gecko) Chrome/146.0.7680.177 Mobile Safari/537.36 (compatible; Googlebot/2.1; +http://www.google.com/bot.html)"
74.7.227.39 - - [21/Apr/2026:17:46:01 +0000] "GET /goods.php?detail/04900737310038 HTTP/1.1" 404 21054 "https://s2spw.com/goods.php?detail/049004507389" "Mozilla/5.0 AppleWebKit/537.36 (KHTML, like Gecko; compatible; GPTBot/1.3; +https://openai.com/gptbot)"
66.249.79.196 - - [21/Apr/2026:17:46:03 +0000] "GET /?jp/149004953.html HTTP/1.1" 200 554982 "-" "Mozilla/5.0 (Linux; Android 6.0.1; Nexus 5X Build/MMB29P) AppleWebKit/537.36 (KHTML, like Gecko) Chrome/146.0.7680.177 Mobile Safari/537.36 (compatible; GoogleOther)"
74.7.227.39 - - [21/Apr/2026:17:46:04 +0000] "GET /goods.php?detail/06002160231889 HTTP/1.1" 404 21054 "https://s2spw.com/goods.php?detail/1600101928810" "Mozilla/5.0 AppleWebKit/537.36 (KHTML, like Gecko; compatible; GPTBot/1.3; +https://openai.com/gptbot)"
74.7.227.39 - - [21/Apr/2026:17:46:07 +0000] "GET /goods.php?detail/02502012088371 HTTP/1.1" 404 21054 "https://s2spw.com/goods.php?detail/084015952247" "Mozilla/5.0 AppleWebKit/537.36 (KHTML, like Gecko; compatible; GPTBot/1.3; +https://openai.com/gptbot)"
74.7.227.39 - - [21/Apr/2026:17:46:10 +0000] "GET /goods.php?detail/07302096228620 HTTP/1.1" 404 21054 "https://s2spw.com/goods.php?detail/0060038673263" "Mozilla/5.0 AppleWebKit/537.36 (KHTML, like Gecko; compatible; GPTBot/1.3; +https://openai.com/gptbot)"
74.7.227.39 - - [21/Apr/2026:17:46:13 +0000] "GET /goods.php?detail/08800281368140 HTTP/1.1" 404 21054 "https://s2spw.com/goods.php?detail/289008089894" "Mozilla/5.0 AppleWebKit/537.36 (KHTML, like Gecko; compatible; GPTBot/1.3; +https://openai.com/gptbot)"
74.7.227.39 - - [21/Apr/2026:17:46:16 +0000] "GET /goods.php?detail/20404273741282 HTTP/1.1" 404 21054 "https://s2spw.com/goods.php?detail/0320236030986" "Mozilla/5.0 AppleWebKit/537.36 (KHTML, like Gecko; compatible; GPTBot/1.3; +https://openai.com/gptbot)"
74.7.227.39 - - [21/Apr/2026:17:46:18 +0000] "GET /goods.php?detail/05702151301337 HTTP/1.1" 404 21054 "https://s2spw.com/goods.php?detail/003001722353" "Mozilla/5.0 AppleWebKit/537.36 (KHTML, like Gecko; compatible; GPTBot/1.3; +https://openai.com/gptbot)"
66.249.79.195 - - [21/Apr/2026:17:46:19 +0000] "GET /?goods/192038641 HTTP/1.1" 200 554145 "-" "Mozilla/5.0 (Linux; Android 6.0.1; Nexus 5X Build/MMB29P) AppleWebKit/537.36 (KHTML, like Gecko) Chrome/146.0.7680.177 Mobile Safari/537.36 (compatible; Googlebot/2.1; +http://www.google.com/bot.html)"
74.7.227.39 - - [21/Apr/2026:17:46:21 +0000] "GET /goods.php?detail/03403890390697 HTTP/1.1" 404 21054 "https://s2spw.com/goods.php?detail/034038928769" "Mozilla/5.0 AppleWebKit/537.36 (KHTML, like Gecko; compatible; GPTBot/1.3; +https://openai.com/gptbot)"
74.7.227.39 - - [21/Apr/2026:17:46:24 +0000] "GET /goods.php?detail/12103726553213 HTTP/1.1" 404 21054 "https://s2spw.com/goods.php?detail/048049573550" "Mozilla/5.0 AppleWebKit/537.36 (KHTML, like Gecko; compatible; GPTBot/1.3; +https://openai.com/gptbot)"
74.7.227.39 - - [21/Apr/2026:17:46:27 +0000] "GET /goods.php?detail/27400746882292 HTTP/1.1" 404 21054 "https://s2spw.com/goods.php?detail/2740075475797" "Mozilla/5.0 AppleWebKit/537.36 (KHTML, like Gecko; compatible; GPTBot/1.3; +https://openai.com/gptbot)"
74.7.227.39 - - [21/Apr/2026:17:46:30 +0000] "GET /goods.php?detail/13001488994030 HTTP/1.1" 404 21054 "https://s2spw.com/goods.php?detail/1250253764306" "Mozilla/5.0 AppleWebKit/537.36 (KHTML, like Gecko; compatible; GPTBot/1.3; +https://openai.com/gptbot)"
74.7.227.39 - - [21/Apr/2026:17:46:32 +0000] "GET /goods.php?detail/27700636161090 HTTP/1.1" 404 21054 "https://s2spw.com/goods.php?detail/113019367099" "Mozilla/5.0 AppleWebKit/537.36 (KHTML, like Gecko; compatible; GPTBot/1.3; +https://openai.com/gptbot)"
74.7.227.39 - - [21/Apr/2026:17:46:35 +0000] "GET /goods.php?detail/20700437901979 HTTP/1.1" 404 21054 "https://s2spw.com/goods.php?detail/207005469206" "Mozilla/5.0 AppleWebKit/537.36 (KHTML, like Gecko; compatible; GPTBot/1.3; +https://openai.com/gptbot)"
74.7.227.39 - - [21/Apr/2026:17:46:38 +0000] "GET /goods.php?detail/21303614125325 HTTP/1.1" 404 21054 "https://s2spw.com/goods.php?detail/213036301243" "Mozilla/5.0 AppleWebKit/537.36 (KHTML, like Gecko; compatible; GPTBot/1.3; +https://openai.com/gptbot)"
74.7.227.39 - - [21/Apr/2026:17:46:41 +0000] "GET /goods.php?detail/06800481300619 HTTP/1.1" 404 21054 "https://s2spw.com/goods.php?detail/0680046907706" "Mozilla/5.0 AppleWebKit/537.36 (KHTML, like Gecko; compatible; GPTBot/1.3; +https://openai.com/gptbot)"
74.7.227.39 - - [21/Apr/2026:17:46:44 +0000] "GET /goods.php?detail/02403952040446 HTTP/1.1" 404 21054 "https://s2spw.com/goods.php?detail/024041604654" "Mozilla/5.0 AppleWebKit/537.36 (KHTML, like Gecko; compatible; GPTBot/1.3; +https://openai.com/gptbot)"
74.7.227.39 - - [21/Apr/2026:17:46:47 +0000] "GET /goods.php?detail/14700500498849 HTTP/1.1" 404 21054 "https://s2spw.com/goods.php?detail/147004740245" "Mozilla/5.0 AppleWebKit/537.36 (KHTML, like Gecko; compatible; GPTBot/1.3; +https://openai.com/gptbot)"
74.7.227.39 - - [21/Apr/2026:17:46:50 +0000] "GET /goods.php?detail/08801479474403 HTTP/1.1" 404 21054 "https://s2spw.com/goods.php?jp/182049673.html" "Mozilla/5.0 AppleWebKit/537.36 (KHTML, like Gecko; compatible; GPTBot/1.3; +https://openai.com/gptbot)"
74.7.227.39 - - [21/Apr/2026:17:46:53 +0000] "GET /goods.php?detail/15400255373015 HTTP/1.1" 404 21054 "https://s2spw.com/goods.php?detail/254025740097" "Mozilla/5.0 AppleWebKit/537.36 (KHTML, like Gecko; compatible; GPTBot/1.3; +https://openai.com/gptbot)"
74.7.227.39 - - [21/Apr/2026:17:46:55 +0000] "GET /goods.php?detail/02002596024195 HTTP/1.1" 404 21054 "https://s2spw.com/goods.php?product/edit/mte-shop-rsh266664" "Mozilla/5.0 AppleWebKit/537.36 (KHTML, like Gecko; compatible; GPTBot/1.3; +https://openai.com/gptbot)"
74.7.227.39 - - [21/Apr/2026:17:46:58 +0000] "GET /goods.php?detail/14004467846548 HTTP/1.1" 404 21054 "https://s2spw.com/goods.php?detail/140041501615" "Mozilla/5.0 AppleWebKit/537.36 (KHTML, like Gecko; compatible; GPTBot/1.3; +https://openai.com/gptbot)"
74.7.227.39 - - [21/Apr/2026:17:47:01 +0000] "GET /goods.php?detail/22901326726061 HTTP/1.1" 404 21054 "https://s2spw.com/goods.php?detail/2290202330267" "Mozilla/5.0 AppleWebKit/537.36 (KHTML, like Gecko; compatible; GPTBot/1.3; +https://openai.com/gptbot)"
74.7.227.39 - - [21/Apr/2026:17:47:04 +0000] "GET /goods.php?detail/20704414473752 HTTP/1.1" 404 21054 "https://s2spw.com/goods.php?detail/0040030420627" "Mozilla/5.0 AppleWebKit/537.36 (KHTML, like Gecko; compatible; GPTBot/1.3; +https://openai.com/gptbot)"
74.7.227.39 - - [21/Apr/2026:17:47:08 +0000] "GET /goods.php?detail/16102507615281 HTTP/1.1" 404 21054 "https://s2spw.com/goods.php?detail/161025086261" "Mozilla/5.0 AppleWebKit/537.36 (KHTML, like Gecko; compatible; GPTBot/1.3; +https://openai.com/gptbot)"
74.7.227.39 - - [21/Apr/2026:17:47:09 +0000] "GET /goods.php?detail/00900126765099 HTTP/1.1" 404 21054 "https://s2spw.com/goods.php?product/edit/cocodecow-r810ha" "Mozilla/5.0 AppleWebKit/537.36 (KHTML, like Gecko; compatible; GPTBot/1.3; +https://openai.com/gptbot)"
66.249.79.196 - - [21/Apr/2026:17:47:11 +0000] "GET /?detail/147013712275 HTTP/1.1" 200 569457 "-" "Mozilla/5.0 (Linux; Android 6.0.1; Nexus 5X Build/MMB29P) AppleWebKit/537.36 (KHTML, like Gecko) Chrome/146.0.7680.177 Mobile Safari/537.36 (compatible; GoogleOther)"
74.7.227.39 - - [21/Apr/2026:17:47:12 +0000] "GET /goods.php?detail/29801159910380 HTTP/1.1" 404 21054 "https://s2spw.com/goods.php?detail/240030744360" "Mozilla/5.0 AppleWebKit/537.36 (KHTML, like Gecko; compatible; GPTBot/1.3; +https://openai.com/gptbot)"
74.7.227.39 - - [21/Apr/2026:17:47:15 +0000] "GET /goods.php?detail/19400440690298 HTTP/1.1" 404 21054 "https://s2spw.com/goods.php?detail/265035715762" "Mozilla/5.0 AppleWebKit/537.36 (KHTML, like Gecko; compatible; GPTBot/1.3; +https://openai.com/gptbot)"
74.7.227.39 - - [21/Apr/2026:17:47:18 +0000] "GET /goods.php?detail/26800702579706 HTTP/1.1" 404 21054 "https://s2spw.com/goods.php?detail/268006457888" "Mozilla/5.0 AppleWebKit/537.36 (KHTML, like Gecko; compatible; GPTBot/1.3; +https://openai.com/gptbot)"
74.7.227.39 - - [21/Apr/2026:17:47:22 +0000] "GET /goods.php?detail/17003280881005 HTTP/1.1" 404 21054 "https://s2spw.com/goods.php?detail/1010080885902" "Mozilla/5.0 AppleWebKit/537.36 (KHTML, like Gecko; compatible; GPTBot/1.3; +https://openai.com/gptbot)"
66.249.79.196 - - [21/Apr/2026:17:47:23 +0000] "GET /?jp/279048345.html HTTP/1.1" 200 562918 "-" "Mozilla/5.0 (Linux; Android 6.0.1; Nexus 5X Build/MMB29P) AppleWebKit/537.36 (KHTML, like Gecko) Chrome/146.0.7680.177 Mobile Safari/537.36 (compatible; GoogleOther)"
74.7.227.39 - - [21/Apr/2026:17:47:24 +0000] "GET /goods.php?detail/24103098801401 HTTP/1.1" 404 21054 "https://s2spw.com/goods.php?detail/080000393667" "Mozilla/5.0 AppleWebKit/537.36 (KHTML, like Gecko; compatible; GPTBot/1.3; +https://openai.com/gptbot)"
74.7.227.39 - - [21/Apr/2026:17:47:27 +0000] "GET /goods.php?detail/13800227900922 HTTP/1.1" 404 21054 "https://s2spw.com/goods.php?detail/138002832284" "Mozilla/5.0 AppleWebKit/537.36 (KHTML, like Gecko; compatible; GPTBot/1.3; +https://openai.com/gptbot)"
66.249.79.195 - - [21/Apr/2026:17:47:28 +0000] "GET /special/222000385.html HTTP/1.1" 200 553801 "-" "Mozilla/5.0 (Linux; Android 6.0.1; Nexus 5X Build/MMB29P) AppleWebKit/537.36 (KHTML, like Gecko) Chrome/146.0.7680.177 Mobile Safari/537.36 (compatible; GoogleOther)"
74.7.227.39 - - [21/Apr/2026:17:47:30 +0000] "GET /goods.php?detail/05304060420487 HTTP/1.1" 404 21054 "https://s2spw.com/goods.php?product/edit/omatsuri-life2-hb0842y14pn" "Mozilla/5.0 AppleWebKit/537.36 (KHTML, like Gecko; compatible; GPTBot/1.3; +https://openai.com/gptbot)"
74.7.227.39 - - [21/Apr/2026:17:47:32 +0000] "GET /goods.php?detail/03201432394060 HTTP/1.1" 404 21054 "https://s2spw.com/goods.php?detail/0320142844945" "Mozilla/5.0 AppleWebKit/537.36 (KHTML, like Gecko; compatible; GPTBot/1.3; +https://openai.com/gptbot)"
74.7.227.39 - - [21/Apr/2026:17:47:35 +0000] "GET /goods.php?detail/28702372080854 HTTP/1.1" 404 21054 "https://s2spw.com/goods.php?detail/101021854775" "Mozilla/5.0 AppleWebKit/537.36 (KHTML, like Gecko; compatible; GPTBot/1.3; +https://openai.com/gptbot)"
74.7.227.39 - - [21/Apr/2026:17:47:38 +0000] "GET /goods.php?detail/00402760092171 HTTP/1.1" 404 21054 "https://s2spw.com/goods.php?detail/0700170812718" "Mozilla/5.0 AppleWebKit/537.36 (KHTML, like Gecko; compatible; GPTBot/1.3; +https://openai.com/gptbot)"
74.7.227.39 - - [21/Apr/2026:17:47:41 +0000] "GET /goods.php?detail/03803249984289 HTTP/1.1" 404 21054 "https://s2spw.com/goods.php?detail/038031767751" "Mozilla/5.0 AppleWebKit/537.36 (KHTML, like Gecko; compatible; GPTBot/1.3; +https://openai.com/gptbot)"
74.7.227.39 - - [21/Apr/2026:17:47:44 +0000] "GET /goods.php?detail/06502390499550 HTTP/1.1" 404 21054 "https://s2spw.com/goods.php?detail/134028840857" "Mozilla/5.0 AppleWebKit/537.36 (KHTML, like Gecko; compatible; GPTBot/1.3; +https://openai.com/gptbot)"
74.7.227.39 - - [21/Apr/2026:17:47:46 +0000] "GET /goods.php?detail/09300108758593 HTTP/1.1" 404 21054 "https://s2spw.com/goods.php?detail/093002845512" "Mozilla/5.0 AppleWebKit/537.36 (KHTML, like Gecko; compatible; GPTBot/1.3; +https://openai.com/gptbot)"
74.7.227.39 - - [21/Apr/2026:17:47:49 +0000] "GET /goods.php?detail/13800699404304 HTTP/1.1" 404 21054 "https://s2spw.com/goods.php?detail/218022472580" "Mozilla/5.0 AppleWebKit/537.36 (KHTML, like Gecko; compatible; GPTBot/1.3; +https://openai.com/gptbot)"
74.7.227.39 - - [21/Apr/2026:17:47:52 +0000] "GET /goods.php?detail/02900148297889 HTTP/1.1" 404 21054 "https://s2spw.com/goods.php?product/edit/belllabell-ad-bag02y-1" "Mozilla/5.0 AppleWebKit/537.36 (KHTML, like Gecko; compatible; GPTBot/1.3; +https://openai.com/gptbot)"
74.7.227.39 - - [21/Apr/2026:17:47:55 +0000] "GET /goods.php?detail/25400115072016 HTTP/1.1" 404 21054 "https://s2spw.com/goods.php?detail/130027942525" "Mozilla/5.0 AppleWebKit/537.36 (KHTML, like Gecko; compatible; GPTBot/1.3; +https://openai.com/gptbot)"
74.7.227.39 - - [21/Apr/2026:17:47:58 +0000] "GET /goods.php?detail/26202558554382 HTTP/1.1" 404 21054 "https://s2spw.com/goods.php?goods/262006018" "Mozilla/5.0 AppleWebKit/537.36 (KHTML, like Gecko; compatible; GPTBot/1.3; +https://openai.com/gptbot)"
74.7.227.39 - - [21/Apr/2026:17:48:01 +0000] "GET /goods.php?detail/04804240850649 HTTP/1.1" 404 21054 "https://s2spw.com/goods.php?detail/0480424320922" "Mozilla/5.0 AppleWebKit/537.36 (KHTML, like Gecko; compatible; GPTBot/1.3; +https://openai.com/gptbot)"
74.7.227.39 - - [21/Apr/2026:17:48:04 +0000] "GET /goods.php?detail/16301234212039 HTTP/1.1" 404 21054 "https://s2spw.com/goods.php?detail/103007742333" "Mozilla/5.0 AppleWebKit/537.36 (KHTML, like Gecko; compatible; GPTBot/1.3; +https://openai.com/gptbot)"
135.181.160.215 - - [21/Apr/2026:17:48:04 +0000] "POST /wp-content/plugins/cutfdpm/index.php HTTP/1.1" 404 21054 "-" "-"
74.7.227.39 - - [21/Apr/2026:17:48:06 +0000] "GET /goods.php?detail/09304875753770 HTTP/1.1" 404 21054 "https://s2spw.com/goods.php?detail/152048298853" "Mozilla/5.0 AppleWebKit/537.36 (KHTML, like Gecko; compatible; GPTBot/1.3; +https://openai.com/gptbot)"
74.7.227.39 - - [21/Apr/2026:17:48:09 +0000] "GET /goods.php?detail/08300599598348 HTTP/1.1" 404 21054 "https://s2spw.com/goods.php?detail/046048780598" "Mozilla/5.0 AppleWebKit/537.36 (KHTML, like Gecko; compatible; GPTBot/1.3; +https://openai.com/gptbot)"
74.7.227.39 - - [21/Apr/2026:17:48:12 +0000] "GET /goods.php?detail/23804970370747 HTTP/1.1" 404 21054 "https://s2spw.com/goods.php?detail/0410014856484" "Mozilla/5.0 AppleWebKit/537.36 (KHTML, like Gecko; compatible; GPTBot/1.3; +https://openai.com/gptbot)"
74.7.227.39 - - [21/Apr/2026:17:48:15 +0000] "GET /goods.php?detail/01701993590504 HTTP/1.1" 404 21054 "https://s2spw.com/goods.php?detail/017019499048" "Mozilla/5.0 AppleWebKit/537.36 (KHTML, like Gecko; compatible; GPTBot/1.3; +https://openai.com/gptbot)"
74.7.227.39 - - [21/Apr/2026:17:48:18 +0000] "GET /goods.php?detail/03003764504485 HTTP/1.1" 404 21054 "https://s2spw.com/goods.php?detail/234043171757" "Mozilla/5.0 AppleWebKit/537.36 (KHTML, like Gecko; compatible; GPTBot/1.3; +https://openai.com/gptbot)"
74.7.227.39 - - [21/Apr/2026:17:48:21 +0000] "GET /goods.php?detail/03603259306313 HTTP/1.1" 404 21054 "https://s2spw.com/goods.php?detail/013007364361" "Mozilla/5.0 AppleWebKit/537.36 (KHTML, like Gecko; compatible; GPTBot/1.3; +https://openai.com/gptbot)"
74.7.227.39 - - [21/Apr/2026:17:48:23 +0000] "GET /goods.php?detail/19702938298223 HTTP/1.1" 404 21054 "https://s2spw.com/goods.php?detail/009002444308" "Mozilla/5.0 AppleWebKit/537.36 (KHTML, like Gecko; compatible; GPTBot/1.3; +https://openai.com/gptbot)"
74.7.227.39 - - [21/Apr/2026:17:48:26 +0000] "GET /goods.php?detail/23203467212311 HTTP/1.1" 404 21054 "https://s2spw.com/goods.php?detail/2320340868808" "Mozilla/5.0 AppleWebKit/537.36 (KHTML, like Gecko; compatible; GPTBot/1.3; +https://openai.com/gptbot)"
74.7.227.39 - - [21/Apr/2026:17:48:29 +0000] "GET /goods.php?detail/01001693786161 HTTP/1.1" 404 21054 "https://s2spw.com/goods.php?goods/249023323" "Mozilla/5.0 AppleWebKit/537.36 (KHTML, like Gecko; compatible; GPTBot/1.3; +https://openai.com/gptbot)"
74.7.227.39 - - [21/Apr/2026:17:48:32 +0000] "GET /goods.php?detail/27900420875027 HTTP/1.1" 404 21054 "https://s2spw.com/goods.php?pcmypage?callback=product/review/des-moa-vc2p91k" "Mozilla/5.0 AppleWebKit/537.36 (KHTML, like Gecko; compatible; GPTBot/1.3; +https://openai.com/gptbot)"
74.7.227.39 - - [21/Apr/2026:17:48:35 +0000] "GET /goods.php?detail/25102589105854 HTTP/1.1" 404 21054 "https://s2spw.com/goods.php?detail/251026060522" "Mozilla/5.0 AppleWebKit/537.36 (KHTML, like Gecko; compatible; GPTBot/1.3; +https://openai.com/gptbot)"
74.7.227.39 - - [21/Apr/2026:17:48:38 +0000] "GET /goods.php?detail/11202132759727 HTTP/1.1" 404 21054 "https://s2spw.com/goods.php?detail/092004616789" "Mozilla/5.0 AppleWebKit/537.36 (KHTML, like Gecko; compatible; GPTBot/1.3; +https://openai.com/gptbot)"
74.7.227.39 - - [21/Apr/2026:17:48:41 +0000] "GET /goods.php?detail/17003715709275 HTTP/1.1" 404 21054 "https://s2spw.com/goods.php?detail/015011463134" "Mozilla/5.0 AppleWebKit/537.36 (KHTML, like Gecko; compatible; GPTBot/1.3; +https://openai.com/gptbot)"
74.7.227.39 - - [21/Apr/2026:17:48:43 +0000] "GET /goods.php?detail/08504839660430 HTTP/1.1" 404 21054 "https://s2spw.com/goods.php?detail/109001101774" "Mozilla/5.0 AppleWebKit/537.36 (KHTML, like Gecko; compatible; GPTBot/1.3; +https://openai.com/gptbot)"
66.249.79.197 - - [21/Apr/2026:17:48:46 +0000] "GET /?goods/002035360 HTTP/1.1" 200 567525 "-" "Mozilla/5.0 (Linux; Android 6.0.1; Nexus 5X Build/MMB29P) AppleWebKit/537.36 (KHTML, like Gecko) Chrome/146.0.7680.177 Mobile Safari/537.36 (compatible; GoogleOther)"
74.7.227.39 - - [21/Apr/2026:17:48:46 +0000] "GET /goods.php?detail/01701504930097 HTTP/1.1" 404 21054 "https://s2spw.com/goods.php?detail/017015458312" "Mozilla/5.0 AppleWebKit/537.36 (KHTML, like Gecko; compatible; GPTBot/1.3; +https://openai.com/gptbot)"
74.7.227.39 - - [21/Apr/2026:17:48:49 +0000] "GET /goods.php?detail/00800156831365 HTTP/1.1" 404 21054 "https://s2spw.com/goods.php?product/edit/shopsoleil-8051580" "Mozilla/5.0 AppleWebKit/537.36 (KHTML, like Gecko; compatible; GPTBot/1.3; +https://openai.com/gptbot)"
74.7.227.39 - - [21/Apr/2026:17:48:52 +0000] "GET /goods.php?detail/19104861580401 HTTP/1.1" 404 21054 "https://s2spw.com/goods.php?detail/191049645332" "Mozilla/5.0 AppleWebKit/537.36 (KHTML, like Gecko; compatible; GPTBot/1.3; +https://openai.com/gptbot)"
74.7.227.39 - - [21/Apr/2026:17:48:56 +0000] "GET /goods.php?detail/20204527675370 HTTP/1.1" 404 21054 "https://s2spw.com/goods.php?detail/2020442898483" "Mozilla/5.0 AppleWebKit/537.36 (KHTML, like Gecko; compatible; GPTBot/1.3; +https://openai.com/gptbot)"
74.7.227.39 - - [21/Apr/2026:17:48:57 +0000] "GET /goods.php?detail/07303470848282 HTTP/1.1" 404 21054 "https://s2spw.com/goods.php?detail/095003173019" "Mozilla/5.0 AppleWebKit/537.36 (KHTML, like Gecko; compatible; GPTBot/1.3; +https://openai.com/gptbot)"
74.7.227.39 - - [21/Apr/2026:17:49:00 +0000] "GET /goods.php?detail/28404993930848 HTTP/1.1" 404 21054 "https://s2spw.com/goods.php?detail/183018863723" "Mozilla/5.0 AppleWebKit/537.36 (KHTML, like Gecko; compatible; GPTBot/1.3; +https://openai.com/gptbot)"
74.7.227.39 - - [21/Apr/2026:17:49:03 +0000] "GET /goods.php?detail/22501875121823 HTTP/1.1" 404 21054 "https://s2spw.com/goods.php?detail/080001029115" "Mozilla/5.0 AppleWebKit/537.36 (KHTML, like Gecko; compatible; GPTBot/1.3; +https://openai.com/gptbot)"
74.7.227.39 - - [21/Apr/2026:17:49:10 +0000] "GET /goods.php?detail/03504131122127 HTTP/1.1" 404 21054 "https://s2spw.com/goods.php?detail/035039585182" "Mozilla/5.0 AppleWebKit/537.36 (KHTML, like Gecko; compatible; GPTBot/1.3; +https://openai.com/gptbot)"
74.7.227.39 - - [21/Apr/2026:17:49:12 +0000] "GET /goods.php?detail/02002409641599 HTTP/1.1" 404 21054 "https://s2spw.com/goods.php?detail/103030723458" "Mozilla/5.0 AppleWebKit/537.36 (KHTML, like Gecko; compatible; GPTBot/1.3; +https://openai.com/gptbot)"
74.7.227.39 - - [21/Apr/2026:17:49:14 +0000] "GET /goods.php?detail/04404847720665 HTTP/1.1" 404 21054 "https://s2spw.com/goods.php?detail/055011985109" "Mozilla/5.0 AppleWebKit/537.36 (KHTML, like Gecko; compatible; GPTBot/1.3; +https://openai.com/gptbot)"
66.249.79.197 - - [21/Apr/2026:17:49:13 +0000] "GET /?detail/186014135232 HTTP/1.1" 200 559113 "-" "Mozilla/5.0 (Linux; Android 6.0.1; Nexus 5X Build/MMB29P) AppleWebKit/537.36 (KHTML, like Gecko) Chrome/146.0.7680.177 Mobile Safari/537.36 (compatible; GoogleOther)"
74.7.227.39 - - [21/Apr/2026:17:49:17 +0000] "GET /goods.php?detail/03503616955626 HTTP/1.1" 404 21054 "https://s2spw.com/goods.php?detail/035038286047" "Mozilla/5.0 AppleWebKit/537.36 (KHTML, like Gecko; compatible; GPTBot/1.3; +https://openai.com/gptbot)"
74.7.227.39 - - [21/Apr/2026:17:49:20 +0000] "GET /goods.php?detail/18601291806003 HTTP/1.1" 404 21054 "https://s2spw.com/goods.php?detail/186012867084" "Mozilla/5.0 AppleWebKit/537.36 (KHTML, like Gecko; compatible; GPTBot/1.3; +https://openai.com/gptbot)"
74.7.227.39 - - [21/Apr/2026:17:49:22 +0000] "GET /goods.php?detail/19303540558830 HTTP/1.1" 404 21054 "https://s2spw.com/goods.php?detail/039036810202" "Mozilla/5.0 AppleWebKit/537.36 (KHTML, like Gecko; compatible; GPTBot/1.3; +https://openai.com/gptbot)"
74.7.227.39 - - [21/Apr/2026:17:49:25 +0000] "GET /goods.php?detail/11303342250703 HTTP/1.1" 404 21054 "https://s2spw.com/goods.php?detail/101018860843" "Mozilla/5.0 AppleWebKit/537.36 (KHTML, like Gecko; compatible; GPTBot/1.3; +https://openai.com/gptbot)"
74.7.227.39 - - [21/Apr/2026:17:49:28 +0000] "GET /goods.php?detail/25601268506306 HTTP/1.1" 404 21054 "https://s2spw.com/goods.php?detail/173049801232" "Mozilla/5.0 AppleWebKit/537.36 (KHTML, like Gecko; compatible; GPTBot/1.3; +https://openai.com/gptbot)"
74.7.227.39 - - [21/Apr/2026:17:49:31 +0000] "GET /goods.php?detail/12700722365362 HTTP/1.1" 404 21054 "https://s2spw.com/goods.php?detail/127007242092" "Mozilla/5.0 AppleWebKit/537.36 (KHTML, like Gecko; compatible; GPTBot/1.3; +https://openai.com/gptbot)"
74.7.227.39 - - [21/Apr/2026:17:49:34 +0000] "GET /goods.php?detail/16101086696775 HTTP/1.1" 404 21054 "https://s2spw.com/goods.php?detail/161010911029" "Mozilla/5.0 AppleWebKit/537.36 (KHTML, like Gecko; compatible; GPTBot/1.3; +https://openai.com/gptbot)"
74.7.227.39 - - [21/Apr/2026:17:49:37 +0000] "GET /goods.php?detail/29804248817420 HTTP/1.1" 404 21054 "https://s2spw.com/goods.php?jp/047040784.html" "Mozilla/5.0 AppleWebKit/537.36 (KHTML, like Gecko; compatible; GPTBot/1.3; +https://openai.com/gptbot)"
74.7.227.39 - - [21/Apr/2026:17:49:40 +0000] "GET /goods.php?detail/26504007454011 HTTP/1.1" 404 21054 "https://s2spw.com/goods.php?detail/0860098712323" "Mozilla/5.0 AppleWebKit/537.36 (KHTML, like Gecko; compatible; GPTBot/1.3; +https://openai.com/gptbot)"
74.7.227.39 - - [21/Apr/2026:17:49:42 +0000] "GET /goods.php?detail/09102193190738 HTTP/1.1" 404 21054 "https://s2spw.com/goods.php?detail/091016532977" "Mozilla/5.0 AppleWebKit/537.36 (KHTML, like Gecko; compatible; GPTBot/1.3; +https://openai.com/gptbot)"
74.7.227.39 - - [21/Apr/2026:17:49:46 +0000] "GET /goods.php?detail/09101639838063 HTTP/1.1" 404 21054 "https://s2spw.com/goods.php?detail/157021554156" "Mozilla/5.0 AppleWebKit/537.36 (KHTML, like Gecko; compatible; GPTBot/1.3; +https://openai.com/gptbot)"
74.7.227.39 - - [21/Apr/2026:17:49:48 +0000] "GET /goods.php?detail/18701657707802 HTTP/1.1" 404 21054 "https://s2spw.com/goods.php?detail/187014419771" "Mozilla/5.0 AppleWebKit/537.36 (KHTML, like Gecko; compatible; GPTBot/1.3; +https://openai.com/gptbot)"
74.7.227.39 - - [21/Apr/2026:17:49:51 +0000] "GET /goods.php?detail/02101034701169 HTTP/1.1" 404 21054 "https://s2spw.com/goods.php?detail/0210360098343" "Mozilla/5.0 AppleWebKit/537.36 (KHTML, like Gecko; compatible; GPTBot/1.3; +https://openai.com/gptbot)"
74.7.227.39 - - [21/Apr/2026:17:49:54 +0000] "GET /goods.php?detail/14601480856388 HTTP/1.1" 404 21054 "https://s2spw.com/goods.php?goods/038030837" "Mozilla/5.0 AppleWebKit/537.36 (KHTML, like Gecko; compatible; GPTBot/1.3; +https://openai.com/gptbot)"
74.7.227.39 - - [21/Apr/2026:17:49:56 +0000] "GET /goods.php?detail/04200831308105 HTTP/1.1" 404 21054 "https://s2spw.com/goods.php?detail/2010045106164" "Mozilla/5.0 AppleWebKit/537.36 (KHTML, like Gecko; compatible; GPTBot/1.3; +https://openai.com/gptbot)"
74.7.227.39 - - [21/Apr/2026:17:49:59 +0000] "GET /goods.php?detail/27702557648787 HTTP/1.1" 404 21054 "https://s2spw.com/goods.php?detail/297027225440" "Mozilla/5.0 AppleWebKit/537.36 (KHTML, like Gecko; compatible; GPTBot/1.3; +https://openai.com/gptbot)"
74.7.227.39 - - [21/Apr/2026:17:50:02 +0000] "GET /goods.php?detail/20100128942447 HTTP/1.1" 404 21054 "https://s2spw.com/goods.php?detail/201002975101" "Mozilla/5.0 AppleWebKit/537.36 (KHTML, like Gecko; compatible; GPTBot/1.3; +https://openai.com/gptbot)"
66.249.79.196 - - [21/Apr/2026:17:50:04 +0000] "GET /?jp/254036730.html HTTP/1.1" 200 556500 "-" "Mozilla/5.0 (Linux; Android 6.0.1; Nexus 5X Build/MMB29P) AppleWebKit/537.36 (KHTML, like Gecko) Chrome/146.0.7680.177 Mobile Safari/537.36 (compatible; GoogleOther)"
74.7.227.39 - - [21/Apr/2026:17:50:05 +0000] "GET /goods.php?detail/08704979783904 HTTP/1.1" 404 21054 "https://s2spw.com/goods.php?detail/184010841241" "Mozilla/5.0 AppleWebKit/537.36 (KHTML, like Gecko; compatible; GPTBot/1.3; +https://openai.com/gptbot)"
74.7.227.39 - - [21/Apr/2026:17:50:07 +0000] "GET /goods.php?detail/17602100282515 HTTP/1.1" 404 21054 "https://s2spw.com/goods.php?detail/176020421411" "Mozilla/5.0 AppleWebKit/537.36 (KHTML, like Gecko; compatible; GPTBot/1.3; +https://openai.com/gptbot)"
74.7.227.39 - - [21/Apr/2026:17:50:10 +0000] "GET /goods.php?detail/01301428500402 HTTP/1.1" 404 21054 "https://s2spw.com/goods.php?detail/013014304093" "Mozilla/5.0 AppleWebKit/537.36 (KHTML, like Gecko; compatible; GPTBot/1.3; +https://openai.com/gptbot)"
74.7.227.39 - - [21/Apr/2026:17:50:13 +0000] "GET /goods.php?detail/08404105060438 HTTP/1.1" 404 21054 "https://s2spw.com/goods.php?detail/202015696357" "Mozilla/5.0 AppleWebKit/537.36 (KHTML, like Gecko; compatible; GPTBot/1.3; +https://openai.com/gptbot)"
74.7.227.39 - - [21/Apr/2026:17:50:16 +0000] "GET /goods.php?detail/01502027674424 HTTP/1.1" 404 21054 "https://s2spw.com/goods.php?detail/015017644874" "Mozilla/5.0 AppleWebKit/537.36 (KHTML, like Gecko; compatible; GPTBot/1.3; +https://openai.com/gptbot)"
74.7.227.39 - - [21/Apr/2026:17:50:19 +0000] "GET /goods.php?detail/06202422387338 HTTP/1.1" 404 21054 "https://s2spw.com/goods.php?product/edit/hirochishop-2408800" "Mozilla/5.0 AppleWebKit/537.36 (KHTML, like Gecko; compatible; GPTBot/1.3; +https://openai.com/gptbot)"
74.7.227.39 - - [21/Apr/2026:17:50:21 +0000] "GET /goods.php?detail/18102569090610 HTTP/1.1" 404 21054 "https://s2spw.com/goods.php?detail/267032687853" "Mozilla/5.0 AppleWebKit/537.36 (KHTML, like Gecko; compatible; GPTBot/1.3; +https://openai.com/gptbot)"
74.7.227.39 - - [21/Apr/2026:17:50:24 +0000] "GET /goods.php?detail/01701513738651 HTTP/1.1" 404 21054 "https://s2spw.com/goods.php?detail/017015196917" "Mozilla/5.0 AppleWebKit/537.36 (KHTML, like Gecko; compatible; GPTBot/1.3; +https://openai.com/gptbot)"
74.7.227.39 - - [21/Apr/2026:17:50:28 +0000] "GET /goods.php?detail/18201203005243 HTTP/1.1" 404 21054 "https://s2spw.com/goods.php?detail/164027236172" "Mozilla/5.0 AppleWebKit/537.36 (KHTML, like Gecko; compatible; GPTBot/1.3; +https://openai.com/gptbot)"
74.7.227.39 - - [21/Apr/2026:17:50:33 +0000] "GET /goods.php?detail/04801250407208 HTTP/1.1" 404 21054 "https://s2spw.com/goods.php?detail/022023378289" "Mozilla/5.0 AppleWebKit/537.36 (KHTML, like Gecko; compatible; GPTBot/1.3; +https://openai.com/gptbot)"
74.7.227.39 - - [21/Apr/2026:17:50:35 +0000] "GET /goods.php?detail/23402795929545 HTTP/1.1" 404 21054 "https://s2spw.com/goods.php?goods/281003396" "Mozilla/5.0 AppleWebKit/537.36 (KHTML, like Gecko; compatible; GPTBot/1.3; +https://openai.com/gptbot)"
74.7.227.39 - - [21/Apr/2026:17:50:37 +0000] "GET /goods.php?detail/05004739355255 HTTP/1.1" 404 21054 "https://s2spw.com/goods.php?detail/0570292600400" "Mozilla/5.0 AppleWebKit/537.36 (KHTML, like Gecko; compatible; GPTBot/1.3; +https://openai.com/gptbot)"
74.7.227.39 - - [21/Apr/2026:17:50:40 +0000] "GET /goods.php?detail/09600997293742 HTTP/1.1" 404 21054 "https://s2spw.com/goods.php?detail/096009811542" "Mozilla/5.0 AppleWebKit/537.36 (KHTML, like Gecko; compatible; GPTBot/1.3; +https://openai.com/gptbot)"
74.7.227.39 - - [21/Apr/2026:17:50:42 +0000] "GET /goods.php?detail/22603421736321 HTTP/1.1" 404 21054 "https://s2spw.com/goods.php?detail/039000753778" "Mozilla/5.0 AppleWebKit/537.36 (KHTML, like Gecko; compatible; GPTBot/1.3; +https://openai.com/gptbot)"
74.7.227.39 - - [21/Apr/2026:17:50:44 +0000] "GET /goods.php?detail/16403425402212 HTTP/1.1" 404 21054 "https://s2spw.com/goods.php?detail/164033883616" "Mozilla/5.0 AppleWebKit/537.36 (KHTML, like Gecko; compatible; GPTBot/1.3; +https://openai.com/gptbot)"
74.7.227.39 - - [21/Apr/2026:17:50:47 +0000] "GET /goods.php?detail/11900829327299 HTTP/1.1" 404 21054 "https://s2spw.com/goods.php?detail/119007380886" "Mozilla/5.0 AppleWebKit/537.36 (KHTML, like Gecko; compatible; GPTBot/1.3; +https://openai.com/gptbot)"
74.7.227.39 - - [21/Apr/2026:17:50:51 +0000] "GET /goods.php?detail/05300119407153 HTTP/1.1" 404 21054 "https://s2spw.com/goods.php?product/edit/g-bike-173480-685179" "Mozilla/5.0 AppleWebKit/537.36 (KHTML, like Gecko; compatible; GPTBot/1.3; +https://openai.com/gptbot)"
74.7.227.39 - - [21/Apr/2026:17:50:53 +0000] "GET /goods.php?detail/23200253026810 HTTP/1.1" 404 21054 "https://s2spw.com/goods.php?detail/232002551244" "Mozilla/5.0 AppleWebKit/537.36 (KHTML, like Gecko; compatible; GPTBot/1.3; +https://openai.com/gptbot)"
74.7.227.39 - - [21/Apr/2026:17:50:56 +0000] "GET /goods.php?detail/13800879498874 HTTP/1.1" 404 21054 "https://s2spw.com/goods.php?detail/1700173347659" "Mozilla/5.0 AppleWebKit/537.36 (KHTML, like Gecko; compatible; GPTBot/1.3; +https://openai.com/gptbot)"
74.7.227.39 - - [21/Apr/2026:17:51:00 +0000] "GET /goods.php?detail/09204483630994 HTTP/1.1" 404 21054 "https://s2spw.com/goods.php?detail/125018714837" "Mozilla/5.0 AppleWebKit/537.36 (KHTML, like Gecko; compatible; GPTBot/1.3; +https://openai.com/gptbot)"
74.7.227.39 - - [21/Apr/2026:17:51:02 +0000] "GET /goods.php?detail/02302092960771 HTTP/1.1" 404 21054 "https://s2spw.com/goods.php?detail/023021167109" "Mozilla/5.0 AppleWebKit/537.36 (KHTML, like Gecko; compatible; GPTBot/1.3; +https://openai.com/gptbot)"
74.7.227.39 - - [21/Apr/2026:17:51:05 +0000] "GET /goods.php?detail/05800231014584 HTTP/1.1" 404 21054 "https://s2spw.com/goods.php?detail/058002068690" "Mozilla/5.0 AppleWebKit/537.36 (KHTML, like Gecko; compatible; GPTBot/1.3; +https://openai.com/gptbot)"
74.7.227.39 - - [21/Apr/2026:17:51:07 +0000] "GET /goods.php?detail/18303383979617 HTTP/1.1" 404 21054 "https://s2spw.com/goods.php?detail/0680137268251" "Mozilla/5.0 AppleWebKit/537.36 (KHTML, like Gecko; compatible; GPTBot/1.3; +https://openai.com/gptbot)"
74.7.227.39 - - [21/Apr/2026:17:51:10 +0000] "GET /goods.php?detail/01501707667724 HTTP/1.1" 404 21054 "https://s2spw.com/goods.php?detail/213010335333" "Mozilla/5.0 AppleWebKit/537.36 (KHTML, like Gecko; compatible; GPTBot/1.3; +https://openai.com/gptbot)"
74.7.227.39 - - [21/Apr/2026:17:51:13 +0000] "GET /goods.php?detail/23702357107278 HTTP/1.1" 404 21054 "https://s2spw.com/goods.php?detail/2800489389430" "Mozilla/5.0 AppleWebKit/537.36 (KHTML, like Gecko; compatible; GPTBot/1.3; +https://openai.com/gptbot)"
74.7.227.39 - - [21/Apr/2026:17:51:16 +0000] "GET /goods.php?detail/24900612098004 HTTP/1.1" 404 21054 "https://s2spw.com/goods.php?detail/249005816926" "Mozilla/5.0 AppleWebKit/537.36 (KHTML, like Gecko; compatible; GPTBot/1.3; +https://openai.com/gptbot)"
66.249.79.195 - - [21/Apr/2026:17:51:17 +0000] "GET /?detail/044038594423 HTTP/1.1" 301 - "-" "Mozilla/5.0 (Linux; Android 6.0.1; Nexus 5X Build/MMB29P) AppleWebKit/537.36 (KHTML, like Gecko) Chrome/146.0.7680.177 Mobile Safari/537.36 (compatible; GoogleOther)"
66.249.79.197 - - [21/Apr/2026:17:51:18 +0000] "GET /?detail%2F044038594423 HTTP/1.1" 200 555142 "-" "Mozilla/5.0 (Linux; Android 6.0.1; Nexus 5X Build/MMB29P) AppleWebKit/537.36 (KHTML, like Gecko) Chrome/146.0.7680.177 Mobile Safari/537.36 (compatible; GoogleOther)"
74.7.227.39 - - [21/Apr/2026:17:51:19 +0000] "GET /goods.php?detail/26304922483482 HTTP/1.1" 404 21054 "https://s2spw.com/goods.php?detail/113039437426" "Mozilla/5.0 AppleWebKit/537.36 (KHTML, like Gecko; compatible; GPTBot/1.3; +https://openai.com/gptbot)"
74.7.227.39 - - [21/Apr/2026:17:51:22 +0000] "GET /goods.php?detail/00700995874524 HTTP/1.1" 404 21054 "https://s2spw.com/goods.php?detail/007004868829" "Mozilla/5.0 AppleWebKit/537.36 (KHTML, like Gecko; compatible; GPTBot/1.3; +https://openai.com/gptbot)"
74.7.227.39 - - [21/Apr/2026:17:51:25 +0000] "GET /goods.php?detail/00403604230825 HTTP/1.1" 404 21054 "https://s2spw.com/goods.php?detail/004036121320" "Mozilla/5.0 AppleWebKit/537.36 (KHTML, like Gecko; compatible; GPTBot/1.3; +https://openai.com/gptbot)"
66.249.79.195 - - [21/Apr/2026:17:51:26 +0000] "GET /shop/pg/233grin/8717 HTTP/1.1" 200 563628 "-" "Mozilla/5.0 (Linux; Android 6.0.1; Nexus 5X Build/MMB29P) AppleWebKit/537.36 (KHTML, like Gecko) Chrome/146.0.7680.177 Mobile Safari/537.36 (compatible; Googlebot/2.1; +http://www.google.com/bot.html)"
74.7.227.39 - - [21/Apr/2026:17:51:27 +0000] "GET /goods.php?detail/18600454468118 HTTP/1.1" 404 21054 "https://s2spw.com/goods.php?detail/001010504811" "Mozilla/5.0 AppleWebKit/537.36 (KHTML, like Gecko; compatible; GPTBot/1.3; +https://openai.com/gptbot)"
74.7.227.39 - - [21/Apr/2026:17:51:30 +0000] "GET /goods.php?detail/26401563665150 HTTP/1.1" 404 21054 "https://s2spw.com/goods.php?detail/264015947129" "Mozilla/5.0 AppleWebKit/537.36 (KHTML, like Gecko; compatible; GPTBot/1.3; +https://openai.com/gptbot)"
74.7.227.39 - - [21/Apr/2026:17:51:33 +0000] "GET /goods.php?detail/01400359059948 HTTP/1.1" 404 21054 "https://s2spw.com/goods.php?detail/014001356665" "Mozilla/5.0 AppleWebKit/537.36 (KHTML, like Gecko; compatible; GPTBot/1.3; +https://openai.com/gptbot)"
74.7.227.39 - - [21/Apr/2026:17:51:36 +0000] "GET /goods.php?detail/20200419456410 HTTP/1.1" 404 21054 "https://s2spw.com/goods.php?detail/2020058363814" "Mozilla/5.0 AppleWebKit/537.36 (KHTML, like Gecko; compatible; GPTBot/1.3; +https://openai.com/gptbot)"
74.7.227.39 - - [21/Apr/2026:17:51:40 +0000] "GET /goods.php?detail/07604164460759 HTTP/1.1" 404 21054 "https://s2spw.com/goods.php?detail/0760409060595" "Mozilla/5.0 AppleWebKit/537.36 (KHTML, like Gecko; compatible; GPTBot/1.3; +https://openai.com/gptbot)"
74.7.227.39 - - [21/Apr/2026:17:51:45 +0000] "GET /goods.php?detail/03603890071971 HTTP/1.1" 404 21054 "https://s2spw.com/goods.php?detail/036038737817" "Mozilla/5.0 AppleWebKit/537.36 (KHTML, like Gecko; compatible; GPTBot/1.3; +https://openai.com/gptbot)"
74.7.227.39 - - [21/Apr/2026:17:51:45 +0000] "GET /goods.php?detail/19104747057878 HTTP/1.1" 404 21054 "https://s2spw.com/goods.php?detail/1090166177179" "Mozilla/5.0 AppleWebKit/537.36 (KHTML, like Gecko; compatible; GPTBot/1.3; +https://openai.com/gptbot)"
74.7.227.39 - - [21/Apr/2026:17:51:48 +0000] "GET /goods.php?detail/17501807840103 HTTP/1.1" 404 21054 "https://s2spw.com/goods.php?detail/206041968179" "Mozilla/5.0 AppleWebKit/537.36 (KHTML, like Gecko; compatible; GPTBot/1.3; +https://openai.com/gptbot)"
74.7.227.39 - - [21/Apr/2026:17:51:51 +0000] "GET /goods.php?detail/18901828973391 HTTP/1.1" 404 21054 "https://s2spw.com/goods.php?detail/1890184147664" "Mozilla/5.0 AppleWebKit/537.36 (KHTML, like Gecko; compatible; GPTBot/1.3; +https://openai.com/gptbot)"
74.7.227.39 - - [21/Apr/2026:17:51:54 +0000] "GET /goods.php?detail/26704258070620 HTTP/1.1" 404 21054 "https://s2spw.com/goods.php?detail/267040409544" "Mozilla/5.0 AppleWebKit/537.36 (KHTML, like Gecko; compatible; GPTBot/1.3; +https://openai.com/gptbot)"
74.7.227.39 - - [21/Apr/2026:17:51:57 +0000] "GET /goods.php?detail/17403930330915 HTTP/1.1" 404 21054 "https://s2spw.com/goods.php?detail/085009389057" "Mozilla/5.0 AppleWebKit/537.36 (KHTML, like Gecko; compatible; GPTBot/1.3; +https://openai.com/gptbot)"
74.7.227.39 - - [21/Apr/2026:17:52:00 +0000] "GET /goods.php?detail/21401686896162 HTTP/1.1" 404 21054 "https://s2spw.com/goods.php?detail/214016841714" "Mozilla/5.0 AppleWebKit/537.36 (KHTML, like Gecko; compatible; GPTBot/1.3; +https://openai.com/gptbot)"
74.7.227.39 - - [21/Apr/2026:17:52:02 +0000] "GET /goods.php?detail/18301884218626 HTTP/1.1" 404 21054 "https://s2spw.com/goods.php?detail/028011163516" "Mozilla/5.0 AppleWebKit/537.36 (KHTML, like Gecko; compatible; GPTBot/1.3; +https://openai.com/gptbot)"
74.7.227.39 - - [21/Apr/2026:17:52:05 +0000] "GET /goods.php?detail/22504550374944 HTTP/1.1" 404 21054 "https://s2spw.com/goods.php?detail/292002950364" "Mozilla/5.0 AppleWebKit/537.36 (KHTML, like Gecko; compatible; GPTBot/1.3; +https://openai.com/gptbot)"
74.7.227.39 - - [21/Apr/2026:17:52:08 +0000] "GET /goods.php?detail/11003410796105 HTTP/1.1" 404 21054 "https://s2spw.com/goods.php?detail/141041680934" "Mozilla/5.0 AppleWebKit/537.36 (KHTML, like Gecko; compatible; GPTBot/1.3; +https://openai.com/gptbot)"
74.7.227.39 - - [21/Apr/2026:17:52:11 +0000] "GET /goods.php?detail/10102043382540 HTTP/1.1" 404 21054 "https://s2spw.com/goods.php?detail/101022456712" "Mozilla/5.0 AppleWebKit/537.36 (KHTML, like Gecko; compatible; GPTBot/1.3; +https://openai.com/gptbot)"
74.7.227.39 - - [21/Apr/2026:17:52:14 +0000] "GET /goods.php?detail/19201229832243 HTTP/1.1" 404 21054 "https://s2spw.com/goods.php?detail/286029957830" "Mozilla/5.0 AppleWebKit/537.36 (KHTML, like Gecko; compatible; GPTBot/1.3; +https://openai.com/gptbot)"
74.7.227.39 - - [21/Apr/2026:17:52:17 +0000] "GET /goods.php?detail/01100958776101 HTTP/1.1" 404 21054 "https://s2spw.com/goods.php?detail/0110140010598" "Mozilla/5.0 AppleWebKit/537.36 (KHTML, like Gecko; compatible; GPTBot/1.3; +https://openai.com/gptbot)"
74.7.227.39 - - [21/Apr/2026:17:52:20 +0000] "GET /goods.php?detail/05202623462823 HTTP/1.1" 404 21054 "https://s2spw.com/goods.php?detail/053001511032" "Mozilla/5.0 AppleWebKit/537.36 (KHTML, like Gecko; compatible; GPTBot/1.3; +https://openai.com/gptbot)"
74.7.227.39 - - [21/Apr/2026:17:52:22 +0000] "GET /goods.php?detail/02202969679439 HTTP/1.1" 404 21054 "https://s2spw.com/goods.php?detail/251042617204" "Mozilla/5.0 AppleWebKit/537.36 (KHTML, like Gecko; compatible; GPTBot/1.3; +https://openai.com/gptbot)"
74.7.227.39 - - [21/Apr/2026:17:52:25 +0000] "GET /goods.php?detail/09002128283708 HTTP/1.1" 404 21054 "https://s2spw.com/goods.php?detail/090019792276" "Mozilla/5.0 AppleWebKit/537.36 (KHTML, like Gecko; compatible; GPTBot/1.3; +https://openai.com/gptbot)"
74.7.227.39 - - [21/Apr/2026:17:52:28 +0000] "GET /goods.php?detail/12002022714982 HTTP/1.1" 404 21054 "https://s2spw.com/goods.php?detail/1200128601502" "Mozilla/5.0 AppleWebKit/537.36 (KHTML, like Gecko; compatible; GPTBot/1.3; +https://openai.com/gptbot)"
74.7.227.39 - - [21/Apr/2026:17:52:31 +0000] "GET /goods.php?detail/03103375543561 HTTP/1.1" 404 21054 "https://s2spw.com/goods.php?detail/031032237619" "Mozilla/5.0 AppleWebKit/537.36 (KHTML, like Gecko; compatible; GPTBot/1.3; +https://openai.com/gptbot)"
74.7.227.39 - - [21/Apr/2026:17:52:34 +0000] "GET /goods.php?detail/28103047884287 HTTP/1.1" 404 21054 "https://s2spw.com/goods.php?detail/1430257348557" "Mozilla/5.0 AppleWebKit/537.36 (KHTML, like Gecko; compatible; GPTBot/1.3; +https://openai.com/gptbot)"
66.249.79.197 - - [21/Apr/2026:17:52:34 +0000] "GET /shop/pg/101solution/11409 HTTP/1.1" 200 555506 "-" "Mozilla/5.0 (Linux; Android 6.0.1; Nexus 5X Build/MMB29P) AppleWebKit/537.36 (KHTML, like Gecko) Chrome/146.0.7680.177 Mobile Safari/537.36 (compatible; Googlebot/2.1; +http://www.google.com/bot.html)"
74.7.227.39 - - [21/Apr/2026:17:52:36 +0000] "GET /goods.php?detail/13102807115020 HTTP/1.1" 404 21054 "https://s2spw.com/goods.php?detail/1310283213603" "Mozilla/5.0 AppleWebKit/537.36 (KHTML, like Gecko; compatible; GPTBot/1.3; +https://openai.com/gptbot)"
74.7.227.39 - - [21/Apr/2026:17:52:39 +0000] "GET /goods.php?detail/02504131093121 HTTP/1.1" 404 21054 "https://s2spw.com/goods.php?goods/017049780" "Mozilla/5.0 AppleWebKit/537.36 (KHTML, like Gecko; compatible; GPTBot/1.3; +https://openai.com/gptbot)"
74.7.227.39 - - [21/Apr/2026:17:52:42 +0000] "GET /goods.php?detail/19800894626899 HTTP/1.1" 404 21054 "https://s2spw.com/goods.php?detail/273020552150" "Mozilla/5.0 AppleWebKit/537.36 (KHTML, like Gecko; compatible; GPTBot/1.3; +https://openai.com/gptbot)"
74.7.227.39 - - [21/Apr/2026:17:52:45 +0000] "GET /goods.php?detail/00600484514341 HTTP/1.1" 404 21054 "https://s2spw.com/goods.php?detail/006005905622" "Mozilla/5.0 AppleWebKit/537.36 (KHTML, like Gecko; compatible; GPTBot/1.3; +https://openai.com/gptbot)"
74.7.227.39 - - [21/Apr/2026:17:52:48 +0000] "GET /goods.php?detail/28104404101523 HTTP/1.1" 404 21054 "https://s2spw.com/goods.php?detail/2810440611614" "Mozilla/5.0 AppleWebKit/537.36 (KHTML, like Gecko; compatible; GPTBot/1.3; +https://openai.com/gptbot)"
74.7.227.39 - - [21/Apr/2026:17:52:51 +0000] "GET /goods.php?detail/24900196224616 HTTP/1.1" 404 21054 "https://s2spw.com/goods.php?detail/249003054616" "Mozilla/5.0 AppleWebKit/537.36 (KHTML, like Gecko; compatible; GPTBot/1.3; +https://openai.com/gptbot)"
74.7.227.39 - - [21/Apr/2026:17:52:54 +0000] "GET /goods.php?detail/00800391490778 HTTP/1.1" 404 21054 "https://s2spw.com/goods.php?detail/008004056910" "Mozilla/5.0 AppleWebKit/537.36 (KHTML, like Gecko; compatible; GPTBot/1.3; +https://openai.com/gptbot)"
74.7.227.39 - - [21/Apr/2026:17:52:56 +0000] "GET /goods.php?detail/13902808392919 HTTP/1.1" 404 21054 "https://s2spw.com/goods.php?detail/297029273721" "Mozilla/5.0 AppleWebKit/537.36 (KHTML, like Gecko; compatible; GPTBot/1.3; +https://openai.com/gptbot)"
74.7.227.39 - - [21/Apr/2026:17:52:59 +0000] "GET /goods.php?detail/13300284377020 HTTP/1.1" 404 21054 "https://s2spw.com/goods.php?detail/133003277107" "Mozilla/5.0 AppleWebKit/537.36 (KHTML, like Gecko; compatible; GPTBot/1.3; +https://openai.com/gptbot)"
74.7.227.39 - - [21/Apr/2026:17:53:02 +0000] "GET /goods.php?detail/10202997223128 HTTP/1.1" 404 21054 "https://s2spw.com/goods.php?goods/113038301" "Mozilla/5.0 AppleWebKit/537.36 (KHTML, like Gecko; compatible; GPTBot/1.3; +https://openai.com/gptbot)"
74.7.227.39 - - [21/Apr/2026:17:53:05 +0000] "GET /goods.php?detail/02801131349434 HTTP/1.1" 404 21054 "https://s2spw.com/goods.php?detail/205007106192" "Mozilla/5.0 AppleWebKit/537.36 (KHTML, like Gecko; compatible; GPTBot/1.3; +https://openai.com/gptbot)"
74.7.227.39 - - [21/Apr/2026:17:53:08 +0000] "GET /goods.php?detail/04400116390122 HTTP/1.1" 404 21054 "https://s2spw.com/goods.php?detail/044000332402" "Mozilla/5.0 AppleWebKit/537.36 (KHTML, like Gecko; compatible; GPTBot/1.3; +https://openai.com/gptbot)"
74.7.227.39 - - [21/Apr/2026:17:53:10 +0000] "GET /goods.php?detail/14200424846186 HTTP/1.1" 404 21054 "https://s2spw.com/goods.php?detail/142004735520" "Mozilla/5.0 AppleWebKit/537.36 (KHTML, like Gecko; compatible; GPTBot/1.3; +https://openai.com/gptbot)"
74.7.227.39 - - [21/Apr/2026:17:53:13 +0000] "GET /goods.php?detail/10902022079625 HTTP/1.1" 404 21054 "https://s2spw.com/goods.php?detail/109020206163" "Mozilla/5.0 AppleWebKit/537.36 (KHTML, like Gecko; compatible; GPTBot/1.3; +https://openai.com/gptbot)"
74.7.227.39 - - [21/Apr/2026:17:53:16 +0000] "GET /goods.php?detail/07600107425307 HTTP/1.1" 404 21054 "https://s2spw.com/goods.php?goods/076001140" "Mozilla/5.0 AppleWebKit/537.36 (KHTML, like Gecko; compatible; GPTBot/1.3; +https://openai.com/gptbot)"
74.7.227.39 - - [21/Apr/2026:17:53:19 +0000] "GET /goods.php?detail/13103370250385 HTTP/1.1" 404 21054 "https://s2spw.com/goods.php?detail/131034051391" "Mozilla/5.0 AppleWebKit/537.36 (KHTML, like Gecko; compatible; GPTBot/1.3; +https://openai.com/gptbot)"
74.7.227.39 - - [21/Apr/2026:17:53:22 +0000] "GET /goods.php?detail/00303591310787 HTTP/1.1" 404 21054 "https://s2spw.com/goods.php?detail/003036076435" "Mozilla/5.0 AppleWebKit/537.36 (KHTML, like Gecko; compatible; GPTBot/1.3; +https://openai.com/gptbot)"
74.7.227.39 - - [21/Apr/2026:17:53:25 +0000] "GET /goods.php?detail/22903403590012 HTTP/1.1" 404 21054 "https://s2spw.com/goods.php?detail/229033067333" "Mozilla/5.0 AppleWebKit/537.36 (KHTML, like Gecko; compatible; GPTBot/1.3; +https://openai.com/gptbot)"
66.249.79.195 - - [21/Apr/2026:17:53:26 +0000] "GET /special/107046898.html HTTP/1.1" 200 554009 "-" "Mozilla/5.0 (Linux; Android 6.0.1; Nexus 5X Build/MMB29P) AppleWebKit/537.36 (KHTML, like Gecko) Chrome/146.0.7680.177 Mobile Safari/537.36 (compatible; GoogleOther)"
74.7.227.39 - - [21/Apr/2026:17:53:27 +0000] "GET /goods.php?detail/09803243984289 HTTP/1.1" 404 21054 "https://s2spw.com/goods.php?detail/098032882118" "Mozilla/5.0 AppleWebKit/537.36 (KHTML, like Gecko; compatible; GPTBot/1.3; +https://openai.com/gptbot)"
74.7.227.39 - - [21/Apr/2026:17:53:30 +0000] "GET /goods.php?detail/02800308074658 HTTP/1.1" 404 21054 "https://s2spw.com/goods.php?detail/190036213642" "Mozilla/5.0 AppleWebKit/537.36 (KHTML, like Gecko; compatible; GPTBot/1.3; +https://openai.com/gptbot)"
66.249.79.196 - - [21/Apr/2026:17:53:31 +0000] "GET /?goods/129017806 HTTP/1.1" 200 573123 "-" "Mozilla/5.0 (Linux; Android 6.0.1; Nexus 5X Build/MMB29P) AppleWebKit/537.36 (KHTML, like Gecko) Chrome/146.0.7680.177 Mobile Safari/537.36 (compatible; Googlebot/2.1; +http://www.google.com/bot.html)"
74.7.227.39 - - [21/Apr/2026:17:53:33 +0000] "GET /goods.php?detail/09801005597594 HTTP/1.1" 404 21054 "https://s2spw.com/goods.php?detail/0980101984788" "Mozilla/5.0 AppleWebKit/537.36 (KHTML, like Gecko; compatible; GPTBot/1.3; +https://openai.com/gptbot)"
74.7.227.39 - - [21/Apr/2026:17:53:36 +0000] "GET /goods.php?detail/04002192104831 HTTP/1.1" 404 21054 "https://s2spw.com/goods.php?detail/040018308418" "Mozilla/5.0 AppleWebKit/537.36 (KHTML, like Gecko; compatible; GPTBot/1.3; +https://openai.com/gptbot)"
74.7.227.39 - - [21/Apr/2026:17:53:39 +0000] "GET /goods.php?detail/06203134706074 HTTP/1.1" 404 21054 "https://s2spw.com/goods.php?detail/228006956801" "Mozilla/5.0 AppleWebKit/537.36 (KHTML, like Gecko; compatible; GPTBot/1.3; +https://openai.com/gptbot)"
74.7.227.39 - - [21/Apr/2026:17:53:41 +0000] "GET /goods.php?detail/19400502418025 HTTP/1.1" 404 21054 "https://s2spw.com/goods.php?detail/271031090076" "Mozilla/5.0 AppleWebKit/537.36 (KHTML, like Gecko; compatible; GPTBot/1.3; +https://openai.com/gptbot)"
74.7.227.39 - - [21/Apr/2026:17:53:44 +0000] "GET /goods.php?detail/22902829405479 HTTP/1.1" 404 21054 "https://s2spw.com/goods.php?detail/2290315422162" "Mozilla/5.0 AppleWebKit/537.36 (KHTML, like Gecko; compatible; GPTBot/1.3; +https://openai.com/gptbot)"
74.7.227.39 - - [21/Apr/2026:17:53:47 +0000] "GET /goods.php?detail/26400246856869 HTTP/1.1" 404 21054 "https://s2spw.com/goods.php?detail/034010984529" "Mozilla/5.0 AppleWebKit/537.36 (KHTML, like Gecko; compatible; GPTBot/1.3; +https://openai.com/gptbot)"
74.7.227.39 - - [21/Apr/2026:17:53:51 +0000] "GET /goods.php?detail/04604074165696 HTTP/1.1" 404 21054 "https://s2spw.com/goods.php?goods/046040476" "Mozilla/5.0 AppleWebKit/537.36 (KHTML, like Gecko; compatible; GPTBot/1.3; +https://openai.com/gptbot)"
74.7.227.39 - - [21/Apr/2026:17:53:53 +0000] "GET /goods.php?detail/16901098241660 HTTP/1.1" 404 21054 "https://s2spw.com/goods.php?detail/169008482208" "Mozilla/5.0 AppleWebKit/537.36 (KHTML, like Gecko; compatible; GPTBot/1.3; +https://openai.com/gptbot)"
