66.249.79.199 - - [21/Apr/2026:17:58:51 +0000] "GET /?detail/21204798640944 HTTP/1.1" 200 559025 "-" "Mozilla/5.0 (Linux; Android 6.0.1; Nexus 5X Build/MMB29P) AppleWebKit/537.36 (KHTML, like Gecko) Chrome/146.0.7680.177 Mobile Safari/537.36 (compatible; Googlebot/2.1; +http://www.google.com/bot.html)"
74.7.227.39 - - [21/Apr/2026:17:58:53 +0000] "GET /goods.php?detail/19004884480286 HTTP/1.1" 404 21054 "https://s2spw.com/goods.php?detail/233023919622" "Mozilla/5.0 AppleWebKit/537.36 (KHTML, like Gecko; compatible; GPTBot/1.3; +https://openai.com/gptbot)"
66.249.79.201 - - [21/Apr/2026:17:58:54 +0000] "GET /?goods/257013186 HTTP/1.1" 200 561544 "-" "Mozilla/5.0 (Linux; Android 6.0.1; Nexus 5X Build/MMB29P) AppleWebKit/537.36 (KHTML, like Gecko) Chrome/146.0.7680.177 Mobile Safari/537.36 (compatible; Googlebot/2.1; +http://www.google.com/bot.html)"
74.7.227.39 - - [21/Apr/2026:17:58:56 +0000] "GET /goods.php?detail/00803593060374 HTTP/1.1" 404 21054 "https://s2spw.com/goods.php?detail/008036104535" "Mozilla/5.0 AppleWebKit/537.36 (KHTML, like Gecko; compatible; GPTBot/1.3; +https://openai.com/gptbot)"
74.7.227.39 - - [21/Apr/2026:17:58:58 +0000] "GET /goods.php?detail/07300924630439 HTTP/1.1" 404 21054 "https://s2spw.com/goods.php?detail/063020440778" "Mozilla/5.0 AppleWebKit/537.36 (KHTML, like Gecko; compatible; GPTBot/1.3; +https://openai.com/gptbot)"
66.249.79.196 - - [21/Apr/2026:17:58:58 +0000] "GET /?jp/100002385.html HTTP/1.1" 200 569439 "-" "Mozilla/5.0 (Linux; Android 6.0.1; Nexus 5X Build/MMB29P) AppleWebKit/537.36 (KHTML, like Gecko) Chrome/146.0.7680.177 Mobile Safari/537.36 (compatible; Googlebot/2.1; +http://www.google.com/bot.html)"
74.7.227.39 - - [21/Apr/2026:17:59:01 +0000] "GET /goods.php?detail/12804289684688 HTTP/1.1" 404 21054 "https://s2spw.com/goods.php?product/edit/auc-dream-diy-eru-myk-r-h-1016" "Mozilla/5.0 AppleWebKit/537.36 (KHTML, like Gecko; compatible; GPTBot/1.3; +https://openai.com/gptbot)"
66.249.79.198 - - [21/Apr/2026:17:59:02 +0000] "GET /?detail/072002056125 HTTP/1.1" 200 561821 "-" "Mozilla/5.0 (Linux; Android 6.0.1; Nexus 5X Build/MMB29P) AppleWebKit/537.36 (KHTML, like Gecko) Chrome/146.0.7680.177 Mobile Safari/537.36 (compatible; Googlebot/2.1; +http://www.google.com/bot.html)"
74.7.227.39 - - [21/Apr/2026:17:59:04 +0000] "GET /goods.php?detail/01501100726308 HTTP/1.1" 404 21054 "https://s2spw.com/goods.php?detail/015011277962" "Mozilla/5.0 AppleWebKit/537.36 (KHTML, like Gecko; compatible; GPTBot/1.3; +https://openai.com/gptbot)"
66.249.79.197 - - [21/Apr/2026:17:59:06 +0000] "GET /?detail/00900488206549 HTTP/1.1" 200 554095 "-" "Mozilla/5.0 (Linux; Android 6.0.1; Nexus 5X Build/MMB29P) AppleWebKit/537.36 (KHTML, like Gecko) Chrome/146.0.7680.177 Mobile Safari/537.36 (compatible; Googlebot/2.1; +http://www.google.com/bot.html)"
74.7.227.39 - - [21/Apr/2026:17:59:08 +0000] "GET /goods.php?detail/25700295199198 HTTP/1.1" 404 21054 "https://s2spw.com/goods.php?detail/144010202523" "Mozilla/5.0 AppleWebKit/537.36 (KHTML, like Gecko; compatible; GPTBot/1.3; +https://openai.com/gptbot)"
74.7.227.39 - - [21/Apr/2026:17:59:11 +0000] "GET /goods.php?detail/04500781817205 HTTP/1.1" 404 21054 "https://s2spw.com/goods.php?detail/020007603919" "Mozilla/5.0 AppleWebKit/537.36 (KHTML, like Gecko; compatible; GPTBot/1.3; +https://openai.com/gptbot)"
74.7.227.39 - - [21/Apr/2026:17:59:13 +0000] "GET /goods.php?detail/13102701550815 HTTP/1.1" 404 21054 "https://s2spw.com/goods.php?goods/131026913" "Mozilla/5.0 AppleWebKit/537.36 (KHTML, like Gecko; compatible; GPTBot/1.3; +https://openai.com/gptbot)"
66.249.79.196 - - [21/Apr/2026:17:59:14 +0000] "GET /?goods/005026478 HTTP/1.1" 200 579029 "-" "Mozilla/5.0 (Linux; Android 6.0.1; Nexus 5X Build/MMB29P) AppleWebKit/537.36 (KHTML, like Gecko) Chrome/146.0.7680.177 Mobile Safari/537.36 (compatible; Googlebot/2.1; +http://www.google.com/bot.html)"
74.7.227.39 - - [21/Apr/2026:17:59:15 +0000] "GET /goods.php?detail/04401516126613 HTTP/1.1" 404 21054 "https://s2spw.com/goods.php?detail/0440167061361" "Mozilla/5.0 AppleWebKit/537.36 (KHTML, like Gecko; compatible; GPTBot/1.3; +https://openai.com/gptbot)"
74.7.227.39 - - [21/Apr/2026:17:59:18 +0000] "GET /goods.php?detail/25001300819532 HTTP/1.1" 404 21054 "https://s2spw.com/goods.php?detail/022008261085" "Mozilla/5.0 AppleWebKit/537.36 (KHTML, like Gecko; compatible; GPTBot/1.3; +https://openai.com/gptbot)"
66.249.79.195 - - [21/Apr/2026:17:59:18 +0000] "GET /?goods/163028466 HTTP/1.1" 200 573320 "-" "Mozilla/5.0 (Linux; Android 6.0.1; Nexus 5X Build/MMB29P) AppleWebKit/537.36 (KHTML, like Gecko) Chrome/146.0.7680.177 Mobile Safari/537.36 (compatible; Googlebot/2.1; +http://www.google.com/bot.html)"
74.7.227.39 - - [21/Apr/2026:17:59:21 +0000] "GET /goods.php?detail/00804862081052 HTTP/1.1" 404 21054 "https://s2spw.com/goods.php?detail/101039781359" "Mozilla/5.0 AppleWebKit/537.36 (KHTML, like Gecko; compatible; GPTBot/1.3; +https://openai.com/gptbot)"
66.249.79.195 - - [21/Apr/2026:17:59:22 +0000] "GET /?goods/130034877 HTTP/1.1" 200 555404 "-" "Mozilla/5.0 (Linux; Android 6.0.1; Nexus 5X Build/MMB29P) AppleWebKit/537.36 (KHTML, like Gecko) Chrome/146.0.7680.177 Mobile Safari/537.36 (compatible; Googlebot/2.1; +http://www.google.com/bot.html)"
74.7.227.39 - - [21/Apr/2026:17:59:24 +0000] "GET /goods.php?detail/26900789967071 HTTP/1.1" 404 21054 "https://s2spw.com/goods.php?detail/2910410184814" "Mozilla/5.0 AppleWebKit/537.36 (KHTML, like Gecko; compatible; GPTBot/1.3; +https://openai.com/gptbot)"
66.249.79.195 - - [21/Apr/2026:17:59:26 +0000] "GET /?jp/242027906.html HTTP/1.1" 200 554922 "-" "Mozilla/5.0 (Linux; Android 6.0.1; Nexus 5X Build/MMB29P) AppleWebKit/537.36 (KHTML, like Gecko) Chrome/146.0.7680.177 Mobile Safari/537.36 (compatible; Googlebot/2.1; +http://www.google.com/bot.html)"
74.7.227.39 - - [21/Apr/2026:17:59:27 +0000] "GET /goods.php?detail/21602212038125 HTTP/1.1" 404 21054 "https://s2spw.com/goods.php?detail/240010427423" "Mozilla/5.0 AppleWebKit/537.36 (KHTML, like Gecko; compatible; GPTBot/1.3; +https://openai.com/gptbot)"
74.7.227.39 - - [21/Apr/2026:17:59:30 +0000] "GET /goods.php?detail/03004556355208 HTTP/1.1" 404 21054 "https://s2spw.com/goods.php?detail/031003252438" "Mozilla/5.0 AppleWebKit/537.36 (KHTML, like Gecko; compatible; GPTBot/1.3; +https://openai.com/gptbot)"
66.249.79.195 - - [21/Apr/2026:17:59:30 +0000] "GET /?detail/15702424415255 HTTP/1.1" 200 555590 "-" "Mozilla/5.0 (Linux; Android 6.0.1; Nexus 5X Build/MMB29P) AppleWebKit/537.36 (KHTML, like Gecko) Chrome/146.0.7680.177 Mobile Safari/537.36 (compatible; Googlebot/2.1; +http://www.google.com/bot.html)"
66.249.79.195 - - [21/Apr/2026:17:59:30 +0000] "GET /?detail/06703606976507 HTTP/1.1" 200 568886 "-" "Mozilla/5.0 (Linux; Android 6.0.1; Nexus 5X Build/MMB29P) AppleWebKit/537.36 (KHTML, like Gecko) Chrome/146.0.7680.177 Mobile Safari/537.36 (compatible; GoogleOther)"
74.7.227.39 - - [21/Apr/2026:17:59:33 +0000] "GET /goods.php?detail/20603760862889 HTTP/1.1" 404 21054 "https://s2spw.com/goods.php?detail/201019484577" "Mozilla/5.0 AppleWebKit/537.36 (KHTML, like Gecko; compatible; GPTBot/1.3; +https://openai.com/gptbot)"
66.249.79.196 - - [21/Apr/2026:17:59:34 +0000] "GET /?goods/269022815 HTTP/1.1" 200 557734 "-" "Mozilla/5.0 (Linux; Android 6.0.1; Nexus 5X Build/MMB29P) AppleWebKit/537.36 (KHTML, like Gecko) Chrome/146.0.7680.177 Mobile Safari/537.36 (compatible; Googlebot/2.1; +http://www.google.com/bot.html)"
74.7.227.39 - - [21/Apr/2026:17:59:35 +0000] "GET /goods.php?detail/09303638703975 HTTP/1.1" 404 21054 "https://s2spw.com/goods.php?detail/054014577878" "Mozilla/5.0 AppleWebKit/537.36 (KHTML, like Gecko; compatible; GPTBot/1.3; +https://openai.com/gptbot)"
74.7.227.39 - - [21/Apr/2026:17:59:38 +0000] "GET /goods.php?detail/23202870508726 HTTP/1.1" 404 21054 "https://s2spw.com/goods.php?detail/013011975830" "Mozilla/5.0 AppleWebKit/537.36 (KHTML, like Gecko; compatible; GPTBot/1.3; +https://openai.com/gptbot)"
66.249.79.195 - - [21/Apr/2026:17:59:39 +0000] "GET /?goods/130030431 HTTP/1.1" 200 561241 "-" "Mozilla/5.0 (Linux; Android 6.0.1; Nexus 5X Build/MMB29P) AppleWebKit/537.36 (KHTML, like Gecko) Chrome/146.0.7680.177 Mobile Safari/537.36 (compatible; Googlebot/2.1; +http://www.google.com/bot.html)"
74.7.227.39 - - [21/Apr/2026:17:59:41 +0000] "GET /goods.php?detail/15501654073553 HTTP/1.1" 404 21054 "https://s2spw.com/goods.php?detail/155016363599" "Mozilla/5.0 AppleWebKit/537.36 (KHTML, like Gecko; compatible; GPTBot/1.3; +https://openai.com/gptbot)"
66.249.79.197 - - [21/Apr/2026:17:59:43 +0000] "GET /?goods/152030812 HTTP/1.1" 200 556774 "-" "Mozilla/5.0 (Linux; Android 6.0.1; Nexus 5X Build/MMB29P) AppleWebKit/537.36 (KHTML, like Gecko) Chrome/146.0.7680.177 Mobile Safari/537.36 (compatible; Googlebot/2.1; +http://www.google.com/bot.html)"
74.7.227.39 - - [21/Apr/2026:17:59:44 +0000] "GET /goods.php?detail/22601001319205 HTTP/1.1" 404 21054 "https://s2spw.com/goods.php?detail/006023008829" "Mozilla/5.0 AppleWebKit/537.36 (KHTML, like Gecko; compatible; GPTBot/1.3; +https://openai.com/gptbot)"
66.249.79.197 - - [21/Apr/2026:17:59:44 +0000] "GET /?detail/0140038169215 HTTP/1.1" 301 - "-" "Mozilla/5.0 (Linux; Android 6.0.1; Nexus 5X Build/MMB29P) AppleWebKit/537.36 (KHTML, like Gecko) Chrome/146.0.7680.177 Mobile Safari/537.36 (compatible; Googlebot/2.1; +http://www.google.com/bot.html)"
66.249.79.197 - - [21/Apr/2026:17:59:45 +0000] "GET /?detail%2F0140038169215 HTTP/1.1" 200 555122 "-" "Mozilla/5.0 (Linux; Android 6.0.1; Nexus 5X Build/MMB29P) AppleWebKit/537.36 (KHTML, like Gecko) Chrome/146.0.7680.177 Mobile Safari/537.36 (compatible; Googlebot/2.1; +http://www.google.com/bot.html)"
66.249.79.198 - - [21/Apr/2026:17:59:46 +0000] "GET /?b=4265677818 HTTP/1.1" 200 572762 "-" "Mozilla/5.0 (Linux; Android 6.0.1; Nexus 5X Build/MMB29P) AppleWebKit/537.36 (KHTML, like Gecko) Chrome/146.0.7680.177 Mobile Safari/537.36 (compatible; Googlebot/2.1; +http://www.google.com/bot.html)"
74.7.227.39 - - [21/Apr/2026:17:59:47 +0000] "GET /goods.php?detail/24401267472016 HTTP/1.1" 404 21054 "https://s2spw.com/goods.php?detail/059043234841" "Mozilla/5.0 AppleWebKit/537.36 (KHTML, like Gecko; compatible; GPTBot/1.3; +https://openai.com/gptbot)"
74.7.227.39 - - [21/Apr/2026:17:59:50 +0000] "GET /goods.php?detail/16901612827882 HTTP/1.1" 404 21054 "https://s2spw.com/goods.php?detail/169015533984" "Mozilla/5.0 AppleWebKit/537.36 (KHTML, like Gecko; compatible; GPTBot/1.3; +https://openai.com/gptbot)"
66.249.79.195 - - [21/Apr/2026:17:59:50 +0000] "GET /?b=981887661 HTTP/1.1" 200 43282 "-" "Mozilla/5.0 (Linux; Android 6.0.1; Nexus 5X Build/MMB29P) AppleWebKit/537.36 (KHTML, like Gecko) Chrome/146.0.7680.177 Mobile Safari/537.36 (compatible; Googlebot/2.1; +http://www.google.com/bot.html)"
74.7.227.39 - - [21/Apr/2026:17:59:52 +0000] "GET /goods.php?detail/17102101360335 HTTP/1.1" 404 21054 "https://s2spw.com/goods.php?detail/171021056159" "Mozilla/5.0 AppleWebKit/537.36 (KHTML, like Gecko; compatible; GPTBot/1.3; +https://openai.com/gptbot)"
74.7.227.39 - - [21/Apr/2026:17:59:55 +0000] "GET /goods.php?detail/17904909606945 HTTP/1.1" 404 21054 "https://s2spw.com/goods.php?detail/0010178575505" "Mozilla/5.0 AppleWebKit/537.36 (KHTML, like Gecko; compatible; GPTBot/1.3; +https://openai.com/gptbot)"
74.7.227.39 - - [21/Apr/2026:17:59:58 +0000] "GET /goods.php?detail/22903232499580 HTTP/1.1" 404 21054 "https://s2spw.com/goods.php?detail/2290302776299" "Mozilla/5.0 AppleWebKit/537.36 (KHTML, like Gecko; compatible; GPTBot/1.3; +https://openai.com/gptbot)"
74.7.227.39 - - [21/Apr/2026:18:00:01 +0000] "GET /goods.php?detail/24101073477273 HTTP/1.1" 404 21054 "https://s2spw.com/goods.php?shop/detail/obstacle241010833.htm" "Mozilla/5.0 AppleWebKit/537.36 (KHTML, like Gecko; compatible; GPTBot/1.3; +https://openai.com/gptbot)"
66.249.79.195 - - [21/Apr/2026:18:00:02 +0000] "GET /?b=1767877757 HTTP/1.1" 200 556214 "-" "Mozilla/5.0 (Linux; Android 6.0.1; Nexus 5X Build/MMB29P) AppleWebKit/537.36 (KHTML, like Gecko) Chrome/146.0.7680.177 Mobile Safari/537.36 (compatible; Googlebot/2.1; +http://www.google.com/bot.html)"
74.7.227.39 - - [21/Apr/2026:18:00:04 +0000] "GET /goods.php?detail/01003063656542 HTTP/1.1" 404 21054 "https://s2spw.com/goods.php?detail/223003019364" "Mozilla/5.0 AppleWebKit/537.36 (KHTML, like Gecko; compatible; GPTBot/1.3; +https://openai.com/gptbot)"
66.249.79.197 - - [21/Apr/2026:17:59:58 +0000] "GET /?b=3886528001 HTTP/1.1" 200 555525 "-" "Mozilla/5.0 (Linux; Android 6.0.1; Nexus 5X Build/MMB29P) AppleWebKit/537.36 (KHTML, like Gecko) Chrome/146.0.7680.177 Mobile Safari/537.36 (compatible; Googlebot/2.1; +http://www.google.com/bot.html)"
74.7.227.39 - - [21/Apr/2026:18:00:06 +0000] "GET /goods.php?detail/12500108862410 HTTP/1.1" 404 21054 "https://s2spw.com/goods.php?detail/129013133351" "Mozilla/5.0 AppleWebKit/537.36 (KHTML, like Gecko; compatible; GPTBot/1.3; +https://openai.com/gptbot)"
66.249.79.196 - - [21/Apr/2026:18:00:10 +0000] "GET /?b=2849965135 HTTP/1.1" 200 555605 "-" "Mozilla/5.0 (Linux; Android 6.0.1; Nexus 5X Build/MMB29P) AppleWebKit/537.36 (KHTML, like Gecko) Chrome/146.0.7680.177 Mobile Safari/537.36 (compatible; Googlebot/2.1; +http://www.google.com/bot.html)"
74.7.227.39 - - [21/Apr/2026:18:00:10 +0000] "GET /goods.php?detail/21603260655682 HTTP/1.1" 404 21054 "https://s2spw.com/goods.php?detail/137048351324" "Mozilla/5.0 AppleWebKit/537.36 (KHTML, like Gecko; compatible; GPTBot/1.3; +https://openai.com/gptbot)"
66.249.79.196 - - [21/Apr/2026:18:00:14 +0000] "GET /?b=974557742 HTTP/1.1" 200 557913 "-" "Mozilla/5.0 (Linux; Android 6.0.1; Nexus 5X Build/MMB29P) AppleWebKit/537.36 (KHTML, like Gecko) Chrome/146.0.7680.177 Mobile Safari/537.36 (compatible; Googlebot/2.1; +http://www.google.com/bot.html)"
74.7.227.39 - - [21/Apr/2026:18:00:16 +0000] "GET /goods.php?detail/04101727072931 HTTP/1.1" 404 21054 "https://s2spw.com/goods.php?jp/131015692.html" "Mozilla/5.0 AppleWebKit/537.36 (KHTML, like Gecko; compatible; GPTBot/1.3; +https://openai.com/gptbot)"
66.249.79.196 - - [21/Apr/2026:18:00:09 +0000] "GET /?b=3921682021 HTTP/1.1" 200 556927 "-" "Mozilla/5.0 (Linux; Android 6.0.1; Nexus 5X Build/MMB29P) AppleWebKit/537.36 (KHTML, like Gecko) Chrome/146.0.7680.177 Mobile Safari/537.36 (compatible; Googlebot/2.1; +http://www.google.com/bot.html)"
74.7.227.39 - - [21/Apr/2026:18:00:16 +0000] "GET /goods.php?detail/28101363834036 HTTP/1.1" 404 21054 "https://s2spw.com/goods.php?detail/281028128075" "Mozilla/5.0 AppleWebKit/537.36 (KHTML, like Gecko; compatible; GPTBot/1.3; +https://openai.com/gptbot)"
74.7.227.39 - - [21/Apr/2026:18:00:19 +0000] "GET /goods.php?detail/04300654639100 HTTP/1.1" 404 21054 "https://s2spw.com/goods.php?detail/2520247741796" "Mozilla/5.0 AppleWebKit/537.36 (KHTML, like Gecko; compatible; GPTBot/1.3; +https://openai.com/gptbot)"
66.249.79.196 - - [21/Apr/2026:18:00:18 +0000] "GET /?b=2970418682 HTTP/1.1" 200 553922 "-" "Mozilla/5.0 (Linux; Android 6.0.1; Nexus 5X Build/MMB29P) AppleWebKit/537.36 (KHTML, like Gecko) Chrome/146.0.7680.177 Mobile Safari/537.36 (compatible; Googlebot/2.1; +http://www.google.com/bot.html)"
74.7.227.39 - - [21/Apr/2026:18:00:22 +0000] "GET /goods.php?detail/25901190749914 HTTP/1.1" 404 21054 "https://s2spw.com/goods.php?detail/259011963555" "Mozilla/5.0 AppleWebKit/537.36 (KHTML, like Gecko; compatible; GPTBot/1.3; +https://openai.com/gptbot)"
74.7.227.39 - - [21/Apr/2026:18:00:25 +0000] "GET /goods.php?detail/11200727225462 HTTP/1.1" 404 21054 "https://s2spw.com/goods.php?detail/112012066889" "Mozilla/5.0 AppleWebKit/537.36 (KHTML, like Gecko; compatible; GPTBot/1.3; +https://openai.com/gptbot)"
66.249.79.196 - - [21/Apr/2026:18:00:26 +0000] "GET /?b=2323062464 HTTP/1.1" 200 560257 "-" "Mozilla/5.0 (Linux; Android 6.0.1; Nexus 5X Build/MMB29P) AppleWebKit/537.36 (KHTML, like Gecko) Chrome/146.0.7680.177 Mobile Safari/537.36 (compatible; Googlebot/2.1; +http://www.google.com/bot.html)"
74.7.227.39 - - [21/Apr/2026:18:00:27 +0000] "GET /goods.php?detail/10201149920078 HTTP/1.1" 404 21054 "https://s2spw.com/goods.php?detail/102011667635" "Mozilla/5.0 AppleWebKit/537.36 (KHTML, like Gecko; compatible; GPTBot/1.3; +https://openai.com/gptbot)"
74.7.227.39 - - [21/Apr/2026:18:00:31 +0000] "GET /goods.php?detail/04704837781482 HTTP/1.1" 404 21054 "https://s2spw.com/goods.php?detail/047044044526" "Mozilla/5.0 AppleWebKit/537.36 (KHTML, like Gecko; compatible; GPTBot/1.3; +https://openai.com/gptbot)"
66.249.79.196 - - [21/Apr/2026:18:00:31 +0000] "GET /?b=737027289 HTTP/1.1" 200 561170 "-" "Mozilla/5.0 (Linux; Android 6.0.1; Nexus 5X Build/MMB29P) AppleWebKit/537.36 (KHTML, like Gecko) Chrome/146.0.7680.177 Mobile Safari/537.36 (compatible; Googlebot/2.1; +http://www.google.com/bot.html)"
66.249.79.195 - - [21/Apr/2026:18:00:27 +0000] "GET /?b=3308904607 HTTP/1.1" 200 561303 "-" "Mozilla/5.0 (Linux; Android 6.0.1; Nexus 5X Build/MMB29P) AppleWebKit/537.36 (KHTML, like Gecko) Chrome/146.0.7680.177 Mobile Safari/537.36 (compatible; Googlebot/2.1; +http://www.google.com/bot.html)"
66.249.79.196 - - [21/Apr/2026:18:00:33 +0000] "GET /?b=408029113 HTTP/1.1" 200 571850 "-" "Mozilla/5.0 (Linux; Android 6.0.1; Nexus 5X Build/MMB29P) AppleWebKit/537.36 (KHTML, like Gecko) Chrome/146.0.7680.177 Mobile Safari/537.36 (compatible; Googlebot/2.1; +http://www.google.com/bot.html)"
74.7.227.39 - - [21/Apr/2026:18:00:33 +0000] "GET /goods.php?detail/01202766297690 HTTP/1.1" 404 21054 "https://s2spw.com/goods.php?goods/012027718" "Mozilla/5.0 AppleWebKit/537.36 (KHTML, like Gecko; compatible; GPTBot/1.3; +https://openai.com/gptbot)"
74.7.227.39 - - [21/Apr/2026:18:00:36 +0000] "GET /goods.php?detail/01001781034056 HTTP/1.1" 404 21054 "https://s2spw.com/goods.php?detail/090023754489" "Mozilla/5.0 AppleWebKit/537.36 (KHTML, like Gecko; compatible; GPTBot/1.3; +https://openai.com/gptbot)"
66.249.79.197 - - [21/Apr/2026:18:00:38 +0000] "GET /?b=3594467890 HTTP/1.1" 200 560474 "-" "Mozilla/5.0 (Linux; Android 6.0.1; Nexus 5X Build/MMB29P) AppleWebKit/537.36 (KHTML, like Gecko) Chrome/146.0.7680.177 Mobile Safari/537.36 (compatible; Googlebot/2.1; +http://www.google.com/bot.html)"
74.7.227.39 - - [21/Apr/2026:18:00:39 +0000] "GET /goods.php?detail/04604878590984 HTTP/1.1" 404 21054 "https://s2spw.com/goods.php?detail/046048424913" "Mozilla/5.0 AppleWebKit/537.36 (KHTML, like Gecko; compatible; GPTBot/1.3; +https://openai.com/gptbot)"
74.7.227.39 - - [21/Apr/2026:18:00:42 +0000] "GET /goods.php?detail/00302488245142 HTTP/1.1" 404 21054 "https://s2spw.com/goods.php?detail/270008677475" "Mozilla/5.0 AppleWebKit/537.36 (KHTML, like Gecko; compatible; GPTBot/1.3; +https://openai.com/gptbot)"
66.249.79.196 - - [21/Apr/2026:18:00:42 +0000] "GET /?b=302506406 HTTP/1.1" 200 570498 "-" "Mozilla/5.0 (Linux; Android 6.0.1; Nexus 5X Build/MMB29P) AppleWebKit/537.36 (KHTML, like Gecko) Chrome/146.0.7680.177 Mobile Safari/537.36 (compatible; Googlebot/2.1; +http://www.google.com/bot.html)"
74.7.227.39 - - [21/Apr/2026:18:00:44 +0000] "GET /goods.php?detail/00603641796400 HTTP/1.1" 404 21054 "https://s2spw.com/goods.php?detail/006035396101" "Mozilla/5.0 AppleWebKit/537.36 (KHTML, like Gecko; compatible; GPTBot/1.3; +https://openai.com/gptbot)"
66.249.79.199 - - [21/Apr/2026:18:00:46 +0000] "GET /?b=2091538589 HTTP/1.1" 200 555068 "-" "Mozilla/5.0 (Linux; Android 6.0.1; Nexus 5X Build/MMB29P) AppleWebKit/537.36 (KHTML, like Gecko) Chrome/146.0.7680.177 Mobile Safari/537.36 (compatible; Googlebot/2.1; +http://www.google.com/bot.html)"
74.7.227.39 - - [21/Apr/2026:18:00:47 +0000] "GET /goods.php?detail/02600246190408 HTTP/1.1" 404 21054 "https://s2spw.com/goods.php?detail/0260364373343" "Mozilla/5.0 AppleWebKit/537.36 (KHTML, like Gecko; compatible; GPTBot/1.3; +https://openai.com/gptbot)"
74.7.227.39 - - [21/Apr/2026:18:00:50 +0000] "GET /goods.php?detail/00900351125908 HTTP/1.1" 404 21054 "https://s2spw.com/goods.php?detail/009003982176" "Mozilla/5.0 AppleWebKit/537.36 (KHTML, like Gecko; compatible; GPTBot/1.3; +https://openai.com/gptbot)"
66.249.79.199 - - [21/Apr/2026:18:00:50 +0000] "GET /?b=858692951 HTTP/1.1" 200 558527 "-" "Mozilla/5.0 (Linux; Android 6.0.1; Nexus 5X Build/MMB29P) AppleWebKit/537.36 (KHTML, like Gecko) Chrome/146.0.7680.177 Mobile Safari/537.36 (compatible; Googlebot/2.1; +http://www.google.com/bot.html)"
74.7.227.39 - - [21/Apr/2026:18:00:53 +0000] "GET /goods.php?detail/08502679062509 HTTP/1.1" 404 21054 "https://s2spw.com/goods.php?product/edit/shop-easu-ds-2462899" "Mozilla/5.0 AppleWebKit/537.36 (KHTML, like Gecko; compatible; GPTBot/1.3; +https://openai.com/gptbot)"
66.249.79.195 - - [21/Apr/2026:18:00:54 +0000] "GET /?b=3632491606 HTTP/1.1" 200 558257 "-" "Mozilla/5.0 (Linux; Android 6.0.1; Nexus 5X Build/MMB29P) AppleWebKit/537.36 (KHTML, like Gecko) Chrome/146.0.7680.177 Mobile Safari/537.36 (compatible; Googlebot/2.1; +http://www.google.com/bot.html)"
74.7.227.39 - - [21/Apr/2026:18:00:56 +0000] "GET /goods.php?detail/08102481699411 HTTP/1.1" 404 21054 "https://s2spw.com/goods.php?detail/081016603202" "Mozilla/5.0 AppleWebKit/537.36 (KHTML, like Gecko; compatible; GPTBot/1.3; +https://openai.com/gptbot)"
66.249.79.195 - - [21/Apr/2026:18:00:57 +0000] "GET /?b=2892623047 HTTP/1.1" 200 557339 "-" "Mozilla/5.0 (Linux; Android 6.0.1; Nexus 5X Build/MMB29P) AppleWebKit/537.36 (KHTML, like Gecko) Chrome/146.0.7680.177 Mobile Safari/537.36 (compatible; Googlebot/2.1; +http://www.google.com/bot.html)"
74.7.227.39 - - [21/Apr/2026:18:00:58 +0000] "GET /goods.php?detail/00200696264856 HTTP/1.1" 404 21054 "https://s2spw.com/goods.php?detail/002024945295" "Mozilla/5.0 AppleWebKit/537.36 (KHTML, like Gecko; compatible; GPTBot/1.3; +https://openai.com/gptbot)"
66.249.79.198 - - [21/Apr/2026:18:01:01 +0000] "GET /?b=465582039 HTTP/1.1" 200 555780 "-" "Mozilla/5.0 (Linux; Android 6.0.1; Nexus 5X Build/MMB29P) AppleWebKit/537.36 (KHTML, like Gecko) Chrome/146.0.7680.177 Mobile Safari/537.36 (compatible; Googlebot/2.1; +http://www.google.com/bot.html)"
74.7.227.39 - - [21/Apr/2026:18:01:01 +0000] "GET /goods.php?detail/00400549671464 HTTP/1.1" 404 21054 "https://s2spw.com/goods.php?detail/004001690436" "Mozilla/5.0 AppleWebKit/537.36 (KHTML, like Gecko; compatible; GPTBot/1.3; +https://openai.com/gptbot)"
74.7.227.39 - - [21/Apr/2026:18:01:04 +0000] "GET /goods.php?detail/15800608058874 HTTP/1.1" 404 21054 "https://s2spw.com/goods.php?detail/030040799985" "Mozilla/5.0 AppleWebKit/537.36 (KHTML, like Gecko; compatible; GPTBot/1.3; +https://openai.com/gptbot)"
66.249.79.195 - - [21/Apr/2026:18:01:05 +0000] "GET /?b=2151988334 HTTP/1.1" 200 563342 "-" "Mozilla/5.0 (Linux; Android 6.0.1; Nexus 5X Build/MMB29P) AppleWebKit/537.36 (KHTML, like Gecko) Chrome/146.0.7680.177 Mobile Safari/537.36 (compatible; Googlebot/2.1; +http://www.google.com/bot.html)"
74.7.227.39 - - [21/Apr/2026:18:01:07 +0000] "GET /goods.php?detail/24404642455185 HTTP/1.1" 404 21054 "https://s2spw.com/goods.php?detail/223022906055" "Mozilla/5.0 AppleWebKit/537.36 (KHTML, like Gecko; compatible; GPTBot/1.3; +https://openai.com/gptbot)"
66.249.79.198 - - [21/Apr/2026:18:01:09 +0000] "GET /?b=3562840445 HTTP/1.1" 200 564289 "-" "Mozilla/5.0 (Linux; Android 6.0.1; Nexus 5X Build/MMB29P) AppleWebKit/537.36 (KHTML, like Gecko) Chrome/146.0.7680.177 Mobile Safari/537.36 (compatible; Googlebot/2.1; +http://www.google.com/bot.html)"
74.7.227.39 - - [21/Apr/2026:18:01:10 +0000] "GET /goods.php?detail/06802606396816 HTTP/1.1" 404 21054 "https://s2spw.com/goods.php?detail/2170250654251" "Mozilla/5.0 AppleWebKit/537.36 (KHTML, like Gecko; compatible; GPTBot/1.3; +https://openai.com/gptbot)"
74.7.227.39 - - [21/Apr/2026:18:01:13 +0000] "GET /goods.php?detail/29001569771011 HTTP/1.1" 404 21054 "https://s2spw.com/goods.php?detail/083007456432" "Mozilla/5.0 AppleWebKit/537.36 (KHTML, like Gecko; compatible; GPTBot/1.3; +https://openai.com/gptbot)"
66.249.79.197 - - [21/Apr/2026:18:01:14 +0000] "GET /?b=1171435214 HTTP/1.1" 200 590699 "-" "Mozilla/5.0 (Linux; Android 6.0.1; Nexus 5X Build/MMB29P) AppleWebKit/537.36 (KHTML, like Gecko) Chrome/146.0.7680.177 Mobile Safari/537.36 (compatible; Googlebot/2.1; +http://www.google.com/bot.html)"
74.7.227.39 - - [21/Apr/2026:18:01:16 +0000] "GET /goods.php?detail/07902067994921 HTTP/1.1" 404 21054 "https://s2spw.com/goods.php?detail/101018868041" "Mozilla/5.0 AppleWebKit/537.36 (KHTML, like Gecko; compatible; GPTBot/1.3; +https://openai.com/gptbot)"
66.249.79.196 - - [21/Apr/2026:18:01:18 +0000] "GET /?jp/294012110.html HTTP/1.1" 200 578671 "-" "Mozilla/5.0 (Linux; Android 6.0.1; Nexus 5X Build/MMB29P) AppleWebKit/537.36 (KHTML, like Gecko) Chrome/146.0.7680.177 Mobile Safari/537.36 (compatible; Googlebot/2.1; +http://www.google.com/bot.html)"
66.249.79.195 - - [21/Apr/2026:18:01:18 +0000] "GET /?jp/120018194.html HTTP/1.1" 200 568255 "-" "Mozilla/5.0 (Linux; Android 6.0.1; Nexus 5X Build/MMB29P) AppleWebKit/537.36 (KHTML, like Gecko) Chrome/146.0.7680.177 Mobile Safari/537.36 (compatible; Googlebot/2.1; +http://www.google.com/bot.html)"
74.7.227.39 - - [21/Apr/2026:18:01:19 +0000] "GET /goods.php?detail/10502141449794 HTTP/1.1" 404 21054 "https://s2spw.com/goods.php?goods/144007661" "Mozilla/5.0 AppleWebKit/537.36 (KHTML, like Gecko; compatible; GPTBot/1.3; +https://openai.com/gptbot)"
66.249.79.195 - - [21/Apr/2026:18:01:18 +0000] "GET /?b=873279120 HTTP/1.1" 200 557377 "-" "Mozilla/5.0 (Linux; Android 6.0.1; Nexus 5X Build/MMB29P) AppleWebKit/537.36 (KHTML, like Gecko) Chrome/146.0.7680.177 Mobile Safari/537.36 (compatible; Googlebot/2.1; +http://www.google.com/bot.html)"
66.249.79.197 - - [21/Apr/2026:18:01:20 +0000] "GET /?b=2166097202 HTTP/1.1" 200 572034 "-" "Mozilla/5.0 (Linux; Android 6.0.1; Nexus 5X Build/MMB29P) AppleWebKit/537.36 (KHTML, like Gecko) Chrome/146.0.7680.177 Mobile Safari/537.36 (compatible; Googlebot/2.1; +http://www.google.com/bot.html)"
74.7.227.39 - - [21/Apr/2026:18:01:23 +0000] "GET /goods.php?detail/27401758217001 HTTP/1.1" 404 21054 "https://s2spw.com/goods.php?detail/274019149305" "Mozilla/5.0 AppleWebKit/537.36 (KHTML, like Gecko; compatible; GPTBot/1.3; +https://openai.com/gptbot)"
74.7.227.39 - - [21/Apr/2026:18:01:24 +0000] "GET /goods.php?detail/16001500740215 HTTP/1.1" 404 21054 "https://s2spw.com/goods.php?detail/160014699012" "Mozilla/5.0 AppleWebKit/537.36 (KHTML, like Gecko; compatible; GPTBot/1.3; +https://openai.com/gptbot)"
66.249.79.197 - - [21/Apr/2026:18:01:24 +0000] "GET /?b=1190002367 HTTP/1.1" 200 557918 "-" "Mozilla/5.0 (Linux; Android 6.0.1; Nexus 5X Build/MMB29P) AppleWebKit/537.36 (KHTML, like Gecko) Chrome/146.0.7680.177 Mobile Safari/537.36 (compatible; Googlebot/2.1; +http://www.google.com/bot.html)"
74.7.227.39 - - [21/Apr/2026:18:01:27 +0000] "GET /goods.php?detail/08300370315398 HTTP/1.1" 404 21054 "https://s2spw.com/goods.php?detail/083002377234" "Mozilla/5.0 AppleWebKit/537.36 (KHTML, like Gecko; compatible; GPTBot/1.3; +https://openai.com/gptbot)"
66.249.79.197 - - [21/Apr/2026:18:01:28 +0000] "GET /?b=3111241005 HTTP/1.1" 200 557545 "-" "Mozilla/5.0 (Linux; Android 6.0.1; Nexus 5X Build/MMB29P) AppleWebKit/537.36 (KHTML, like Gecko) Chrome/146.0.7680.177 Mobile Safari/537.36 (compatible; Googlebot/2.1; +http://www.google.com/bot.html)"
74.7.227.39 - - [21/Apr/2026:18:01:30 +0000] "GET /goods.php?detail/05504602470273 HTTP/1.1" 404 21054 "https://s2spw.com/goods.php?detail/008010827153" "Mozilla/5.0 AppleWebKit/537.36 (KHTML, like Gecko; compatible; GPTBot/1.3; +https://openai.com/gptbot)"
66.249.79.197 - - [21/Apr/2026:18:01:32 +0000] "GET /?b=2977595191 HTTP/1.1" 200 560483 "-" "Mozilla/5.0 (Linux; Android 6.0.1; Nexus 5X Build/MMB29P) AppleWebKit/537.36 (KHTML, like Gecko) Chrome/146.0.7680.177 Mobile Safari/537.36 (compatible; Googlebot/2.1; +http://www.google.com/bot.html)"
74.7.227.39 - - [21/Apr/2026:18:01:33 +0000] "GET /goods.php?detail/00904048184538 HTTP/1.1" 404 21054 "https://s2spw.com/goods.php?detail/009040674049" "Mozilla/5.0 AppleWebKit/537.36 (KHTML, like Gecko; compatible; GPTBot/1.3; +https://openai.com/gptbot)"
66.249.79.198 - - [21/Apr/2026:18:01:33 +0000] "GET /?detail/1370433101600 HTTP/1.1" 301 - "-" "Mozilla/5.0 (Linux; Android 6.0.1; Nexus 5X Build/MMB29P) AppleWebKit/537.36 (KHTML, like Gecko) Chrome/146.0.7680.177 Mobile Safari/537.36 (compatible; GoogleOther)"
74.7.227.39 - - [21/Apr/2026:18:01:36 +0000] "GET /goods.php?detail/05600551938553 HTTP/1.1" 404 21054 "https://s2spw.com/goods.php?detail/056037640456" "Mozilla/5.0 AppleWebKit/537.36 (KHTML, like Gecko; compatible; GPTBot/1.3; +https://openai.com/gptbot)"
66.249.79.196 - - [21/Apr/2026:18:01:36 +0000] "GET /?b=722918421 HTTP/1.1" 200 555819 "-" "Mozilla/5.0 (Linux; Android 6.0.1; Nexus 5X Build/MMB29P) AppleWebKit/537.36 (KHTML, like Gecko) Chrome/146.0.7680.177 Mobile Safari/537.36 (compatible; Googlebot/2.1; +http://www.google.com/bot.html)"
66.249.79.197 - - [21/Apr/2026:18:01:37 +0000] "GET /?detail%2F1370433101600 HTTP/1.1" 200 554840 "-" "Mozilla/5.0 (Linux; Android 6.0.1; Nexus 5X Build/MMB29P) AppleWebKit/537.36 (KHTML, like Gecko) Chrome/146.0.7680.177 Mobile Safari/537.36 (compatible; GoogleOther)"
74.7.227.39 - - [21/Apr/2026:18:01:39 +0000] "GET /goods.php?detail/08500442785510 HTTP/1.1" 404 21054 "https://s2spw.com/goods.php?detail/0740083188787" "Mozilla/5.0 AppleWebKit/537.36 (KHTML, like Gecko; compatible; GPTBot/1.3; +https://openai.com/gptbot)"
66.249.79.195 - - [21/Apr/2026:18:01:40 +0000] "GET /?b=1877410512 HTTP/1.1" 200 556581 "-" "Mozilla/5.0 (Linux; Android 6.0.1; Nexus 5X Build/MMB29P) AppleWebKit/537.36 (KHTML, like Gecko) Chrome/146.0.7680.177 Mobile Safari/537.36 (compatible; Googlebot/2.1; +http://www.google.com/bot.html)"
74.7.227.39 - - [21/Apr/2026:18:01:42 +0000] "GET /goods.php?detail/01201377420780 HTTP/1.1" 404 21054 "https://s2spw.com/goods.php?detail/012013431474" "Mozilla/5.0 AppleWebKit/537.36 (KHTML, like Gecko; compatible; GPTBot/1.3; +https://openai.com/gptbot)"
66.249.79.199 - - [21/Apr/2026:18:01:44 +0000] "GET /?b=2401085326 HTTP/1.1" 200 556166 "-" "Mozilla/5.0 (Linux; Android 6.0.1; Nexus 5X Build/MMB29P) AppleWebKit/537.36 (KHTML, like Gecko) Chrome/146.0.7680.177 Mobile Safari/537.36 (compatible; Googlebot/2.1; +http://www.google.com/bot.html)"
66.29.147.207 - - [21/Apr/2026:18:01:45 +0000] "POST /wp-cron.php?doing_wp_cron=1776794505.3137729167938232421875 HTTP/1.1" 200 - "-" "WordPress/6.9.4; https://s2spw.com"
74.7.227.39 - - [21/Apr/2026:18:01:44 +0000] "GET /goods.php?detail/17102992700529 HTTP/1.1" 404 21054 "https://s2spw.com/goods.php?detail/039032513655" "Mozilla/5.0 AppleWebKit/537.36 (KHTML, like Gecko; compatible; GPTBot/1.3; +https://openai.com/gptbot)"
74.7.227.39 - - [21/Apr/2026:18:01:47 +0000] "GET /goods.php?detail/08700479926279 HTTP/1.1" 404 21054 "https://s2spw.com/goods.php?detail/087003036946" "Mozilla/5.0 AppleWebKit/537.36 (KHTML, like Gecko; compatible; GPTBot/1.3; +https://openai.com/gptbot)"
74.7.227.39 - - [21/Apr/2026:18:01:50 +0000] "GET /goods.php?detail/00803527360270 HTTP/1.1" 404 21054 "https://s2spw.com/goods.php?detail/026009086600" "Mozilla/5.0 AppleWebKit/537.36 (KHTML, like Gecko; compatible; GPTBot/1.3; +https://openai.com/gptbot)"
66.249.79.197 - - [21/Apr/2026:18:01:52 +0000] "GET /?b=4257344456 HTTP/1.1" 200 556375 "-" "Mozilla/5.0 (Linux; Android 6.0.1; Nexus 5X Build/MMB29P) AppleWebKit/537.36 (KHTML, like Gecko) Chrome/146.0.7680.177 Mobile Safari/537.36 (compatible; Googlebot/2.1; +http://www.google.com/bot.html)"
74.7.227.39 - - [21/Apr/2026:18:01:53 +0000] "GET /goods.php?detail/06603158445544 HTTP/1.1" 404 21054 "https://s2spw.com/goods.php?detail/149018811427" "Mozilla/5.0 AppleWebKit/537.36 (KHTML, like Gecko; compatible; GPTBot/1.3; +https://openai.com/gptbot)"
74.7.227.39 - - [21/Apr/2026:18:01:55 +0000] "GET /goods.php?detail/09904328094584 HTTP/1.1" 404 21054 "https://s2spw.com/goods.php?detail/130043064157" "Mozilla/5.0 AppleWebKit/537.36 (KHTML, like Gecko; compatible; GPTBot/1.3; +https://openai.com/gptbot)"
66.249.79.202 - - [21/Apr/2026:18:01:57 +0000] "GET /?b=4083155444 HTTP/1.1" 200 556853 "-" "Mozilla/5.0 (Linux; Android 6.0.1; Nexus 5X Build/MMB29P) AppleWebKit/537.36 (KHTML, like Gecko) Chrome/146.0.7680.177 Mobile Safari/537.36 (compatible; Googlebot/2.1; +http://www.google.com/bot.html)"
74.7.227.39 - - [21/Apr/2026:18:01:58 +0000] "GET /goods.php?detail/02404925209278 HTTP/1.1" 404 21054 "https://s2spw.com/goods.php?detail/238023082703" "Mozilla/5.0 AppleWebKit/537.36 (KHTML, like Gecko; compatible; GPTBot/1.3; +https://openai.com/gptbot)"
66.249.79.196 - - [21/Apr/2026:18:02:01 +0000] "GET /?b=2551382305 HTTP/1.1" 200 555366 "-" "Mozilla/5.0 (Linux; Android 6.0.1; Nexus 5X Build/MMB29P) AppleWebKit/537.36 (KHTML, like Gecko) Chrome/146.0.7680.177 Mobile Safari/537.36 (compatible; Googlebot/2.1; +http://www.google.com/bot.html)"
74.7.227.39 - - [21/Apr/2026:18:02:01 +0000] "GET /goods.php?detail/00904021526029 HTTP/1.1" 404 21054 "https://s2spw.com/goods.php?detail/034001372413" "Mozilla/5.0 AppleWebKit/537.36 (KHTML, like Gecko; compatible; GPTBot/1.3; +https://openai.com/gptbot)"
66.249.79.198 - - [21/Apr/2026:18:02:04 +0000] "GET /?b=3772878795 HTTP/1.1" 200 564623 "-" "Mozilla/5.0 (Linux; Android 6.0.1; Nexus 5X Build/MMB29P) AppleWebKit/537.36 (KHTML, like Gecko) Chrome/146.0.7680.177 Mobile Safari/537.36 (compatible; Googlebot/2.1; +http://www.google.com/bot.html)"
74.7.227.39 - - [21/Apr/2026:18:02:04 +0000] "GET /goods.php?detail/01303684201223 HTTP/1.1" 404 21054 "https://s2spw.com/goods.php?detail/0130371663092" "Mozilla/5.0 AppleWebKit/537.36 (KHTML, like Gecko; compatible; GPTBot/1.3; +https://openai.com/gptbot)"
74.7.227.39 - - [21/Apr/2026:18:02:07 +0000] "GET /goods.php?detail/24604675115464 HTTP/1.1" 404 21054 "https://s2spw.com/goods.php?jp/246046825.html" "Mozilla/5.0 AppleWebKit/537.36 (KHTML, like Gecko; compatible; GPTBot/1.3; +https://openai.com/gptbot)"
66.249.79.196 - - [21/Apr/2026:18:02:08 +0000] "GET /?b=2943163003 HTTP/1.1" 200 568064 "-" "Mozilla/5.0 (Linux; Android 6.0.1; Nexus 5X Build/MMB29P) AppleWebKit/537.36 (KHTML, like Gecko) Chrome/146.0.7680.177 Mobile Safari/537.36 (compatible; Googlebot/2.1; +http://www.google.com/bot.html)"
74.7.227.39 - - [21/Apr/2026:18:02:10 +0000] "GET /goods.php?detail/23304470630393 HTTP/1.1" 404 21054 "https://s2spw.com/goods.php?jp/233035669.html" "Mozilla/5.0 AppleWebKit/537.36 (KHTML, like Gecko; compatible; GPTBot/1.3; +https://openai.com/gptbot)"
66.249.79.197 - - [21/Apr/2026:18:02:12 +0000] "GET /?b=1111898878 HTTP/1.1" 200 556781 "-" "Mozilla/5.0 (Linux; Android 6.0.1; Nexus 5X Build/MMB29P) AppleWebKit/537.36 (KHTML, like Gecko) Chrome/146.0.7680.177 Mobile Safari/537.36 (compatible; Googlebot/2.1; +http://www.google.com/bot.html)"
74.7.227.39 - - [21/Apr/2026:18:02:13 +0000] "GET /goods.php?detail/13900563009866 HTTP/1.1" 404 21054 "https://s2spw.com/goods.php?detail/2870440542282" "Mozilla/5.0 AppleWebKit/537.36 (KHTML, like Gecko; compatible; GPTBot/1.3; +https://openai.com/gptbot)"
74.7.227.39 - - [21/Apr/2026:18:02:16 +0000] "GET /goods.php?detail/18903971715781 HTTP/1.1" 404 21054 "https://s2spw.com/goods.php?detail/1310045455814" "Mozilla/5.0 AppleWebKit/537.36 (KHTML, like Gecko; compatible; GPTBot/1.3; +https://openai.com/gptbot)"
74.7.227.39 - - [21/Apr/2026:18:02:18 +0000] "GET /goods.php?detail/24704791201300 HTTP/1.1" 404 21054 "https://s2spw.com/goods.php?detail/247047906108" "Mozilla/5.0 AppleWebKit/537.36 (KHTML, like Gecko; compatible; GPTBot/1.3; +https://openai.com/gptbot)"
66.249.79.196 - - [21/Apr/2026:18:02:20 +0000] "GET /?b=888763594 HTTP/1.1" 200 588207 "-" "Mozilla/5.0 (Linux; Android 6.0.1; Nexus 5X Build/MMB29P) AppleWebKit/537.36 (KHTML, like Gecko) Chrome/146.0.7680.177 Mobile Safari/537.36 (compatible; Googlebot/2.1; +http://www.google.com/bot.html)"
74.7.227.39 - - [21/Apr/2026:18:02:21 +0000] "GET /goods.php?detail/18600286116895 HTTP/1.1" 404 21054 "https://s2spw.com/goods.php?detail/186003004001" "Mozilla/5.0 AppleWebKit/537.36 (KHTML, like Gecko; compatible; GPTBot/1.3; +https://openai.com/gptbot)"
74.7.227.39 - - [21/Apr/2026:18:02:24 +0000] "GET /goods.php?detail/01101057870893 HTTP/1.1" 404 21054 "https://s2spw.com/goods.php?detail/011009629034" "Mozilla/5.0 AppleWebKit/537.36 (KHTML, like Gecko; compatible; GPTBot/1.3; +https://openai.com/gptbot)"
66.249.79.195 - - [21/Apr/2026:18:02:26 +0000] "GET /?b=1366388350 HTTP/1.1" 200 558601 "-" "Mozilla/5.0 (Linux; Android 6.0.1; Nexus 5X Build/MMB29P) AppleWebKit/537.36 (KHTML, like Gecko) Chrome/146.0.7680.177 Mobile Safari/537.36 (compatible; Googlebot/2.1; +http://www.google.com/bot.html)"
74.7.227.39 - - [21/Apr/2026:18:02:27 +0000] "GET /goods.php?detail/14103225630310 HTTP/1.1" 404 21054 "https://s2spw.com/goods.php?detail/014012606734" "Mozilla/5.0 AppleWebKit/537.36 (KHTML, like Gecko; compatible; GPTBot/1.3; +https://openai.com/gptbot)"
66.249.79.195 - - [21/Apr/2026:18:02:29 +0000] "GET /?b=82017916 HTTP/1.1" 200 563859 "-" "Mozilla/5.0 (Linux; Android 6.0.1; Nexus 5X Build/MMB29P) AppleWebKit/537.36 (KHTML, like Gecko) Chrome/146.0.7680.177 Mobile Safari/537.36 (compatible; Googlebot/2.1; +http://www.google.com/bot.html)"
74.7.227.39 - - [21/Apr/2026:18:02:29 +0000] "GET /goods.php?detail/15001530913261 HTTP/1.1" 404 21054 "https://s2spw.com/goods.php?detail/150015733428" "Mozilla/5.0 AppleWebKit/537.36 (KHTML, like Gecko; compatible; GPTBot/1.3; +https://openai.com/gptbot)"
66.249.79.197 - - [21/Apr/2026:18:02:31 +0000] "GET /?b=1506802968 HTTP/1.1" 200 555112 "-" "Mozilla/5.0 (Linux; Android 6.0.1; Nexus 5X Build/MMB29P) AppleWebKit/537.36 (KHTML, like Gecko) Chrome/146.0.7680.177 Mobile Safari/537.36 (compatible; Googlebot/2.1; +http://www.google.com/bot.html)"
74.7.227.39 - - [21/Apr/2026:18:02:32 +0000] "GET /goods.php?detail/04004603240812 HTTP/1.1" 404 21054 "https://s2spw.com/goods.php?detail/040046167892" "Mozilla/5.0 AppleWebKit/537.36 (KHTML, like Gecko; compatible; GPTBot/1.3; +https://openai.com/gptbot)"
74.7.227.39 - - [21/Apr/2026:18:02:35 +0000] "GET /goods.php?detail/06901418106415 HTTP/1.1" 404 21054 "https://s2spw.com/goods.php?detail/161000499592" "Mozilla/5.0 AppleWebKit/537.36 (KHTML, like Gecko; compatible; GPTBot/1.3; +https://openai.com/gptbot)"
66.249.79.198 - - [21/Apr/2026:18:02:37 +0000] "GET /?b=188017253 HTTP/1.1" 200 556994 "-" "Mozilla/5.0 (Linux; Android 6.0.1; Nexus 5X Build/MMB29P) AppleWebKit/537.36 (KHTML, like Gecko) Chrome/146.0.7680.177 Mobile Safari/537.36 (compatible; Googlebot/2.1; +http://www.google.com/bot.html)"
74.7.227.39 - - [21/Apr/2026:18:02:38 +0000] "GET /goods.php?detail/08002504602632 HTTP/1.1" 404 21054 "https://s2spw.com/goods.php?detail/080023185757" "Mozilla/5.0 AppleWebKit/537.36 (KHTML, like Gecko; compatible; GPTBot/1.3; +https://openai.com/gptbot)"
74.7.227.39 - - [21/Apr/2026:18:02:41 +0000] "GET /goods.php?detail/20203224342158 HTTP/1.1" 404 21054 "https://s2spw.com/goods.php?detail/202023428614" "Mozilla/5.0 AppleWebKit/537.36 (KHTML, like Gecko; compatible; GPTBot/1.3; +https://openai.com/gptbot)"
66.249.79.196 - - [21/Apr/2026:18:02:41 +0000] "GET /?b=783240887 HTTP/1.1" 200 554943 "-" "Mozilla/5.0 (Linux; Android 6.0.1; Nexus 5X Build/MMB29P) AppleWebKit/537.36 (KHTML, like Gecko) Chrome/146.0.7680.177 Mobile Safari/537.36 (compatible; Googlebot/2.1; +http://www.google.com/bot.html)"
66.249.79.199 - - [21/Apr/2026:18:02:43 +0000] "GET /?b=3842593676 HTTP/1.1" 200 557151 "-" "Mozilla/5.0 (Linux; Android 6.0.1; Nexus 5X Build/MMB29P) AppleWebKit/537.36 (KHTML, like Gecko) Chrome/146.0.7680.177 Mobile Safari/537.36 (compatible; Googlebot/2.1; +http://www.google.com/bot.html)"
74.7.227.39 - - [21/Apr/2026:18:02:44 +0000] "GET /goods.php?detail/10100307456760 HTTP/1.1" 404 21054 "https://s2spw.com/goods.php?detail/003006782833" "Mozilla/5.0 AppleWebKit/537.36 (KHTML, like Gecko; compatible; GPTBot/1.3; +https://openai.com/gptbot)"
74.7.227.39 - - [21/Apr/2026:18:02:46 +0000] "GET /goods.php?detail/20303763349407 HTTP/1.1" 404 21054 "https://s2spw.com/goods.php?detail/203039421917" "Mozilla/5.0 AppleWebKit/537.36 (KHTML, like Gecko; compatible; GPTBot/1.3; +https://openai.com/gptbot)"
66.249.79.195 - - [21/Apr/2026:18:02:49 +0000] "GET /?b=1181694386 HTTP/1.1" 200 578820 "-" "Mozilla/5.0 (Linux; Android 6.0.1; Nexus 5X Build/MMB29P) AppleWebKit/537.36 (KHTML, like Gecko) Chrome/146.0.7680.177 Mobile Safari/537.36 (compatible; Googlebot/2.1; +http://www.google.com/bot.html)"
74.7.227.39 - - [21/Apr/2026:18:02:49 +0000] "GET /goods.php?detail/01600606859917 HTTP/1.1" 404 21054 "https://s2spw.com/goods.php?special/dilemma/016004661" "Mozilla/5.0 AppleWebKit/537.36 (KHTML, like Gecko; compatible; GPTBot/1.3; +https://openai.com/gptbot)"
74.7.227.39 - - [21/Apr/2026:18:02:52 +0000] "GET /goods.php?detail/20201064619861 HTTP/1.1" 404 21054 "https://s2spw.com/goods.php?shop/detail/draw046001650.htm" "Mozilla/5.0 AppleWebKit/537.36 (KHTML, like Gecko; compatible; GPTBot/1.3; +https://openai.com/gptbot)"
66.249.79.195 - - [21/Apr/2026:18:02:53 +0000] "GET /?b=510583554 HTTP/1.1" 200 574698 "-" "Mozilla/5.0 (Linux; Android 6.0.1; Nexus 5X Build/MMB29P) AppleWebKit/537.36 (KHTML, like Gecko) Chrome/146.0.7680.177 Mobile Safari/537.36 (compatible; Googlebot/2.1; +http://www.google.com/bot.html)"
66.249.79.199 - - [21/Apr/2026:18:02:53 +0000] "GET /?goods/243039195 HTTP/1.1" 200 553104 "-" "Mozilla/5.0 (Linux; Android 6.0.1; Nexus 5X Build/MMB29P) AppleWebKit/537.36 (KHTML, like Gecko) Chrome/146.0.7680.177 Mobile Safari/537.36 (compatible; Googlebot/2.1; +http://www.google.com/bot.html)"
66.249.79.196 - - [21/Apr/2026:18:02:54 +0000] "GET /robots.txt HTTP/1.1" 200 332 "-" "Mozilla/5.0 (compatible; Googlebot/2.1; +http://www.google.com/bot.html)"
66.249.79.198 - - [21/Apr/2026:18:02:54 +0000] "GET /?detail/1900280262438 HTTP/1.1" 200 566741 "-" "Mozilla/5.0 (Linux; Android 6.0.1; Nexus 5X Build/MMB29P) AppleWebKit/537.36 (KHTML, like Gecko) Chrome/146.0.7680.177 Mobile Safari/537.36 (compatible; Googlebot/2.1; +http://www.google.com/bot.html)"
74.7.227.39 - - [21/Apr/2026:18:02:55 +0000] "GET /goods.php?detail/05402848364842 HTTP/1.1" 404 21054 "https://s2spw.com/goods.php?detail/263044875523" "Mozilla/5.0 AppleWebKit/537.36 (KHTML, like Gecko; compatible; GPTBot/1.3; +https://openai.com/gptbot)"
66.249.79.196 - - [21/Apr/2026:18:02:56 +0000] "GET /?b=2795408337 HTTP/1.1" 200 557171 "-" "Mozilla/5.0 (Linux; Android 6.0.1; Nexus 5X Build/MMB29P) AppleWebKit/537.36 (KHTML, like Gecko) Chrome/146.0.7680.177 Mobile Safari/537.36 (compatible; Googlebot/2.1; +http://www.google.com/bot.html)"
74.7.227.39 - - [21/Apr/2026:18:02:58 +0000] "GET /goods.php?detail/10103541807307 HTTP/1.1" 404 21054 "https://s2spw.com/goods.php?detail/1010341602171" "Mozilla/5.0 AppleWebKit/537.36 (KHTML, like Gecko; compatible; GPTBot/1.3; +https://openai.com/gptbot)"
66.249.79.196 - - [21/Apr/2026:18:02:59 +0000] "GET /?b=2743393852 HTTP/1.1" 200 586821 "-" "Mozilla/5.0 (Linux; Android 6.0.1; Nexus 5X Build/MMB29P) AppleWebKit/537.36 (KHTML, like Gecko) Chrome/146.0.7680.177 Mobile Safari/537.36 (compatible; Googlebot/2.1; +http://www.google.com/bot.html)"
74.7.227.39 - - [21/Apr/2026:18:03:01 +0000] "GET /goods.php?detail/02400109724726 HTTP/1.1" 404 21054 "https://s2spw.com/goods.php?pcmypage?callback=product/review/adidas-jv6096-1" "Mozilla/5.0 AppleWebKit/537.36 (KHTML, like Gecko; compatible; GPTBot/1.3; +https://openai.com/gptbot)"
135.181.160.215 - - [21/Apr/2026:18:03:03 +0000] "POST /wp-content/plugins/cutfdpm/index.php HTTP/1.1" 404 21054 "-" "-"
66.249.79.202 - - [21/Apr/2026:18:03:03 +0000] "GET /?b=3883694147 HTTP/1.1" 200 566544 "-" "Mozilla/5.0 (Linux; Android 6.0.1; Nexus 5X Build/MMB29P) AppleWebKit/537.36 (KHTML, like Gecko) Chrome/146.0.7680.177 Mobile Safari/537.36 (compatible; Googlebot/2.1; +http://www.google.com/bot.html)"
74.7.227.39 - - [21/Apr/2026:18:03:03 +0000] "GET /goods.php?detail/17804402773744 HTTP/1.1" 404 21054 "https://s2spw.com/goods.php?detail/0950063567630" "Mozilla/5.0 AppleWebKit/537.36 (KHTML, like Gecko; compatible; GPTBot/1.3; +https://openai.com/gptbot)"
74.7.227.39 - - [21/Apr/2026:18:03:06 +0000] "GET /goods.php?detail/08700823574205 HTTP/1.1" 404 21054 "https://s2spw.com/goods.php?detail/0870081039752" "Mozilla/5.0 AppleWebKit/537.36 (KHTML, like Gecko; compatible; GPTBot/1.3; +https://openai.com/gptbot)"
66.249.79.198 - - [21/Apr/2026:18:03:07 +0000] "GET /?b=3895827010 HTTP/1.1" 200 553857 "-" "Mozilla/5.0 (Linux; Android 6.0.1; Nexus 5X Build/MMB29P) AppleWebKit/537.36 (KHTML, like Gecko) Chrome/146.0.7680.177 Mobile Safari/537.36 (compatible; Googlebot/2.1; +http://www.google.com/bot.html)"
74.7.227.39 - - [21/Apr/2026:18:03:09 +0000] "GET /goods.php?detail/01800167195050 HTTP/1.1" 404 21054 "https://s2spw.com/goods.php?detail/018001000405" "Mozilla/5.0 AppleWebKit/537.36 (KHTML, like Gecko; compatible; GPTBot/1.3; +https://openai.com/gptbot)"
66.249.79.195 - - [21/Apr/2026:18:03:11 +0000] "GET /?b=3542608851 HTTP/1.1" 200 561039 "-" "Mozilla/5.0 (Linux; Android 6.0.1; Nexus 5X Build/MMB29P) AppleWebKit/537.36 (KHTML, like Gecko) Chrome/146.0.7680.177 Mobile Safari/537.36 (compatible; Googlebot/2.1; +http://www.google.com/bot.html)"
74.7.227.39 - - [21/Apr/2026:18:03:12 +0000] "GET /goods.php?detail/28302823612482 HTTP/1.1" 404 21054 "https://s2spw.com/goods.php?detail/279008686171" "Mozilla/5.0 AppleWebKit/537.36 (KHTML, like Gecko; compatible; GPTBot/1.3; +https://openai.com/gptbot)"
74.7.227.39 - - [21/Apr/2026:18:03:15 +0000] "GET /goods.php?detail/06301821021624 HTTP/1.1" 404 21054 "https://s2spw.com/goods.php?product/edit/fodbicycle-ec-700cr-1" "Mozilla/5.0 AppleWebKit/537.36 (KHTML, like Gecko; compatible; GPTBot/1.3; +https://openai.com/gptbot)"
74.7.227.39 - - [21/Apr/2026:18:03:17 +0000] "GET /goods.php?detail/06702404671290 HTTP/1.1" 404 21054 "https://s2spw.com/goods.php?detail/094049482208" "Mozilla/5.0 AppleWebKit/537.36 (KHTML, like Gecko; compatible; GPTBot/1.3; +https://openai.com/gptbot)"
66.249.79.196 - - [21/Apr/2026:18:03:17 +0000] "GET /?b=424973929 HTTP/1.1" 200 558118 "-" "Mozilla/5.0 (Linux; Android 6.0.1; Nexus 5X Build/MMB29P) AppleWebKit/537.36 (KHTML, like Gecko) Chrome/146.0.7680.177 Mobile Safari/537.36 (compatible; Googlebot/2.1; +http://www.google.com/bot.html)"
74.7.227.39 - - [21/Apr/2026:18:03:20 +0000] "GET /goods.php?detail/04500295086460 HTTP/1.1" 404 21054 "https://s2spw.com/goods.php?detail/045002541077" "Mozilla/5.0 AppleWebKit/537.36 (KHTML, like Gecko; compatible; GPTBot/1.3; +https://openai.com/gptbot)"
66.249.79.198 - - [21/Apr/2026:18:03:21 +0000] "GET /?b=3480226948 HTTP/1.1" 200 555128 "-" "Mozilla/5.0 (Linux; Android 6.0.1; Nexus 5X Build/MMB29P) AppleWebKit/537.36 (KHTML, like Gecko) Chrome/146.0.7680.177 Mobile Safari/537.36 (compatible; Googlebot/2.1; +http://www.google.com/bot.html)"
74.7.227.39 - - [21/Apr/2026:18:03:23 +0000] "GET /goods.php?detail/00200699054191 HTTP/1.1" 404 21054 "https://s2spw.com/goods.php?detail/0020069664012" "Mozilla/5.0 AppleWebKit/537.36 (KHTML, like Gecko; compatible; GPTBot/1.3; +https://openai.com/gptbot)"
66.249.79.196 - - [21/Apr/2026:18:03:25 +0000] "GET /?b=510610449 HTTP/1.1" 200 555147 "-" "Mozilla/5.0 (Linux; Android 6.0.1; Nexus 5X Build/MMB29P) AppleWebKit/537.36 (KHTML, like Gecko) Chrome/146.0.7680.177 Mobile Safari/537.36 (compatible; Googlebot/2.1; +http://www.google.com/bot.html)"
74.7.227.39 - - [21/Apr/2026:18:03:26 +0000] "GET /goods.php?detail/24902142464151 HTTP/1.1" 404 21054 "https://s2spw.com/goods.php?detail/249022254007" "Mozilla/5.0 AppleWebKit/537.36 (KHTML, like Gecko; compatible; GPTBot/1.3; +https://openai.com/gptbot)"
66.249.79.196 - - [21/Apr/2026:18:03:27 +0000] "GET /?b=3057500434 HTTP/1.1" 200 559244 "-" "Mozilla/5.0 (Linux; Android 6.0.1; Nexus 5X Build/MMB29P) AppleWebKit/537.36 (KHTML, like Gecko) Chrome/146.0.7680.177 Mobile Safari/537.36 (compatible; Googlebot/2.1; +http://www.google.com/bot.html)"
74.7.227.39 - - [21/Apr/2026:18:03:29 +0000] "GET /goods.php?detail/11803819871840 HTTP/1.1" 404 21054 "https://s2spw.com/goods.php?detail/118038013922" "Mozilla/5.0 AppleWebKit/537.36 (KHTML, like Gecko; compatible; GPTBot/1.3; +https://openai.com/gptbot)"
66.249.79.196 - - [21/Apr/2026:18:03:30 +0000] "GET /?b=3901831223 HTTP/1.1" 200 556456 "-" "Mozilla/5.0 (Linux; Android 6.0.1; Nexus 5X Build/MMB29P) AppleWebKit/537.36 (KHTML, like Gecko) Chrome/146.0.7680.177 Mobile Safari/537.36 (compatible; Googlebot/2.1; +http://www.google.com/bot.html)"
74.7.227.39 - - [21/Apr/2026:18:03:32 +0000] "GET /goods.php?detail/07804348603414 HTTP/1.1" 404 21054 "https://s2spw.com/goods.php?detail/120003308122" "Mozilla/5.0 AppleWebKit/537.36 (KHTML, like Gecko; compatible; GPTBot/1.3; +https://openai.com/gptbot)"
74.7.227.39 - - [21/Apr/2026:18:03:34 +0000] "GET /goods.php?detail/13304439163591 HTTP/1.1" 404 21054 "https://s2spw.com/goods.php?goods/174014585" "Mozilla/5.0 AppleWebKit/537.36 (KHTML, like Gecko; compatible; GPTBot/1.3; +https://openai.com/gptbot)"
66.249.79.196 - - [21/Apr/2026:18:03:36 +0000] "GET /?detail/23200958925087 HTTP/1.1" 200 569614 "-" "Mozilla/5.0 (Linux; Android 6.0.1; Nexus 5X Build/MMB29P) AppleWebKit/537.36 (KHTML, like Gecko) Chrome/146.0.7680.177 Mobile Safari/537.36 (compatible; GoogleOther)"
74.7.227.39 - - [21/Apr/2026:18:03:38 +0000] "GET /goods.php?detail/09600320651519 HTTP/1.1" 404 21054 "https://s2spw.com/goods.php?detail/096003486001" "Mozilla/5.0 AppleWebKit/537.36 (KHTML, like Gecko; compatible; GPTBot/1.3; +https://openai.com/gptbot)"
66.249.79.196 - - [21/Apr/2026:18:03:39 +0000] "GET /?b=2594723831 HTTP/1.1" 200 559315 "-" "Mozilla/5.0 (Linux; Android 6.0.1; Nexus 5X Build/MMB29P) AppleWebKit/537.36 (KHTML, like Gecko) Chrome/146.0.7680.177 Mobile Safari/537.36 (compatible; Googlebot/2.1; +http://www.google.com/bot.html)"
