74.7.227.39 - - [21/Apr/2026:20:20:49 +0000] "GET /goods.php?detail/14600873433401 HTTP/1.1" 404 21054 "https://s2spw.com/goods.php?detail/133040250437" "Mozilla/5.0 AppleWebKit/537.36 (KHTML, like Gecko; compatible; GPTBot/1.3; +https://openai.com/gptbot)"
74.7.227.39 - - [21/Apr/2026:20:20:51 +0000] "GET /goods.php?detail/08001921591987 HTTP/1.1" 404 21054 "https://s2spw.com/goods.php?detail/045012675531" "Mozilla/5.0 AppleWebKit/537.36 (KHTML, like Gecko; compatible; GPTBot/1.3; +https://openai.com/gptbot)"
74.7.227.39 - - [21/Apr/2026:20:20:54 +0000] "GET /goods.php?detail/02301562022368 HTTP/1.1" 404 21054 "https://s2spw.com/goods.php?detail/023015601607" "Mozilla/5.0 AppleWebKit/537.36 (KHTML, like Gecko; compatible; GPTBot/1.3; +https://openai.com/gptbot)"
74.7.227.39 - - [21/Apr/2026:20:20:57 +0000] "GET /goods.php?detail/19101272427478 HTTP/1.1" 404 21054 "https://s2spw.com/goods.php?detail/1590160061625" "Mozilla/5.0 AppleWebKit/537.36 (KHTML, like Gecko; compatible; GPTBot/1.3; +https://openai.com/gptbot)"
74.7.227.39 - - [21/Apr/2026:20:20:59 +0000] "GET /goods.php?detail/26001486942004 HTTP/1.1" 404 21054 "https://s2spw.com/goods.php?detail/177016765157" "Mozilla/5.0 AppleWebKit/537.36 (KHTML, like Gecko; compatible; GPTBot/1.3; +https://openai.com/gptbot)"
74.7.227.39 - - [21/Apr/2026:20:21:02 +0000] "GET /goods.php?detail/06802961086596 HTTP/1.1" 404 21054 "https://s2spw.com/goods.php?detail/0680296674164" "Mozilla/5.0 AppleWebKit/537.36 (KHTML, like Gecko; compatible; GPTBot/1.3; +https://openai.com/gptbot)"
74.7.227.39 - - [21/Apr/2026:20:21:05 +0000] "GET /goods.php?detail/01101392949799 HTTP/1.1" 404 21054 "https://s2spw.com/goods.php?detail/2010041464186" "Mozilla/5.0 AppleWebKit/537.36 (KHTML, like Gecko; compatible; GPTBot/1.3; +https://openai.com/gptbot)"
74.7.227.39 - - [21/Apr/2026:20:21:08 +0000] "GET /goods.php?detail/02600132286526 HTTP/1.1" 404 21054 "https://s2spw.com/goods.php?detail/020018283483" "Mozilla/5.0 AppleWebKit/537.36 (KHTML, like Gecko; compatible; GPTBot/1.3; +https://openai.com/gptbot)"
74.7.227.39 - - [21/Apr/2026:20:21:11 +0000] "GET /goods.php?detail/16603269201416 HTTP/1.1" 404 21054 "https://s2spw.com/goods.php?detail/202048984229" "Mozilla/5.0 AppleWebKit/537.36 (KHTML, like Gecko; compatible; GPTBot/1.3; +https://openai.com/gptbot)"
66.249.79.197 - - [21/Apr/2026:20:21:13 +0000] "GET /?goods/021023339 HTTP/1.1" 200 579321 "-" "Mozilla/5.0 (Linux; Android 6.0.1; Nexus 5X Build/MMB29P) AppleWebKit/537.36 (KHTML, like Gecko) Chrome/146.0.7680.177 Mobile Safari/537.36 (compatible; Googlebot/2.1; +http://www.google.com/bot.html)"
74.7.227.39 - - [21/Apr/2026:20:21:14 +0000] "GET /goods.php?detail/01401213394435 HTTP/1.1" 404 21054 "https://s2spw.com/goods.php?detail/014025640382" "Mozilla/5.0 AppleWebKit/537.36 (KHTML, like Gecko; compatible; GPTBot/1.3; +https://openai.com/gptbot)"
74.7.227.39 - - [21/Apr/2026:20:21:17 +0000] "GET /goods.php?detail/17601173881200 HTTP/1.1" 404 21054 "https://s2spw.com/goods.php?detail/17601135478237" "Mozilla/5.0 AppleWebKit/537.36 (KHTML, like Gecko; compatible; GPTBot/1.3; +https://openai.com/gptbot)"
74.7.227.39 - - [21/Apr/2026:20:21:19 +0000] "GET /goods.php?detail/11804383918648 HTTP/1.1" 404 21054 "https://s2spw.com/goods.php?detail/028022160413" "Mozilla/5.0 AppleWebKit/537.36 (KHTML, like Gecko; compatible; GPTBot/1.3; +https://openai.com/gptbot)"
66.249.79.196 - - [21/Apr/2026:20:21:22 +0000] "GET /?goods/041008726 HTTP/1.1" 200 557806 "-" "Mozilla/5.0 (Linux; Android 6.0.1; Nexus 5X Build/MMB29P) AppleWebKit/537.36 (KHTML, like Gecko) Chrome/146.0.7680.177 Mobile Safari/537.36 (compatible; Googlebot/2.1; +http://www.google.com/bot.html)"
74.7.227.39 - - [21/Apr/2026:20:21:22 +0000] "GET /goods.php?detail/02002803349532 HTTP/1.1" 404 21054 "https://s2spw.com/goods.php?detail/0200277172103" "Mozilla/5.0 AppleWebKit/537.36 (KHTML, like Gecko; compatible; GPTBot/1.3; +https://openai.com/gptbot)"
74.7.227.39 - - [21/Apr/2026:20:21:25 +0000] "GET /goods.php?detail/28200212190837 HTTP/1.1" 404 21054 "https://s2spw.com/goods.php?detail/2820225128083" "Mozilla/5.0 AppleWebKit/537.36 (KHTML, like Gecko; compatible; GPTBot/1.3; +https://openai.com/gptbot)"
74.7.227.39 - - [21/Apr/2026:20:21:28 +0000] "GET /goods.php?detail/03801206150153 HTTP/1.1" 404 21054 "https://s2spw.com/goods.php?detail/230030481275" "Mozilla/5.0 AppleWebKit/537.36 (KHTML, like Gecko; compatible; GPTBot/1.3; +https://openai.com/gptbot)"
66.249.79.195 - - [21/Apr/2026:20:21:31 +0000] "GET /?detail/1400483732701 HTTP/1.1" 200 555925 "-" "Mozilla/5.0 (Linux; Android 6.0.1; Nexus 5X Build/MMB29P) AppleWebKit/537.36 (KHTML, like Gecko) Chrome/146.0.7680.177 Mobile Safari/537.36 (compatible; Googlebot/2.1; +http://www.google.com/bot.html)"
74.7.227.39 - - [21/Apr/2026:20:21:31 +0000] "GET /goods.php?detail/22304422721901 HTTP/1.1" 404 21054 "https://s2spw.com/goods.php?detail/223002366755" "Mozilla/5.0 AppleWebKit/537.36 (KHTML, like Gecko; compatible; GPTBot/1.3; +https://openai.com/gptbot)"
66.249.79.195 - - [21/Apr/2026:20:21:32 +0000] "GET /shop/pg/260indicator/9552 HTTP/1.1" 200 556800 "-" "Mozilla/5.0 (Linux; Android 6.0.1; Nexus 5X Build/MMB29P) AppleWebKit/537.36 (KHTML, like Gecko) Chrome/146.0.7680.177 Mobile Safari/537.36 (compatible; Googlebot/2.1; +http://www.google.com/bot.html)"
74.7.227.39 - - [21/Apr/2026:20:21:34 +0000] "GET /goods.php?detail/25101223617717 HTTP/1.1" 404 21054 "https://s2spw.com/goods.php?detail/251012067910" "Mozilla/5.0 AppleWebKit/537.36 (KHTML, like Gecko; compatible; GPTBot/1.3; +https://openai.com/gptbot)"
74.7.227.39 - - [21/Apr/2026:20:21:37 +0000] "GET /goods.php?detail/03200397374893 HTTP/1.1" 404 21054 "https://s2spw.com/goods.php?detail/032004143744" "Mozilla/5.0 AppleWebKit/537.36 (KHTML, like Gecko; compatible; GPTBot/1.3; +https://openai.com/gptbot)"
74.7.227.39 - - [21/Apr/2026:20:21:39 +0000] "GET /goods.php?detail/03903812919014 HTTP/1.1" 404 21054 "https://s2spw.com/goods.php?detail/038001394063" "Mozilla/5.0 AppleWebKit/537.36 (KHTML, like Gecko; compatible; GPTBot/1.3; +https://openai.com/gptbot)"
74.7.227.39 - - [21/Apr/2026:20:21:42 +0000] "GET /goods.php?detail/00900349808417 HTTP/1.1" 404 21054 "https://s2spw.com/goods.php?detail/009001256712" "Mozilla/5.0 AppleWebKit/537.36 (KHTML, like Gecko; compatible; GPTBot/1.3; +https://openai.com/gptbot)"
74.7.227.39 - - [21/Apr/2026:20:21:45 +0000] "GET /goods.php?detail/03801085587084 HTTP/1.1" 404 21054 "https://s2spw.com/goods.php?goods/047046796" "Mozilla/5.0 AppleWebKit/537.36 (KHTML, like Gecko; compatible; GPTBot/1.3; +https://openai.com/gptbot)"
66.249.79.196 - - [21/Apr/2026:20:21:45 +0000] "GET /?detail/22804556972729 HTTP/1.1" 200 554317 "-" "Mozilla/5.0 (Linux; Android 6.0.1; Nexus 5X Build/MMB29P) AppleWebKit/537.36 (KHTML, like Gecko) Chrome/146.0.7680.177 Mobile Safari/537.36 (compatible; GoogleOther)"
74.7.227.39 - - [21/Apr/2026:20:21:48 +0000] "GET /goods.php?detail/07500361300134 HTTP/1.1" 404 21054 "https://s2spw.com/goods.php?detail/075003137178" "Mozilla/5.0 AppleWebKit/537.36 (KHTML, like Gecko; compatible; GPTBot/1.3; +https://openai.com/gptbot)"
74.7.227.39 - - [21/Apr/2026:20:21:50 +0000] "GET /goods.php?detail/22601771971008 HTTP/1.1" 404 21054 "https://s2spw.com/goods.php?detail/226015255727" "Mozilla/5.0 AppleWebKit/537.36 (KHTML, like Gecko; compatible; GPTBot/1.3; +https://openai.com/gptbot)"
74.7.227.39 - - [21/Apr/2026:20:21:53 +0000] "GET /goods.php?detail/17600223927226 HTTP/1.1" 404 21054 "https://s2spw.com/goods.php?detail/292034912049" "Mozilla/5.0 AppleWebKit/537.36 (KHTML, like Gecko; compatible; GPTBot/1.3; +https://openai.com/gptbot)"
74.7.227.39 - - [21/Apr/2026:20:21:56 +0000] "GET /goods.php?detail/05603363345519 HTTP/1.1" 404 21054 "https://s2spw.com/goods.php?detail/056033639655" "Mozilla/5.0 AppleWebKit/537.36 (KHTML, like Gecko; compatible; GPTBot/1.3; +https://openai.com/gptbot)"
74.7.227.39 - - [21/Apr/2026:20:21:59 +0000] "GET /goods.php?detail/07604654314434 HTTP/1.1" 404 21054 "https://s2spw.com/goods.php?detail/108022022410" "Mozilla/5.0 AppleWebKit/537.36 (KHTML, like Gecko; compatible; GPTBot/1.3; +https://openai.com/gptbot)"
74.7.227.39 - - [21/Apr/2026:20:22:01 +0000] "GET /goods.php?detail/17601711357794 HTTP/1.1" 404 21054 "https://s2spw.com/goods.php?detail/17601709785986" "Mozilla/5.0 AppleWebKit/537.36 (KHTML, like Gecko; compatible; GPTBot/1.3; +https://openai.com/gptbot)"
74.7.227.39 - - [21/Apr/2026:20:22:05 +0000] "GET /goods.php?detail/05304107412554 HTTP/1.1" 404 21054 "https://s2spw.com/goods.php?product/edit/bootsman-lc-cfa0020-1y9" "Mozilla/5.0 AppleWebKit/537.36 (KHTML, like Gecko; compatible; GPTBot/1.3; +https://openai.com/gptbot)"
74.7.227.39 - - [21/Apr/2026:20:22:07 +0000] "GET /goods.php?detail/08201018272716 HTTP/1.1" 404 21054 "https://s2spw.com/goods.php?detail/006041255512" "Mozilla/5.0 AppleWebKit/537.36 (KHTML, like Gecko; compatible; GPTBot/1.3; +https://openai.com/gptbot)"
74.7.227.39 - - [21/Apr/2026:20:22:10 +0000] "GET /goods.php?detail/22004570239757 HTTP/1.1" 404 21054 "https://s2spw.com/goods.php?detail/1130375290906" "Mozilla/5.0 AppleWebKit/537.36 (KHTML, like Gecko; compatible; GPTBot/1.3; +https://openai.com/gptbot)"
74.7.227.39 - - [21/Apr/2026:20:22:13 +0000] "GET /goods.php?detail/13500646405516 HTTP/1.1" 404 21054 "https://s2spw.com/goods.php?detail/1350065190199" "Mozilla/5.0 AppleWebKit/537.36 (KHTML, like Gecko; compatible; GPTBot/1.3; +https://openai.com/gptbot)"
74.7.227.39 - - [21/Apr/2026:20:22:16 +0000] "GET /goods.php?detail/03801705989338 HTTP/1.1" 404 21054 "https://s2spw.com/goods.php?detail/038001047877" "Mozilla/5.0 AppleWebKit/537.36 (KHTML, like Gecko; compatible; GPTBot/1.3; +https://openai.com/gptbot)"
74.7.227.39 - - [21/Apr/2026:20:22:18 +0000] "GET /goods.php?detail/17103144901738 HTTP/1.1" 404 21054 "https://s2spw.com/goods.php?detail/015018729762" "Mozilla/5.0 AppleWebKit/537.36 (KHTML, like Gecko; compatible; GPTBot/1.3; +https://openai.com/gptbot)"
74.7.227.39 - - [21/Apr/2026:20:22:21 +0000] "GET /goods.php?detail/09303011682231 HTTP/1.1" 404 21054 "https://s2spw.com/goods.php?detail/0940050020323" "Mozilla/5.0 AppleWebKit/537.36 (KHTML, like Gecko; compatible; GPTBot/1.3; +https://openai.com/gptbot)"
66.249.79.195 - - [21/Apr/2026:20:22:22 +0000] "GET /?detail/0760239704615 HTTP/1.1" 200 556444 "-" "Mozilla/5.0 (Linux; Android 6.0.1; Nexus 5X Build/MMB29P) AppleWebKit/537.36 (KHTML, like Gecko) Chrome/146.0.7680.177 Mobile Safari/537.36 (compatible; GoogleOther)"
74.7.227.39 - - [21/Apr/2026:20:22:24 +0000] "GET /goods.php?detail/10700998507853 HTTP/1.1" 404 21054 "https://s2spw.com/goods.php?detail/201016111726" "Mozilla/5.0 AppleWebKit/537.36 (KHTML, like Gecko; compatible; GPTBot/1.3; +https://openai.com/gptbot)"
74.7.227.39 - - [21/Apr/2026:20:22:27 +0000] "GET /goods.php?detail/05904979053354 HTTP/1.1" 404 21054 "https://s2spw.com/goods.php?pcmypage?callback=product/review/e-kikai-4227044" "Mozilla/5.0 AppleWebKit/537.36 (KHTML, like Gecko; compatible; GPTBot/1.3; +https://openai.com/gptbot)"
74.7.227.39 - - [21/Apr/2026:20:22:30 +0000] "GET /goods.php?detail/00700329305212 HTTP/1.1" 404 21054 "https://s2spw.com/goods.php?detail/007009288000" "Mozilla/5.0 AppleWebKit/537.36 (KHTML, like Gecko; compatible; GPTBot/1.3; +https://openai.com/gptbot)"
74.7.227.39 - - [21/Apr/2026:20:22:33 +0000] "GET /goods.php?detail/21204415547418 HTTP/1.1" 404 21054 "https://s2spw.com/goods.php?detail/131000336394" "Mozilla/5.0 AppleWebKit/537.36 (KHTML, like Gecko; compatible; GPTBot/1.3; +https://openai.com/gptbot)"
74.7.227.39 - - [21/Apr/2026:20:22:36 +0000] "GET /goods.php?detail/26702645546306 HTTP/1.1" 404 21054 "https://s2spw.com/goods.php?detail/267026425615" "Mozilla/5.0 AppleWebKit/537.36 (KHTML, like Gecko; compatible; GPTBot/1.3; +https://openai.com/gptbot)"
74.7.227.39 - - [21/Apr/2026:20:22:38 +0000] "GET /goods.php?detail/20101430131268 HTTP/1.1" 404 21054 "https://s2spw.com/goods.php?detail/201015445039" "Mozilla/5.0 AppleWebKit/537.36 (KHTML, like Gecko; compatible; GPTBot/1.3; +https://openai.com/gptbot)"
74.7.227.39 - - [21/Apr/2026:20:22:41 +0000] "GET /goods.php?detail/06303561740540 HTTP/1.1" 404 21054 "https://s2spw.com/goods.php?detail/074007007756" "Mozilla/5.0 AppleWebKit/537.36 (KHTML, like Gecko; compatible; GPTBot/1.3; +https://openai.com/gptbot)"
74.7.227.39 - - [21/Apr/2026:20:22:44 +0000] "GET /goods.php?detail/09200441654541 HTTP/1.1" 404 21054 "https://s2spw.com/goods.php?detail/238002364991" "Mozilla/5.0 AppleWebKit/537.36 (KHTML, like Gecko; compatible; GPTBot/1.3; +https://openai.com/gptbot)"
74.7.227.39 - - [21/Apr/2026:20:22:47 +0000] "GET /goods.php?detail/01501671436606 HTTP/1.1" 404 21054 "https://s2spw.com/goods.php?detail/015018216268" "Mozilla/5.0 AppleWebKit/537.36 (KHTML, like Gecko; compatible; GPTBot/1.3; +https://openai.com/gptbot)"
74.7.227.39 - - [21/Apr/2026:20:22:50 +0000] "GET /goods.php?detail/27300197231929 HTTP/1.1" 404 21054 "https://s2spw.com/goods.php?detail/217049701754" "Mozilla/5.0 AppleWebKit/537.36 (KHTML, like Gecko; compatible; GPTBot/1.3; +https://openai.com/gptbot)"
74.7.227.39 - - [21/Apr/2026:20:22:52 +0000] "GET /goods.php?detail/21801750118129 HTTP/1.1" 404 21054 "https://s2spw.com/goods.php?detail/121019281170" "Mozilla/5.0 AppleWebKit/537.36 (KHTML, like Gecko; compatible; GPTBot/1.3; +https://openai.com/gptbot)"
74.7.227.39 - - [21/Apr/2026:20:22:55 +0000] "GET /goods.php?detail/03403012331870 HTTP/1.1" 404 21054 "https://s2spw.com/goods.php?detail/034025694045" "Mozilla/5.0 AppleWebKit/537.36 (KHTML, like Gecko; compatible; GPTBot/1.3; +https://openai.com/gptbot)"
74.7.227.39 - - [21/Apr/2026:20:22:58 +0000] "GET /goods.php?detail/08200230571303 HTTP/1.1" 404 21054 "https://s2spw.com/goods.php?product/edit/tuzukiya-m202-73409" "Mozilla/5.0 AppleWebKit/537.36 (KHTML, like Gecko; compatible; GPTBot/1.3; +https://openai.com/gptbot)"
66.249.79.196 - - [21/Apr/2026:20:22:59 +0000] "GET /?jp/258010895.html HTTP/1.1" 200 560508 "-" "Mozilla/5.0 (Linux; Android 6.0.1; Nexus 5X Build/MMB29P) AppleWebKit/537.36 (KHTML, like Gecko) Chrome/146.0.7680.177 Mobile Safari/537.36 (compatible; Googlebot/2.1; +http://www.google.com/bot.html)"
74.7.227.39 - - [21/Apr/2026:20:23:01 +0000] "GET /goods.php?detail/10400783677800 HTTP/1.1" 404 21054 "https://s2spw.com/goods.php?detail/1040065802404" "Mozilla/5.0 AppleWebKit/537.36 (KHTML, like Gecko; compatible; GPTBot/1.3; +https://openai.com/gptbot)"
74.7.227.39 - - [21/Apr/2026:20:23:04 +0000] "GET /goods.php?detail/20100710556509 HTTP/1.1" 404 21054 "https://s2spw.com/goods.php?detail/111004217083" "Mozilla/5.0 AppleWebKit/537.36 (KHTML, like Gecko; compatible; GPTBot/1.3; +https://openai.com/gptbot)"
74.7.227.39 - - [21/Apr/2026:20:23:07 +0000] "GET /goods.php?detail/17500814080513 HTTP/1.1" 404 21054 "https://s2spw.com/goods.php?goods/289009962" "Mozilla/5.0 AppleWebKit/537.36 (KHTML, like Gecko; compatible; GPTBot/1.3; +https://openai.com/gptbot)"
74.7.227.39 - - [21/Apr/2026:20:23:11 +0000] "GET /goods.php?detail/11801859691228 HTTP/1.1" 404 21054 "https://s2spw.com/goods.php?detail/240031114216" "Mozilla/5.0 AppleWebKit/537.36 (KHTML, like Gecko; compatible; GPTBot/1.3; +https://openai.com/gptbot)"
74.7.227.39 - - [21/Apr/2026:20:23:12 +0000] "GET /goods.php?detail/29502749794965 HTTP/1.1" 404 21054 "https://s2spw.com/goods.php?detail/295027138158" "Mozilla/5.0 AppleWebKit/537.36 (KHTML, like Gecko; compatible; GPTBot/1.3; +https://openai.com/gptbot)"
74.7.227.39 - - [21/Apr/2026:20:23:15 +0000] "GET /goods.php?detail/10104776207123 HTTP/1.1" 404 21054 "https://s2spw.com/goods.php?detail/222043234495" "Mozilla/5.0 AppleWebKit/537.36 (KHTML, like Gecko; compatible; GPTBot/1.3; +https://openai.com/gptbot)"
74.7.227.39 - - [21/Apr/2026:20:23:18 +0000] "GET /goods.php?detail/03104055979755 HTTP/1.1" 404 21054 "https://s2spw.com/goods.php?detail/0310410851330" "Mozilla/5.0 AppleWebKit/537.36 (KHTML, like Gecko; compatible; GPTBot/1.3; +https://openai.com/gptbot)"
74.7.227.39 - - [21/Apr/2026:20:23:21 +0000] "GET /goods.php?detail/25504377528772 HTTP/1.1" 404 21054 "https://s2spw.com/goods.php?detail/255044681464" "Mozilla/5.0 AppleWebKit/537.36 (KHTML, like Gecko; compatible; GPTBot/1.3; +https://openai.com/gptbot)"
74.7.227.39 - - [21/Apr/2026:20:23:24 +0000] "GET /goods.php?detail/20400140164729 HTTP/1.1" 404 21054 "https://s2spw.com/goods.php?detail/204001957781" "Mozilla/5.0 AppleWebKit/537.36 (KHTML, like Gecko; compatible; GPTBot/1.3; +https://openai.com/gptbot)"
74.7.227.39 - - [21/Apr/2026:20:23:26 +0000] "GET /goods.php?detail/20404907975759 HTTP/1.1" 404 21054 "https://s2spw.com/goods.php?detail/204049106643" "Mozilla/5.0 AppleWebKit/537.36 (KHTML, like Gecko; compatible; GPTBot/1.3; +https://openai.com/gptbot)"
74.7.227.39 - - [21/Apr/2026:20:23:29 +0000] "GET /goods.php?detail/16102494604615 HTTP/1.1" 404 21054 "https://s2spw.com/goods.php?detail/1340268394681" "Mozilla/5.0 AppleWebKit/537.36 (KHTML, like Gecko; compatible; GPTBot/1.3; +https://openai.com/gptbot)"
74.7.227.39 - - [21/Apr/2026:20:23:32 +0000] "GET /goods.php?detail/28800681173001 HTTP/1.1" 404 21054 "https://s2spw.com/goods.php?detail/205006129019" "Mozilla/5.0 AppleWebKit/537.36 (KHTML, like Gecko; compatible; GPTBot/1.3; +https://openai.com/gptbot)"
74.7.227.39 - - [21/Apr/2026:20:23:35 +0000] "GET /goods.php?detail/01901171092186 HTTP/1.1" 404 21054 "https://s2spw.com/goods.php?detail/019011316462" "Mozilla/5.0 AppleWebKit/537.36 (KHTML, like Gecko; compatible; GPTBot/1.3; +https://openai.com/gptbot)"
74.7.227.39 - - [21/Apr/2026:20:23:38 +0000] "GET /goods.php?detail/04004982574994 HTTP/1.1" 404 21054 "https://s2spw.com/goods.php?detail/040047811275" "Mozilla/5.0 AppleWebKit/537.36 (KHTML, like Gecko; compatible; GPTBot/1.3; +https://openai.com/gptbot)"
74.7.227.39 - - [21/Apr/2026:20:23:40 +0000] "GET /goods.php?detail/07303850608473 HTTP/1.1" 404 21054 "https://s2spw.com/goods.php?detail/073039735028" "Mozilla/5.0 AppleWebKit/537.36 (KHTML, like Gecko; compatible; GPTBot/1.3; +https://openai.com/gptbot)"
74.7.227.39 - - [21/Apr/2026:20:23:43 +0000] "GET /goods.php?detail/17003390017688 HTTP/1.1" 404 21054 "https://s2spw.com/goods.php?detail/252018339944" "Mozilla/5.0 AppleWebKit/537.36 (KHTML, like Gecko; compatible; GPTBot/1.3; +https://openai.com/gptbot)"
66.249.79.195 - - [21/Apr/2026:20:23:44 +0000] "GET /?detail/14602650189041 HTTP/1.1" 200 555156 "-" "Mozilla/5.0 (Linux; Android 6.0.1; Nexus 5X Build/MMB29P) AppleWebKit/537.36 (KHTML, like Gecko) Chrome/146.0.7680.177 Mobile Safari/537.36 (compatible; GoogleOther)"
74.7.227.39 - - [21/Apr/2026:20:23:46 +0000] "GET /goods.php?detail/20502755064264 HTTP/1.1" 404 21054 "https://s2spw.com/goods.php?detail/010011984241" "Mozilla/5.0 AppleWebKit/537.36 (KHTML, like Gecko; compatible; GPTBot/1.3; +https://openai.com/gptbot)"
74.7.227.39 - - [21/Apr/2026:20:23:49 +0000] "GET /goods.php?detail/08901372902002 HTTP/1.1" 404 21054 "https://s2spw.com/goods.php?detail/2380010303683" "Mozilla/5.0 AppleWebKit/537.36 (KHTML, like Gecko; compatible; GPTBot/1.3; +https://openai.com/gptbot)"
74.7.227.39 - - [21/Apr/2026:20:23:52 +0000] "GET /goods.php?detail/02500236271303 HTTP/1.1" 404 21054 "https://s2spw.com/goods.php?detail/250042708108" "Mozilla/5.0 AppleWebKit/537.36 (KHTML, like Gecko; compatible; GPTBot/1.3; +https://openai.com/gptbot)"
74.7.227.39 - - [21/Apr/2026:20:23:55 +0000] "GET /goods.php?detail/01302016837312 HTTP/1.1" 404 21054 "https://s2spw.com/goods.php?detail/013000312267" "Mozilla/5.0 AppleWebKit/537.36 (KHTML, like Gecko; compatible; GPTBot/1.3; +https://openai.com/gptbot)"
74.7.227.39 - - [21/Apr/2026:20:23:58 +0000] "GET /goods.php?detail/24502466365609 HTTP/1.1" 404 21054 "https://s2spw.com/goods.php?detail/141027694237" "Mozilla/5.0 AppleWebKit/537.36 (KHTML, like Gecko; compatible; GPTBot/1.3; +https://openai.com/gptbot)"
74.7.227.39 - - [21/Apr/2026:20:24:01 +0000] "GET /goods.php?detail/04100764605310 HTTP/1.1" 404 21054 "https://s2spw.com/goods.php?detail/147005073390" "Mozilla/5.0 AppleWebKit/537.36 (KHTML, like Gecko; compatible; GPTBot/1.3; +https://openai.com/gptbot)"
74.7.227.39 - - [21/Apr/2026:20:24:03 +0000] "GET /goods.php?detail/13503965015645 HTTP/1.1" 404 21054 "https://s2spw.com/goods.php?detail/135039773751" "Mozilla/5.0 AppleWebKit/537.36 (KHTML, like Gecko; compatible; GPTBot/1.3; +https://openai.com/gptbot)"
62.164.177.47 - - [21/Apr/2026:20:24:05 +0000] "GET / HTTP/1.1" 200 43282 "-" "Mozilla/5.0 (Macintosh; Intel Mac OS X 10_15_7) AppleWebKit/537.36 (KHTML, like Gecko) Chrome/136.0.0.0 Safari/537.36"
62.164.177.47 - - [21/Apr/2026:20:24:06 +0000] "GET / HTTP/1.1" 200 43282 "-" "Mozilla/5.0 (Macintosh; Intel Mac OS X 10_15_7) AppleWebKit/537.36 (KHTML, like Gecko) Chrome/136.0.0.0 Safari/537.36"
74.7.227.39 - - [21/Apr/2026:20:24:06 +0000] "GET /goods.php?detail/24204216996284 HTTP/1.1" 404 21054 "https://s2spw.com/goods.php?detail/242043012005" "Mozilla/5.0 AppleWebKit/537.36 (KHTML, like Gecko; compatible; GPTBot/1.3; +https://openai.com/gptbot)"
62.164.177.47 - - [21/Apr/2026:20:24:07 +0000] "GET / HTTP/1.1" 200 43282 "-" "Mozilla/5.0 (Macintosh; Intel Mac OS X 10_15_7) AppleWebKit/605.1.15 (KHTML, like Gecko) Version/18.4 Safari/605.1.15"
74.7.227.39 - - [21/Apr/2026:20:24:09 +0000] "GET /goods.php?detail/00903035638567 HTTP/1.1" 404 21054 "https://s2spw.com/goods.php?detail/009030290666" "Mozilla/5.0 AppleWebKit/537.36 (KHTML, like Gecko; compatible; GPTBot/1.3; +https://openai.com/gptbot)"
204.12.208.18 - - [21/Apr/2026:20:24:10 +0000] "GET /wp-content/xee5620/edit.php HTTP/1.1" 404 21054 "https://s2spw.com/wp-content/xee5620/edit.php" "Mozilla/5.0 (compatible; MSIE 10.0; Windows NT 6.2; WOW64; Trident/6.0)"
74.7.227.39 - - [21/Apr/2026:20:24:12 +0000] "GET /goods.php?detail/17700889191057 HTTP/1.1" 404 21054 "https://s2spw.com/goods.php?detail/150022849535" "Mozilla/5.0 AppleWebKit/537.36 (KHTML, like Gecko; compatible; GPTBot/1.3; +https://openai.com/gptbot)"
74.7.227.39 - - [21/Apr/2026:20:24:15 +0000] "GET /goods.php?detail/20602326940649 HTTP/1.1" 404 21054 "https://s2spw.com/goods.php?detail/170022734342" "Mozilla/5.0 AppleWebKit/537.36 (KHTML, like Gecko; compatible; GPTBot/1.3; +https://openai.com/gptbot)"
74.7.227.39 - - [21/Apr/2026:20:24:18 +0000] "GET /goods.php?detail/20804007608141 HTTP/1.1" 404 21054 "https://s2spw.com/goods.php?detail/031047017327" "Mozilla/5.0 AppleWebKit/537.36 (KHTML, like Gecko; compatible; GPTBot/1.3; +https://openai.com/gptbot)"
66.249.79.195 - - [21/Apr/2026:20:24:18 +0000] "GET /?goods/273028088 HTTP/1.1" 200 559274 "-" "Mozilla/5.0 (Linux; Android 6.0.1; Nexus 5X Build/MMB29P) AppleWebKit/537.36 (KHTML, like Gecko) Chrome/146.0.7680.177 Mobile Safari/537.36 (compatible; Googlebot/2.1; +http://www.google.com/bot.html)"
74.7.227.39 - - [21/Apr/2026:20:24:20 +0000] "GET /goods.php?detail/19201839190063 HTTP/1.1" 404 21054 "https://s2spw.com/goods.php?detail/182036946283" "Mozilla/5.0 AppleWebKit/537.36 (KHTML, like Gecko; compatible; GPTBot/1.3; +https://openai.com/gptbot)"
74.7.227.39 - - [21/Apr/2026:20:24:23 +0000] "GET /goods.php?detail/21101324108438 HTTP/1.1" 404 21054 "https://s2spw.com/goods.php?detail/214014363269" "Mozilla/5.0 AppleWebKit/537.36 (KHTML, like Gecko; compatible; GPTBot/1.3; +https://openai.com/gptbot)"
74.7.227.39 - - [21/Apr/2026:20:24:26 +0000] "GET /goods.php?detail/07403005874975 HTTP/1.1" 404 21054 "https://s2spw.com/goods.php?detail/246009672968" "Mozilla/5.0 AppleWebKit/537.36 (KHTML, like Gecko; compatible; GPTBot/1.3; +https://openai.com/gptbot)"
14.109.235.240 - - [21/Apr/2026:20:24:27 +0000] "GET / HTTP/1.1" 200 43282 "-" "Mozilla/5.0 (Macintosh; Intel Mac OS X 10_15_7) AppleWebKit/605.1.15 (KHTML, like Gecko) Version/18.4 Safari/605.1.15"
66.249.79.195 - - [21/Apr/2026:20:24:27 +0000] "GET /?jp/033011962.html HTTP/1.1" 200 565872 "-" "Mozilla/5.0 (Linux; Android 6.0.1; Nexus 5X Build/MMB29P) AppleWebKit/537.36 (KHTML, like Gecko) Chrome/146.0.7680.177 Mobile Safari/537.36 (compatible; GoogleOther)"
74.7.227.39 - - [21/Apr/2026:20:24:29 +0000] "GET /goods.php?detail/19300511635416 HTTP/1.1" 404 21054 "https://s2spw.com/goods.php?detail/038030711732" "Mozilla/5.0 AppleWebKit/537.36 (KHTML, like Gecko; compatible; GPTBot/1.3; +https://openai.com/gptbot)"
74.7.227.39 - - [21/Apr/2026:20:24:32 +0000] "GET /goods.php?detail/16602696936439 HTTP/1.1" 404 21054 "https://s2spw.com/goods.php?detail/1010393031051" "Mozilla/5.0 AppleWebKit/537.36 (KHTML, like Gecko; compatible; GPTBot/1.3; +https://openai.com/gptbot)"
74.7.227.39 - - [21/Apr/2026:20:24:34 +0000] "GET /goods.php?detail/04003121774431 HTTP/1.1" 404 21054 "https://s2spw.com/goods.php?detail/125047247874" "Mozilla/5.0 AppleWebKit/537.36 (KHTML, like Gecko; compatible; GPTBot/1.3; +https://openai.com/gptbot)"
124.55.178.99 - - [21/Apr/2026:20:24:35 +0000] "GET / HTTP/1.1" 200 43282 "-" "Mozilla/5.0 (Macintosh; Intel Mac OS X 10_15_7) AppleWebKit/605.1.15 (KHTML, like Gecko) Version/18.4 Safari/605.1.15"
74.7.227.39 - - [21/Apr/2026:20:24:37 +0000] "GET /goods.php?detail/09001424617446 HTTP/1.1" 404 21054 "https://s2spw.com/goods.php?detail/090015787828" "Mozilla/5.0 AppleWebKit/537.36 (KHTML, like Gecko; compatible; GPTBot/1.3; +https://openai.com/gptbot)"
74.7.227.39 - - [21/Apr/2026:20:24:40 +0000] "GET /goods.php?detail/00900407071653 HTTP/1.1" 404 21054 "https://s2spw.com/goods.php?detail/009004152941" "Mozilla/5.0 AppleWebKit/537.36 (KHTML, like Gecko; compatible; GPTBot/1.3; +https://openai.com/gptbot)"
74.7.227.39 - - [21/Apr/2026:20:24:43 +0000] "GET /goods.php?detail/16901987293199 HTTP/1.1" 404 21054 "https://s2spw.com/goods.php?detail/169018914000" "Mozilla/5.0 AppleWebKit/537.36 (KHTML, like Gecko; compatible; GPTBot/1.3; +https://openai.com/gptbot)"
74.7.227.39 - - [21/Apr/2026:20:24:46 +0000] "GET /goods.php?detail/22103631524121 HTTP/1.1" 404 21054 "https://s2spw.com/goods.php?detail/221037451092" "Mozilla/5.0 AppleWebKit/537.36 (KHTML, like Gecko; compatible; GPTBot/1.3; +https://openai.com/gptbot)"
74.7.227.39 - - [21/Apr/2026:20:24:49 +0000] "GET /goods.php?detail/11800763631653 HTTP/1.1" 404 21054 "https://s2spw.com/goods.php?detail/118006741606" "Mozilla/5.0 AppleWebKit/537.36 (KHTML, like Gecko; compatible; GPTBot/1.3; +https://openai.com/gptbot)"
74.7.227.39 - - [21/Apr/2026:20:24:51 +0000] "GET /goods.php?detail/00700353442924 HTTP/1.1" 404 21054 "https://s2spw.com/goods.php?detail/007004090124" "Mozilla/5.0 AppleWebKit/537.36 (KHTML, like Gecko; compatible; GPTBot/1.3; +https://openai.com/gptbot)"
50.30.32.22 - - [21/Apr/2026:20:24:52 +0000] "GET / HTTP/1.1" 200 43282 "-" "Mozilla/5.0 (Macintosh; Intel Mac OS X 10_15_7) AppleWebKit/537.36 (KHTML, like Gecko) Chrome/136.0.0.0 Safari/537.36"
74.7.227.39 - - [21/Apr/2026:20:24:54 +0000] "GET /goods.php?detail/08104901600157 HTTP/1.1" 404 21054 "https://s2spw.com/goods.php?detail/290007763433" "Mozilla/5.0 AppleWebKit/537.36 (KHTML, like Gecko; compatible; GPTBot/1.3; +https://openai.com/gptbot)"
74.7.227.39 - - [21/Apr/2026:20:24:57 +0000] "GET /goods.php?detail/27203120662057 HTTP/1.1" 404 21054 "https://s2spw.com/goods.php?detail/295002925822" "Mozilla/5.0 AppleWebKit/537.36 (KHTML, like Gecko; compatible; GPTBot/1.3; +https://openai.com/gptbot)"
74.7.227.39 - - [21/Apr/2026:20:25:00 +0000] "GET /goods.php?detail/19102208559185 HTTP/1.1" 404 21054 "https://s2spw.com/goods.php?detail/191021094615" "Mozilla/5.0 AppleWebKit/537.36 (KHTML, like Gecko; compatible; GPTBot/1.3; +https://openai.com/gptbot)"
124.55.178.99 - - [21/Apr/2026:20:25:01 +0000] "GET / HTTP/1.1" 200 43282 "-" "Mozilla/5.0 (Macintosh; Intel Mac OS X 10_15_7) AppleWebKit/537.36 (KHTML, like Gecko) Chrome/136.0.0.0 Safari/537.36"
74.7.227.39 - - [21/Apr/2026:20:25:02 +0000] "GET /goods.php?detail/16104511607206 HTTP/1.1" 404 21054 "https://s2spw.com/goods.php?detail/161045112149" "Mozilla/5.0 AppleWebKit/537.36 (KHTML, like Gecko; compatible; GPTBot/1.3; +https://openai.com/gptbot)"
74.7.227.39 - - [21/Apr/2026:20:25:05 +0000] "GET /goods.php?detail/10102056051482 HTTP/1.1" 404 21054 "https://s2spw.com/goods.php?detail/1010204313341" "Mozilla/5.0 AppleWebKit/537.36 (KHTML, like Gecko; compatible; GPTBot/1.3; +https://openai.com/gptbot)"
165.22.116.110 - - [21/Apr/2026:20:25:08 +0000] "GET / HTTP/1.1" 200 43282 "-" "Mozilla/5.0 (Macintosh; Intel Mac OS X 10.15; rv:135.0) Gecko/20100101 Firefox/135.0"
74.7.227.39 - - [21/Apr/2026:20:25:08 +0000] "GET /goods.php?detail/03204805278505 HTTP/1.1" 404 21054 "https://s2spw.com/goods.php?detail/0320499792027" "Mozilla/5.0 AppleWebKit/537.36 (KHTML, like Gecko; compatible; GPTBot/1.3; +https://openai.com/gptbot)"
74.7.227.39 - - [21/Apr/2026:20:25:11 +0000] "GET /goods.php?detail/17100850053814 HTTP/1.1" 404 21054 "https://s2spw.com/goods.php?detail/171007494006" "Mozilla/5.0 AppleWebKit/537.36 (KHTML, like Gecko; compatible; GPTBot/1.3; +https://openai.com/gptbot)"
74.7.227.39 - - [21/Apr/2026:20:25:14 +0000] "GET /goods.php?detail/22604465263765 HTTP/1.1" 404 21054 "https://s2spw.com/goods.php?jp/240008151.html" "Mozilla/5.0 AppleWebKit/537.36 (KHTML, like Gecko; compatible; GPTBot/1.3; +https://openai.com/gptbot)"
74.7.227.39 - - [21/Apr/2026:20:25:17 +0000] "GET /goods.php?detail/27601062721997 HTTP/1.1" 404 21054 "https://s2spw.com/goods.php?detail/276011138323" "Mozilla/5.0 AppleWebKit/537.36 (KHTML, like Gecko; compatible; GPTBot/1.3; +https://openai.com/gptbot)"
74.7.227.39 - - [21/Apr/2026:20:25:20 +0000] "GET /goods.php?detail/07800766147546 HTTP/1.1" 404 21054 "https://s2spw.com/goods.php?jp/078007027.html" "Mozilla/5.0 AppleWebKit/537.36 (KHTML, like Gecko; compatible; GPTBot/1.3; +https://openai.com/gptbot)"
74.7.227.39 - - [21/Apr/2026:20:25:23 +0000] "GET /goods.php?detail/02200558302109 HTTP/1.1" 404 21054 "https://s2spw.com/goods.php?detail/022005412287" "Mozilla/5.0 AppleWebKit/537.36 (KHTML, like Gecko; compatible; GPTBot/1.3; +https://openai.com/gptbot)"
74.7.227.39 - - [21/Apr/2026:20:25:25 +0000] "GET /goods.php?detail/27301008130719 HTTP/1.1" 404 21054 "https://s2spw.com/goods.php?jp/084003731.html" "Mozilla/5.0 AppleWebKit/537.36 (KHTML, like Gecko; compatible; GPTBot/1.3; +https://openai.com/gptbot)"
66.249.79.195 - - [21/Apr/2026:20:25:28 +0000] "GET /?jp/169030813.html HTTP/1.1" 200 557875 "-" "Mozilla/5.0 (Linux; Android 6.0.1; Nexus 5X Build/MMB29P) AppleWebKit/537.36 (KHTML, like Gecko) Chrome/146.0.7680.177 Mobile Safari/537.36 (compatible; Googlebot/2.1; +http://www.google.com/bot.html)"
74.7.227.39 - - [21/Apr/2026:20:25:28 +0000] "GET /goods.php?detail/20604627216019 HTTP/1.1" 404 21054 "https://s2spw.com/goods.php?detail/035002935284" "Mozilla/5.0 AppleWebKit/537.36 (KHTML, like Gecko; compatible; GPTBot/1.3; +https://openai.com/gptbot)"
74.7.227.39 - - [21/Apr/2026:20:25:31 +0000] "GET /goods.php?detail/04404853354968 HTTP/1.1" 404 21054 "https://s2spw.com/goods.php?detail/002024007158" "Mozilla/5.0 AppleWebKit/537.36 (KHTML, like Gecko; compatible; GPTBot/1.3; +https://openai.com/gptbot)"
74.7.227.39 - - [21/Apr/2026:20:25:34 +0000] "GET /goods.php?detail/04400434419261 HTTP/1.1" 404 21054 "https://s2spw.com/goods.php?detail/090024711070" "Mozilla/5.0 AppleWebKit/537.36 (KHTML, like Gecko; compatible; GPTBot/1.3; +https://openai.com/gptbot)"
74.7.227.39 - - [21/Apr/2026:20:25:37 +0000] "GET /goods.php?detail/04904840395063 HTTP/1.1" 404 21054 "https://s2spw.com/goods.php?detail/006040924256" "Mozilla/5.0 AppleWebKit/537.36 (KHTML, like Gecko; compatible; GPTBot/1.3; +https://openai.com/gptbot)"
74.7.227.39 - - [21/Apr/2026:20:25:40 +0000] "GET /goods.php?detail/03500335894253 HTTP/1.1" 404 21054 "https://s2spw.com/goods.php?product/edit/auc-orangetokei-fr-cc257x" "Mozilla/5.0 AppleWebKit/537.36 (KHTML, like Gecko; compatible; GPTBot/1.3; +https://openai.com/gptbot)"
66.249.79.195 - - [21/Apr/2026:20:25:42 +0000] "GET /?detail/2410260735178 HTTP/1.1" 200 575391 "-" "Mozilla/5.0 (Linux; Android 6.0.1; Nexus 5X Build/MMB29P) AppleWebKit/537.36 (KHTML, like Gecko) Chrome/146.0.7680.177 Mobile Safari/537.36 (compatible; GoogleOther)"
74.7.227.39 - - [21/Apr/2026:20:25:43 +0000] "GET /goods.php?detail/08003639665736 HTTP/1.1" 404 21054 "https://s2spw.com/goods.php?detail/078031888500" "Mozilla/5.0 AppleWebKit/537.36 (KHTML, like Gecko; compatible; GPTBot/1.3; +https://openai.com/gptbot)"
74.7.227.39 - - [21/Apr/2026:20:25:46 +0000] "GET /goods.php?detail/08202097502199 HTTP/1.1" 404 21054 "https://s2spw.com/goods.php?detail/2820020848723" "Mozilla/5.0 AppleWebKit/537.36 (KHTML, like Gecko; compatible; GPTBot/1.3; +https://openai.com/gptbot)"
74.7.227.39 - - [21/Apr/2026:20:25:49 +0000] "GET /goods.php?detail/02100268996710 HTTP/1.1" 404 21054 "https://s2spw.com/goods.php?detail/021002770447" "Mozilla/5.0 AppleWebKit/537.36 (KHTML, like Gecko; compatible; GPTBot/1.3; +https://openai.com/gptbot)"
74.7.227.39 - - [21/Apr/2026:20:25:51 +0000] "GET /goods.php?detail/04104891144795 HTTP/1.1" 404 21054 "https://s2spw.com/goods.php?detail/041046793290" "Mozilla/5.0 AppleWebKit/537.36 (KHTML, like Gecko; compatible; GPTBot/1.3; +https://openai.com/gptbot)"
74.7.227.39 - - [21/Apr/2026:20:25:54 +0000] "GET /goods.php?detail/05901525916557 HTTP/1.1" 404 21054 "https://s2spw.com/goods.php?detail/151001744193" "Mozilla/5.0 AppleWebKit/537.36 (KHTML, like Gecko; compatible; GPTBot/1.3; +https://openai.com/gptbot)"
66.249.79.195 - - [21/Apr/2026:20:25:55 +0000] "GET /?goods/020013257 HTTP/1.1" 200 558223 "-" "Mozilla/5.0 (Linux; Android 6.0.1; Nexus 5X Build/MMB29P) AppleWebKit/537.36 (KHTML, like Gecko) Chrome/146.0.7680.177 Mobile Safari/537.36 (compatible; Googlebot/2.1; +http://www.google.com/bot.html)"
74.7.227.39 - - [21/Apr/2026:20:25:57 +0000] "GET /goods.php?detail/20101907718995 HTTP/1.1" 404 21054 "https://s2spw.com/goods.php?detail/2010188487665" "Mozilla/5.0 AppleWebKit/537.36 (KHTML, like Gecko; compatible; GPTBot/1.3; +https://openai.com/gptbot)"
74.7.227.39 - - [21/Apr/2026:20:26:00 +0000] "GET /goods.php?detail/10102058824090 HTTP/1.1" 404 21054 "https://s2spw.com/goods.php?detail/101020458590" "Mozilla/5.0 AppleWebKit/537.36 (KHTML, like Gecko; compatible; GPTBot/1.3; +https://openai.com/gptbot)"
66.249.79.195 - - [21/Apr/2026:20:26:01 +0000] "GET /?jp/050031341.html HTTP/1.1" 200 554750 "-" "Mozilla/5.0 (Linux; Android 6.0.1; Nexus 5X Build/MMB29P) AppleWebKit/537.36 (KHTML, like Gecko) Chrome/146.0.7680.177 Mobile Safari/537.36 (compatible; Googlebot/2.1; +http://www.google.com/bot.html)"
74.7.227.39 - - [21/Apr/2026:20:26:03 +0000] "GET /goods.php?detail/05003892857338 HTTP/1.1" 404 21054 "https://s2spw.com/goods.php?detail/011010658475" "Mozilla/5.0 AppleWebKit/537.36 (KHTML, like Gecko; compatible; GPTBot/1.3; +https://openai.com/gptbot)"
74.7.227.39 - - [21/Apr/2026:20:26:05 +0000] "GET /goods.php?detail/25803939526055 HTTP/1.1" 404 21054 "https://s2spw.com/goods.php?detail/258032915844" "Mozilla/5.0 AppleWebKit/537.36 (KHTML, like Gecko; compatible; GPTBot/1.3; +https://openai.com/gptbot)"
74.7.227.39 - - [21/Apr/2026:20:26:08 +0000] "GET /goods.php?detail/11604361887411 HTTP/1.1" 404 21054 "https://s2spw.com/goods.php?product/edit/zaccaru-1-ds-2236215" "Mozilla/5.0 AppleWebKit/537.36 (KHTML, like Gecko; compatible; GPTBot/1.3; +https://openai.com/gptbot)"
74.7.227.39 - - [21/Apr/2026:20:26:11 +0000] "GET /goods.php?detail/17701267285727 HTTP/1.1" 404 21054 "https://s2spw.com/goods.php?detail/177012000966" "Mozilla/5.0 AppleWebKit/537.36 (KHTML, like Gecko; compatible; GPTBot/1.3; +https://openai.com/gptbot)"
74.7.227.39 - - [21/Apr/2026:20:26:14 +0000] "GET /goods.php?detail/09403181733100 HTTP/1.1" 404 21054 "https://s2spw.com/goods.php?detail/279037925267" "Mozilla/5.0 AppleWebKit/537.36 (KHTML, like Gecko; compatible; GPTBot/1.3; +https://openai.com/gptbot)"
74.7.227.39 - - [21/Apr/2026:20:26:17 +0000] "GET /goods.php?detail/11201817978578 HTTP/1.1" 404 21054 "https://s2spw.com/goods.php?detail/1120108248820" "Mozilla/5.0 AppleWebKit/537.36 (KHTML, like Gecko; compatible; GPTBot/1.3; +https://openai.com/gptbot)"
74.7.227.39 - - [21/Apr/2026:20:26:20 +0000] "GET /goods.php?detail/14901660662561 HTTP/1.1" 404 21054 "https://s2spw.com/goods.php?detail/100026532065" "Mozilla/5.0 AppleWebKit/537.36 (KHTML, like Gecko; compatible; GPTBot/1.3; +https://openai.com/gptbot)"
74.7.227.39 - - [21/Apr/2026:20:26:23 +0000] "GET /goods.php?detail/06202089661905 HTTP/1.1" 404 21054 "https://s2spw.com/goods.php?detail/062021041522" "Mozilla/5.0 AppleWebKit/537.36 (KHTML, like Gecko; compatible; GPTBot/1.3; +https://openai.com/gptbot)"
74.7.227.39 - - [21/Apr/2026:20:26:26 +0000] "GET /goods.php?detail/03100505652159 HTTP/1.1" 404 21054 "https://s2spw.com/goods.php?detail/031004842082" "Mozilla/5.0 AppleWebKit/537.36 (KHTML, like Gecko; compatible; GPTBot/1.3; +https://openai.com/gptbot)"
74.7.227.39 - - [21/Apr/2026:20:26:28 +0000] "GET /goods.php?detail/12700696265061 HTTP/1.1" 404 21054 "https://s2spw.com/goods.php?detail/008043655466" "Mozilla/5.0 AppleWebKit/537.36 (KHTML, like Gecko; compatible; GPTBot/1.3; +https://openai.com/gptbot)"
74.7.227.39 - - [21/Apr/2026:20:26:31 +0000] "GET /goods.php?detail/11201805808683 HTTP/1.1" 404 21054 "https://s2spw.com/goods.php?detail/053045405971" "Mozilla/5.0 AppleWebKit/537.36 (KHTML, like Gecko; compatible; GPTBot/1.3; +https://openai.com/gptbot)"
66.249.79.195 - - [21/Apr/2026:20:26:32 +0000] "GET /?detail/05403392094138 HTTP/1.1" 200 556680 "-" "Mozilla/5.0 (Linux; Android 6.0.1; Nexus 5X Build/MMB29P) AppleWebKit/537.36 (KHTML, like Gecko) Chrome/146.0.7680.177 Mobile Safari/537.36 (compatible; GoogleOther)"
74.7.227.39 - - [21/Apr/2026:20:26:34 +0000] "GET /goods.php?detail/26100500209523 HTTP/1.1" 404 21054 "https://s2spw.com/goods.php?detail/261004800283" "Mozilla/5.0 AppleWebKit/537.36 (KHTML, like Gecko; compatible; GPTBot/1.3; +https://openai.com/gptbot)"
74.7.227.39 - - [21/Apr/2026:20:26:37 +0000] "GET /goods.php?detail/19701916747993 HTTP/1.1" 404 21054 "https://s2spw.com/goods.php?detail/222008554060" "Mozilla/5.0 AppleWebKit/537.36 (KHTML, like Gecko; compatible; GPTBot/1.3; +https://openai.com/gptbot)"
66.249.79.195 - - [21/Apr/2026:20:26:38 +0000] "GET /?goods/133027381 HTTP/1.1" 200 565653 "-" "Mozilla/5.0 (Linux; Android 6.0.1; Nexus 5X Build/MMB29P) AppleWebKit/537.36 (KHTML, like Gecko) Chrome/146.0.7680.177 Mobile Safari/537.36 (compatible; Googlebot/2.1; +http://www.google.com/bot.html)"
74.7.227.39 - - [21/Apr/2026:20:26:39 +0000] "GET /goods.php?detail/17502575522635 HTTP/1.1" 404 21054 "https://s2spw.com/goods.php?detail/175005861035" "Mozilla/5.0 AppleWebKit/537.36 (KHTML, like Gecko; compatible; GPTBot/1.3; +https://openai.com/gptbot)"
74.7.227.39 - - [21/Apr/2026:20:26:42 +0000] "GET /goods.php?detail/14002540584620 HTTP/1.1" 404 21054 "https://s2spw.com/goods.php?detail/294031320310" "Mozilla/5.0 AppleWebKit/537.36 (KHTML, like Gecko; compatible; GPTBot/1.3; +https://openai.com/gptbot)"
74.7.227.39 - - [21/Apr/2026:20:26:45 +0000] "GET /goods.php?detail/04304091534481 HTTP/1.1" 404 21054 "https://s2spw.com/goods.php?detail/167047852841" "Mozilla/5.0 AppleWebKit/537.36 (KHTML, like Gecko; compatible; GPTBot/1.3; +https://openai.com/gptbot)"
74.7.227.39 - - [21/Apr/2026:20:26:48 +0000] "GET /goods.php?detail/22304959091955 HTTP/1.1" 404 21054 "https://s2spw.com/goods.php?detail/223045972275" "Mozilla/5.0 AppleWebKit/537.36 (KHTML, like Gecko; compatible; GPTBot/1.3; +https://openai.com/gptbot)"
74.7.227.39 - - [21/Apr/2026:20:26:51 +0000] "GET /goods.php?detail/19800525522096 HTTP/1.1" 404 21054 "https://s2spw.com/goods.php?detail/198006289286" "Mozilla/5.0 AppleWebKit/537.36 (KHTML, like Gecko; compatible; GPTBot/1.3; +https://openai.com/gptbot)"
74.7.227.39 - - [21/Apr/2026:20:26:54 +0000] "GET /goods.php?detail/02200278443892 HTTP/1.1" 404 21054 "https://s2spw.com/goods.php?detail/022002937481" "Mozilla/5.0 AppleWebKit/537.36 (KHTML, like Gecko; compatible; GPTBot/1.3; +https://openai.com/gptbot)"
74.7.227.39 - - [21/Apr/2026:20:26:57 +0000] "GET /goods.php?detail/08604293884688 HTTP/1.1" 404 21054 "https://s2spw.com/goods.php?detail/044035625675" "Mozilla/5.0 AppleWebKit/537.36 (KHTML, like Gecko; compatible; GPTBot/1.3; +https://openai.com/gptbot)"
74.7.227.39 - - [21/Apr/2026:20:26:59 +0000] "GET /goods.php?detail/04404387108731 HTTP/1.1" 404 21054 "https://s2spw.com/goods.php?detail/0440410085030" "Mozilla/5.0 AppleWebKit/537.36 (KHTML, like Gecko; compatible; GPTBot/1.3; +https://openai.com/gptbot)"
74.7.227.39 - - [21/Apr/2026:20:27:02 +0000] "GET /goods.php?detail/10904427727897 HTTP/1.1" 404 21054 "https://s2spw.com/goods.php?product/edit/spaccio-uso-23056-1" "Mozilla/5.0 AppleWebKit/537.36 (KHTML, like Gecko; compatible; GPTBot/1.3; +https://openai.com/gptbot)"
74.7.227.39 - - [21/Apr/2026:20:27:05 +0000] "GET /goods.php?detail/15100811031936 HTTP/1.1" 404 21054 "https://s2spw.com/goods.php?detail/214001473739" "Mozilla/5.0 AppleWebKit/537.36 (KHTML, like Gecko; compatible; GPTBot/1.3; +https://openai.com/gptbot)"
66.249.79.195 - - [21/Apr/2026:20:27:06 +0000] "GET /special/209034898.html HTTP/1.1" 200 562309 "-" "Mozilla/5.0 (Linux; Android 6.0.1; Nexus 5X Build/MMB29P) AppleWebKit/537.36 (KHTML, like Gecko) Chrome/146.0.7680.177 Mobile Safari/537.36 (compatible; Googlebot/2.1; +http://www.google.com/bot.html)"
74.7.227.39 - - [21/Apr/2026:20:27:08 +0000] "GET /goods.php?detail/02801925018995 HTTP/1.1" 404 21054 "https://s2spw.com/goods.php?detail/0280227883484" "Mozilla/5.0 AppleWebKit/537.36 (KHTML, like Gecko; compatible; GPTBot/1.3; +https://openai.com/gptbot)"
74.7.227.39 - - [21/Apr/2026:20:27:11 +0000] "GET /goods.php?detail/15901549661631 HTTP/1.1" 404 21054 "https://s2spw.com/goods.php?detail/097032895959" "Mozilla/5.0 AppleWebKit/537.36 (KHTML, like Gecko; compatible; GPTBot/1.3; +https://openai.com/gptbot)"
74.7.227.39 - - [21/Apr/2026:20:27:14 +0000] "GET /goods.php?detail/14501414228438 HTTP/1.1" 404 21054 "https://s2spw.com/goods.php?jp/145014288.html" "Mozilla/5.0 AppleWebKit/537.36 (KHTML, like Gecko; compatible; GPTBot/1.3; +https://openai.com/gptbot)"
74.7.227.39 - - [21/Apr/2026:20:27:16 +0000] "GET /goods.php?detail/03400396110980 HTTP/1.1" 404 21054 "https://s2spw.com/goods.php?detail/201024292666" "Mozilla/5.0 AppleWebKit/537.36 (KHTML, like Gecko; compatible; GPTBot/1.3; +https://openai.com/gptbot)"
74.7.227.39 - - [21/Apr/2026:20:27:19 +0000] "GET /goods.php?detail/17003007278046 HTTP/1.1" 404 21054 "https://s2spw.com/goods.php?goods/170030095" "Mozilla/5.0 AppleWebKit/537.36 (KHTML, like Gecko; compatible; GPTBot/1.3; +https://openai.com/gptbot)"
74.7.227.39 - - [21/Apr/2026:20:27:22 +0000] "GET /goods.php?detail/21602213140329 HTTP/1.1" 404 21054 "https://s2spw.com/goods.php?detail/039001731185" "Mozilla/5.0 AppleWebKit/537.36 (KHTML, like Gecko; compatible; GPTBot/1.3; +https://openai.com/gptbot)"
74.7.227.39 - - [21/Apr/2026:20:27:25 +0000] "GET /goods.php?detail/12004600219934 HTTP/1.1" 404 21054 "https://s2spw.com/goods.php?detail/282031208991" "Mozilla/5.0 AppleWebKit/537.36 (KHTML, like Gecko; compatible; GPTBot/1.3; +https://openai.com/gptbot)"
66.249.79.195 - - [21/Apr/2026:20:27:25 +0000] "GET /?detail/23203824159530 HTTP/1.1" 301 - "-" "Mozilla/5.0 (Linux; Android 6.0.1; Nexus 5X Build/MMB29P) AppleWebKit/537.36 (KHTML, like Gecko) Chrome/146.0.7680.177 Mobile Safari/537.36 (compatible; Googlebot/2.1; +http://www.google.com/bot.html)"
66.249.79.196 - - [21/Apr/2026:20:27:26 +0000] "GET /?detail%2F23203824159530 HTTP/1.1" 200 555968 "-" "Mozilla/5.0 (Linux; Android 6.0.1; Nexus 5X Build/MMB29P) AppleWebKit/537.36 (KHTML, like Gecko) Chrome/146.0.7680.177 Mobile Safari/537.36 (compatible; Googlebot/2.1; +http://www.google.com/bot.html)"
74.7.227.39 - - [21/Apr/2026:20:27:28 +0000] "GET /goods.php?detail/04600405618643 HTTP/1.1" 404 21054 "https://s2spw.com/goods.php?detail/046003716125" "Mozilla/5.0 AppleWebKit/537.36 (KHTML, like Gecko; compatible; GPTBot/1.3; +https://openai.com/gptbot)"
74.7.227.39 - - [21/Apr/2026:20:27:31 +0000] "GET /goods.php?detail/10301362476613 HTTP/1.1" 404 21054 "https://s2spw.com/goods.php?detail/103013564498" "Mozilla/5.0 AppleWebKit/537.36 (KHTML, like Gecko; compatible; GPTBot/1.3; +https://openai.com/gptbot)"
74.7.227.39 - - [21/Apr/2026:20:27:34 +0000] "GET /goods.php?detail/04304046563190 HTTP/1.1" 404 21054 "https://s2spw.com/goods.php?detail/043040423668" "Mozilla/5.0 AppleWebKit/537.36 (KHTML, like Gecko; compatible; GPTBot/1.3; +https://openai.com/gptbot)"
66.249.79.195 - - [21/Apr/2026:20:27:36 +0000] "GET /?jp/076043161.html HTTP/1.1" 200 553487 "-" "Mozilla/5.0 (Linux; Android 6.0.1; Nexus 5X Build/MMB29P) AppleWebKit/537.36 (KHTML, like Gecko) Chrome/146.0.7680.177 Mobile Safari/537.36 (compatible; Googlebot/2.1; +http://www.google.com/bot.html)"
74.7.227.39 - - [21/Apr/2026:20:27:37 +0000] "GET /goods.php?detail/05601301420255 HTTP/1.1" 404 21054 "https://s2spw.com/goods.php?detail/056012929156" "Mozilla/5.0 AppleWebKit/537.36 (KHTML, like Gecko; compatible; GPTBot/1.3; +https://openai.com/gptbot)"
74.7.227.39 - - [21/Apr/2026:20:27:40 +0000] "GET /goods.php?detail/09303321034971 HTTP/1.1" 404 21054 "https://s2spw.com/goods.php?detail/2130034132231" "Mozilla/5.0 AppleWebKit/537.36 (KHTML, like Gecko; compatible; GPTBot/1.3; +https://openai.com/gptbot)"
66.249.79.195 - - [21/Apr/2026:20:27:42 +0000] "GET /?goods/147039924 HTTP/1.1" 200 558375 "-" "Mozilla/5.0 (Linux; Android 6.0.1; Nexus 5X Build/MMB29P) AppleWebKit/537.36 (KHTML, like Gecko) Chrome/146.0.7680.177 Mobile Safari/537.36 (compatible; GoogleOther)"
74.7.227.39 - - [21/Apr/2026:20:27:42 +0000] "GET /goods.php?detail/26901001625926 HTTP/1.1" 404 21054 "https://s2spw.com/goods.php?detail/194026498615" "Mozilla/5.0 AppleWebKit/537.36 (KHTML, like Gecko; compatible; GPTBot/1.3; +https://openai.com/gptbot)"
74.7.227.39 - - [21/Apr/2026:20:27:45 +0000] "GET /goods.php?detail/10102432254461 HTTP/1.1" 404 21054 "https://s2spw.com/goods.php?detail/1010243454795" "Mozilla/5.0 AppleWebKit/537.36 (KHTML, like Gecko; compatible; GPTBot/1.3; +https://openai.com/gptbot)"
74.7.227.39 - - [21/Apr/2026:20:27:48 +0000] "GET /goods.php?detail/12201192046003 HTTP/1.1" 404 21054 "https://s2spw.com/goods.php?detail/122011885825" "Mozilla/5.0 AppleWebKit/537.36 (KHTML, like Gecko; compatible; GPTBot/1.3; +https://openai.com/gptbot)"
74.7.227.39 - - [21/Apr/2026:20:27:51 +0000] "GET /goods.php?detail/02502920144246 HTTP/1.1" 404 21054 "https://s2spw.com/goods.php?detail/088004602580" "Mozilla/5.0 AppleWebKit/537.36 (KHTML, like Gecko; compatible; GPTBot/1.3; +https://openai.com/gptbot)"
74.7.227.39 - - [21/Apr/2026:20:27:54 +0000] "GET /goods.php?detail/04004164559567 HTTP/1.1" 404 21054 "https://s2spw.com/goods.php?detail/133034053653" "Mozilla/5.0 AppleWebKit/537.36 (KHTML, like Gecko; compatible; GPTBot/1.3; +https://openai.com/gptbot)"
74.7.227.39 - - [21/Apr/2026:20:27:57 +0000] "GET /goods.php?detail/07700608510745 HTTP/1.1" 404 21054 "https://s2spw.com/goods.php?detail/080023451096" "Mozilla/5.0 AppleWebKit/537.36 (KHTML, like Gecko; compatible; GPTBot/1.3; +https://openai.com/gptbot)"
74.7.227.39 - - [21/Apr/2026:20:27:59 +0000] "GET /goods.php?detail/05300607930312 HTTP/1.1" 404 21054 "https://s2spw.com/goods.php?detail/285011019899" "Mozilla/5.0 AppleWebKit/537.36 (KHTML, like Gecko; compatible; GPTBot/1.3; +https://openai.com/gptbot)"
74.7.227.39 - - [21/Apr/2026:20:28:02 +0000] "GET /goods.php?detail/15803484142248 HTTP/1.1" 404 21054 "https://s2spw.com/goods.php?jp/158034840.html" "Mozilla/5.0 AppleWebKit/537.36 (KHTML, like Gecko; compatible; GPTBot/1.3; +https://openai.com/gptbot)"
74.7.227.39 - - [21/Apr/2026:20:28:05 +0000] "GET /goods.php?detail/07400645527495 HTTP/1.1" 404 21054 "https://s2spw.com/goods.php?detail/074006442114" "Mozilla/5.0 AppleWebKit/537.36 (KHTML, like Gecko; compatible; GPTBot/1.3; +https://openai.com/gptbot)"
74.7.227.39 - - [21/Apr/2026:20:28:08 +0000] "GET /goods.php?detail/28800901608873 HTTP/1.1" 404 21054 "https://s2spw.com/goods.php?detail/007043932999" "Mozilla/5.0 AppleWebKit/537.36 (KHTML, like Gecko; compatible; GPTBot/1.3; +https://openai.com/gptbot)"
74.7.227.39 - - [21/Apr/2026:20:28:11 +0000] "GET /goods.php?detail/05703133232081 HTTP/1.1" 404 21054 "https://s2spw.com/goods.php?detail/163023017999" "Mozilla/5.0 AppleWebKit/537.36 (KHTML, like Gecko; compatible; GPTBot/1.3; +https://openai.com/gptbot)"
74.7.227.39 - - [21/Apr/2026:20:28:14 +0000] "GET /goods.php?detail/21701158252542 HTTP/1.1" 404 21054 "https://s2spw.com/goods.php?detail/217011401029" "Mozilla/5.0 AppleWebKit/537.36 (KHTML, like Gecko; compatible; GPTBot/1.3; +https://openai.com/gptbot)"
74.7.227.39 - - [21/Apr/2026:20:28:16 +0000] "GET /goods.php?detail/24704416154515 HTTP/1.1" 404 21054 "https://s2spw.com/goods.php?detail/247038533936" "Mozilla/5.0 AppleWebKit/537.36 (KHTML, like Gecko; compatible; GPTBot/1.3; +https://openai.com/gptbot)"
74.7.227.39 - - [21/Apr/2026:20:28:19 +0000] "GET /goods.php?detail/10102385041006 HTTP/1.1" 404 21054 "https://s2spw.com/goods.php?detail/101023801816" "Mozilla/5.0 AppleWebKit/537.36 (KHTML, like Gecko; compatible; GPTBot/1.3; +https://openai.com/gptbot)"
74.7.227.39 - - [21/Apr/2026:20:28:22 +0000] "GET /goods.php?detail/10702791907841 HTTP/1.1" 404 21054 "https://s2spw.com/goods.php?jp/107029990.html" "Mozilla/5.0 AppleWebKit/537.36 (KHTML, like Gecko; compatible; GPTBot/1.3; +https://openai.com/gptbot)"
74.7.227.39 - - [21/Apr/2026:20:28:25 +0000] "GET /goods.php?detail/03602874743470 HTTP/1.1" 404 21054 "https://s2spw.com/goods.php?goods/225018855" "Mozilla/5.0 AppleWebKit/537.36 (KHTML, like Gecko; compatible; GPTBot/1.3; +https://openai.com/gptbot)"
