70.35.205.237 - - [21/Apr/2026:20:39:31 +0000] "POST /wp-login.php HTTP/1.1" 200 4600 "https://www.google.com/" "Mozilla/5.0 (Windows NT 10.0; Win64; x64) AppleWebKit/537.36 (KHTML, like Gecko) Chrome/91.0.4472.124 Safari/537.36"
66.249.79.196 - - [21/Apr/2026:20:39:31 +0000] "GET /?detail/07504818567972 HTTP/1.1" 301 - "-" "Mozilla/5.0 (Linux; Android 6.0.1; Nexus 5X Build/MMB29P) AppleWebKit/537.36 (KHTML, like Gecko) Chrome/146.0.7680.177 Mobile Safari/537.36 (compatible; GoogleOther)"
70.35.205.237 - - [21/Apr/2026:20:39:31 +0000] "HEAD / HTTP/1.1" 200 - "https://s2spw.com/" "Mozilla/5.0 (Windows NT 10.0; Win64; x64) AppleWebKit/537.36 (KHTML, like Gecko) Chrome/91.0.4472.124 Safari/537.36"
70.35.205.237 - - [21/Apr/2026:20:39:31 +0000] "POST /wp-login.php HTTP/1.1" 302 - "https://s2spw.com/wp-admin/" "Mozilla/5.0 (Windows NT 10.0; Win64; x64) AppleWebKit/537.36 (KHTML, like Gecko) Chrome/90.0.4430.85 Safari/537.36"
70.35.205.237 - - [21/Apr/2026:20:39:31 +0000] "POST /wp-login.php HTTP/1.1" 200 4600 "https://www.google.com/" "Mozilla/5.0 (Windows NT 10.0; Win64; x64) AppleWebKit/537.36 (KHTML, like Gecko) Chrome/91.0.4472.124 Safari/537.36"
70.35.205.237 - - [21/Apr/2026:20:39:31 +0000] "GET /wp-admin/ HTTP/1.1" 200 75117 "https://s2spw.com/wp-admin/" "Mozilla/5.0 (Windows NT 10.0; Win64; x64) AppleWebKit/537.36 (KHTML, like Gecko) Chrome/90.0.4430.85 Safari/537.36"
70.35.205.237 - - [21/Apr/2026:20:39:32 +0000] "POST /wp-login.php HTTP/1.1" 302 - "https://s2spw.com/wp-admin/" "Mozilla/5.0 (Windows NT 10.0; Win64; x64) AppleWebKit/537.36 (KHTML, like Gecko) Chrome/90.0.4430.85 Safari/537.36"
70.35.205.237 - - [21/Apr/2026:20:39:32 +0000] "GET /wp-admin/ HTTP/1.1" 200 75117 "https://www.google.com/" "Mozilla/5.0 (Windows NT 10.0; Win64; x64) AppleWebKit/537.36 (KHTML, like Gecko) Chrome/91.0.4472.124 Safari/537.36"
70.35.205.237 - - [21/Apr/2026:20:39:32 +0000] "GET /wp-admin/ HTTP/1.1" 200 75117 "https://s2spw.com/wp-admin/" "Mozilla/5.0 (Windows NT 10.0; Win64; x64) AppleWebKit/537.36 (KHTML, like Gecko) Chrome/90.0.4430.85 Safari/537.36"
74.7.227.39 - - [21/Apr/2026:20:39:32 +0000] "GET /goods.php?detail/11901173774329 HTTP/1.1" 404 21054 "https://s2spw.com/goods.php?detail/119048012868" "Mozilla/5.0 AppleWebKit/537.36 (KHTML, like Gecko; compatible; GPTBot/1.3; +https://openai.com/gptbot)"
66.249.79.195 - - [21/Apr/2026:20:39:32 +0000] "GET /?jp/243009980.html HTTP/1.1" 200 557608 "-" "Mozilla/5.0 (Linux; Android 6.0.1; Nexus 5X Build/MMB29P) AppleWebKit/537.36 (KHTML, like Gecko) Chrome/146.0.7680.177 Mobile Safari/537.36 (compatible; Googlebot/2.1; +http://www.google.com/bot.html)"
70.35.205.237 - - [21/Apr/2026:20:39:33 +0000] "GET /wp-admin/ HTTP/1.1" 200 75117 "https://www.google.com/" "Mozilla/5.0 (Windows NT 10.0; Win64; x64) AppleWebKit/537.36 (KHTML, like Gecko) Chrome/91.0.4472.124 Safari/537.36"
70.35.205.237 - - [21/Apr/2026:20:39:32 +0000] "GET /wp-admin/plugin-install.php?tab=upload HTTP/1.1" 200 49479 "https://www.google.com/" "Mozilla/5.0 (Windows NT 10.0; Win64; x64) AppleWebKit/537.36 (KHTML, like Gecko) Chrome/91.0.4472.124 Safari/537.36"
70.35.205.237 - - [21/Apr/2026:20:39:33 +0000] "POST /wp-admin/update.php?action=upload-plugin HTTP/1.1" 404 28516 "https://s2spw.com/wp-admin/plugin-install.php" "Mozilla/5.0 (Windows NT 10.0; Win64; x64) AppleWebKit/537.36 (KHTML, like Gecko) Chrome/132.0.0.0 Safari/537.36"
70.35.205.237 - - [21/Apr/2026:20:39:33 +0000] "GET /wp-admin/plugin-install.php?tab=upload HTTP/1.1" 200 49479 "https://www.google.com/" "Mozilla/5.0 (Windows NT 10.0; Win64; x64) AppleWebKit/537.36 (KHTML, like Gecko) Chrome/91.0.4472.124 Safari/537.36"
66.249.79.196 - - [21/Apr/2026:20:39:33 +0000] "GET /?detail%2F07504818567972 HTTP/1.1" 200 561884 "-" "Mozilla/5.0 (Linux; Android 6.0.1; Nexus 5X Build/MMB29P) AppleWebKit/537.36 (KHTML, like Gecko) Chrome/146.0.7680.177 Mobile Safari/537.36 (compatible; GoogleOther)"
70.35.205.237 - - [21/Apr/2026:20:39:33 +0000] "GET /wp-content/plugins/iavzc/index.php HTTP/1.1" 301 - "-" "python-requests/2.32.3"
70.35.205.237 - - [21/Apr/2026:20:39:34 +0000] "GET /wp-content/plugins/iavzc/ HTTP/1.1" 404 21054 "-" "python-requests/2.32.3"
70.35.205.237 - - [21/Apr/2026:20:39:34 +0000] "GET /wp-admin/ HTTP/1.1" 200 74189 "-" "Mozilla/5.0 (Windows NT 10.0; Win64; x64) AppleWebKit/537.36 (KHTML, like Gecko) Chrome/133.0.0.0 Safari/537.36"
70.35.205.237 - - [21/Apr/2026:20:39:33 +0000] "POST /wp-admin/update.php?action=upload-plugin HTTP/1.1" 200 42136 "https://s2spw.com/wp-admin/plugin-install.php" "Mozilla/5.0 (Windows NT 10.0; Win64; x64) AppleWebKit/537.36 (KHTML, like Gecko) Chrome/132.0.0.0 Safari/537.36"
70.35.205.237 - - [21/Apr/2026:20:39:34 +0000] "POST /wp-admin/admin-ajax.php HTTP/1.1" 404 28492 "-" "Mozilla/5.0 (Windows NT 10.0; Win64; x64) AppleWebKit/537.36 (KHTML, like Gecko) Chrome/133.0.0.0 Safari/537.36"
70.35.205.237 - - [21/Apr/2026:20:39:35 +0000] "GET /wp-content/plugins/dooaz/index.php HTTP/1.1" 200 25149 "-" "python-requests/2.32.3"
70.35.205.237 - - [21/Apr/2026:20:39:35 +0000] "POST /wp-admin/admin-ajax.php HTTP/1.1" 200 181 "-" "Mozilla/5.0 (Windows NT 10.0; Win64; x64) AppleWebKit/537.36 (KHTML, like Gecko) Chrome/133.0.0.0 Safari/537.36"
74.7.227.39 - - [21/Apr/2026:20:39:35 +0000] "GET /goods.php?detail/04602328162132 HTTP/1.1" 404 21054 "https://s2spw.com/goods.php?jp/028026622.html" "Mozilla/5.0 AppleWebKit/537.36 (KHTML, like Gecko; compatible; GPTBot/1.3; +https://openai.com/gptbot)"
70.35.205.237 - - [21/Apr/2026:20:39:35 +0000] "GET /wp-admin/plugins.php HTTP/1.1" 200 262331 "-" "Mozilla/5.0 (Windows NT 10.0; Win64; x64) AppleWebKit/537.36 (KHTML, like Gecko) Chrome/133.0.0.0 Safari/537.36"
70.35.205.237 - - [21/Apr/2026:20:39:36 +0000] "GET /wp-admin/admin.php?page=wp_file_manager HTTP/1.1" 200 68421 "https://www.google.com/" "Mozilla/5.0 (Windows NT 10.0; Win64; x64) AppleWebKit/537.36 (KHTML, like Gecko) Chrome/91.0.4472.124 Safari/537.36"
70.35.205.237 - - [21/Apr/2026:20:39:36 +0000] "POST /wp-admin/admin-ajax.php HTTP/1.1" 404 28495 "https://s2spw.com/wp-admin/admin.php?ssd" "Mozilla/5.0 (Windows NT 10.0; Win64; x64) AppleWebKit/537.36 (KHTML, like Gecko) Chrome/133.0.0.0 Safari/537.36"
70.35.205.237 - - [21/Apr/2026:20:39:37 +0000] "GET /cxuxk.php HTTP/1.1" 200 301 "https://www.google.com/" "Mozilla/5.0 (Windows NT 10.0; Win64; x64) AppleWebKit/537.36 (KHTML, like Gecko) Chrome/91.0.4472.124 Safari/537.36"
70.35.205.237 - - [21/Apr/2026:20:39:37 +0000] "GET /wp-admin/theme-install.php?tab=upload HTTP/1.1" 200 64500 "https://www.google.com/" "Mozilla/5.0 (Windows NT 10.0; Win64; x64) AppleWebKit/537.36 (KHTML, like Gecko) Chrome/91.0.4472.124 Safari/537.36"
70.35.205.237 - - [21/Apr/2026:20:39:37 +0000] "POST /wp-admin/update.php?action=upload-theme HTTP/1.1" 404 28515 "https://s2spw.com/wp-admin/theme-install.php" "Mozilla/5.0 (Windows NT 10.0; Win64; x64) AppleWebKit/537.36 (KHTML, like Gecko) Chrome/132.0.0.0 Safari/537.36"
70.35.205.237 - - [21/Apr/2026:20:39:37 +0000] "GET /wp-content/themes/pelor/index.php HTTP/1.1" 200 299 "https://www.google.com/" "Mozilla/5.0 (Windows NT 10.0; Win64; x64) AppleWebKit/537.36 (KHTML, like Gecko) Chrome/91.0.4472.124 Safari/537.36"
70.35.205.237 - - [21/Apr/2026:20:39:38 +0000] "GET /wp-admin/ HTTP/1.1" 200 75117 "-" "Mozilla/5.0 (Windows NT 10.0; Win64; x64) AppleWebKit/537.36 (KHTML, like Gecko) Chrome/133.0.0.0 Safari/537.36"
74.7.227.39 - - [21/Apr/2026:20:39:38 +0000] "GET /goods.php?detail/15503243015713 HTTP/1.1" 404 21054 "https://s2spw.com/goods.php?detail/014003209749" "Mozilla/5.0 AppleWebKit/537.36 (KHTML, like Gecko; compatible; GPTBot/1.3; +https://openai.com/gptbot)"
70.35.205.237 - - [21/Apr/2026:20:39:38 +0000] "GET /wp-admin/plugin-editor.php?plugin=wp-file-manager%2Ffile_folder_manager.php&Submit=Select HTTP/1.1" 200 431459 "-" "Mozilla/5.0 (Windows NT 10.0; Win64; x64) AppleWebKit/537.36 (KHTML, like Gecko) Chrome/133.0.0.0 Safari/537.36"
70.35.205.237 - - [21/Apr/2026:20:39:39 +0000] "POST /wp-admin/admin-ajax.php HTTP/1.1" 404 28495 "-" "Mozilla/5.0 (Windows NT 10.0; Win64; x64) AppleWebKit/537.36 (KHTML, like Gecko) Chrome/133.0.0.0 Safari/537.36"
70.35.205.237 - - [21/Apr/2026:20:39:39 +0000] "POST /wp-admin/admin-ajax.php HTTP/1.1" 200 233 "-" "Mozilla/5.0 (Windows NT 10.0; Win64; x64) AppleWebKit/537.36 (KHTML, like Gecko) Chrome/133.0.0.0 Safari/537.36"
70.35.205.237 - - [21/Apr/2026:20:39:39 +0000] "POST /wp-admin/admin-ajax.php HTTP/1.1" 404 28495 "-" "Mozilla/5.0 (Windows NT 10.0; Win64; x64) AppleWebKit/537.36 (KHTML, like Gecko) Chrome/133.0.0.0 Safari/537.36"
70.35.205.237 - - [21/Apr/2026:20:39:40 +0000] "POST /wp-admin/admin-ajax.php HTTP/1.1" 200 181 "-" "Mozilla/5.0 (Windows NT 10.0; Win64; x64) AppleWebKit/537.36 (KHTML, like Gecko) Chrome/133.0.0.0 Safari/537.36"
70.35.205.237 - - [21/Apr/2026:20:39:40 +0000] "GET /wp-admin/plugin-editor.php?plugin=wp-file-manager%2Ffile_folder_manager.php&Submit=Select HTTP/1.1" 200 431459 "-" "Mozilla/5.0 (Windows NT 10.0; Win64; x64) AppleWebKit/537.36 (KHTML, like Gecko) Chrome/133.0.0.0 Safari/537.36"
74.7.227.39 - - [21/Apr/2026:20:39:41 +0000] "GET /goods.php?detail/02800476808387 HTTP/1.1" 404 21054 "https://s2spw.com/goods.php?detail/118019120221" "Mozilla/5.0 AppleWebKit/537.36 (KHTML, like Gecko; compatible; GPTBot/1.3; +https://openai.com/gptbot)"
66.29.147.207 - - [21/Apr/2026:20:39:41 +0000] "GET /wp-admin/plugin-editor.php?plugin=wp-file-manager%2Ffile_folder_manager.php&file=wp-file-manager%2Ffile_folder_manager.php&wp_scrape_key=c67afae003ba5178e0d5b21e04ba9496&wp_scrape_nonce=181085058 HTTP/1.1" 200 362604 "-" "WordPress/6.9.4; https://s2spw.com"
66.29.147.207 - - [21/Apr/2026:20:39:41 +0000] "GET /?wp_scrape_key=c67afae003ba5178e0d5b21e04ba9496&wp_scrape_nonce=181085058 HTTP/1.1" 200 60904 "-" "WordPress/6.9.4; https://s2spw.com"
70.35.205.237 - - [21/Apr/2026:20:39:41 +0000] "POST /wp-admin/admin-ajax.php HTTP/1.1" 200 63 "-" "Mozilla/5.0 (Windows NT 10.0; Win64; x64) AppleWebKit/537.36 (KHTML, like Gecko) Chrome/133.0.0.0 Safari/537.36"
70.35.205.237 - - [21/Apr/2026:20:39:42 +0000] "GET /wp-content/plugins/wp-file-manager/file_folder_manager.php HTTP/1.1" 403 301 "https://www.google.com/" "Mozilla/5.0 (Windows NT 10.0; Win64; x64) AppleWebKit/537.36 (KHTML, like Gecko) Chrome/91.0.4472.124 Safari/537.36"
70.35.205.237 - - [21/Apr/2026:20:39:42 +0000] "POST /wp-admin/admin-ajax.php HTTP/1.1" 403 60756 "-" "Mozilla/5.0 (Windows NT 10.0; Win64; x64) AppleWebKit/537.36 (KHTML, like Gecko) Chrome/133.0.0.0 Safari/537.36"
70.35.205.237 - - [21/Apr/2026:20:39:42 +0000] "POST /wp-admin/admin-ajax.php HTTP/1.1" 200 362456 "https://s2spw.com/wp-admin/plugin-editor.php" "Mozilla/5.0 (Windows NT 10.0; Win64; x64) AppleWebKit/537.36 (KHTML, like Gecko) Chrome/138.0.0.0 Safari/537.36"
70.35.205.237 - - [21/Apr/2026:20:39:42 +0000] "GET /wp-admin/plugin-editor.php HTTP/1.1" 200 362456 "https://s2spw.com/wp-admin/plugin-editor.php" "Mozilla/5.0 (Windows NT 10.0; Win64; x64) AppleWebKit/537.36 (KHTML, like Gecko) Chrome/138.0.0.0 Safari/537.36"
66.249.79.195 - - [21/Apr/2026:20:39:43 +0000] "GET /?detail/0260060533683 HTTP/1.1" 200 557193 "-" "Mozilla/5.0 (Linux; Android 6.0.1; Nexus 5X Build/MMB29P) AppleWebKit/537.36 (KHTML, like Gecko) Chrome/146.0.7680.177 Mobile Safari/537.36 (compatible; Googlebot/2.1; +http://www.google.com/bot.html)"
74.7.227.39 - - [21/Apr/2026:20:39:44 +0000] "GET /goods.php?detail/03403068084567 HTTP/1.1" 200 60741 "https://s2spw.com/goods.php?detail/0340304834649" "Mozilla/5.0 AppleWebKit/537.36 (KHTML, like Gecko; compatible; GPTBot/1.3; +https://openai.com/gptbot)"
74.7.227.39 - - [21/Apr/2026:20:39:46 +0000] "GET /goods.php?detail/17100786083074 HTTP/1.1" 200 60741 "https://s2spw.com/goods.php?detail/171007803976" "Mozilla/5.0 AppleWebKit/537.36 (KHTML, like Gecko; compatible; GPTBot/1.3; +https://openai.com/gptbot)"
66.249.79.195 - - [21/Apr/2026:20:39:48 +0000] "GET /?jp/165029530.html HTTP/1.1" 200 556273 "-" "Mozilla/5.0 (Linux; Android 6.0.1; Nexus 5X Build/MMB29P) AppleWebKit/537.36 (KHTML, like Gecko) Chrome/146.0.7680.177 Mobile Safari/537.36 (compatible; Googlebot/2.1; +http://www.google.com/bot.html)"
74.7.227.39 - - [21/Apr/2026:20:39:49 +0000] "GET /goods.php?detail/01700602801134 HTTP/1.1" 200 60741 "https://s2spw.com/goods.php?detail/017006663866" "Mozilla/5.0 AppleWebKit/537.36 (KHTML, like Gecko; compatible; GPTBot/1.3; +https://openai.com/gptbot)"
70.35.205.237 - - [21/Apr/2026:20:39:49 +0000] "HEAD / HTTP/1.1" 200 - "https://s2spw.com/" "Mozilla/5.0 (Windows NT 10.0; Win64; x64) AppleWebKit/537.36 (KHTML, like Gecko) Chrome/91.0.4472.124 Safari/537.36"
70.35.205.237 - - [21/Apr/2026:20:39:50 +0000] "HEAD / HTTP/1.1" 200 - "https://s2spw.com/" "Mozilla/5.0 (Windows NT 10.0; Win64; x64) AppleWebKit/537.36 (KHTML, like Gecko) Chrome/91.0.4472.124 Safari/537.36"
70.35.205.237 - - [21/Apr/2026:20:39:50 +0000] "POST /wp-login.php HTTP/1.1" 200 60756 "https://www.google.com/" "Mozilla/5.0 (Windows NT 10.0; Win64; x64) AppleWebKit/537.36 (KHTML, like Gecko) Chrome/91.0.4472.124 Safari/537.36"
70.35.205.237 - - [21/Apr/2026:20:39:51 +0000] "POST /wp-login.php HTTP/1.1" 200 60756 "https://s2spw.com/wp-admin/" "Mozilla/5.0 (Windows NT 10.0; Win64; x64) AppleWebKit/537.36 (KHTML, like Gecko) Chrome/90.0.4430.85 Safari/537.36"
70.35.205.237 - - [21/Apr/2026:20:39:51 +0000] "POST /wp-login.php HTTP/1.1" 200 60741 "https://www.google.com/" "Mozilla/5.0 (Windows NT 10.0; Win64; x64) AppleWebKit/537.36 (KHTML, like Gecko) Chrome/91.0.4472.124 Safari/537.36"
74.7.227.39 - - [21/Apr/2026:20:39:51 +0000] "GET /goods.php?detail/11603550585169 HTTP/1.1" 200 60756 "https://s2spw.com/goods.php?detail/0200282532404" "Mozilla/5.0 AppleWebKit/537.36 (KHTML, like Gecko; compatible; GPTBot/1.3; +https://openai.com/gptbot)"
70.35.205.237 - - [21/Apr/2026:20:39:51 +0000] "GET /wp-admin/ HTTP/1.1" 200 362456 "https://www.google.com/" "Mozilla/5.0 (Windows NT 10.0; Win64; x64) AppleWebKit/537.36 (KHTML, like Gecko) Chrome/91.0.4472.124 Safari/537.36"
70.35.205.237 - - [21/Apr/2026:20:39:51 +0000] "POST /wp-login.php HTTP/1.1" 200 60756 "https://s2spw.com/wp-admin/" "Mozilla/5.0 (Windows NT 10.0; Win64; x64) AppleWebKit/537.36 (KHTML, like Gecko) Chrome/90.0.4430.85 Safari/537.36"
70.35.205.237 - - [21/Apr/2026:20:39:52 +0000] "GET /wp-admin/plugin-install.php?tab=upload HTTP/1.1" 200 362456 "https://www.google.com/" "Mozilla/5.0 (Windows NT 10.0; Win64; x64) AppleWebKit/537.36 (KHTML, like Gecko) Chrome/91.0.4472.124 Safari/537.36"
70.35.205.237 - - [21/Apr/2026:20:39:52 +0000] "GET /wp-admin/ HTTP/1.1" 200 362456 "https://www.google.com/" "Mozilla/5.0 (Windows NT 10.0; Win64; x64) AppleWebKit/537.36 (KHTML, like Gecko) Chrome/91.0.4472.124 Safari/537.36"
70.35.205.237 - - [21/Apr/2026:20:39:52 +0000] "GET /wp-admin/ HTTP/1.1" 200 362456 "-" "Mozilla/5.0 (Windows NT 10.0; Win64; x64) AppleWebKit/537.36 (KHTML, like Gecko) Chrome/133.0.0.0 Safari/537.36"
70.35.205.237 - - [21/Apr/2026:20:39:53 +0000] "GET /wp-admin/plugin-install.php?tab=upload HTTP/1.1" 200 362456 "https://www.google.com/" "Mozilla/5.0 (Windows NT 10.0; Win64; x64) AppleWebKit/537.36 (KHTML, like Gecko) Chrome/91.0.4472.124 Safari/537.36"
70.35.205.237 - - [21/Apr/2026:20:39:53 +0000] "GET /wp-admin/plugin-install.php HTTP/1.1" 200 362456 "-" "Mozilla/5.0 (Windows NT 10.0; Win64; x64) AppleWebKit/537.36 (KHTML, like Gecko) Chrome/133.0.0.0 Safari/537.36"
70.35.205.237 - - [21/Apr/2026:20:39:53 +0000] "GET /wp-admin/ HTTP/1.1" 200 362456 "-" "Mozilla/5.0 (Windows NT 10.0; Win64; x64) AppleWebKit/537.36 (KHTML, like Gecko) Chrome/133.0.0.0 Safari/537.36"
70.35.205.237 - - [21/Apr/2026:20:39:53 +0000] "GET /wp-admin/theme-install.php?tab=upload HTTP/1.1" 403 299 "https://www.google.com/" "Mozilla/5.0 (Windows NT 10.0; Win64; x64) AppleWebKit/537.36 (KHTML, like Gecko) Chrome/91.0.4472.124 Safari/537.36"
70.35.205.237 - - [21/Apr/2026:20:39:53 +0000] "GET /wp-admin/plugin-install.php HTTP/1.1" 200 362456 "-" "Mozilla/5.0 (Windows NT 10.0; Win64; x64) AppleWebKit/537.36 (KHTML, like Gecko) Chrome/133.0.0.0 Safari/537.36"
74.7.227.39 - - [21/Apr/2026:20:39:53 +0000] "GET /goods.php?detail/00200657824086 HTTP/1.1" 200 60756 "https://s2spw.com/goods.php?detail/002004893192" "Mozilla/5.0 AppleWebKit/537.36 (KHTML, like Gecko; compatible; GPTBot/1.3; +https://openai.com/gptbot)"
70.35.205.237 - - [21/Apr/2026:20:39:53 +0000] "GET /wp-admin/ HTTP/1.1" 200 362456 "-" "Mozilla/5.0 (Windows NT 10.0; Win64; x64) AppleWebKit/537.36 (KHTML, like Gecko) Chrome/133.0.0.0 Safari/537.36"
70.35.205.237 - - [21/Apr/2026:20:39:53 +0000] "GET /wp-admin/theme-install.php?tab=upload HTTP/1.1" 200 362456 "https://www.google.com/" "Mozilla/5.0 (Windows NT 10.0; Win64; x64) AppleWebKit/537.36 (KHTML, like Gecko) Chrome/91.0.4472.124 Safari/537.36"
66.249.79.195 - - [21/Apr/2026:20:39:53 +0000] "GET /?jp/100029484.html HTTP/1.1" 200 569980 "-" "Mozilla/5.0 (Linux; Android 6.0.1; Nexus 5X Build/MMB29P) AppleWebKit/537.36 (KHTML, like Gecko) Chrome/146.0.7680.177 Mobile Safari/537.36 (compatible; Googlebot/2.1; +http://www.google.com/bot.html)"
70.35.205.237 - - [21/Apr/2026:20:39:53 +0000] "GET /wp-admin/plugin-install.php HTTP/1.1" 200 362456 "-" "Mozilla/5.0 (Windows NT 10.0; Win64; x64) AppleWebKit/537.36 (KHTML, like Gecko) Chrome/133.0.0.0 Safari/537.36"
70.35.205.237 - - [21/Apr/2026:20:39:54 +0000] "GET /wp-admin/ HTTP/1.1" 200 362456 "-" "Mozilla/5.0 (Windows NT 10.0; Win64; x64) AppleWebKit/537.36 (KHTML, like Gecko) Chrome/133.0.0.0 Safari/537.36"
70.35.205.237 - - [21/Apr/2026:20:39:54 +0000] "GET /wp-admin/plugin-install.php HTTP/1.1" 200 362456 "-" "Mozilla/5.0 (Windows NT 10.0; Win64; x64) AppleWebKit/537.36 (KHTML, like Gecko) Chrome/133.0.0.0 Safari/537.36"
70.35.205.237 - - [21/Apr/2026:20:39:54 +0000] "POST /wp-admin/admin-ajax.php HTTP/1.1" 403 60756 "https://s2spw.com/wp-admin/plugin-editor.php" "Mozilla/5.0 (Windows NT 10.0; Win64; x64) AppleWebKit/537.36 (KHTML, like Gecko) Chrome/138.0.0.0 Safari/537.36"
70.35.205.237 - - [21/Apr/2026:20:39:54 +0000] "POST /wp-admin/admin-ajax.php HTTP/1.1" 403 60756 "https://s2spw.com/wp-admin/plugin-editor.php" "Mozilla/5.0 (Windows NT 10.0; Win64; x64) AppleWebKit/537.36 (KHTML, like Gecko) Chrome/138.0.0.0 Safari/537.36"
70.35.205.237 - - [21/Apr/2026:20:39:54 +0000] "GET /wp-admin/plugin-editor.php HTTP/1.1" 200 362456 "https://s2spw.com/wp-admin/plugin-editor.php" "Mozilla/5.0 (Windows NT 10.0; Win64; x64) AppleWebKit/537.36 (KHTML, like Gecko) Chrome/138.0.0.0 Safari/537.36"
70.35.205.237 - - [21/Apr/2026:20:39:54 +0000] "GET /wp-admin/plugin-editor.php HTTP/1.1" 200 362456 "https://s2spw.com/wp-admin/plugin-editor.php" "Mozilla/5.0 (Windows NT 10.0; Win64; x64) AppleWebKit/537.36 (KHTML, like Gecko) Chrome/138.0.0.0 Safari/537.36"
74.7.227.39 - - [21/Apr/2026:20:39:55 +0000] "GET /goods.php?detail/15803193054505 HTTP/1.1" 200 60741 "https://s2spw.com/goods.php?detail/067016870929" "Mozilla/5.0 AppleWebKit/537.36 (KHTML, like Gecko; compatible; GPTBot/1.3; +https://openai.com/gptbot)"
74.7.227.39 - - [21/Apr/2026:20:39:57 +0000] "GET /goods.php?detail/02103151064630 HTTP/1.1" 200 60741 "https://s2spw.com/goods.php?detail/150001743623" "Mozilla/5.0 AppleWebKit/537.36 (KHTML, like Gecko; compatible; GPTBot/1.3; +https://openai.com/gptbot)"
74.7.227.39 - - [21/Apr/2026:20:39:58 +0000] "GET /goods.php?detail/07504282626627 HTTP/1.1" 200 60756 "https://s2spw.com/goods.php?product/edit/g-bike-173504-686568" "Mozilla/5.0 AppleWebKit/537.36 (KHTML, like Gecko; compatible; GPTBot/1.3; +https://openai.com/gptbot)"
66.249.79.195 - - [21/Apr/2026:20:39:58 +0000] "GET /?goods/285003253 HTTP/1.1" 200 584746 "-" "Mozilla/5.0 (Linux; Android 6.0.1; Nexus 5X Build/MMB29P) AppleWebKit/537.36 (KHTML, like Gecko) Chrome/146.0.7680.177 Mobile Safari/537.36 (compatible; Googlebot/2.1; +http://www.google.com/bot.html)"
74.7.227.39 - - [21/Apr/2026:20:40:00 +0000] "GET /goods.php?detail/16104288181627 HTTP/1.1" 200 60741 "https://s2spw.com/goods.php?product/edit/asty-shop-k0-9mkfv39hi0-470f" "Mozilla/5.0 AppleWebKit/537.36 (KHTML, like Gecko; compatible; GPTBot/1.3; +https://openai.com/gptbot)"
74.7.227.39 - - [21/Apr/2026:20:40:01 +0000] "GET /goods.php?detail/02301299830400 HTTP/1.1" 200 60756 "https://s2spw.com/goods.php?detail/049047340155" "Mozilla/5.0 AppleWebKit/537.36 (KHTML, like Gecko; compatible; GPTBot/1.3; +https://openai.com/gptbot)"
74.7.227.39 - - [21/Apr/2026:20:40:02 +0000] "GET /goods.php?detail/22803734143142 HTTP/1.1" 200 60756 "https://s2spw.com/goods.php?pcmypage?callback=product/review/asty-shop-e2-du5dj6fz0h-elmp" "Mozilla/5.0 AppleWebKit/537.36 (KHTML, like Gecko; compatible; GPTBot/1.3; +https://openai.com/gptbot)"
66.249.79.196 - - [21/Apr/2026:20:40:02 +0000] "GET /?jp/083022734.html HTTP/1.1" 200 570045 "-" "Mozilla/5.0 (Linux; Android 6.0.1; Nexus 5X Build/MMB29P) AppleWebKit/537.36 (KHTML, like Gecko) Chrome/146.0.7680.177 Mobile Safari/537.36 (compatible; Googlebot/2.1; +http://www.google.com/bot.html)"
74.7.227.39 - - [21/Apr/2026:20:40:03 +0000] "GET /goods.php?path=/ HTTP/1.1" 200 48785 "https://s2spw.com/goods.php?detail/03403068084567" "Mozilla/5.0 AppleWebKit/537.36 (KHTML, like Gecko; compatible; GPTBot/1.3; +https://openai.com/gptbot)"
74.7.227.39 - - [21/Apr/2026:20:40:04 +0000] "GET /goods.php?detail/09801952129956 HTTP/1.1" 200 60741 "https://s2spw.com/goods.php?detail/026000099535" "Mozilla/5.0 AppleWebKit/537.36 (KHTML, like Gecko; compatible; GPTBot/1.3; +https://openai.com/gptbot)"
74.7.227.39 - - [21/Apr/2026:20:40:05 +0000] "GET /goods.php?detail/01301062207960 HTTP/1.1" 200 60756 "https://s2spw.com/goods.php?detail/013010656475" "Mozilla/5.0 AppleWebKit/537.36 (KHTML, like Gecko; compatible; GPTBot/1.3; +https://openai.com/gptbot)"
74.7.227.39 - - [21/Apr/2026:20:40:05 +0000] "GET /goods.php?detail/00802039445144 HTTP/1.1" 200 60741 "https://s2spw.com/goods.php?detail/0080203038311" "Mozilla/5.0 AppleWebKit/537.36 (KHTML, like Gecko; compatible; GPTBot/1.3; +https://openai.com/gptbot)"
74.7.227.39 - - [21/Apr/2026:20:40:06 +0000] "GET /goods.php?detail/02600460874023 HTTP/1.1" 200 60756 "https://s2spw.com/goods.php?detail/026006033209" "Mozilla/5.0 AppleWebKit/537.36 (KHTML, like Gecko; compatible; GPTBot/1.3; +https://openai.com/gptbot)"
74.7.227.39 - - [21/Apr/2026:20:40:06 +0000] "GET /goods.php?detail/25001140072195 HTTP/1.1" 200 60756 "https://s2spw.com/goods.php?detail/160043319404" "Mozilla/5.0 AppleWebKit/537.36 (KHTML, like Gecko; compatible; GPTBot/1.3; +https://openai.com/gptbot)"
74.7.227.39 - - [21/Apr/2026:20:40:07 +0000] "GET /goods.php?detail/11301016149697 HTTP/1.1" 200 60756 "https://s2spw.com/goods.php?detail/113010767767" "Mozilla/5.0 AppleWebKit/537.36 (KHTML, like Gecko; compatible; GPTBot/1.3; +https://openai.com/gptbot)"
74.7.227.39 - - [21/Apr/2026:20:40:08 +0000] "GET /goods.php?detail/01001486618127 HTTP/1.1" 200 60756 "https://s2spw.com/goods.php?detail/0100160271255" "Mozilla/5.0 AppleWebKit/537.36 (KHTML, like Gecko; compatible; GPTBot/1.3; +https://openai.com/gptbot)"
74.7.227.39 - - [21/Apr/2026:20:40:08 +0000] "GET /goods.php?detail/19200904901985 HTTP/1.1" 200 60756 "https://s2spw.com/goods.php?detail/1070278872987" "Mozilla/5.0 AppleWebKit/537.36 (KHTML, like Gecko; compatible; GPTBot/1.3; +https://openai.com/gptbot)"
74.7.227.39 - - [21/Apr/2026:20:40:09 +0000] "GET /goods.php?detail/10604911002123 HTTP/1.1" 200 60756 "https://s2spw.com/goods.php?detail/261015230923" "Mozilla/5.0 AppleWebKit/537.36 (KHTML, like Gecko; compatible; GPTBot/1.3; +https://openai.com/gptbot)"
74.7.227.39 - - [21/Apr/2026:20:40:09 +0000] "GET /goods.php?detail/18902722877285 HTTP/1.1" 200 60756 "https://s2spw.com/goods.php?detail/189037772355" "Mozilla/5.0 AppleWebKit/537.36 (KHTML, like Gecko; compatible; GPTBot/1.3; +https://openai.com/gptbot)"
66.249.79.195 - - [21/Apr/2026:20:40:10 +0000] "GET /?goods/277018064 HTTP/1.1" 200 60741 "-" "Mozilla/5.0 (Linux; Android 6.0.1; Nexus 5X Build/MMB29P) AppleWebKit/537.36 (KHTML, like Gecko) Chrome/146.0.7680.177 Mobile Safari/537.36 (compatible; Googlebot/2.1; +http://www.google.com/bot.html)"
74.7.227.39 - - [21/Apr/2026:20:40:10 +0000] "GET /goods.php?path=//sbin HTTP/1.1" 200 817834 "https://s2spw.com/goods.php?path=/" "Mozilla/5.0 AppleWebKit/537.36 (KHTML, like Gecko; compatible; GPTBot/1.3; +https://openai.com/gptbot)"
74.7.227.39 - - [21/Apr/2026:20:40:11 +0000] "GET /goods.php?path=//root HTTP/1.1" 200 12678 "https://s2spw.com/goods.php?path=/" "Mozilla/5.0 AppleWebKit/537.36 (KHTML, like Gecko; compatible; GPTBot/1.3; +https://openai.com/gptbot)"
74.7.227.39 - - [21/Apr/2026:20:40:12 +0000] "GET /goods.php?path=//proc HTTP/1.1" 200 656819 "https://s2spw.com/goods.php?path=/" "Mozilla/5.0 AppleWebKit/537.36 (KHTML, like Gecko; compatible; GPTBot/1.3; +https://openai.com/gptbot)"
74.7.227.39 - - [21/Apr/2026:20:40:12 +0000] "GET /goods.php?path=//boot HTTP/1.1" 200 40680 "https://s2spw.com/goods.php?path=/" "Mozilla/5.0 AppleWebKit/537.36 (KHTML, like Gecko; compatible; GPTBot/1.3; +https://openai.com/gptbot)"
66.249.79.196 - - [21/Apr/2026:20:40:12 +0000] "GET /?jp/106049285.html HTTP/1.1" 200 553990 "-" "Mozilla/5.0 (Linux; Android 6.0.1; Nexus 5X Build/MMB29P) AppleWebKit/537.36 (KHTML, like Gecko) Chrome/146.0.7680.177 Mobile Safari/537.36 (compatible; Googlebot/2.1; +http://www.google.com/bot.html)"
74.7.227.39 - - [21/Apr/2026:20:40:13 +0000] "GET /goods.php?path=//var HTTP/1.1" 200 48862 "https://s2spw.com/goods.php?path=/" "Mozilla/5.0 AppleWebKit/537.36 (KHTML, like Gecko; compatible; GPTBot/1.3; +https://openai.com/gptbot)"
74.7.227.39 - - [21/Apr/2026:20:40:14 +0000] "GET /goods.php?path=//sys HTTP/1.1" 200 26864 "https://s2spw.com/goods.php?path=/" "Mozilla/5.0 AppleWebKit/537.36 (KHTML, like Gecko; compatible; GPTBot/1.3; +https://openai.com/gptbot)"
74.7.227.39 - - [21/Apr/2026:20:40:14 +0000] "GET /goods.php?path=//etc HTTP/1.1" 200 505347 "https://s2spw.com/goods.php?path=/" "Mozilla/5.0 AppleWebKit/537.36 (KHTML, like Gecko; compatible; GPTBot/1.3; +https://openai.com/gptbot)"
74.7.227.39 - - [21/Apr/2026:20:40:15 +0000] "GET /goods.php?path=//mnt HTTP/1.1" 200 12676 "https://s2spw.com/goods.php?path=/" "Mozilla/5.0 AppleWebKit/537.36 (KHTML, like Gecko; compatible; GPTBot/1.3; +https://openai.com/gptbot)"
74.7.227.39 - - [21/Apr/2026:20:40:16 +0000] "GET /goods.php?path=//srv HTTP/1.1" 200 12676 "https://s2spw.com/goods.php?path=/" "Mozilla/5.0 AppleWebKit/537.36 (KHTML, like Gecko; compatible; GPTBot/1.3; +https://openai.com/gptbot)"
74.7.227.39 - - [21/Apr/2026:20:40:16 +0000] "GET /goods.php?path=//usr HTTP/1.1" 200 28213 "https://s2spw.com/goods.php?path=/" "Mozilla/5.0 AppleWebKit/537.36 (KHTML, like Gecko; compatible; GPTBot/1.3; +https://openai.com/gptbot)"
74.7.227.39 - - [21/Apr/2026:20:40:17 +0000] "GET /goods.php?path=//dir HTTP/1.1" 200 12676 "https://s2spw.com/goods.php?path=/" "Mozilla/5.0 AppleWebKit/537.36 (KHTML, like Gecko; compatible; GPTBot/1.3; +https://openai.com/gptbot)"
74.7.227.39 - - [21/Apr/2026:20:40:17 +0000] "GET /goods.php?fileloc=//sbin/pivot_root&path=//sbin HTTP/1.1" 200 30602 "https://s2spw.com/goods.php?path=//sbin" "Mozilla/5.0 AppleWebKit/537.36 (KHTML, like Gecko; compatible; GPTBot/1.3; +https://openai.com/gptbot)"
74.7.227.39 - - [21/Apr/2026:20:40:18 +0000] "GET /goods.php?fileloc=//sbin/lvscan&path=//sbin HTTP/1.1" 200 4155911 "https://s2spw.com/goods.php?path=//sbin" "Mozilla/5.0 AppleWebKit/537.36 (KHTML, like Gecko; compatible; GPTBot/1.3; +https://openai.com/gptbot)"
74.7.227.39 - - [21/Apr/2026:20:40:21 +0000] "GET /goods.php?path=//proc/473811 HTTP/1.1" 200 85489 "https://s2spw.com/goods.php?path=//proc" "Mozilla/5.0 AppleWebKit/537.36 (KHTML, like Gecko; compatible; GPTBot/1.3; +https://openai.com/gptbot)"
74.7.227.39 - - [21/Apr/2026:20:40:22 +0000] "GET /goods.php?path=//proc/475795 HTTP/1.1" 200 85489 "https://s2spw.com/goods.php?path=//proc" "Mozilla/5.0 AppleWebKit/537.36 (KHTML, like Gecko; compatible; GPTBot/1.3; +https://openai.com/gptbot)"
74.7.227.39 - - [21/Apr/2026:20:40:22 +0000] "GET /goods.php?path=//proc/468142 HTTP/1.1" 200 85489 "https://s2spw.com/goods.php?path=//proc" "Mozilla/5.0 AppleWebKit/537.36 (KHTML, like Gecko; compatible; GPTBot/1.3; +https://openai.com/gptbot)"
66.249.79.196 - - [21/Apr/2026:20:40:22 +0000] "GET /?jp/227012795.html HTTP/1.1" 200 579126 "-" "Mozilla/5.0 (Linux; Android 6.0.1; Nexus 5X Build/MMB29P) AppleWebKit/537.36 (KHTML, like Gecko) Chrome/146.0.7680.177 Mobile Safari/537.36 (compatible; Googlebot/2.1; +http://www.google.com/bot.html)"
74.7.227.39 - - [21/Apr/2026:20:40:23 +0000] "GET /goods.php?path=//proc/474348 HTTP/1.1" 200 85489 "https://s2spw.com/goods.php?path=//proc" "Mozilla/5.0 AppleWebKit/537.36 (KHTML, like Gecko; compatible; GPTBot/1.3; +https://openai.com/gptbot)"
66.249.79.195 - - [21/Apr/2026:20:40:24 +0000] "GET /?jp/198048793.html HTTP/1.1" 200 554215 "-" "Mozilla/5.0 (Linux; Android 6.0.1; Nexus 5X Build/MMB29P) AppleWebKit/537.36 (KHTML, like Gecko) Chrome/146.0.7680.177 Mobile Safari/537.36 (compatible; Googlebot/2.1; +http://www.google.com/bot.html)"
74.7.227.39 - - [21/Apr/2026:20:40:23 +0000] "GET /goods.php?fileloc=//sbin/pdns_server&path=//sbin HTTP/1.1" 200 9067247 "https://s2spw.com/goods.php?path=//sbin" "Mozilla/5.0 AppleWebKit/537.36 (KHTML, like Gecko; compatible; GPTBot/1.3; +https://openai.com/gptbot)"
74.7.227.39 - - [21/Apr/2026:20:40:29 +0000] "GET /goods.php?path=//etc/lvm HTTP/1.1" 200 22088 "https://s2spw.com/goods.php?path=//etc" "Mozilla/5.0 AppleWebKit/537.36 (KHTML, like Gecko; compatible; GPTBot/1.3; +https://openai.com/gptbot)"
74.7.227.39 - - [21/Apr/2026:20:40:30 +0000] "GET /goods.php?fileloc=//sbin/vgimport&path=//sbin HTTP/1.1" 200 4155913 "https://s2spw.com/goods.php?path=//sbin" "Mozilla/5.0 AppleWebKit/537.36 (KHTML, like Gecko; compatible; GPTBot/1.3; +https://openai.com/gptbot)"
74.7.227.39 - - [21/Apr/2026:20:40:32 +0000] "GET /goods.php?fileloc=//etc/issue.net&path=//etc HTTP/1.1" 200 12284 "https://s2spw.com/goods.php?path=//etc" "Mozilla/5.0 AppleWebKit/537.36 (KHTML, like Gecko; compatible; GPTBot/1.3; +https://openai.com/gptbot)"
74.7.227.39 - - [21/Apr/2026:20:40:32 +0000] "GET /goods.php?fileloc=//proc/pagetypeinfo&path=//proc HTTP/1.1" 200 12268 "https://s2spw.com/goods.php?path=//proc" "Mozilla/5.0 AppleWebKit/537.36 (KHTML, like Gecko; compatible; GPTBot/1.3; +https://openai.com/gptbot)"
66.249.79.197 - - [21/Apr/2026:20:40:32 +0000] "GET /?jp/158028151.html HTTP/1.1" 200 566861 "-" "Mozilla/5.0 (Linux; Android 6.0.1; Nexus 5X Build/MMB29P) AppleWebKit/537.36 (KHTML, like Gecko) Chrome/146.0.7680.177 Mobile Safari/537.36 (compatible; Googlebot/2.1; +http://www.google.com/bot.html)"
74.7.227.39 - - [21/Apr/2026:20:40:33 +0000] "GET /goods.php?fileloc=//sbin/accessdb&path=//sbin HTTP/1.1" 200 30710 "https://s2spw.com/goods.php?path=//sbin" "Mozilla/5.0 AppleWebKit/537.36 (KHTML, like Gecko; compatible; GPTBot/1.3; +https://openai.com/gptbot)"
74.7.227.39 - - [21/Apr/2026:20:40:33 +0000] "GET /goods.php?fileloc=//etc/crypttab&path=//etc HTTP/1.1" 200 12261 "https://s2spw.com/goods.php?path=//etc" "Mozilla/5.0 AppleWebKit/537.36 (KHTML, like Gecko; compatible; GPTBot/1.3; +https://openai.com/gptbot)"
74.7.227.39 - - [21/Apr/2026:20:40:34 +0000] "GET /goods.php?path=//proc/473811/ns HTTP/1.1" 200 12759 "https://s2spw.com/goods.php?path=//proc/473811" "Mozilla/5.0 AppleWebKit/537.36 (KHTML, like Gecko; compatible; GPTBot/1.3; +https://openai.com/gptbot)"
74.7.227.39 - - [21/Apr/2026:20:40:34 +0000] "GET /goods.php?path=//proc/3 HTTP/1.1" 200 84474 "https://s2spw.com/goods.php?path=//proc" "Mozilla/5.0 AppleWebKit/537.36 (KHTML, like Gecko; compatible; GPTBot/1.3; +https://openai.com/gptbot)"
74.7.227.39 - - [21/Apr/2026:20:40:35 +0000] "GET /goods.php?fileloc=//proc/468142/cpu_resctrl_groups&path=//proc/468142 HTTP/1.1" 200 12332 "https://s2spw.com/goods.php?path=//proc/468142" "Mozilla/5.0 AppleWebKit/537.36 (KHTML, like Gecko; compatible; GPTBot/1.3; +https://openai.com/gptbot)"
74.7.227.39 - - [21/Apr/2026:20:40:35 +0000] "GET /goods.php?path=//proc/5 HTTP/1.1" 200 84474 "https://s2spw.com/goods.php?path=//proc" "Mozilla/5.0 AppleWebKit/537.36 (KHTML, like Gecko; compatible; GPTBot/1.3; +https://openai.com/gptbot)"
74.7.227.39 - - [21/Apr/2026:20:40:36 +0000] "GET /goods.php?path=//proc/6 HTTP/1.1" 200 84474 "https://s2spw.com/goods.php?path=//proc" "Mozilla/5.0 AppleWebKit/537.36 (KHTML, like Gecko; compatible; GPTBot/1.3; +https://openai.com/gptbot)"
74.7.227.39 - - [21/Apr/2026:20:40:36 +0000] "GET /goods.php?path=//proc/8 HTTP/1.1" 200 84474 "https://s2spw.com/goods.php?path=//proc" "Mozilla/5.0 AppleWebKit/537.36 (KHTML, like Gecko; compatible; GPTBot/1.3; +https://openai.com/gptbot)"
74.7.227.39 - - [21/Apr/2026:20:40:37 +0000] "GET /goods.php?path=//proc/2 HTTP/1.1" 200 84474 "https://s2spw.com/goods.php?path=//proc" "Mozilla/5.0 AppleWebKit/537.36 (KHTML, like Gecko; compatible; GPTBot/1.3; +https://openai.com/gptbot)"
74.7.227.39 - - [21/Apr/2026:20:40:37 +0000] "GET /goods.php?path=//proc/1 HTTP/1.1" 200 84474 "https://s2spw.com/goods.php?path=//proc" "Mozilla/5.0 AppleWebKit/537.36 (KHTML, like Gecko; compatible; GPTBot/1.3; +https://openai.com/gptbot)"
74.7.227.39 - - [21/Apr/2026:20:40:38 +0000] "GET /goods.php?path=//proc/4 HTTP/1.1" 200 84474 "https://s2spw.com/goods.php?path=//proc" "Mozilla/5.0 AppleWebKit/537.36 (KHTML, like Gecko; compatible; GPTBot/1.3; +https://openai.com/gptbot)"
74.7.227.39 - - [21/Apr/2026:20:40:38 +0000] "GET /goods.php?path=//proc/net HTTP/1.1" 200 89267 "https://s2spw.com/goods.php?path=//proc" "Mozilla/5.0 AppleWebKit/537.36 (KHTML, like Gecko; compatible; GPTBot/1.3; +https://openai.com/gptbot)"
74.7.227.39 - - [21/Apr/2026:20:40:39 +0000] "GET /goods.php?path=//etc/pm HTTP/1.1" 200 16627 "https://s2spw.com/goods.php?path=//etc" "Mozilla/5.0 AppleWebKit/537.36 (KHTML, like Gecko; compatible; GPTBot/1.3; +https://openai.com/gptbot)"
74.7.227.39 - - [21/Apr/2026:20:40:40 +0000] "GET /goods.php?path=//sys/fs HTTP/1.1" 200 19201 "https://s2spw.com/goods.php?path=//sys" "Mozilla/5.0 AppleWebKit/537.36 (KHTML, like Gecko; compatible; GPTBot/1.3; +https://openai.com/gptbot)"
74.7.227.39 - - [21/Apr/2026:20:40:40 +0000] "GET /goods.php?path=//proc/3/net HTTP/1.1" 200 89732 "https://s2spw.com/goods.php?path=//proc/3" "Mozilla/5.0 AppleWebKit/537.36 (KHTML, like Gecko; compatible; GPTBot/1.3; +https://openai.com/gptbot)"
74.7.227.39 - - [21/Apr/2026:20:40:41 +0000] "GET /goods.php?path=//var/yp HTTP/1.1" 200 12708 "https://s2spw.com/goods.php?path=//var" "Mozilla/5.0 AppleWebKit/537.36 (KHTML, like Gecko; compatible; GPTBot/1.3; +https://openai.com/gptbot)"
74.7.227.39 - - [21/Apr/2026:20:40:41 +0000] "GET /goods.php?path=//proc/5/net HTTP/1.1" 200 89732 "https://s2spw.com/goods.php?path=//proc/5" "Mozilla/5.0 AppleWebKit/537.36 (KHTML, like Gecko; compatible; GPTBot/1.3; +https://openai.com/gptbot)"
74.7.227.39 - - [21/Apr/2026:20:40:42 +0000] "GET /goods.php?fileloc=//proc/6/stat&path=//proc/6 HTTP/1.1" 200 12442 "https://s2spw.com/goods.php?path=//proc/6" "Mozilla/5.0 AppleWebKit/537.36 (KHTML, like Gecko; compatible; GPTBot/1.3; +https://openai.com/gptbot)"
66.249.79.195 - - [21/Apr/2026:20:40:42 +0000] "GET /?goods/167011279 HTTP/1.1" 200 60756 "-" "Mozilla/5.0 (Linux; Android 6.0.1; Nexus 5X Build/MMB29P) AppleWebKit/537.36 (KHTML, like Gecko) Chrome/146.0.7680.177 Mobile Safari/537.36 (compatible; Googlebot/2.1; +http://www.google.com/bot.html)"
74.7.227.39 - - [21/Apr/2026:20:40:42 +0000] "GET /goods.php?fileloc=//proc/8/mountinfo&path=//proc/8 HTTP/1.1" 200 18210 "https://s2spw.com/goods.php?path=//proc/8" "Mozilla/5.0 AppleWebKit/537.36 (KHTML, like Gecko; compatible; GPTBot/1.3; +https://openai.com/gptbot)"
74.7.227.39 - - [21/Apr/2026:20:40:43 +0000] "GET /goods.php?path=//proc/2/net HTTP/1.1" 200 89732 "https://s2spw.com/goods.php?path=//proc/2" "Mozilla/5.0 AppleWebKit/537.36 (KHTML, like Gecko; compatible; GPTBot/1.3; +https://openai.com/gptbot)"
74.7.227.39 - - [21/Apr/2026:20:40:43 +0000] "GET /goods.php?fileloc=//proc/1/uid_map&path=//proc/1 HTTP/1.1" 200 12329 "https://s2spw.com/goods.php?path=//proc/1" "Mozilla/5.0 AppleWebKit/537.36 (KHTML, like Gecko; compatible; GPTBot/1.3; +https://openai.com/gptbot)"
74.7.227.39 - - [21/Apr/2026:20:40:44 +0000] "GET /goods.php?path=//proc/6/net HTTP/1.1" 200 89732 "https://s2spw.com/goods.php?path=//proc/6" "Mozilla/5.0 AppleWebKit/537.36 (KHTML, like Gecko; compatible; GPTBot/1.3; +https://openai.com/gptbot)"
74.7.227.39 - - [21/Apr/2026:20:40:44 +0000] "GET /goods.php?fileloc=//proc/net/ip6_mr_cache&path=//proc/net HTTP/1.1" 200 12410 "https://s2spw.com/goods.php?path=//proc/net" "Mozilla/5.0 AppleWebKit/537.36 (KHTML, like Gecko; compatible; GPTBot/1.3; +https://openai.com/gptbot)"
74.7.227.39 - - [21/Apr/2026:20:40:45 +0000] "GET /goods.php?fileloc=//proc/net/rt6_stats&path=//proc/net HTTP/1.1" 200 12340 "https://s2spw.com/goods.php?path=//proc/net" "Mozilla/5.0 AppleWebKit/537.36 (KHTML, like Gecko; compatible; GPTBot/1.3; +https://openai.com/gptbot)"
74.7.227.39 - - [21/Apr/2026:20:40:45 +0000] "GET /goods.php?fileloc=//proc/net/if_inet6&path=//proc/net HTTP/1.1" 200 12411 "https://s2spw.com/goods.php?path=//proc/net" "Mozilla/5.0 AppleWebKit/537.36 (KHTML, like Gecko; compatible; GPTBot/1.3; +https://openai.com/gptbot)"
74.7.227.39 - - [21/Apr/2026:20:40:46 +0000] "GET /goods.php?fileloc=//proc/3/net/protocols&path=//proc/3/net HTTP/1.1" 200 14583 "https://s2spw.com/goods.php?path=//proc/3/net" "Mozilla/5.0 AppleWebKit/537.36 (KHTML, like Gecko; compatible; GPTBot/1.3; +https://openai.com/gptbot)"
74.7.227.39 - - [21/Apr/2026:20:40:46 +0000] "GET /goods.php?fileloc=//proc/3/net/connector&path=//proc/3/net HTTP/1.1" 200 12378 "https://s2spw.com/goods.php?path=//proc/3/net" "Mozilla/5.0 AppleWebKit/537.36 (KHTML, like Gecko; compatible; GPTBot/1.3; +https://openai.com/gptbot)"
74.7.227.39 - - [21/Apr/2026:20:40:47 +0000] "GET /goods.php?fileloc=//proc/5/net/igmp&path=//proc/5/net HTTP/1.1" 200 12577 "https://s2spw.com/goods.php?path=//proc/5/net" "Mozilla/5.0 AppleWebKit/537.36 (KHTML, like Gecko; compatible; GPTBot/1.3; +https://openai.com/gptbot)"
74.7.227.39 - - [21/Apr/2026:20:40:47 +0000] "GET /goods.php?fileloc=//proc/5/net/connector&path=//proc/5/net HTTP/1.1" 200 12378 "https://s2spw.com/goods.php?path=//proc/5/net" "Mozilla/5.0 AppleWebKit/537.36 (KHTML, like Gecko; compatible; GPTBot/1.3; +https://openai.com/gptbot)"
74.7.227.39 - - [21/Apr/2026:20:40:48 +0000] "GET /goods.php?fileloc=//proc/5/net/protocols&path=//proc/5/net HTTP/1.1" 200 14583 "https://s2spw.com/goods.php?path=//proc/5/net" "Mozilla/5.0 AppleWebKit/537.36 (KHTML, like Gecko; compatible; GPTBot/1.3; +https://openai.com/gptbot)"
74.7.227.39 - - [21/Apr/2026:20:40:49 +0000] "GET /goods.php?fileloc=//proc/2/net/ipv6_route&path=//proc/2/net HTTP/1.1" 200 13540 "https://s2spw.com/goods.php?path=//proc/2/net" "Mozilla/5.0 AppleWebKit/537.36 (KHTML, like Gecko; compatible; GPTBot/1.3; +https://openai.com/gptbot)"
74.7.227.39 - - [21/Apr/2026:20:40:49 +0000] "GET /goods.php?fileloc=//proc/2/net/protocols&path=//proc/2/net HTTP/1.1" 200 14583 "https://s2spw.com/goods.php?path=//proc/2/net" "Mozilla/5.0 AppleWebKit/537.36 (KHTML, like Gecko; compatible; GPTBot/1.3; +https://openai.com/gptbot)"
74.7.227.39 - - [21/Apr/2026:20:40:50 +0000] "GET /goods.php?fileloc=//proc/6/net/connector&path=//proc/6/net HTTP/1.1" 200 12378 "https://s2spw.com/goods.php?path=//proc/6/net" "Mozilla/5.0 AppleWebKit/537.36 (KHTML, like Gecko; compatible; GPTBot/1.3; +https://openai.com/gptbot)"
74.7.227.39 - - [21/Apr/2026:20:40:50 +0000] "GET /goods.php?fileloc=//proc/6/net/protocols&path=//proc/6/net HTTP/1.1" 200 14583 "https://s2spw.com/goods.php?path=//proc/6/net" "Mozilla/5.0 AppleWebKit/537.36 (KHTML, like Gecko; compatible; GPTBot/1.3; +https://openai.com/gptbot)"
74.7.227.39 - - [21/Apr/2026:20:40:51 +0000] "GET /goods.php?fileloc=//proc/2/net/softnet_stat&path=//proc/2/net HTTP/1.1" 200 13746 "https://s2spw.com/goods.php?path=//proc/2/net" "Mozilla/5.0 AppleWebKit/537.36 (KHTML, like Gecko; compatible; GPTBot/1.3; +https://openai.com/gptbot)"
66.249.79.195 - - [21/Apr/2026:20:40:51 +0000] "GET /?detail/23603748187315 HTTP/1.1" 200 60756 "-" "Mozilla/5.0 (Linux; Android 6.0.1; Nexus 5X Build/MMB29P) AppleWebKit/537.36 (KHTML, like Gecko) Chrome/146.0.7680.177 Mobile Safari/537.36 (compatible; Googlebot/2.1; +http://www.google.com/bot.html)"
74.7.227.39 - - [21/Apr/2026:20:40:51 +0000] "GET /goods.php?fileloc=//proc/5/net/sockstat&path=//proc/5/net HTTP/1.1" 200 12481 "https://s2spw.com/goods.php?path=//proc/5/net" "Mozilla/5.0 AppleWebKit/537.36 (KHTML, like Gecko; compatible; GPTBot/1.3; +https://openai.com/gptbot)"
74.7.227.39 - - [21/Apr/2026:20:40:52 +0000] "GET /goods.php?fileloc=//proc/5/net/softnet_stat&path=//proc/5/net HTTP/1.1" 200 13746 "https://s2spw.com/goods.php?path=//proc/5/net" "Mozilla/5.0 AppleWebKit/537.36 (KHTML, like Gecko; compatible; GPTBot/1.3; +https://openai.com/gptbot)"
74.7.227.39 - - [21/Apr/2026:20:40:52 +0000] "GET /goods.php?fileloc=//proc/6/net/fib_triestat&path=//proc/6/net HTTP/1.1" 200 13074 "https://s2spw.com/goods.php?path=//proc/6/net" "Mozilla/5.0 AppleWebKit/537.36 (KHTML, like Gecko; compatible; GPTBot/1.3; +https://openai.com/gptbot)"
66.249.79.196 - - [21/Apr/2026:20:40:52 +0000] "GET /?goods/101001133 HTTP/1.1" 200 560639 "-" "Mozilla/5.0 (Linux; Android 6.0.1; Nexus 5X Build/MMB29P) AppleWebKit/537.36 (KHTML, like Gecko) Chrome/146.0.7680.177 Mobile Safari/537.36 (compatible; Googlebot/2.1; +http://www.google.com/bot.html)"
74.7.227.39 - - [21/Apr/2026:20:40:53 +0000] "GET /goods.php?fileloc=//proc/6/net/softnet_stat&path=//proc/6/net HTTP/1.1" 200 13746 "https://s2spw.com/goods.php?path=//proc/6/net" "Mozilla/5.0 AppleWebKit/537.36 (KHTML, like Gecko; compatible; GPTBot/1.3; +https://openai.com/gptbot)"
74.7.227.39 - - [21/Apr/2026:20:40:53 +0000] "GET /goods.php?fileloc=//proc/6/net/sockstat&path=//proc/6/net HTTP/1.1" 200 12480 "https://s2spw.com/goods.php?path=//proc/6/net" "Mozilla/5.0 AppleWebKit/537.36 (KHTML, like Gecko; compatible; GPTBot/1.3; +https://openai.com/gptbot)"
74.7.227.39 - - [21/Apr/2026:20:40:54 +0000] "GET /goods.php?fileloc=//proc/3/net/sockstat&path=//proc/3/net HTTP/1.1" 200 12480 "https://s2spw.com/goods.php?path=//proc/3/net" "Mozilla/5.0 AppleWebKit/537.36 (KHTML, like Gecko; compatible; GPTBot/1.3; +https://openai.com/gptbot)"
74.7.227.39 - - [21/Apr/2026:20:40:54 +0000] "GET /goods.php?fileloc=//proc/2/net/sockstat&path=//proc/2/net HTTP/1.1" 200 12480 "https://s2spw.com/goods.php?path=//proc/2/net" "Mozilla/5.0 AppleWebKit/537.36 (KHTML, like Gecko; compatible; GPTBot/1.3; +https://openai.com/gptbot)"
74.7.227.39 - - [21/Apr/2026:20:40:55 +0000] "GET /goods.php?fileloc=//proc/3/net/fib_triestat&path=//proc/3/net HTTP/1.1" 200 13074 "https://s2spw.com/goods.php?path=//proc/3/net" "Mozilla/5.0 AppleWebKit/537.36 (KHTML, like Gecko; compatible; GPTBot/1.3; +https://openai.com/gptbot)"
74.7.227.39 - - [21/Apr/2026:20:40:55 +0000] "GET /goods.php?fileloc=//proc/3/net/mcfilter&path=//proc/3/net HTTP/1.1" 200 12385 "https://s2spw.com/goods.php?path=//proc/3/net" "Mozilla/5.0 AppleWebKit/537.36 (KHTML, like Gecko; compatible; GPTBot/1.3; +https://openai.com/gptbot)"
74.7.227.39 - - [21/Apr/2026:20:40:56 +0000] "GET /goods.php?fileloc=//proc/5/net/mcfilter&path=//proc/5/net HTTP/1.1" 200 12385 "https://s2spw.com/goods.php?path=//proc/5/net" "Mozilla/5.0 AppleWebKit/537.36 (KHTML, like Gecko; compatible; GPTBot/1.3; +https://openai.com/gptbot)"
74.7.227.39 - - [21/Apr/2026:20:40:56 +0000] "GET /goods.php?fileloc=//proc/2/net/mcfilter&path=//proc/2/net HTTP/1.1" 200 12385 "https://s2spw.com/goods.php?path=//proc/2/net" "Mozilla/5.0 AppleWebKit/537.36 (KHTML, like Gecko; compatible; GPTBot/1.3; +https://openai.com/gptbot)"
74.7.227.39 - - [21/Apr/2026:20:40:57 +0000] "GET /goods.php?fileloc=//proc/3/net/softnet_stat&path=//proc/3/net HTTP/1.1" 200 13746 "https://s2spw.com/goods.php?path=//proc/3/net" "Mozilla/5.0 AppleWebKit/537.36 (KHTML, like Gecko; compatible; GPTBot/1.3; +https://openai.com/gptbot)"
74.7.227.39 - - [21/Apr/2026:20:40:58 +0000] "GET /goods.php?fileloc=//proc/5/net/fib_triestat&path=//proc/5/net HTTP/1.1" 200 13074 "https://s2spw.com/goods.php?path=//proc/5/net" "Mozilla/5.0 AppleWebKit/537.36 (KHTML, like Gecko; compatible; GPTBot/1.3; +https://openai.com/gptbot)"
74.7.227.39 - - [21/Apr/2026:20:40:58 +0000] "GET /goods.php?fileloc=//proc/6/net/mcfilter&path=//proc/6/net HTTP/1.1" 200 12385 "https://s2spw.com/goods.php?path=//proc/6/net" "Mozilla/5.0 AppleWebKit/537.36 (KHTML, like Gecko; compatible; GPTBot/1.3; +https://openai.com/gptbot)"
74.7.227.39 - - [21/Apr/2026:20:40:59 +0000] "GET /goods.php?fileloc=//proc/2/net/fib_triestat&path=//proc/2/net HTTP/1.1" 200 13074 "https://s2spw.com/goods.php?path=//proc/2/net" "Mozilla/5.0 AppleWebKit/537.36 (KHTML, like Gecko; compatible; GPTBot/1.3; +https://openai.com/gptbot)"
74.7.227.39 - - [21/Apr/2026:20:40:59 +0000] "GET /goods.php?fileloc=//proc/2/net/connector&path=//proc/2/net HTTP/1.1" 200 12378 "https://s2spw.com/goods.php?path=//proc/2/net" "Mozilla/5.0 AppleWebKit/537.36 (KHTML, like Gecko; compatible; GPTBot/1.3; +https://openai.com/gptbot)"
74.7.227.39 - - [21/Apr/2026:20:41:00 +0000] "GET /goods.php?fileloc=//proc/2/net/nf_conntrack&path=//proc/2/net HTTP/1.1" 200 12342 "https://s2spw.com/goods.php?path=//proc/2/net" "Mozilla/5.0 AppleWebKit/537.36 (KHTML, like Gecko; compatible; GPTBot/1.3; +https://openai.com/gptbot)"
74.7.227.39 - - [21/Apr/2026:20:41:01 +0000] "GET /goods.php?fileloc=//proc/5/net/nf_conntrack&path=//proc/5/net HTTP/1.1" 200 12342 "https://s2spw.com/goods.php?path=//proc/5/net" "Mozilla/5.0 AppleWebKit/537.36 (KHTML, like Gecko; compatible; GPTBot/1.3; +https://openai.com/gptbot)"
74.7.227.39 - - [21/Apr/2026:20:41:01 +0000] "GET /goods.php?fileloc=//proc/3/net/nf_conntrack&path=//proc/3/net HTTP/1.1" 200 12342 "https://s2spw.com/goods.php?path=//proc/3/net" "Mozilla/5.0 AppleWebKit/537.36 (KHTML, like Gecko; compatible; GPTBot/1.3; +https://openai.com/gptbot)"
74.7.227.39 - - [21/Apr/2026:20:41:02 +0000] "GET /goods.php?fileloc=//proc/6/net/nf_conntrack&path=//proc/6/net HTTP/1.1" 200 12342 "https://s2spw.com/goods.php?path=//proc/6/net" "Mozilla/5.0 AppleWebKit/537.36 (KHTML, like Gecko; compatible; GPTBot/1.3; +https://openai.com/gptbot)"
66.249.79.197 - - [21/Apr/2026:20:41:02 +0000] "GET /?jp/230028763.html HTTP/1.1" 200 60756 "-" "Mozilla/5.0 (Linux; Android 6.0.1; Nexus 5X Build/MMB29P) AppleWebKit/537.36 (KHTML, like Gecko) Chrome/146.0.7680.177 Mobile Safari/537.36 (compatible; Googlebot/2.1; +http://www.google.com/bot.html)"
74.7.227.39 - - [21/Apr/2026:20:41:02 +0000] "GET /goods.php?fileloc=//proc/net/ipv6_route&path=//proc/net HTTP/1.1" 200 13505 "https://s2spw.com/goods.php?path=//proc/net" "Mozilla/5.0 AppleWebKit/537.36 (KHTML, like Gecko; compatible; GPTBot/1.3; +https://openai.com/gptbot)"
74.7.227.39 - - [21/Apr/2026:20:41:03 +0000] "GET /goods.php?fileloc=//proc/net/rt_cache&path=//proc/net HTTP/1.1" 200 12431 "https://s2spw.com/goods.php?path=//proc/net" "Mozilla/5.0 AppleWebKit/537.36 (KHTML, like Gecko; compatible; GPTBot/1.3; +https://openai.com/gptbot)"
74.7.227.39 - - [21/Apr/2026:20:41:04 +0000] "GET /goods.php?fileloc=//proc/net/tls_stat&path=//proc/net HTTP/1.1" 200 12723 "https://s2spw.com/goods.php?path=//proc/net" "Mozilla/5.0 AppleWebKit/537.36 (KHTML, like Gecko; compatible; GPTBot/1.3; +https://openai.com/gptbot)"
74.7.227.39 - - [21/Apr/2026:20:41:04 +0000] "GET /goods.php?fileloc=//proc/net/fib_trie&path=//proc/net HTTP/1.1" 200 13542 "https://s2spw.com/goods.php?path=//proc/net" "Mozilla/5.0 AppleWebKit/537.36 (KHTML, like Gecko; compatible; GPTBot/1.3; +https://openai.com/gptbot)"
74.7.227.39 - - [21/Apr/2026:20:41:04 +0000] "GET /goods.php?fileloc=//proc/net/nf_conntrack_expect&path=//proc/net HTTP/1.1" 200 12314 "https://s2spw.com/goods.php?path=//proc/net" "Mozilla/5.0 AppleWebKit/537.36 (KHTML, like Gecko; compatible; GPTBot/1.3; +https://openai.com/gptbot)"
74.7.227.39 - - [21/Apr/2026:20:41:05 +0000] "GET /goods.php?fileloc=//proc/net/tcp6&path=//proc/net HTTP/1.1" 200 16903 "https://s2spw.com/goods.php?path=//proc/net" "Mozilla/5.0 AppleWebKit/537.36 (KHTML, like Gecko; compatible; GPTBot/1.3; +https://openai.com/gptbot)"
74.7.227.39 - - [21/Apr/2026:20:41:06 +0000] "GET /goods.php?fileloc=//proc/net/snmp6&path=//proc/net HTTP/1.1" 200 15526 "https://s2spw.com/goods.php?path=//proc/net" "Mozilla/5.0 AppleWebKit/537.36 (KHTML, like Gecko; compatible; GPTBot/1.3; +https://openai.com/gptbot)"
74.7.227.39 - - [21/Apr/2026:20:41:06 +0000] "GET /goods.php?fileloc=//proc/net/udp6&path=//proc/net HTTP/1.1" 200 12975 "https://s2spw.com/goods.php?path=//proc/net" "Mozilla/5.0 AppleWebKit/537.36 (KHTML, like Gecko; compatible; GPTBot/1.3; +https://openai.com/gptbot)"
74.7.227.39 - - [21/Apr/2026:20:41:07 +0000] "GET /goods.php?fileloc=//proc/net/igmp6&path=//proc/net HTTP/1.1" 200 12797 "https://s2spw.com/goods.php?path=//proc/net" "Mozilla/5.0 AppleWebKit/537.36 (KHTML, like Gecko; compatible; GPTBot/1.3; +https://openai.com/gptbot)"
66.249.79.196 - - [21/Apr/2026:20:41:07 +0000] "GET /?detail/1600337199775 HTTP/1.1" 200 60756 "-" "Mozilla/5.0 (Linux; Android 6.0.1; Nexus 5X Build/MMB29P) AppleWebKit/537.36 (KHTML, like Gecko) Chrome/146.0.7680.177 Mobile Safari/537.36 (compatible; GoogleOther)"
74.7.227.39 - - [21/Apr/2026:20:41:07 +0000] "GET /goods.php?fileloc=//proc/net/raw6&path=//proc/net HTTP/1.1" 200 12632 "https://s2spw.com/goods.php?path=//proc/net" "Mozilla/5.0 AppleWebKit/537.36 (KHTML, like Gecko; compatible; GPTBot/1.3; +https://openai.com/gptbot)"
