74.7.227.39 - - [21/Apr/2026:19:49:29 +0000] "GET /goods.php?detail/06303637275130 HTTP/1.1" 404 21054 "https://s2spw.com/goods.php?detail/270044642779" "Mozilla/5.0 AppleWebKit/537.36 (KHTML, like Gecko; compatible; GPTBot/1.3; +https://openai.com/gptbot)"
74.7.227.39 - - [21/Apr/2026:19:49:32 +0000] "GET /goods.php?detail/01801170415961 HTTP/1.1" 404 21054 "https://s2spw.com/goods.php?detail/018011058792" "Mozilla/5.0 AppleWebKit/537.36 (KHTML, like Gecko; compatible; GPTBot/1.3; +https://openai.com/gptbot)"
74.7.227.39 - - [21/Apr/2026:19:49:35 +0000] "GET /goods.php?detail/22903133795353 HTTP/1.1" 404 21054 "https://s2spw.com/goods.php?detail/071011414219" "Mozilla/5.0 AppleWebKit/537.36 (KHTML, like Gecko; compatible; GPTBot/1.3; +https://openai.com/gptbot)"
74.7.227.39 - - [21/Apr/2026:19:49:38 +0000] "GET /goods.php?detail/13602024630276 HTTP/1.1" 404 21054 "https://s2spw.com/goods.php?detail/136018457743" "Mozilla/5.0 AppleWebKit/537.36 (KHTML, like Gecko; compatible; GPTBot/1.3; +https://openai.com/gptbot)"
74.7.227.39 - - [21/Apr/2026:19:49:41 +0000] "GET /goods.php?detail/18501129299755 HTTP/1.1" 404 21054 "https://s2spw.com/goods.php?detail/0610410021324" "Mozilla/5.0 AppleWebKit/537.36 (KHTML, like Gecko; compatible; GPTBot/1.3; +https://openai.com/gptbot)"
74.7.227.39 - - [21/Apr/2026:19:49:43 +0000] "GET /goods.php?detail/23200185072600 HTTP/1.1" 404 21054 "https://s2spw.com/goods.php?detail/232002331948" "Mozilla/5.0 AppleWebKit/537.36 (KHTML, like Gecko; compatible; GPTBot/1.3; +https://openai.com/gptbot)"
74.7.227.39 - - [21/Apr/2026:19:49:46 +0000] "GET /goods.php?detail/22604456025729 HTTP/1.1" 404 21054 "https://s2spw.com/goods.php?jp/064000442.html" "Mozilla/5.0 AppleWebKit/537.36 (KHTML, like Gecko; compatible; GPTBot/1.3; +https://openai.com/gptbot)"
74.7.227.39 - - [21/Apr/2026:19:49:49 +0000] "GET /goods.php?detail/22302318755151 HTTP/1.1" 404 21054 "https://s2spw.com/goods.php?detail/223022863170" "Mozilla/5.0 AppleWebKit/537.36 (KHTML, like Gecko; compatible; GPTBot/1.3; +https://openai.com/gptbot)"
74.7.227.39 - - [21/Apr/2026:19:49:52 +0000] "GET /goods.php?detail/20200631299005 HTTP/1.1" 404 21054 "https://s2spw.com/goods.php?detail/2020050229188" "Mozilla/5.0 AppleWebKit/537.36 (KHTML, like Gecko; compatible; GPTBot/1.3; +https://openai.com/gptbot)"
74.7.227.39 - - [21/Apr/2026:19:49:54 +0000] "GET /goods.php?detail/07601861061343 HTTP/1.1" 404 21054 "https://s2spw.com/goods.php?detail/0760170132671" "Mozilla/5.0 AppleWebKit/537.36 (KHTML, like Gecko; compatible; GPTBot/1.3; +https://openai.com/gptbot)"
74.7.227.39 - - [21/Apr/2026:19:49:57 +0000] "GET /goods.php?detail/08200858343586 HTTP/1.1" 404 21054 "https://s2spw.com/goods.php?detail/082008346096" "Mozilla/5.0 AppleWebKit/537.36 (KHTML, like Gecko; compatible; GPTBot/1.3; +https://openai.com/gptbot)"
74.7.227.39 - - [21/Apr/2026:19:50:00 +0000] "GET /goods.php?detail/26200723253210 HTTP/1.1" 404 21054 "https://s2spw.com/goods.php?detail/262025186666" "Mozilla/5.0 AppleWebKit/537.36 (KHTML, like Gecko; compatible; GPTBot/1.3; +https://openai.com/gptbot)"
74.7.227.39 - - [21/Apr/2026:19:50:03 +0000] "GET /goods.php?detail/09400166364501 HTTP/1.1" 404 21054 "https://s2spw.com/goods.php?detail/094000380536" "Mozilla/5.0 AppleWebKit/537.36 (KHTML, like Gecko; compatible; GPTBot/1.3; +https://openai.com/gptbot)"
74.7.227.39 - - [21/Apr/2026:19:50:06 +0000] "GET /goods.php?detail/25600296255677 HTTP/1.1" 404 21054 "https://s2spw.com/goods.php?detail/101030521588" "Mozilla/5.0 AppleWebKit/537.36 (KHTML, like Gecko; compatible; GPTBot/1.3; +https://openai.com/gptbot)"
74.7.227.39 - - [21/Apr/2026:19:50:08 +0000] "GET /goods.php?detail/16200490907279 HTTP/1.1" 404 21054 "https://s2spw.com/goods.php?detail/1620076416028" "Mozilla/5.0 AppleWebKit/537.36 (KHTML, like Gecko; compatible; GPTBot/1.3; +https://openai.com/gptbot)"
66.249.79.196 - - [21/Apr/2026:19:50:10 +0000] "GET /?jp/230038924.html HTTP/1.1" 200 561927 "-" "Mozilla/5.0 (Linux; Android 6.0.1; Nexus 5X Build/MMB29P) AppleWebKit/537.36 (KHTML, like Gecko) Chrome/146.0.7680.177 Mobile Safari/537.36 (compatible; GoogleOther)"
74.7.227.39 - - [21/Apr/2026:19:50:11 +0000] "GET /goods.php?detail/00303518750589 HTTP/1.1" 404 21054 "https://s2spw.com/goods.php?detail/003034568555" "Mozilla/5.0 AppleWebKit/537.36 (KHTML, like Gecko; compatible; GPTBot/1.3; +https://openai.com/gptbot)"
74.7.227.39 - - [21/Apr/2026:19:50:14 +0000] "GET /goods.php?detail/10501294095079 HTTP/1.1" 404 21054 "https://s2spw.com/goods.php?detail/105015848465" "Mozilla/5.0 AppleWebKit/537.36 (KHTML, like Gecko; compatible; GPTBot/1.3; +https://openai.com/gptbot)"
74.7.227.39 - - [21/Apr/2026:19:50:17 +0000] "GET /goods.php?detail/20203268730810 HTTP/1.1" 404 21054 "https://s2spw.com/goods.php?detail/202024746307" "Mozilla/5.0 AppleWebKit/537.36 (KHTML, like Gecko; compatible; GPTBot/1.3; +https://openai.com/gptbot)"
66.249.79.195 - - [21/Apr/2026:19:50:19 +0000] "GET /?goods/261035865 HTTP/1.1" 200 564364 "-" "Mozilla/5.0 (Linux; Android 6.0.1; Nexus 5X Build/MMB29P) AppleWebKit/537.36 (KHTML, like Gecko) Chrome/146.0.7680.177 Mobile Safari/537.36 (compatible; GoogleOther)"
74.7.227.39 - - [21/Apr/2026:19:50:20 +0000] "GET /goods.php?detail/18800187825337 HTTP/1.1" 404 21054 "https://s2spw.com/goods.php?detail/0350043010454" "Mozilla/5.0 AppleWebKit/537.36 (KHTML, like Gecko; compatible; GPTBot/1.3; +https://openai.com/gptbot)"
74.7.227.39 - - [21/Apr/2026:19:50:22 +0000] "GET /goods.php?detail/25003275259105 HTTP/1.1" 404 21054 "https://s2spw.com/goods.php?detail/089048794996" "Mozilla/5.0 AppleWebKit/537.36 (KHTML, like Gecko; compatible; GPTBot/1.3; +https://openai.com/gptbot)"
74.7.227.39 - - [21/Apr/2026:19:50:25 +0000] "GET /goods.php?detail/00200558344286 HTTP/1.1" 404 21054 "https://s2spw.com/goods.php?detail/002005024596" "Mozilla/5.0 AppleWebKit/537.36 (KHTML, like Gecko; compatible; GPTBot/1.3; +https://openai.com/gptbot)"
74.7.227.39 - - [21/Apr/2026:19:50:28 +0000] "GET /goods.php?detail/21803718383061 HTTP/1.1" 404 21054 "https://s2spw.com/goods.php?detail/2850065239062" "Mozilla/5.0 AppleWebKit/537.36 (KHTML, like Gecko; compatible; GPTBot/1.3; +https://openai.com/gptbot)"
74.7.227.39 - - [21/Apr/2026:19:50:31 +0000] "GET /goods.php?detail/09101521515841 HTTP/1.1" 404 21054 "https://s2spw.com/goods.php?detail/091028499893" "Mozilla/5.0 AppleWebKit/537.36 (KHTML, like Gecko; compatible; GPTBot/1.3; +https://openai.com/gptbot)"
74.7.227.39 - - [21/Apr/2026:19:50:34 +0000] "GET /goods.php?detail/22001653562561 HTTP/1.1" 404 21054 "https://s2spw.com/goods.php?detail/215003795788" "Mozilla/5.0 AppleWebKit/537.36 (KHTML, like Gecko; compatible; GPTBot/1.3; +https://openai.com/gptbot)"
74.7.227.39 - - [21/Apr/2026:19:50:37 +0000] "GET /goods.php?detail/29603537990295 HTTP/1.1" 404 21054 "https://s2spw.com/goods.php?detail/0130110370470" "Mozilla/5.0 AppleWebKit/537.36 (KHTML, like Gecko; compatible; GPTBot/1.3; +https://openai.com/gptbot)"
74.7.227.39 - - [21/Apr/2026:19:50:40 +0000] "GET /goods.php?detail/29702045720749 HTTP/1.1" 404 21054 "https://s2spw.com/goods.php?detail/297022955541" "Mozilla/5.0 AppleWebKit/537.36 (KHTML, like Gecko; compatible; GPTBot/1.3; +https://openai.com/gptbot)"
66.249.79.195 - - [21/Apr/2026:19:50:43 +0000] "GET /?jp/260046372.html HTTP/1.1" 301 - "-" "Mozilla/5.0 (Linux; Android 6.0.1; Nexus 5X Build/MMB29P) AppleWebKit/537.36 (KHTML, like Gecko) Chrome/146.0.7680.177 Mobile Safari/537.36 (compatible; Googlebot/2.1; +http://www.google.com/bot.html)"
74.7.227.39 - - [21/Apr/2026:19:50:42 +0000] "GET /goods.php?detail/06202230276681 HTTP/1.1" 404 21054 "https://s2spw.com/goods.php?detail/113013817390" "Mozilla/5.0 AppleWebKit/537.36 (KHTML, like Gecko; compatible; GPTBot/1.3; +https://openai.com/gptbot)"
66.249.79.195 - - [21/Apr/2026:19:50:43 +0000] "GET /?jp%2F260046372_html HTTP/1.1" 200 43282 "-" "Mozilla/5.0 (Linux; Android 6.0.1; Nexus 5X Build/MMB29P) AppleWebKit/537.36 (KHTML, like Gecko) Chrome/146.0.7680.177 Mobile Safari/537.36 (compatible; Googlebot/2.1; +http://www.google.com/bot.html)"
74.7.227.39 - - [21/Apr/2026:19:50:45 +0000] "GET /goods.php?detail/10104247337009 HTTP/1.1" 404 21054 "https://s2spw.com/goods.php?detail/101042585745" "Mozilla/5.0 AppleWebKit/537.36 (KHTML, like Gecko; compatible; GPTBot/1.3; +https://openai.com/gptbot)"
70.35.205.237 - - [21/Apr/2026:19:50:46 +0000] "GET /wp-content/plugins/cxmfq/index.php HTTP/1.1" 200 28282 "-" "Mozilla/5.0 (Linux; Android 7.0; SM-G892A Build/NRD90M; wv) AppleWebKit/537.36 (KHTML, like Gecko) Chrome/60.0.3112.107 Mobile Safari/537.36"
70.35.205.237 - - [21/Apr/2026:19:50:46 +0000] "POST /wp-content/plugins/cxmfq/index.php HTTP/1.1" 200 28402 "-" "Mozilla/5.0 (Linux; Android 7.0; SM-G892A Build/NRD90M; wv) AppleWebKit/537.36 (KHTML, like Gecko) Chrome/60.0.3112.107 Mobile Safari/537.36"
70.35.205.237 - - [21/Apr/2026:19:50:46 +0000] "GET /wp-content/plugins/cxmfq/ovahaglmt.php HTTP/1.1" 404 21054 "-" "Mozilla/5.0 (Linux; Android 7.0; SM-G892A Build/NRD90M; wv) AppleWebKit/537.36 (KHTML, like Gecko) Chrome/60.0.3112.107 Mobile Safari/537.36"
70.35.205.237 - - [21/Apr/2026:19:50:46 +0000] "GET /wp-content/plugins/cxmfq/index.php/ovahaglmt.php HTTP/1.1" 200 29861 "-" "Mozilla/5.0 (Linux; Android 7.0; SM-G892A Build/NRD90M; wv) AppleWebKit/537.36 (KHTML, like Gecko) Chrome/60.0.3112.107 Mobile Safari/537.36"
70.35.205.237 - - [21/Apr/2026:19:50:46 +0000] "GET /wp-content/plugins/cxmfq/index.php/ovahaglmt.php HTTP/1.1" 200 29861 "-" "Mozilla/5.0 (Linux; Android 7.0; SM-G892A Build/NRD90M; wv) AppleWebKit/537.36 (KHTML, like Gecko) Chrome/60.0.3112.107 Mobile Safari/537.36"
74.7.227.39 - - [21/Apr/2026:19:50:48 +0000] "GET /goods.php?detail/08300567309737 HTTP/1.1" 404 21054 "https://s2spw.com/goods.php?detail/083011470511" "Mozilla/5.0 AppleWebKit/537.36 (KHTML, like Gecko; compatible; GPTBot/1.3; +https://openai.com/gptbot)"
74.7.227.39 - - [21/Apr/2026:19:50:51 +0000] "GET /goods.php?detail/26102923831231 HTTP/1.1" 404 21054 "https://s2spw.com/goods.php?detail/194020009429" "Mozilla/5.0 AppleWebKit/537.36 (KHTML, like Gecko; compatible; GPTBot/1.3; +https://openai.com/gptbot)"
70.35.205.237 - - [21/Apr/2026:19:50:53 +0000] "GET /wp-content/plugins/bggzc/index.php HTTP/1.1" 200 61193 "-" "Mozilla/5.0 (Linux; Android 7.0; SM-G892A Build/NRD90M; wv) AppleWebKit/537.36 (KHTML, like Gecko) Chrome/60.0.3112.107 Mobile Safari/537.36"
70.35.205.237 - - [21/Apr/2026:19:50:53 +0000] "GET /wp-content/plugins/vqgif/index.php HTTP/1.1" 301 - "-" "Mozilla/5.0 (Linux; Android 7.0; SM-G892A Build/NRD90M; wv) AppleWebKit/537.36 (KHTML, like Gecko) Chrome/60.0.3112.107 Mobile Safari/537.36"
70.35.205.237 - - [21/Apr/2026:19:50:54 +0000] "POST /wp-content/plugins/bggzc/index.php HTTP/1.1" 200 61313 "-" "Mozilla/5.0 (Linux; Android 7.0; SM-G892A Build/NRD90M; wv) AppleWebKit/537.36 (KHTML, like Gecko) Chrome/60.0.3112.107 Mobile Safari/537.36"
70.35.205.237 - - [21/Apr/2026:19:50:54 +0000] "GET /wp-content/plugins/bggzc/ovalxqglg.php HTTP/1.1" 200 68 "-" "Mozilla/5.0 (Linux; Android 7.0; SM-G892A Build/NRD90M; wv) AppleWebKit/537.36 (KHTML, like Gecko) Chrome/60.0.3112.107 Mobile Safari/537.36"
70.35.205.237 - - [21/Apr/2026:19:50:54 +0000] "GET /wp-content/plugins/bggzc/ovalxqglg.php HTTP/1.1" 200 68 "-" "Mozilla/5.0 (Linux; Android 7.0; SM-G892A Build/NRD90M; wv) AppleWebKit/537.36 (KHTML, like Gecko) Chrome/60.0.3112.107 Mobile Safari/537.36"
70.35.205.237 - - [21/Apr/2026:19:50:54 +0000] "GET /wp-content/plugins/vqgif/ HTTP/1.1" 404 21054 "-" "Mozilla/5.0 (Linux; Android 7.0; SM-G892A Build/NRD90M; wv) AppleWebKit/537.36 (KHTML, like Gecko) Chrome/60.0.3112.107 Mobile Safari/537.36"
74.7.227.39 - - [21/Apr/2026:19:50:54 +0000] "GET /goods.php?detail/00400779185410 HTTP/1.1" 404 21054 "https://s2spw.com/goods.php?goods/004007762" "Mozilla/5.0 AppleWebKit/537.36 (KHTML, like Gecko; compatible; GPTBot/1.3; +https://openai.com/gptbot)"
70.35.205.237 - - [21/Apr/2026:19:50:54 +0000] "POST /wp-content/plugins/vqgif/index.php HTTP/1.1" 404 21054 "-" "Mozilla/5.0 (Linux; Android 7.0; SM-G892A Build/NRD90M; wv) AppleWebKit/537.36 (KHTML, like Gecko) Chrome/60.0.3112.107 Mobile Safari/537.36"
70.35.205.237 - - [21/Apr/2026:19:50:54 +0000] "GET /wp-content/plugins/xbmpv/index.php HTTP/1.1" 301 - "-" "Mozilla/5.0 (Linux; Android 7.0; SM-G892A Build/NRD90M; wv) AppleWebKit/537.36 (KHTML, like Gecko) Chrome/60.0.3112.107 Mobile Safari/537.36"
70.35.205.237 - - [21/Apr/2026:19:50:54 +0000] "GET /wp-content/plugins/xbmpv/ HTTP/1.1" 404 21054 "-" "Mozilla/5.0 (Linux; Android 7.0; SM-G892A Build/NRD90M; wv) AppleWebKit/537.36 (KHTML, like Gecko) Chrome/60.0.3112.107 Mobile Safari/537.36"
70.35.205.237 - - [21/Apr/2026:19:50:55 +0000] "POST /wp-content/plugins/xbmpv/index.php HTTP/1.1" 404 21054 "-" "Mozilla/5.0 (Linux; Android 7.0; SM-G892A Build/NRD90M; wv) AppleWebKit/537.36 (KHTML, like Gecko) Chrome/60.0.3112.107 Mobile Safari/537.36"
74.7.227.39 - - [21/Apr/2026:19:50:57 +0000] "GET /goods.php?detail/11802146647142 HTTP/1.1" 404 21054 "https://s2spw.com/goods.php?detail/118022655402" "Mozilla/5.0 AppleWebKit/537.36 (KHTML, like Gecko; compatible; GPTBot/1.3; +https://openai.com/gptbot)"
70.35.205.237 - - [21/Apr/2026:19:50:58 +0000] "GET /wp-content/plugins/oloft/index.php HTTP/1.1" 200 31440 "-" "Mozilla/5.0 (Linux; Android 7.0; SM-G892A Build/NRD90M; wv) AppleWebKit/537.36 (KHTML, like Gecko) Chrome/60.0.3112.107 Mobile Safari/537.36"
70.35.205.237 - - [21/Apr/2026:19:50:58 +0000] "POST /wp-content/plugins/oloft/index.php HTTP/1.1" 200 31560 "-" "Mozilla/5.0 (Linux; Android 7.0; SM-G892A Build/NRD90M; wv) AppleWebKit/537.36 (KHTML, like Gecko) Chrome/60.0.3112.107 Mobile Safari/537.36"
70.35.205.237 - - [21/Apr/2026:19:50:58 +0000] "GET /wp-content/plugins/oloft/ovazshbsm.php HTTP/1.1" 404 21054 "-" "Mozilla/5.0 (Linux; Android 7.0; SM-G892A Build/NRD90M; wv) AppleWebKit/537.36 (KHTML, like Gecko) Chrome/60.0.3112.107 Mobile Safari/537.36"
70.35.205.237 - - [21/Apr/2026:19:50:58 +0000] "GET /wp-content/plugins/oloft/index.php/ovazshbsm.php HTTP/1.1" 200 33019 "-" "Mozilla/5.0 (Linux; Android 7.0; SM-G892A Build/NRD90M; wv) AppleWebKit/537.36 (KHTML, like Gecko) Chrome/60.0.3112.107 Mobile Safari/537.36"
70.35.205.237 - - [21/Apr/2026:19:50:59 +0000] "GET /wp-content/plugins/oloft/index.php/ovazshbsm.php HTTP/1.1" 200 33019 "-" "Mozilla/5.0 (Linux; Android 7.0; SM-G892A Build/NRD90M; wv) AppleWebKit/537.36 (KHTML, like Gecko) Chrome/60.0.3112.107 Mobile Safari/537.36"
74.7.227.39 - - [21/Apr/2026:19:50:59 +0000] "GET /goods.php?detail/04004822067972 HTTP/1.1" 404 21054 "https://s2spw.com/goods.php?detail/040049957276" "Mozilla/5.0 AppleWebKit/537.36 (KHTML, like Gecko; compatible; GPTBot/1.3; +https://openai.com/gptbot)"
74.7.227.39 - - [21/Apr/2026:19:51:02 +0000] "GET /goods.php?detail/15700516910529 HTTP/1.1" 404 21054 "https://s2spw.com/goods.php?detail/0540337057770" "Mozilla/5.0 AppleWebKit/537.36 (KHTML, like Gecko; compatible; GPTBot/1.3; +https://openai.com/gptbot)"
74.7.227.39 - - [21/Apr/2026:19:51:05 +0000] "GET /goods.php?detail/15702022530276 HTTP/1.1" 404 21054 "https://s2spw.com/goods.php?detail/065037797238" "Mozilla/5.0 AppleWebKit/537.36 (KHTML, like Gecko; compatible; GPTBot/1.3; +https://openai.com/gptbot)"
66.249.79.195 - - [21/Apr/2026:19:51:07 +0000] "GET /?jp/084049015.html HTTP/1.1" 200 554760 "-" "Mozilla/5.0 (Linux; Android 6.0.1; Nexus 5X Build/MMB29P) AppleWebKit/537.36 (KHTML, like Gecko) Chrome/146.0.7680.177 Mobile Safari/537.36 (compatible; GoogleOther)"
70.35.205.237 - - [21/Apr/2026:19:51:08 +0000] "GET /wp-content/plugins/tsobg/index.php HTTP/1.1" 200 61193 "-" "Mozilla/5.0 (Linux; Android 7.0; SM-G892A Build/NRD90M; wv) AppleWebKit/537.36 (KHTML, like Gecko) Chrome/60.0.3112.107 Mobile Safari/537.36"
70.35.205.237 - - [21/Apr/2026:19:51:08 +0000] "POST /wp-content/plugins/tsobg/index.php HTTP/1.1" 200 61313 "-" "Mozilla/5.0 (Linux; Android 7.0; SM-G892A Build/NRD90M; wv) AppleWebKit/537.36 (KHTML, like Gecko) Chrome/60.0.3112.107 Mobile Safari/537.36"
70.35.205.237 - - [21/Apr/2026:19:51:08 +0000] "GET /wp-content/plugins/tsobg/ovahpmobw.php HTTP/1.1" 404 21054 "-" "Mozilla/5.0 (Linux; Android 7.0; SM-G892A Build/NRD90M; wv) AppleWebKit/537.36 (KHTML, like Gecko) Chrome/60.0.3112.107 Mobile Safari/537.36"
74.7.227.39 - - [21/Apr/2026:19:51:08 +0000] "GET /goods.php?detail/10100349429804 HTTP/1.1" 404 21054 "https://s2spw.com/goods.php?detail/101030691528" "Mozilla/5.0 AppleWebKit/537.36 (KHTML, like Gecko; compatible; GPTBot/1.3; +https://openai.com/gptbot)"
70.35.205.237 - - [21/Apr/2026:19:51:08 +0000] "GET /wp-content/plugins/tsobg/index.php/ovahpmobw.php HTTP/1.1" 200 62772 "-" "Mozilla/5.0 (Linux; Android 7.0; SM-G892A Build/NRD90M; wv) AppleWebKit/537.36 (KHTML, like Gecko) Chrome/60.0.3112.107 Mobile Safari/537.36"
70.35.205.237 - - [21/Apr/2026:19:51:08 +0000] "GET /wp-content/plugins/tsobg/index.php/ovahpmobw.php HTTP/1.1" 200 62772 "-" "Mozilla/5.0 (Linux; Android 7.0; SM-G892A Build/NRD90M; wv) AppleWebKit/537.36 (KHTML, like Gecko) Chrome/60.0.3112.107 Mobile Safari/537.36"
70.35.205.237 - - [21/Apr/2026:19:51:09 +0000] "GET /wp-content/plugins/yudpd/index.php HTTP/1.1" 301 - "-" "Mozilla/5.0 (Linux; Android 7.0; SM-G892A Build/NRD90M; wv) AppleWebKit/537.36 (KHTML, like Gecko) Chrome/60.0.3112.107 Mobile Safari/537.36"
70.35.205.237 - - [21/Apr/2026:19:51:10 +0000] "GET /wp-content/plugins/yudpd/ HTTP/1.1" 404 21054 "-" "Mozilla/5.0 (Linux; Android 7.0; SM-G892A Build/NRD90M; wv) AppleWebKit/537.36 (KHTML, like Gecko) Chrome/60.0.3112.107 Mobile Safari/537.36"
70.35.205.237 - - [21/Apr/2026:19:51:10 +0000] "POST /wp-content/plugins/yudpd/index.php HTTP/1.1" 404 21054 "-" "Mozilla/5.0 (Linux; Android 7.0; SM-G892A Build/NRD90M; wv) AppleWebKit/537.36 (KHTML, like Gecko) Chrome/60.0.3112.107 Mobile Safari/537.36"
74.7.227.39 - - [21/Apr/2026:19:51:11 +0000] "GET /goods.php?detail/01700383696870 HTTP/1.1" 404 21054 "https://s2spw.com/goods.php?detail/017003368512" "Mozilla/5.0 AppleWebKit/537.36 (KHTML, like Gecko; compatible; GPTBot/1.3; +https://openai.com/gptbot)"
74.7.227.39 - - [21/Apr/2026:19:51:13 +0000] "GET /goods.php?detail/26003102072826 HTTP/1.1" 404 21054 "https://s2spw.com/goods.php?detail/202015123519" "Mozilla/5.0 AppleWebKit/537.36 (KHTML, like Gecko; compatible; GPTBot/1.3; +https://openai.com/gptbot)"
74.7.227.39 - - [21/Apr/2026:19:51:16 +0000] "GET /goods.php?detail/19104193898866 HTTP/1.1" 404 21054 "https://s2spw.com/goods.php?detail/154013954315" "Mozilla/5.0 AppleWebKit/537.36 (KHTML, like Gecko; compatible; GPTBot/1.3; +https://openai.com/gptbot)"
70.35.205.237 - - [21/Apr/2026:19:51:17 +0000] "GET /wp-content/plugins/gvohb/index.php HTTP/1.1" 301 - "-" "Mozilla/5.0 (Linux; Android 7.0; SM-G892A Build/NRD90M; wv) AppleWebKit/537.36 (KHTML, like Gecko) Chrome/60.0.3112.107 Mobile Safari/537.36"
70.35.205.237 - - [21/Apr/2026:19:51:17 +0000] "GET /wp-content/plugins/gvohb/ HTTP/1.1" 404 21054 "-" "Mozilla/5.0 (Linux; Android 7.0; SM-G892A Build/NRD90M; wv) AppleWebKit/537.36 (KHTML, like Gecko) Chrome/60.0.3112.107 Mobile Safari/537.36"
70.35.205.237 - - [21/Apr/2026:19:51:18 +0000] "POST /wp-content/plugins/gvohb/index.php HTTP/1.1" 404 21054 "-" "Mozilla/5.0 (Linux; Android 7.0; SM-G892A Build/NRD90M; wv) AppleWebKit/537.36 (KHTML, like Gecko) Chrome/60.0.3112.107 Mobile Safari/537.36"
70.35.205.237 - - [21/Apr/2026:19:51:19 +0000] "GET /wp-content/plugins/bdvwc/index.php HTTP/1.1" 200 36115 "-" "Mozilla/5.0 (Linux; Android 7.0; SM-G892A Build/NRD90M; wv) AppleWebKit/537.36 (KHTML, like Gecko) Chrome/60.0.3112.107 Mobile Safari/537.36"
70.35.205.237 - - [21/Apr/2026:19:51:19 +0000] "POST /wp-content/plugins/bdvwc/index.php HTTP/1.1" 200 36235 "-" "Mozilla/5.0 (Linux; Android 7.0; SM-G892A Build/NRD90M; wv) AppleWebKit/537.36 (KHTML, like Gecko) Chrome/60.0.3112.107 Mobile Safari/537.36"
70.35.205.237 - - [21/Apr/2026:19:51:19 +0000] "GET /wp-content/plugins/bdvwc/ovauimcth.php HTTP/1.1" 404 21054 "-" "Mozilla/5.0 (Linux; Android 7.0; SM-G892A Build/NRD90M; wv) AppleWebKit/537.36 (KHTML, like Gecko) Chrome/60.0.3112.107 Mobile Safari/537.36"
70.35.205.237 - - [21/Apr/2026:19:51:19 +0000] "GET /wp-content/plugins/bdvwc/index.php/ovauimcth.php HTTP/1.1" 200 37694 "-" "Mozilla/5.0 (Linux; Android 7.0; SM-G892A Build/NRD90M; wv) AppleWebKit/537.36 (KHTML, like Gecko) Chrome/60.0.3112.107 Mobile Safari/537.36"
74.7.227.39 - - [21/Apr/2026:19:51:19 +0000] "GET /goods.php?detail/18801438871022 HTTP/1.1" 404 21054 "https://s2spw.com/goods.php?detail/006005113302" "Mozilla/5.0 AppleWebKit/537.36 (KHTML, like Gecko; compatible; GPTBot/1.3; +https://openai.com/gptbot)"
70.35.205.237 - - [21/Apr/2026:19:51:19 +0000] "GET /wp-content/plugins/bdvwc/index.php/ovauimcth.php HTTP/1.1" 200 37694 "-" "Mozilla/5.0 (Linux; Android 7.0; SM-G892A Build/NRD90M; wv) AppleWebKit/537.36 (KHTML, like Gecko) Chrome/60.0.3112.107 Mobile Safari/537.36"
70.35.205.237 - - [21/Apr/2026:19:51:20 +0000] "GET /wp-content/plugins/ynvau/index.php HTTP/1.1" 301 - "-" "Mozilla/5.0 (Linux; Android 7.0; SM-G892A Build/NRD90M; wv) AppleWebKit/537.36 (KHTML, like Gecko) Chrome/60.0.3112.107 Mobile Safari/537.36"
70.35.205.237 - - [21/Apr/2026:19:51:21 +0000] "GET /wp-content/plugins/ynvau/ HTTP/1.1" 404 21054 "-" "Mozilla/5.0 (Linux; Android 7.0; SM-G892A Build/NRD90M; wv) AppleWebKit/537.36 (KHTML, like Gecko) Chrome/60.0.3112.107 Mobile Safari/537.36"
70.35.205.237 - - [21/Apr/2026:19:51:21 +0000] "POST /wp-content/plugins/ynvau/index.php HTTP/1.1" 404 21054 "-" "Mozilla/5.0 (Linux; Android 7.0; SM-G892A Build/NRD90M; wv) AppleWebKit/537.36 (KHTML, like Gecko) Chrome/60.0.3112.107 Mobile Safari/537.36"
74.7.227.39 - - [21/Apr/2026:19:51:22 +0000] "GET /goods.php?detail/21502079076227 HTTP/1.1" 404 21054 "https://s2spw.com/goods.php?detail/2150210157405" "Mozilla/5.0 AppleWebKit/537.36 (KHTML, like Gecko; compatible; GPTBot/1.3; +https://openai.com/gptbot)"
74.7.227.39 - - [21/Apr/2026:19:51:25 +0000] "GET /goods.php?detail/14900504604771 HTTP/1.1" 404 21054 "https://s2spw.com/goods.php?detail/289003000224" "Mozilla/5.0 AppleWebKit/537.36 (KHTML, like Gecko; compatible; GPTBot/1.3; +https://openai.com/gptbot)"
74.7.227.39 - - [21/Apr/2026:19:51:27 +0000] "GET /goods.php?detail/08501408091301 HTTP/1.1" 404 21054 "https://s2spw.com/goods.php?detail/028021996507" "Mozilla/5.0 AppleWebKit/537.36 (KHTML, like Gecko; compatible; GPTBot/1.3; +https://openai.com/gptbot)"
74.7.227.39 - - [21/Apr/2026:19:51:30 +0000] "GET /goods.php?detail/06800202938243 HTTP/1.1" 404 21054 "https://s2spw.com/goods.php?goods/068002030" "Mozilla/5.0 AppleWebKit/537.36 (KHTML, like Gecko; compatible; GPTBot/1.3; +https://openai.com/gptbot)"
74.7.227.39 - - [21/Apr/2026:19:51:33 +0000] "GET /goods.php?detail/10103317115266 HTTP/1.1" 404 21054 "https://s2spw.com/goods.php?detail/101030778622" "Mozilla/5.0 AppleWebKit/537.36 (KHTML, like Gecko; compatible; GPTBot/1.3; +https://openai.com/gptbot)"
74.7.227.39 - - [21/Apr/2026:19:51:36 +0000] "GET /goods.php?detail/13604211218125 HTTP/1.1" 404 21054 "https://s2spw.com/goods.php?detail/136041248448" "Mozilla/5.0 AppleWebKit/537.36 (KHTML, like Gecko; compatible; GPTBot/1.3; +https://openai.com/gptbot)"
70.35.205.237 - - [21/Apr/2026:19:51:38 +0000] "GET /wp-content/plugins/fpvlu/index.php HTTP/1.1" 200 36115 "-" "Mozilla/5.0 (Linux; Android 7.0; SM-G892A Build/NRD90M; wv) AppleWebKit/537.36 (KHTML, like Gecko) Chrome/60.0.3112.107 Mobile Safari/537.36"
70.35.205.237 - - [21/Apr/2026:19:51:38 +0000] "POST /wp-content/plugins/fpvlu/index.php HTTP/1.1" 200 36235 "-" "Mozilla/5.0 (Linux; Android 7.0; SM-G892A Build/NRD90M; wv) AppleWebKit/537.36 (KHTML, like Gecko) Chrome/60.0.3112.107 Mobile Safari/537.36"
70.35.205.237 - - [21/Apr/2026:19:51:38 +0000] "GET /wp-content/plugins/fpvlu/ovabtmkht.php HTTP/1.1" 404 21054 "-" "Mozilla/5.0 (Linux; Android 7.0; SM-G892A Build/NRD90M; wv) AppleWebKit/537.36 (KHTML, like Gecko) Chrome/60.0.3112.107 Mobile Safari/537.36"
70.35.205.237 - - [21/Apr/2026:19:51:39 +0000] "GET /wp-content/plugins/fpvlu/index.php/ovabtmkht.php HTTP/1.1" 200 37694 "-" "Mozilla/5.0 (Linux; Android 7.0; SM-G892A Build/NRD90M; wv) AppleWebKit/537.36 (KHTML, like Gecko) Chrome/60.0.3112.107 Mobile Safari/537.36"
70.35.205.237 - - [21/Apr/2026:19:51:39 +0000] "GET /wp-content/plugins/fpvlu/index.php/ovabtmkht.php HTTP/1.1" 200 37694 "-" "Mozilla/5.0 (Linux; Android 7.0; SM-G892A Build/NRD90M; wv) AppleWebKit/537.36 (KHTML, like Gecko) Chrome/60.0.3112.107 Mobile Safari/537.36"
74.7.227.39 - - [21/Apr/2026:19:51:39 +0000] "GET /goods.php?detail/22403712714197 HTTP/1.1" 404 21054 "https://s2spw.com/goods.php?detail/135037647139" "Mozilla/5.0 AppleWebKit/537.36 (KHTML, like Gecko; compatible; GPTBot/1.3; +https://openai.com/gptbot)"
70.35.205.237 - - [21/Apr/2026:19:51:41 +0000] "GET /wp-content/plugins/sylms/index.php HTTP/1.1" 200 61193 "-" "Mozilla/5.0 (Linux; Android 7.0; SM-G892A Build/NRD90M; wv) AppleWebKit/537.36 (KHTML, like Gecko) Chrome/60.0.3112.107 Mobile Safari/537.36"
70.35.205.237 - - [21/Apr/2026:19:51:41 +0000] "POST /wp-content/plugins/sylms/index.php HTTP/1.1" 200 61313 "-" "Mozilla/5.0 (Linux; Android 7.0; SM-G892A Build/NRD90M; wv) AppleWebKit/537.36 (KHTML, like Gecko) Chrome/60.0.3112.107 Mobile Safari/537.36"
70.35.205.237 - - [21/Apr/2026:19:51:41 +0000] "GET /wp-content/plugins/sylms/ovajkrsni.php HTTP/1.1" 404 21054 "-" "Mozilla/5.0 (Linux; Android 7.0; SM-G892A Build/NRD90M; wv) AppleWebKit/537.36 (KHTML, like Gecko) Chrome/60.0.3112.107 Mobile Safari/537.36"
70.35.205.237 - - [21/Apr/2026:19:51:41 +0000] "GET /wp-content/plugins/sylms/index.php/ovajkrsni.php HTTP/1.1" 200 62772 "-" "Mozilla/5.0 (Linux; Android 7.0; SM-G892A Build/NRD90M; wv) AppleWebKit/537.36 (KHTML, like Gecko) Chrome/60.0.3112.107 Mobile Safari/537.36"
70.35.205.237 - - [21/Apr/2026:19:51:41 +0000] "GET /wp-content/plugins/sylms/index.php/ovajkrsni.php HTTP/1.1" 200 62772 "-" "Mozilla/5.0 (Linux; Android 7.0; SM-G892A Build/NRD90M; wv) AppleWebKit/537.36 (KHTML, like Gecko) Chrome/60.0.3112.107 Mobile Safari/537.36"
74.7.227.39 - - [21/Apr/2026:19:51:42 +0000] "GET /goods.php?detail/25902576008622 HTTP/1.1" 404 21054 "https://s2spw.com/goods.php?detail/138031711763" "Mozilla/5.0 AppleWebKit/537.36 (KHTML, like Gecko; compatible; GPTBot/1.3; +https://openai.com/gptbot)"
74.7.227.39 - - [21/Apr/2026:19:51:44 +0000] "GET /goods.php?detail/10502414849245 HTTP/1.1" 404 21054 "https://s2spw.com/goods.php?detail/105024846632" "Mozilla/5.0 AppleWebKit/537.36 (KHTML, like Gecko; compatible; GPTBot/1.3; +https://openai.com/gptbot)"
74.7.227.39 - - [21/Apr/2026:19:51:47 +0000] "GET /goods.php?detail/16500909947690 HTTP/1.1" 404 21054 "https://s2spw.com/goods.php?detail/165009362349" "Mozilla/5.0 AppleWebKit/537.36 (KHTML, like Gecko; compatible; GPTBot/1.3; +https://openai.com/gptbot)"
74.7.227.39 - - [21/Apr/2026:19:51:50 +0000] "GET /goods.php?detail/20101712557134 HTTP/1.1" 404 21054 "https://s2spw.com/goods.php?detail/2010179130788" "Mozilla/5.0 AppleWebKit/537.36 (KHTML, like Gecko; compatible; GPTBot/1.3; +https://openai.com/gptbot)"
74.7.227.39 - - [21/Apr/2026:19:51:53 +0000] "GET /goods.php?detail/14402267628122 HTTP/1.1" 404 21054 "https://s2spw.com/goods.php?detail/221020217137" "Mozilla/5.0 AppleWebKit/537.36 (KHTML, like Gecko; compatible; GPTBot/1.3; +https://openai.com/gptbot)"
74.7.227.39 - - [21/Apr/2026:19:51:56 +0000] "GET /goods.php?detail/29201935238852 HTTP/1.1" 404 21054 "https://s2spw.com/goods.php?detail/292036023601" "Mozilla/5.0 AppleWebKit/537.36 (KHTML, like Gecko; compatible; GPTBot/1.3; +https://openai.com/gptbot)"
70.35.205.237 - - [21/Apr/2026:19:51:58 +0000] "GET /wp-content/plugins/gxyqm/index.php HTTP/1.1" 301 - "-" "Mozilla/5.0 (Linux; Android 7.0; SM-G892A Build/NRD90M; wv) AppleWebKit/537.36 (KHTML, like Gecko) Chrome/60.0.3112.107 Mobile Safari/537.36"
70.35.205.237 - - [21/Apr/2026:19:51:58 +0000] "GET /wp-content/plugins/gxyqm/ HTTP/1.1" 404 21054 "-" "Mozilla/5.0 (Linux; Android 7.0; SM-G892A Build/NRD90M; wv) AppleWebKit/537.36 (KHTML, like Gecko) Chrome/60.0.3112.107 Mobile Safari/537.36"
70.35.205.237 - - [21/Apr/2026:19:51:58 +0000] "POST /wp-content/plugins/gxyqm/index.php HTTP/1.1" 404 21054 "-" "Mozilla/5.0 (Linux; Android 7.0; SM-G892A Build/NRD90M; wv) AppleWebKit/537.36 (KHTML, like Gecko) Chrome/60.0.3112.107 Mobile Safari/537.36"
74.7.227.39 - - [21/Apr/2026:19:51:58 +0000] "GET /goods.php?detail/15102989202799 HTTP/1.1" 404 21054 "https://s2spw.com/goods.php?detail/1510301431523" "Mozilla/5.0 AppleWebKit/537.36 (KHTML, like Gecko; compatible; GPTBot/1.3; +https://openai.com/gptbot)"
70.35.205.237 - - [21/Apr/2026:19:52:00 +0000] "GET /wp-content/plugins/rvakk/index.php HTTP/1.1" 301 - "-" "Mozilla/5.0 (Linux; Android 7.0; SM-G892A Build/NRD90M; wv) AppleWebKit/537.36 (KHTML, like Gecko) Chrome/60.0.3112.107 Mobile Safari/537.36"
70.35.205.237 - - [21/Apr/2026:19:52:00 +0000] "GET /wp-content/plugins/rvakk/ HTTP/1.1" 404 21054 "-" "Mozilla/5.0 (Linux; Android 7.0; SM-G892A Build/NRD90M; wv) AppleWebKit/537.36 (KHTML, like Gecko) Chrome/60.0.3112.107 Mobile Safari/537.36"
70.35.205.237 - - [21/Apr/2026:19:52:00 +0000] "POST /wp-content/plugins/rvakk/index.php HTTP/1.1" 404 21054 "-" "Mozilla/5.0 (Linux; Android 7.0; SM-G892A Build/NRD90M; wv) AppleWebKit/537.36 (KHTML, like Gecko) Chrome/60.0.3112.107 Mobile Safari/537.36"
70.35.205.237 - - [21/Apr/2026:19:52:01 +0000] "GET /wp-content/plugins/ofepq/index.php HTTP/1.1" 200 29861 "-" "Mozilla/5.0 (Linux; Android 7.0; SM-G892A Build/NRD90M; wv) AppleWebKit/537.36 (KHTML, like Gecko) Chrome/60.0.3112.107 Mobile Safari/537.36"
70.35.205.237 - - [21/Apr/2026:19:52:01 +0000] "POST /wp-content/plugins/ofepq/index.php HTTP/1.1" 200 29981 "-" "Mozilla/5.0 (Linux; Android 7.0; SM-G892A Build/NRD90M; wv) AppleWebKit/537.36 (KHTML, like Gecko) Chrome/60.0.3112.107 Mobile Safari/537.36"
70.35.205.237 - - [21/Apr/2026:19:52:01 +0000] "GET /wp-content/plugins/ofepq/ovaopptlq.php HTTP/1.1" 200 68 "-" "Mozilla/5.0 (Linux; Android 7.0; SM-G892A Build/NRD90M; wv) AppleWebKit/537.36 (KHTML, like Gecko) Chrome/60.0.3112.107 Mobile Safari/537.36"
70.35.205.237 - - [21/Apr/2026:19:52:01 +0000] "GET /wp-content/plugins/ofepq/ovaopptlq.php HTTP/1.1" 200 68 "-" "Mozilla/5.0 (Linux; Android 7.0; SM-G892A Build/NRD90M; wv) AppleWebKit/537.36 (KHTML, like Gecko) Chrome/60.0.3112.107 Mobile Safari/537.36"
70.35.205.237 - - [21/Apr/2026:19:52:01 +0000] "GET /wp-content/plugins/rwooy/index.php HTTP/1.1" 301 - "-" "Mozilla/5.0 (Linux; Android 7.0; SM-G892A Build/NRD90M; wv) AppleWebKit/537.36 (KHTML, like Gecko) Chrome/60.0.3112.107 Mobile Safari/537.36"
74.7.227.39 - - [21/Apr/2026:19:52:01 +0000] "GET /goods.php?detail/01301701667579 HTTP/1.1" 404 21054 "https://s2spw.com/goods.php?detail/01301703343202" "Mozilla/5.0 AppleWebKit/537.36 (KHTML, like Gecko; compatible; GPTBot/1.3; +https://openai.com/gptbot)"
70.35.205.237 - - [21/Apr/2026:19:52:01 +0000] "GET /wp-content/plugins/rwooy/ HTTP/1.1" 404 21054 "-" "Mozilla/5.0 (Linux; Android 7.0; SM-G892A Build/NRD90M; wv) AppleWebKit/537.36 (KHTML, like Gecko) Chrome/60.0.3112.107 Mobile Safari/537.36"
70.35.205.237 - - [21/Apr/2026:19:52:02 +0000] "POST /wp-content/plugins/rwooy/index.php HTTP/1.1" 404 21054 "-" "Mozilla/5.0 (Linux; Android 7.0; SM-G892A Build/NRD90M; wv) AppleWebKit/537.36 (KHTML, like Gecko) Chrome/60.0.3112.107 Mobile Safari/537.36"
74.7.227.39 - - [21/Apr/2026:19:52:04 +0000] "GET /goods.php?detail/29404024463119 HTTP/1.1" 404 21054 "https://s2spw.com/goods.php?detail/2940384682987" "Mozilla/5.0 AppleWebKit/537.36 (KHTML, like Gecko; compatible; GPTBot/1.3; +https://openai.com/gptbot)"
66.249.79.195 - - [21/Apr/2026:19:52:06 +0000] "GET /?jp/152043695.html HTTP/1.1" 200 563500 "-" "Mozilla/5.0 (Linux; Android 6.0.1; Nexus 5X Build/MMB29P) AppleWebKit/537.36 (KHTML, like Gecko) Chrome/146.0.7680.177 Mobile Safari/537.36 (compatible; Googlebot/2.1; +http://www.google.com/bot.html)"
74.7.227.39 - - [21/Apr/2026:19:52:07 +0000] "GET /goods.php?detail/22502564598962 HTTP/1.1" 404 21054 "https://s2spw.com/goods.php?detail/272033811429" "Mozilla/5.0 AppleWebKit/537.36 (KHTML, like Gecko; compatible; GPTBot/1.3; +https://openai.com/gptbot)"
70.35.205.237 - - [21/Apr/2026:19:52:09 +0000] "GET /wp-content/plugins/ffwtr/index.php HTTP/1.1" 200 61193 "-" "Mozilla/5.0 (Linux; Android 7.0; SM-G892A Build/NRD90M; wv) AppleWebKit/537.36 (KHTML, like Gecko) Chrome/60.0.3112.107 Mobile Safari/537.36"
70.35.205.237 - - [21/Apr/2026:19:52:09 +0000] "POST /wp-content/plugins/ffwtr/index.php HTTP/1.1" 200 61313 "-" "Mozilla/5.0 (Linux; Android 7.0; SM-G892A Build/NRD90M; wv) AppleWebKit/537.36 (KHTML, like Gecko) Chrome/60.0.3112.107 Mobile Safari/537.36"
70.35.205.237 - - [21/Apr/2026:19:52:09 +0000] "GET /wp-content/plugins/ffwtr/ovawucaxx.php HTTP/1.1" 404 21054 "-" "Mozilla/5.0 (Linux; Android 7.0; SM-G892A Build/NRD90M; wv) AppleWebKit/537.36 (KHTML, like Gecko) Chrome/60.0.3112.107 Mobile Safari/537.36"
70.35.205.237 - - [21/Apr/2026:19:52:10 +0000] "GET /wp-content/plugins/ffwtr/index.php/ovawucaxx.php HTTP/1.1" 200 62772 "-" "Mozilla/5.0 (Linux; Android 7.0; SM-G892A Build/NRD90M; wv) AppleWebKit/537.36 (KHTML, like Gecko) Chrome/60.0.3112.107 Mobile Safari/537.36"
70.35.205.237 - - [21/Apr/2026:19:52:10 +0000] "GET /wp-content/plugins/ffwtr/index.php/ovawucaxx.php HTTP/1.1" 200 62772 "-" "Mozilla/5.0 (Linux; Android 7.0; SM-G892A Build/NRD90M; wv) AppleWebKit/537.36 (KHTML, like Gecko) Chrome/60.0.3112.107 Mobile Safari/537.36"
66.249.79.196 - - [21/Apr/2026:19:52:09 +0000] "GET /?detail/077027049678 HTTP/1.1" 301 - "-" "Mozilla/5.0 (Linux; Android 6.0.1; Nexus 5X Build/MMB29P) AppleWebKit/537.36 (KHTML, like Gecko) Chrome/146.0.7680.177 Mobile Safari/537.36 (compatible; GoogleOther)"
74.7.227.39 - - [21/Apr/2026:19:52:10 +0000] "GET /goods.php?detail/21400670646628 HTTP/1.1" 404 21054 "https://s2spw.com/goods.php?detail/043003990969" "Mozilla/5.0 AppleWebKit/537.36 (KHTML, like Gecko; compatible; GPTBot/1.3; +https://openai.com/gptbot)"
66.249.79.196 - - [21/Apr/2026:19:52:12 +0000] "GET /?detail%2F077027049678 HTTP/1.1" 200 558085 "-" "Mozilla/5.0 (Linux; Android 6.0.1; Nexus 5X Build/MMB29P) AppleWebKit/537.36 (KHTML, like Gecko) Chrome/146.0.7680.177 Mobile Safari/537.36 (compatible; GoogleOther)"
66.249.79.196 - - [21/Apr/2026:19:52:13 +0000] "GET /pcmypage?callback=/product%2Fdetail%2Ajimura4861-a-b0001cqouw HTTP/1.1" 200 554602 "-" "Mozilla/5.0 (Linux; Android 6.0.1; Nexus 5X Build/MMB29P) AppleWebKit/537.36 (KHTML, like Gecko) Chrome/146.0.7680.177 Mobile Safari/537.36 (compatible; GoogleOther)"
74.7.227.39 - - [21/Apr/2026:19:52:13 +0000] "GET /goods.php?detail/17700244144506 HTTP/1.1" 404 21054 "https://s2spw.com/goods.php?detail/177002546316" "Mozilla/5.0 AppleWebKit/537.36 (KHTML, like Gecko; compatible; GPTBot/1.3; +https://openai.com/gptbot)"
70.35.205.237 - - [21/Apr/2026:19:52:15 +0000] "GET /wp-content/plugins/zsmgf/index.php HTTP/1.1" 301 - "-" "Mozilla/5.0 (Linux; Android 7.0; SM-G892A Build/NRD90M; wv) AppleWebKit/537.36 (KHTML, like Gecko) Chrome/60.0.3112.107 Mobile Safari/537.36"
70.35.205.237 - - [21/Apr/2026:19:52:15 +0000] "GET /wp-content/plugins/zsmgf/ HTTP/1.1" 404 21054 "-" "Mozilla/5.0 (Linux; Android 7.0; SM-G892A Build/NRD90M; wv) AppleWebKit/537.36 (KHTML, like Gecko) Chrome/60.0.3112.107 Mobile Safari/537.36"
70.35.205.237 - - [21/Apr/2026:19:52:16 +0000] "POST /wp-content/plugins/zsmgf/index.php HTTP/1.1" 404 21054 "-" "Mozilla/5.0 (Linux; Android 7.0; SM-G892A Build/NRD90M; wv) AppleWebKit/537.36 (KHTML, like Gecko) Chrome/60.0.3112.107 Mobile Safari/537.36"
74.7.227.39 - - [21/Apr/2026:19:52:16 +0000] "GET /goods.php?detail/00202334066167 HTTP/1.1" 404 21054 "https://s2spw.com/goods.php?detail/002021052254" "Mozilla/5.0 AppleWebKit/537.36 (KHTML, like Gecko; compatible; GPTBot/1.3; +https://openai.com/gptbot)"
74.7.227.39 - - [21/Apr/2026:19:52:18 +0000] "GET /goods.php?detail/06103034394294 HTTP/1.1" 404 21054 "https://s2spw.com/goods.php?detail/061032552616" "Mozilla/5.0 AppleWebKit/537.36 (KHTML, like Gecko; compatible; GPTBot/1.3; +https://openai.com/gptbot)"
74.7.227.39 - - [21/Apr/2026:19:52:21 +0000] "GET /goods.php?detail/02303752952385 HTTP/1.1" 404 21054 "https://s2spw.com/goods.php?detail/151017492811" "Mozilla/5.0 AppleWebKit/537.36 (KHTML, like Gecko; compatible; GPTBot/1.3; +https://openai.com/gptbot)"
70.35.205.237 - - [21/Apr/2026:19:52:22 +0000] "GET /wp-content/plugins/cjoxh/index.php HTTP/1.1" 301 - "-" "Mozilla/5.0 (Linux; Android 7.0; SM-G892A Build/NRD90M; wv) AppleWebKit/537.36 (KHTML, like Gecko) Chrome/60.0.3112.107 Mobile Safari/537.36"
70.35.205.237 - - [21/Apr/2026:19:52:22 +0000] "GET /wp-content/plugins/cjoxh/ HTTP/1.1" 404 21054 "-" "Mozilla/5.0 (Linux; Android 7.0; SM-G892A Build/NRD90M; wv) AppleWebKit/537.36 (KHTML, like Gecko) Chrome/60.0.3112.107 Mobile Safari/537.36"
70.35.205.237 - - [21/Apr/2026:19:52:23 +0000] "POST /wp-content/plugins/cjoxh/index.php HTTP/1.1" 404 21054 "-" "Mozilla/5.0 (Linux; Android 7.0; SM-G892A Build/NRD90M; wv) AppleWebKit/537.36 (KHTML, like Gecko) Chrome/60.0.3112.107 Mobile Safari/537.36"
74.7.227.39 - - [21/Apr/2026:19:52:24 +0000] "GET /goods.php?detail/29001298959315 HTTP/1.1" 404 21054 "https://s2spw.com/goods.php?detail/290007021192" "Mozilla/5.0 AppleWebKit/537.36 (KHTML, like Gecko; compatible; GPTBot/1.3; +https://openai.com/gptbot)"
74.7.227.39 - - [21/Apr/2026:19:52:27 +0000] "GET /goods.php?detail/10103107965606 HTTP/1.1" 404 21054 "https://s2spw.com/goods.php?detail/196043596909" "Mozilla/5.0 AppleWebKit/537.36 (KHTML, like Gecko; compatible; GPTBot/1.3; +https://openai.com/gptbot)"
70.35.205.237 - - [21/Apr/2026:19:52:29 +0000] "GET /wp-content/plugins/fjlkt/index.php HTTP/1.1" 200 37694 "-" "Mozilla/5.0 (Linux; Android 7.0; SM-G892A Build/NRD90M; wv) AppleWebKit/537.36 (KHTML, like Gecko) Chrome/60.0.3112.107 Mobile Safari/537.36"
70.35.205.237 - - [21/Apr/2026:19:52:29 +0000] "POST /wp-content/plugins/fjlkt/index.php HTTP/1.1" 200 37814 "-" "Mozilla/5.0 (Linux; Android 7.0; SM-G892A Build/NRD90M; wv) AppleWebKit/537.36 (KHTML, like Gecko) Chrome/60.0.3112.107 Mobile Safari/537.36"
70.35.205.237 - - [21/Apr/2026:19:52:29 +0000] "GET /wp-content/plugins/fjlkt/ovaolyucr.php HTTP/1.1" 404 21054 "-" "Mozilla/5.0 (Linux; Android 7.0; SM-G892A Build/NRD90M; wv) AppleWebKit/537.36 (KHTML, like Gecko) Chrome/60.0.3112.107 Mobile Safari/537.36"
70.35.205.237 - - [21/Apr/2026:19:52:29 +0000] "GET /wp-content/plugins/fjlkt/index.php/ovaolyucr.php HTTP/1.1" 200 39273 "-" "Mozilla/5.0 (Linux; Android 7.0; SM-G892A Build/NRD90M; wv) AppleWebKit/537.36 (KHTML, like Gecko) Chrome/60.0.3112.107 Mobile Safari/537.36"
70.35.205.237 - - [21/Apr/2026:19:52:29 +0000] "GET /wp-content/plugins/fjlkt/index.php/ovaolyucr.php HTTP/1.1" 200 39273 "-" "Mozilla/5.0 (Linux; Android 7.0; SM-G892A Build/NRD90M; wv) AppleWebKit/537.36 (KHTML, like Gecko) Chrome/60.0.3112.107 Mobile Safari/537.36"
74.7.227.39 - - [21/Apr/2026:19:52:29 +0000] "GET /goods.php?detail/05300135172016 HTTP/1.1" 404 21054 "https://s2spw.com/goods.php?goods/053001413" "Mozilla/5.0 AppleWebKit/537.36 (KHTML, like Gecko; compatible; GPTBot/1.3; +https://openai.com/gptbot)"
70.35.205.237 - - [21/Apr/2026:19:52:30 +0000] "GET /wp-content/plugins/zdjpv/index.php HTTP/1.1" 301 - "-" "Mozilla/5.0 (Linux; Android 7.0; SM-G892A Build/NRD90M; wv) AppleWebKit/537.36 (KHTML, like Gecko) Chrome/60.0.3112.107 Mobile Safari/537.36"
70.35.205.237 - - [21/Apr/2026:19:52:30 +0000] "GET /wp-content/plugins/zdjpv/ HTTP/1.1" 404 21054 "-" "Mozilla/5.0 (Linux; Android 7.0; SM-G892A Build/NRD90M; wv) AppleWebKit/537.36 (KHTML, like Gecko) Chrome/60.0.3112.107 Mobile Safari/537.36"
70.35.205.237 - - [21/Apr/2026:19:52:31 +0000] "POST /wp-content/plugins/zdjpv/index.php HTTP/1.1" 404 21054 "-" "Mozilla/5.0 (Linux; Android 7.0; SM-G892A Build/NRD90M; wv) AppleWebKit/537.36 (KHTML, like Gecko) Chrome/60.0.3112.107 Mobile Safari/537.36"
70.35.205.237 - - [21/Apr/2026:19:52:31 +0000] "GET /wp-content/plugins/zaiwc/index.php HTTP/1.1" 301 - "-" "Mozilla/5.0 (Linux; Android 7.0; SM-G892A Build/NRD90M; wv) AppleWebKit/537.36 (KHTML, like Gecko) Chrome/60.0.3112.107 Mobile Safari/537.36"
70.35.205.237 - - [21/Apr/2026:19:52:32 +0000] "GET /wp-content/plugins/zaiwc/ HTTP/1.1" 404 21054 "-" "Mozilla/5.0 (Linux; Android 7.0; SM-G892A Build/NRD90M; wv) AppleWebKit/537.36 (KHTML, like Gecko) Chrome/60.0.3112.107 Mobile Safari/537.36"
74.7.227.39 - - [21/Apr/2026:19:52:32 +0000] "GET /goods.php?detail/11600159851620 HTTP/1.1" 404 21054 "https://s2spw.com/goods.php?detail/1160009099767" "Mozilla/5.0 AppleWebKit/537.36 (KHTML, like Gecko; compatible; GPTBot/1.3; +https://openai.com/gptbot)"
70.35.205.237 - - [21/Apr/2026:19:52:32 +0000] "POST /wp-content/plugins/zaiwc/index.php HTTP/1.1" 404 21054 "-" "Mozilla/5.0 (Linux; Android 7.0; SM-G892A Build/NRD90M; wv) AppleWebKit/537.36 (KHTML, like Gecko) Chrome/60.0.3112.107 Mobile Safari/537.36"
74.7.227.39 - - [21/Apr/2026:19:52:35 +0000] "GET /goods.php?detail/22404537544014 HTTP/1.1" 404 21054 "https://s2spw.com/goods.php?detail/224040267635" "Mozilla/5.0 AppleWebKit/537.36 (KHTML, like Gecko; compatible; GPTBot/1.3; +https://openai.com/gptbot)"
74.7.227.39 - - [21/Apr/2026:19:52:38 +0000] "GET /goods.php?detail/03403305431617 HTTP/1.1" 404 21054 "https://s2spw.com/goods.php?detail/034032951123" "Mozilla/5.0 AppleWebKit/537.36 (KHTML, like Gecko; compatible; GPTBot/1.3; +https://openai.com/gptbot)"
74.7.227.39 - - [21/Apr/2026:19:52:41 +0000] "GET /goods.php?detail/24503345511381 HTTP/1.1" 404 21054 "https://s2spw.com/goods.php?detail/008004426406" "Mozilla/5.0 AppleWebKit/537.36 (KHTML, like Gecko; compatible; GPTBot/1.3; +https://openai.com/gptbot)"
70.35.205.237 - - [21/Apr/2026:19:52:43 +0000] "GET /wp-content/plugins/vktsa/index.php HTTP/1.1" 301 - "-" "Mozilla/5.0 (Linux; Android 7.0; SM-G892A Build/NRD90M; wv) AppleWebKit/537.36 (KHTML, like Gecko) Chrome/60.0.3112.107 Mobile Safari/537.36"
70.35.205.237 - - [21/Apr/2026:19:52:43 +0000] "GET /wp-content/plugins/vktsa/ HTTP/1.1" 404 21054 "-" "Mozilla/5.0 (Linux; Android 7.0; SM-G892A Build/NRD90M; wv) AppleWebKit/537.36 (KHTML, like Gecko) Chrome/60.0.3112.107 Mobile Safari/537.36"
70.35.205.237 - - [21/Apr/2026:19:52:43 +0000] "POST /wp-content/plugins/vktsa/index.php HTTP/1.1" 404 21054 "-" "Mozilla/5.0 (Linux; Android 7.0; SM-G892A Build/NRD90M; wv) AppleWebKit/537.36 (KHTML, like Gecko) Chrome/60.0.3112.107 Mobile Safari/537.36"
74.7.227.39 - - [21/Apr/2026:19:52:44 +0000] "GET /goods.php?detail/04703752722039 HTTP/1.1" 404 21054 "https://s2spw.com/goods.php?detail/047037439771" "Mozilla/5.0 AppleWebKit/537.36 (KHTML, like Gecko; compatible; GPTBot/1.3; +https://openai.com/gptbot)"
70.35.205.237 - - [21/Apr/2026:19:52:44 +0000] "GET /wp-content/plugins/qqzsy/index.php HTTP/1.1" 200 43948 "-" "Mozilla/5.0 (Linux; Android 7.0; SM-G892A Build/NRD90M; wv) AppleWebKit/537.36 (KHTML, like Gecko) Chrome/60.0.3112.107 Mobile Safari/537.36"
70.35.205.237 - - [21/Apr/2026:19:52:44 +0000] "POST /wp-content/plugins/qqzsy/index.php HTTP/1.1" 200 44068 "-" "Mozilla/5.0 (Linux; Android 7.0; SM-G892A Build/NRD90M; wv) AppleWebKit/537.36 (KHTML, like Gecko) Chrome/60.0.3112.107 Mobile Safari/537.36"
70.35.205.237 - - [21/Apr/2026:19:52:44 +0000] "GET /wp-content/plugins/qqzsy/ovavdrhqe.php HTTP/1.1" 200 68 "-" "Mozilla/5.0 (Linux; Android 7.0; SM-G892A Build/NRD90M; wv) AppleWebKit/537.36 (KHTML, like Gecko) Chrome/60.0.3112.107 Mobile Safari/537.36"
70.35.205.237 - - [21/Apr/2026:19:52:45 +0000] "GET /wp-content/plugins/qqzsy/ovavdrhqe.php HTTP/1.1" 200 68 "-" "Mozilla/5.0 (Linux; Android 7.0; SM-G892A Build/NRD90M; wv) AppleWebKit/537.36 (KHTML, like Gecko) Chrome/60.0.3112.107 Mobile Safari/537.36"
74.7.227.39 - - [21/Apr/2026:19:52:46 +0000] "GET /goods.php?detail/02103217139671 HTTP/1.1" 404 21054 "https://s2spw.com/goods.php?detail/021027440149" "Mozilla/5.0 AppleWebKit/537.36 (KHTML, like Gecko; compatible; GPTBot/1.3; +https://openai.com/gptbot)"
74.7.227.39 - - [21/Apr/2026:19:52:49 +0000] "GET /goods.php?detail/02402925620085 HTTP/1.1" 404 21054 "https://s2spw.com/goods.php?detail/083025637958" "Mozilla/5.0 AppleWebKit/537.36 (KHTML, like Gecko; compatible; GPTBot/1.3; +https://openai.com/gptbot)"
74.7.227.39 - - [21/Apr/2026:19:52:52 +0000] "GET /goods.php?detail/03303235104636 HTTP/1.1" 404 21054 "https://s2spw.com/goods.php?detail/033032806551" "Mozilla/5.0 AppleWebKit/537.36 (KHTML, like Gecko; compatible; GPTBot/1.3; +https://openai.com/gptbot)"
70.35.205.237 - - [21/Apr/2026:19:52:52 +0000] "GET /wp-content/plugins/mxapx/index.php HTTP/1.1" 200 45527 "-" "Mozilla/5.0 (Linux; Android 7.0; SM-G892A Build/NRD90M; wv) AppleWebKit/537.36 (KHTML, like Gecko) Chrome/60.0.3112.107 Mobile Safari/537.36"
70.35.205.237 - - [21/Apr/2026:19:52:53 +0000] "POST /wp-content/plugins/mxapx/index.php HTTP/1.1" 200 45647 "-" "Mozilla/5.0 (Linux; Android 7.0; SM-G892A Build/NRD90M; wv) AppleWebKit/537.36 (KHTML, like Gecko) Chrome/60.0.3112.107 Mobile Safari/537.36"
70.35.205.237 - - [21/Apr/2026:19:52:53 +0000] "GET /wp-content/plugins/mxapx/ovakvzxnm.php HTTP/1.1" 404 21054 "-" "Mozilla/5.0 (Linux; Android 7.0; SM-G892A Build/NRD90M; wv) AppleWebKit/537.36 (KHTML, like Gecko) Chrome/60.0.3112.107 Mobile Safari/537.36"
70.35.205.237 - - [21/Apr/2026:19:52:53 +0000] "GET /wp-content/plugins/mxapx/index.php/ovakvzxnm.php HTTP/1.1" 200 47106 "-" "Mozilla/5.0 (Linux; Android 7.0; SM-G892A Build/NRD90M; wv) AppleWebKit/537.36 (KHTML, like Gecko) Chrome/60.0.3112.107 Mobile Safari/537.36"
70.35.205.237 - - [21/Apr/2026:19:52:53 +0000] "GET /wp-content/plugins/mxapx/index.php/ovakvzxnm.php HTTP/1.1" 200 47106 "-" "Mozilla/5.0 (Linux; Android 7.0; SM-G892A Build/NRD90M; wv) AppleWebKit/537.36 (KHTML, like Gecko) Chrome/60.0.3112.107 Mobile Safari/537.36"
74.7.227.39 - - [21/Apr/2026:19:52:55 +0000] "GET /goods.php?detail/01201062307960 HTTP/1.1" 404 21054 "https://s2spw.com/goods.php?detail/012010656385" "Mozilla/5.0 AppleWebKit/537.36 (KHTML, like Gecko; compatible; GPTBot/1.3; +https://openai.com/gptbot)"
74.7.227.39 - - [21/Apr/2026:19:52:58 +0000] "GET /goods.php?detail/19802877022512 HTTP/1.1" 404 21054 "https://s2spw.com/goods.php?detail/198028782228" "Mozilla/5.0 AppleWebKit/537.36 (KHTML, like Gecko; compatible; GPTBot/1.3; +https://openai.com/gptbot)"
74.7.227.39 - - [21/Apr/2026:19:53:01 +0000] "GET /goods.php?detail/20102415120980 HTTP/1.1" 404 21054 "https://s2spw.com/goods.php?detail/201023459881" "Mozilla/5.0 AppleWebKit/537.36 (KHTML, like Gecko; compatible; GPTBot/1.3; +https://openai.com/gptbot)"
70.35.205.237 - - [21/Apr/2026:19:53:01 +0000] "GET /wp-content/plugins/bxzzb/index.php HTTP/1.1" 200 37694 "-" "Mozilla/5.0 (Linux; Android 7.0; SM-G892A Build/NRD90M; wv) AppleWebKit/537.36 (KHTML, like Gecko) Chrome/60.0.3112.107 Mobile Safari/537.36"
70.35.205.237 - - [21/Apr/2026:19:53:01 +0000] "POST /wp-content/plugins/bxzzb/index.php HTTP/1.1" 200 37814 "-" "Mozilla/5.0 (Linux; Android 7.0; SM-G892A Build/NRD90M; wv) AppleWebKit/537.36 (KHTML, like Gecko) Chrome/60.0.3112.107 Mobile Safari/537.36"
70.35.205.237 - - [21/Apr/2026:19:53:01 +0000] "GET /wp-content/plugins/bxzzb/ovanxwitp.php HTTP/1.1" 200 68 "-" "Mozilla/5.0 (Linux; Android 7.0; SM-G892A Build/NRD90M; wv) AppleWebKit/537.36 (KHTML, like Gecko) Chrome/60.0.3112.107 Mobile Safari/537.36"
70.35.205.237 - - [21/Apr/2026:19:53:01 +0000] "GET /wp-content/plugins/bxzzb/ovanxwitp.php HTTP/1.1" 404 21054 "-" "Mozilla/5.0 (Linux; Android 7.0; SM-G892A Build/NRD90M; wv) AppleWebKit/537.36 (KHTML, like Gecko) Chrome/60.0.3112.107 Mobile Safari/537.36"
70.35.205.237 - - [21/Apr/2026:19:53:04 +0000] "GET /wp-content/plugins/qhxhy/index.php HTTP/1.1" 200 37694 "-" "Mozilla/5.0 (Linux; Android 7.0; SM-G892A Build/NRD90M; wv) AppleWebKit/537.36 (KHTML, like Gecko) Chrome/60.0.3112.107 Mobile Safari/537.36"
70.35.205.237 - - [21/Apr/2026:19:53:04 +0000] "POST /wp-content/plugins/qhxhy/index.php HTTP/1.1" 200 37814 "-" "Mozilla/5.0 (Linux; Android 7.0; SM-G892A Build/NRD90M; wv) AppleWebKit/537.36 (KHTML, like Gecko) Chrome/60.0.3112.107 Mobile Safari/537.36"
74.7.227.39 - - [21/Apr/2026:19:53:03 +0000] "GET /goods.php?detail/03502827929802 HTTP/1.1" 404 21054 "https://s2spw.com/goods.php?detail/0910193935503" "Mozilla/5.0 AppleWebKit/537.36 (KHTML, like Gecko; compatible; GPTBot/1.3; +https://openai.com/gptbot)"
70.35.205.237 - - [21/Apr/2026:19:53:04 +0000] "GET /wp-content/plugins/qhxhy/ovahkbzsx.php HTTP/1.1" 404 21054 "-" "Mozilla/5.0 (Linux; Android 7.0; SM-G892A Build/NRD90M; wv) AppleWebKit/537.36 (KHTML, like Gecko) Chrome/60.0.3112.107 Mobile Safari/537.36"
70.35.205.237 - - [21/Apr/2026:19:53:04 +0000] "GET /wp-content/plugins/qhxhy/index.php/ovahkbzsx.php HTTP/1.1" 200 39273 "-" "Mozilla/5.0 (Linux; Android 7.0; SM-G892A Build/NRD90M; wv) AppleWebKit/537.36 (KHTML, like Gecko) Chrome/60.0.3112.107 Mobile Safari/537.36"
70.35.205.237 - - [21/Apr/2026:19:53:04 +0000] "GET /wp-content/plugins/qhxhy/index.php/ovahkbzsx.php HTTP/1.1" 200 39273 "-" "Mozilla/5.0 (Linux; Android 7.0; SM-G892A Build/NRD90M; wv) AppleWebKit/537.36 (KHTML, like Gecko) Chrome/60.0.3112.107 Mobile Safari/537.36"
70.35.205.237 - - [21/Apr/2026:19:53:05 +0000] "GET /wp-content/plugins/hdsfc/index.php HTTP/1.1" 200 37694 "-" "Mozilla/5.0 (Linux; Android 7.0; SM-G892A Build/NRD90M; wv) AppleWebKit/537.36 (KHTML, like Gecko) Chrome/60.0.3112.107 Mobile Safari/537.36"
70.35.205.237 - - [21/Apr/2026:19:53:05 +0000] "POST /wp-content/plugins/hdsfc/index.php HTTP/1.1" 200 37814 "-" "Mozilla/5.0 (Linux; Android 7.0; SM-G892A Build/NRD90M; wv) AppleWebKit/537.36 (KHTML, like Gecko) Chrome/60.0.3112.107 Mobile Safari/537.36"
