74.7.227.39 - - [21/Apr/2026:17:53:56 +0000] "GET /goods.php?detail/19804006183918 HTTP/1.1" 404 21054 "https://s2spw.com/goods.php?detail/198040696127" "Mozilla/5.0 AppleWebKit/537.36 (KHTML, like Gecko; compatible; GPTBot/1.3; +https://openai.com/gptbot)"
74.7.227.39 - - [21/Apr/2026:17:53:58 +0000] "GET /goods.php?detail/03400850825457 HTTP/1.1" 404 21054 "https://s2spw.com/goods.php?detail/034003039195" "Mozilla/5.0 AppleWebKit/537.36 (KHTML, like Gecko; compatible; GPTBot/1.3; +https://openai.com/gptbot)"
74.7.227.39 - - [21/Apr/2026:17:54:01 +0000] "GET /goods.php?detail/00700605790284 HTTP/1.1" 404 21054 "https://s2spw.com/goods.php?detail/007001189137" "Mozilla/5.0 AppleWebKit/537.36 (KHTML, like Gecko; compatible; GPTBot/1.3; +https://openai.com/gptbot)"
74.7.227.39 - - [21/Apr/2026:17:54:04 +0000] "GET /goods.php?detail/05202132083708 HTTP/1.1" 404 21054 "https://s2spw.com/goods.php?goods/052020110" "Mozilla/5.0 AppleWebKit/537.36 (KHTML, like Gecko; compatible; GPTBot/1.3; +https://openai.com/gptbot)"
74.7.227.39 - - [21/Apr/2026:17:54:07 +0000] "GET /goods.php?detail/17400221672321 HTTP/1.1" 404 21054 "https://s2spw.com/goods.php?detail/288013191882" "Mozilla/5.0 AppleWebKit/537.36 (KHTML, like Gecko; compatible; GPTBot/1.3; +https://openai.com/gptbot)"
74.7.227.39 - - [21/Apr/2026:17:54:10 +0000] "GET /goods.php?detail/25601410128241 HTTP/1.1" 404 21054 "https://s2spw.com/goods.php?special/catch/094000115" "Mozilla/5.0 AppleWebKit/537.36 (KHTML, like Gecko; compatible; GPTBot/1.3; +https://openai.com/gptbot)"
74.7.227.39 - - [21/Apr/2026:17:54:13 +0000] "GET /goods.php?detail/04704154241622 HTTP/1.1" 404 21054 "https://s2spw.com/goods.php?detail/047038631868" "Mozilla/5.0 AppleWebKit/537.36 (KHTML, like Gecko; compatible; GPTBot/1.3; +https://openai.com/gptbot)"
74.7.227.39 - - [21/Apr/2026:17:54:15 +0000] "GET /goods.php?detail/11401488789402 HTTP/1.1" 404 21054 "https://s2spw.com/goods.php?detail/157044657265" "Mozilla/5.0 AppleWebKit/537.36 (KHTML, like Gecko; compatible; GPTBot/1.3; +https://openai.com/gptbot)"
74.7.227.39 - - [21/Apr/2026:17:54:18 +0000] "GET /goods.php?detail/20404706108867 HTTP/1.1" 404 21054 "https://s2spw.com/goods.php?detail/153032603878" "Mozilla/5.0 AppleWebKit/537.36 (KHTML, like Gecko; compatible; GPTBot/1.3; +https://openai.com/gptbot)"
74.7.227.39 - - [21/Apr/2026:17:54:21 +0000] "GET /goods.php?detail/04901949330163 HTTP/1.1" 404 21054 "https://s2spw.com/goods.php?detail/0630206194515" "Mozilla/5.0 AppleWebKit/537.36 (KHTML, like Gecko; compatible; GPTBot/1.3; +https://openai.com/gptbot)"
74.7.227.39 - - [21/Apr/2026:17:54:24 +0000] "GET /goods.php?detail/06901398149669 HTTP/1.1" 404 21054 "https://s2spw.com/goods.php?detail/069024253793" "Mozilla/5.0 AppleWebKit/537.36 (KHTML, like Gecko; compatible; GPTBot/1.3; +https://openai.com/gptbot)"
66.249.79.197 - - [21/Apr/2026:17:54:26 +0000] "GET /?b=3456100240 HTTP/1.1" 200 555689 "-" "Mozilla/5.0 (Linux; Android 6.0.1; Nexus 5X Build/MMB29P) AppleWebKit/537.36 (KHTML, like Gecko) Chrome/146.0.7680.177 Mobile Safari/537.36 (compatible; Googlebot/2.1; +http://www.google.com/bot.html)"
74.7.227.39 - - [21/Apr/2026:17:54:27 +0000] "GET /goods.php?detail/14602160046678 HTTP/1.1" 404 21054 "https://s2spw.com/goods.php?detail/084004602638" "Mozilla/5.0 AppleWebKit/537.36 (KHTML, like Gecko; compatible; GPTBot/1.3; +https://openai.com/gptbot)"
66.249.79.196 - - [21/Apr/2026:17:54:28 +0000] "GET /?detail/11302821958054 HTTP/1.1" 200 559672 "-" "Mozilla/5.0 (Linux; Android 6.0.1; Nexus 5X Build/MMB29P) AppleWebKit/537.36 (KHTML, like Gecko) Chrome/146.0.7680.177 Mobile Safari/537.36 (compatible; Googlebot/2.1; +http://www.google.com/bot.html)"
74.7.227.39 - - [21/Apr/2026:17:54:30 +0000] "GET /goods.php?detail/11600104769210 HTTP/1.1" 404 21054 "https://s2spw.com/goods.php?detail/1160040085651" "Mozilla/5.0 AppleWebKit/537.36 (KHTML, like Gecko; compatible; GPTBot/1.3; +https://openai.com/gptbot)"
66.249.79.197 - - [21/Apr/2026:17:54:30 +0000] "GET /?jp/249016572.html HTTP/1.1" 301 - "-" "Mozilla/5.0 (Linux; Android 6.0.1; Nexus 5X Build/MMB29P) AppleWebKit/537.36 (KHTML, like Gecko) Chrome/146.0.7680.177 Mobile Safari/537.36 (compatible; Googlebot/2.1; +http://www.google.com/bot.html)"
66.249.79.196 - - [21/Apr/2026:17:54:30 +0000] "GET /?jp%2F249016572_html HTTP/1.1" 200 576839 "-" "Mozilla/5.0 (Linux; Android 6.0.1; Nexus 5X Build/MMB29P) AppleWebKit/537.36 (KHTML, like Gecko) Chrome/146.0.7680.177 Mobile Safari/537.36 (compatible; Googlebot/2.1; +http://www.google.com/bot.html)"
74.7.227.39 - - [21/Apr/2026:17:54:32 +0000] "GET /goods.php?detail/20200636623178 HTTP/1.1" 404 21054 "https://s2spw.com/goods.php?detail/202007476805" "Mozilla/5.0 AppleWebKit/537.36 (KHTML, like Gecko; compatible; GPTBot/1.3; +https://openai.com/gptbot)"
66.249.79.195 - - [21/Apr/2026:17:54:32 +0000] "GET /?jp/175004721.html HTTP/1.1" 200 555341 "-" "Mozilla/5.0 (Linux; Android 6.0.1; Nexus 5X Build/MMB29P) AppleWebKit/537.36 (KHTML, like Gecko) Chrome/146.0.7680.177 Mobile Safari/537.36 (compatible; Googlebot/2.1; +http://www.google.com/bot.html)"
74.7.227.39 - - [21/Apr/2026:17:54:35 +0000] "GET /goods.php?detail/27700404820456 HTTP/1.1" 404 21054 "https://s2spw.com/goods.php?detail/277004401811" "Mozilla/5.0 AppleWebKit/537.36 (KHTML, like Gecko; compatible; GPTBot/1.3; +https://openai.com/gptbot)"
74.7.227.39 - - [21/Apr/2026:17:54:38 +0000] "GET /goods.php?detail/01601994804698 HTTP/1.1" 404 21054 "https://s2spw.com/goods.php?detail/016018757458" "Mozilla/5.0 AppleWebKit/537.36 (KHTML, like Gecko; compatible; GPTBot/1.3; +https://openai.com/gptbot)"
66.249.79.196 - - [21/Apr/2026:17:54:39 +0000] "GET /?jp/140034493.html HTTP/1.1" 200 553867 "-" "Mozilla/5.0 (Linux; Android 6.0.1; Nexus 5X Build/MMB29P) AppleWebKit/537.36 (KHTML, like Gecko) Chrome/146.0.7680.177 Mobile Safari/537.36 (compatible; Googlebot/2.1; +http://www.google.com/bot.html)"
74.7.227.39 - - [21/Apr/2026:17:54:41 +0000] "GET /goods.php?detail/23902760436366 HTTP/1.1" 404 21054 "https://s2spw.com/goods.php?detail/2390274807805" "Mozilla/5.0 AppleWebKit/537.36 (KHTML, like Gecko; compatible; GPTBot/1.3; +https://openai.com/gptbot)"
66.249.79.195 - - [21/Apr/2026:17:54:43 +0000] "GET /?b=1635839084 HTTP/1.1" 200 557572 "-" "Mozilla/5.0 (Linux; Android 6.0.1; Nexus 5X Build/MMB29P) AppleWebKit/537.36 (KHTML, like Gecko) Chrome/146.0.7680.177 Mobile Safari/537.36 (compatible; Googlebot/2.1; +http://www.google.com/bot.html)"
74.7.227.39 - - [21/Apr/2026:17:54:44 +0000] "GET /goods.php?detail/13102210036154 HTTP/1.1" 404 21054 "https://s2spw.com/goods.php?detail/028043163235" "Mozilla/5.0 AppleWebKit/537.36 (KHTML, like Gecko; compatible; GPTBot/1.3; +https://openai.com/gptbot)"
66.249.79.195 - - [21/Apr/2026:17:54:46 +0000] "GET /?jp/051042975.html HTTP/1.1" 200 556875 "-" "Mozilla/5.0 (Linux; Android 6.0.1; Nexus 5X Build/MMB29P) AppleWebKit/537.36 (KHTML, like Gecko) Chrome/146.0.7680.177 Mobile Safari/537.36 (compatible; Googlebot/2.1; +http://www.google.com/bot.html)"
74.7.227.39 - - [21/Apr/2026:17:54:46 +0000] "GET /goods.php?detail/24902434626120 HTTP/1.1" 404 21054 "https://s2spw.com/goods.php?detail/014017535028" "Mozilla/5.0 AppleWebKit/537.36 (KHTML, like Gecko; compatible; GPTBot/1.3; +https://openai.com/gptbot)"
74.7.227.39 - - [21/Apr/2026:17:54:49 +0000] "GET /goods.php?detail/06300650157554 HTTP/1.1" 404 21054 "https://s2spw.com/goods.php?detail/063006631021" "Mozilla/5.0 AppleWebKit/537.36 (KHTML, like Gecko; compatible; GPTBot/1.3; +https://openai.com/gptbot)"
66.249.79.195 - - [21/Apr/2026:17:54:50 +0000] "GET /?goods/013017164 HTTP/1.1" 200 556217 "-" "Mozilla/5.0 (Linux; Android 6.0.1; Nexus 5X Build/MMB29P) AppleWebKit/537.36 (KHTML, like Gecko) Chrome/146.0.7680.177 Mobile Safari/537.36 (compatible; Googlebot/2.1; +http://www.google.com/bot.html)"
74.7.227.39 - - [21/Apr/2026:17:54:52 +0000] "GET /goods.php?detail/17100739610134 HTTP/1.1" 404 21054 "https://s2spw.com/goods.php?detail/1710071557921" "Mozilla/5.0 AppleWebKit/537.36 (KHTML, like Gecko; compatible; GPTBot/1.3; +https://openai.com/gptbot)"
74.7.227.39 - - [21/Apr/2026:17:54:55 +0000] "GET /goods.php?detail/28001418316031 HTTP/1.1" 404 21054 "https://s2spw.com/goods.php?detail/280013957282" "Mozilla/5.0 AppleWebKit/537.36 (KHTML, like Gecko; compatible; GPTBot/1.3; +https://openai.com/gptbot)"
66.249.79.197 - - [21/Apr/2026:17:54:55 +0000] "GET /?detail/25601109090515 HTTP/1.1" 200 554845 "-" "Mozilla/5.0 (Linux; Android 6.0.1; Nexus 5X Build/MMB29P) AppleWebKit/537.36 (KHTML, like Gecko) Chrome/146.0.7680.177 Mobile Safari/537.36 (compatible; Googlebot/2.1; +http://www.google.com/bot.html)"
74.7.227.39 - - [21/Apr/2026:17:54:58 +0000] "GET /goods.php?detail/22400404360847 HTTP/1.1" 404 21054 "https://s2spw.com/goods.php?detail/167036030648" "Mozilla/5.0 AppleWebKit/537.36 (KHTML, like Gecko; compatible; GPTBot/1.3; +https://openai.com/gptbot)"
66.249.79.196 - - [21/Apr/2026:17:54:59 +0000] "GET /?goods/070041311 HTTP/1.1" 200 573751 "-" "Mozilla/5.0 (Linux; Android 6.0.1; Nexus 5X Build/MMB29P) AppleWebKit/537.36 (KHTML, like Gecko) Chrome/146.0.7680.177 Mobile Safari/537.36 (compatible; Googlebot/2.1; +http://www.google.com/bot.html)"
74.7.227.39 - - [21/Apr/2026:17:55:01 +0000] "GET /goods.php?detail/21502332950026 HTTP/1.1" 404 21054 "https://s2spw.com/goods.php?detail/0390448440645" "Mozilla/5.0 AppleWebKit/537.36 (KHTML, like Gecko; compatible; GPTBot/1.3; +https://openai.com/gptbot)"
74.7.227.39 - - [21/Apr/2026:17:55:03 +0000] "GET /goods.php?detail/00504178075307 HTTP/1.1" 404 21054 "https://s2spw.com/goods.php?detail/159025994042" "Mozilla/5.0 AppleWebKit/537.36 (KHTML, like Gecko; compatible; GPTBot/1.3; +https://openai.com/gptbot)"
66.249.79.196 - - [21/Apr/2026:17:55:04 +0000] "GET /?jp/123012244.html HTTP/1.1" 200 556083 "-" "Mozilla/5.0 (Linux; Android 6.0.1; Nexus 5X Build/MMB29P) AppleWebKit/537.36 (KHTML, like Gecko) Chrome/146.0.7680.177 Mobile Safari/537.36 (compatible; Googlebot/2.1; +http://www.google.com/bot.html)"
66.249.79.195 - - [21/Apr/2026:17:55:04 +0000] "GET /?goods/118034522 HTTP/1.1" 200 560575 "-" "Mozilla/5.0 (Linux; Android 6.0.1; Nexus 5X Build/MMB29P) AppleWebKit/537.36 (KHTML, like Gecko) Chrome/146.0.7680.177 Mobile Safari/537.36 (compatible; Googlebot/2.1; +http://www.google.com/bot.html)"
74.7.227.39 - - [21/Apr/2026:17:55:06 +0000] "GET /goods.php?detail/02202843249788 HTTP/1.1" 404 21054 "https://s2spw.com/goods.php?special/illness/156021521" "Mozilla/5.0 AppleWebKit/537.36 (KHTML, like Gecko; compatible; GPTBot/1.3; +https://openai.com/gptbot)"
66.249.79.197 - - [21/Apr/2026:17:55:07 +0000] "GET /?detail/1400438527015 HTTP/1.1" 200 557894 "-" "Mozilla/5.0 (Linux; Android 6.0.1; Nexus 5X Build/MMB29P) AppleWebKit/537.36 (KHTML, like Gecko) Chrome/146.0.7680.177 Mobile Safari/537.36 (compatible; Googlebot/2.1; +http://www.google.com/bot.html)"
74.7.227.39 - - [21/Apr/2026:17:55:09 +0000] "GET /goods.php?detail/16603073832037 HTTP/1.1" 404 21054 "https://s2spw.com/goods.php?detail/1660346476063" "Mozilla/5.0 AppleWebKit/537.36 (KHTML, like Gecko; compatible; GPTBot/1.3; +https://openai.com/gptbot)"
66.249.79.196 - - [21/Apr/2026:17:55:11 +0000] "GET /?jp/116035826.html HTTP/1.1" 200 554805 "-" "Mozilla/5.0 (Linux; Android 6.0.1; Nexus 5X Build/MMB29P) AppleWebKit/537.36 (KHTML, like Gecko) Chrome/146.0.7680.177 Mobile Safari/537.36 (compatible; Googlebot/2.1; +http://www.google.com/bot.html)"
74.7.227.39 - - [21/Apr/2026:17:55:12 +0000] "GET /goods.php?detail/06104224882254 HTTP/1.1" 404 21054 "https://s2spw.com/goods.php?jp/061042163.html" "Mozilla/5.0 AppleWebKit/537.36 (KHTML, like Gecko; compatible; GPTBot/1.3; +https://openai.com/gptbot)"
74.7.227.39 - - [21/Apr/2026:17:55:15 +0000] "GET /goods.php?detail/02001720579558 HTTP/1.1" 404 21054 "https://s2spw.com/goods.php?detail/020015888274" "Mozilla/5.0 AppleWebKit/537.36 (KHTML, like Gecko; compatible; GPTBot/1.3; +https://openai.com/gptbot)"
74.7.227.39 - - [21/Apr/2026:17:55:17 +0000] "GET /goods.php?detail/00304033547146 HTTP/1.1" 404 21054 "https://s2spw.com/goods.php?detail/009035403481" "Mozilla/5.0 AppleWebKit/537.36 (KHTML, like Gecko; compatible; GPTBot/1.3; +https://openai.com/gptbot)"
66.249.79.197 - - [21/Apr/2026:17:55:18 +0000] "GET /?goods/163031353 HTTP/1.1" 301 - "-" "Mozilla/5.0 (Linux; Android 6.0.1; Nexus 5X Build/MMB29P) AppleWebKit/537.36 (KHTML, like Gecko) Chrome/146.0.7680.177 Mobile Safari/537.36 (compatible; Googlebot/2.1; +http://www.google.com/bot.html)"
66.249.79.197 - - [21/Apr/2026:17:55:18 +0000] "GET /?goods%2F163031353 HTTP/1.1" 200 558069 "-" "Mozilla/5.0 (Linux; Android 6.0.1; Nexus 5X Build/MMB29P) AppleWebKit/537.36 (KHTML, like Gecko) Chrome/146.0.7680.177 Mobile Safari/537.36 (compatible; Googlebot/2.1; +http://www.google.com/bot.html)"
74.7.227.39 - - [21/Apr/2026:17:55:20 +0000] "GET /goods.php?detail/02001018879327 HTTP/1.1" 404 21054 "https://s2spw.com/goods.php?detail/206000679307" "Mozilla/5.0 AppleWebKit/537.36 (KHTML, like Gecko; compatible; GPTBot/1.3; +https://openai.com/gptbot)"
66.249.79.197 - - [21/Apr/2026:17:55:23 +0000] "GET /?detail/1380388182994 HTTP/1.1" 200 562725 "-" "Mozilla/5.0 (Linux; Android 6.0.1; Nexus 5X Build/MMB29P) AppleWebKit/537.36 (KHTML, like Gecko) Chrome/146.0.7680.177 Mobile Safari/537.36 (compatible; Googlebot/2.1; +http://www.google.com/bot.html)"
74.7.227.39 - - [21/Apr/2026:17:55:23 +0000] "GET /goods.php?detail/09003004189689 HTTP/1.1" 404 21054 "https://s2spw.com/goods.php?detail/090030974782" "Mozilla/5.0 AppleWebKit/537.36 (KHTML, like Gecko; compatible; GPTBot/1.3; +https://openai.com/gptbot)"
66.249.79.197 - - [21/Apr/2026:17:55:23 +0000] "GET /?detail/00901883851038 HTTP/1.1" 301 - "-" "Mozilla/5.0 (Linux; Android 6.0.1; Nexus 5X Build/MMB29P) AppleWebKit/537.36 (KHTML, like Gecko) Chrome/146.0.7680.177 Mobile Safari/537.36 (compatible; GoogleOther)"
66.249.79.197 - - [21/Apr/2026:17:55:24 +0000] "GET /?detail%2F00901883851038 HTTP/1.1" 200 568648 "-" "Mozilla/5.0 (Linux; Android 6.0.1; Nexus 5X Build/MMB29P) AppleWebKit/537.36 (KHTML, like Gecko) Chrome/146.0.7680.177 Mobile Safari/537.36 (compatible; GoogleOther)"
66.249.79.196 - - [21/Apr/2026:17:55:25 +0000] "GET /?jp/093046552.html HTTP/1.1" 200 561703 "-" "Mozilla/5.0 (Linux; Android 6.0.1; Nexus 5X Build/MMB29P) AppleWebKit/537.36 (KHTML, like Gecko) Chrome/146.0.7680.177 Mobile Safari/537.36 (compatible; Googlebot/2.1; +http://www.google.com/bot.html)"
74.7.227.39 - - [21/Apr/2026:17:55:26 +0000] "GET /goods.php?detail/13301387312573 HTTP/1.1" 404 21054 "https://s2spw.com/goods.php?detail/133013185292" "Mozilla/5.0 AppleWebKit/537.36 (KHTML, like Gecko; compatible; GPTBot/1.3; +https://openai.com/gptbot)"
74.7.227.39 - - [21/Apr/2026:17:55:29 +0000] "GET /goods.php?detail/02002936119802 HTTP/1.1" 404 21054 "https://s2spw.com/goods.php?detail/020029463282" "Mozilla/5.0 AppleWebKit/537.36 (KHTML, like Gecko; compatible; GPTBot/1.3; +https://openai.com/gptbot)"
66.249.79.199 - - [21/Apr/2026:17:55:29 +0000] "GET /?goods/077008998 HTTP/1.1" 200 556295 "-" "Mozilla/5.0 (Linux; Android 6.0.1; Nexus 5X Build/MMB29P) AppleWebKit/537.36 (KHTML, like Gecko) Chrome/146.0.7680.177 Mobile Safari/537.36 (compatible; Googlebot/2.1; +http://www.google.com/bot.html)"
74.7.227.39 - - [21/Apr/2026:17:55:32 +0000] "GET /goods.php?detail/27503322761512 HTTP/1.1" 404 21054 "https://s2spw.com/goods.php?detail/275032984273" "Mozilla/5.0 AppleWebKit/537.36 (KHTML, like Gecko; compatible; GPTBot/1.3; +https://openai.com/gptbot)"
66.249.79.198 - - [21/Apr/2026:17:55:33 +0000] "GET /?jp/263034952.html HTTP/1.1" 200 557614 "-" "Mozilla/5.0 (Linux; Android 6.0.1; Nexus 5X Build/MMB29P) AppleWebKit/537.36 (KHTML, like Gecko) Chrome/146.0.7680.177 Mobile Safari/537.36 (compatible; Googlebot/2.1; +http://www.google.com/bot.html)"
74.7.227.39 - - [21/Apr/2026:17:55:35 +0000] "GET /goods.php?detail/15102578573001 HTTP/1.1" 404 21054 "https://s2spw.com/goods.php?detail/151025470521" "Mozilla/5.0 AppleWebKit/537.36 (KHTML, like Gecko; compatible; GPTBot/1.3; +https://openai.com/gptbot)"
74.7.227.39 - - [21/Apr/2026:17:55:38 +0000] "GET /goods.php?detail/16601592141552 HTTP/1.1" 404 21054 "https://s2spw.com/goods.php?detail/165036366684" "Mozilla/5.0 AppleWebKit/537.36 (KHTML, like Gecko; compatible; GPTBot/1.3; +https://openai.com/gptbot)"
66.249.79.200 - - [21/Apr/2026:17:55:38 +0000] "GET /?goods/288028407 HTTP/1.1" 200 556999 "-" "Mozilla/5.0 (Linux; Android 6.0.1; Nexus 5X Build/MMB29P) AppleWebKit/537.36 (KHTML, like Gecko) Chrome/146.0.7680.177 Mobile Safari/537.36 (compatible; Googlebot/2.1; +http://www.google.com/bot.html)"
74.7.227.39 - - [21/Apr/2026:17:55:40 +0000] "GET /goods.php?detail/04004822610215 HTTP/1.1" 404 21054 "https://s2spw.com/goods.php?detail/040049957276" "Mozilla/5.0 AppleWebKit/537.36 (KHTML, like Gecko; compatible; GPTBot/1.3; +https://openai.com/gptbot)"
66.249.79.198 - - [21/Apr/2026:17:55:41 +0000] "GET /?jp/093010183.html HTTP/1.1" 200 557450 "-" "Mozilla/5.0 (Linux; Android 6.0.1; Nexus 5X Build/MMB29P) AppleWebKit/537.36 (KHTML, like Gecko) Chrome/146.0.7680.177 Mobile Safari/537.36 (compatible; Googlebot/2.1; +http://www.google.com/bot.html)"
74.7.227.39 - - [21/Apr/2026:17:55:43 +0000] "GET /goods.php?detail/05101568057210 HTTP/1.1" 404 21054 "https://s2spw.com/goods.php?detail/0670068377332" "Mozilla/5.0 AppleWebKit/537.36 (KHTML, like Gecko; compatible; GPTBot/1.3; +https://openai.com/gptbot)"
74.7.227.39 - - [21/Apr/2026:17:55:46 +0000] "GET /goods.php?detail/24100133531365 HTTP/1.1" 404 21054 "https://s2spw.com/goods.php?detail/241001805467" "Mozilla/5.0 AppleWebKit/537.36 (KHTML, like Gecko; compatible; GPTBot/1.3; +https://openai.com/gptbot)"
74.7.227.39 - - [21/Apr/2026:17:55:49 +0000] "GET /goods.php?detail/08403592034024 HTTP/1.1" 404 21054 "https://s2spw.com/goods.php?detail/084035972793" "Mozilla/5.0 AppleWebKit/537.36 (KHTML, like Gecko; compatible; GPTBot/1.3; +https://openai.com/gptbot)"
66.249.79.197 - - [21/Apr/2026:17:55:49 +0000] "GET /?detail/206044709419 HTTP/1.1" 301 - "-" "Mozilla/5.0 (Linux; Android 6.0.1; Nexus 5X Build/MMB29P) AppleWebKit/537.36 (KHTML, like Gecko) Chrome/146.0.7680.177 Mobile Safari/537.36 (compatible; Googlebot/2.1; +http://www.google.com/bot.html)"
66.249.79.197 - - [21/Apr/2026:17:55:49 +0000] "GET /?detail%2F206044709419 HTTP/1.1" 200 557342 "-" "Mozilla/5.0 (Linux; Android 6.0.1; Nexus 5X Build/MMB29P) AppleWebKit/537.36 (KHTML, like Gecko) Chrome/146.0.7680.177 Mobile Safari/537.36 (compatible; Googlebot/2.1; +http://www.google.com/bot.html)"
74.7.227.39 - - [21/Apr/2026:17:55:52 +0000] "GET /goods.php?detail/03501576504014 HTTP/1.1" 404 21054 "https://s2spw.com/goods.php?detail/035016113527" "Mozilla/5.0 AppleWebKit/537.36 (KHTML, like Gecko; compatible; GPTBot/1.3; +https://openai.com/gptbot)"
66.249.79.197 - - [21/Apr/2026:17:55:53 +0000] "GET /?goods/152015433 HTTP/1.1" 200 566494 "-" "Mozilla/5.0 (Linux; Android 6.0.1; Nexus 5X Build/MMB29P) AppleWebKit/537.36 (KHTML, like Gecko) Chrome/146.0.7680.177 Mobile Safari/537.36 (compatible; Googlebot/2.1; +http://www.google.com/bot.html)"
74.7.227.39 - - [21/Apr/2026:17:55:54 +0000] "GET /goods.php?detail/02804924809278 HTTP/1.1" 404 21054 "https://s2spw.com/goods.php?detail/028048095824" "Mozilla/5.0 AppleWebKit/537.36 (KHTML, like Gecko; compatible; GPTBot/1.3; +https://openai.com/gptbot)"
66.249.79.199 - - [21/Apr/2026:17:55:57 +0000] "GET /?detail/297018897595 HTTP/1.1" 200 556442 "-" "Mozilla/5.0 (Linux; Android 6.0.1; Nexus 5X Build/MMB29P) AppleWebKit/537.36 (KHTML, like Gecko) Chrome/146.0.7680.177 Mobile Safari/537.36 (compatible; Googlebot/2.1; +http://www.google.com/bot.html)"
74.7.227.39 - - [21/Apr/2026:17:55:57 +0000] "GET /goods.php?detail/01801927170103 HTTP/1.1" 404 21054 "https://s2spw.com/goods.php?detail/018019539393" "Mozilla/5.0 AppleWebKit/537.36 (KHTML, like Gecko; compatible; GPTBot/1.3; +https://openai.com/gptbot)"
74.7.227.39 - - [21/Apr/2026:17:56:00 +0000] "GET /goods.php?detail/19103759039341 HTTP/1.1" 404 21054 "https://s2spw.com/goods.php?detail/191049062004" "Mozilla/5.0 AppleWebKit/537.36 (KHTML, like Gecko; compatible; GPTBot/1.3; +https://openai.com/gptbot)"
66.249.79.197 - - [21/Apr/2026:17:56:01 +0000] "GET /?jp/183002831.html HTTP/1.1" 200 562196 "-" "Mozilla/5.0 (Linux; Android 6.0.1; Nexus 5X Build/MMB29P) AppleWebKit/537.36 (KHTML, like Gecko) Chrome/146.0.7680.177 Mobile Safari/537.36 (compatible; Googlebot/2.1; +http://www.google.com/bot.html)"
74.7.227.39 - - [21/Apr/2026:17:56:03 +0000] "GET /goods.php?detail/15002015858917 HTTP/1.1" 404 21054 "https://s2spw.com/goods.php?detail/0570055381213" "Mozilla/5.0 AppleWebKit/537.36 (KHTML, like Gecko; compatible; GPTBot/1.3; +https://openai.com/gptbot)"
66.249.79.199 - - [21/Apr/2026:17:56:05 +0000] "GET /?detail/008004519894 HTTP/1.1" 200 557258 "-" "Mozilla/5.0 (Linux; Android 6.0.1; Nexus 5X Build/MMB29P) AppleWebKit/537.36 (KHTML, like Gecko) Chrome/146.0.7680.177 Mobile Safari/537.36 (compatible; Googlebot/2.1; +http://www.google.com/bot.html)"
74.7.227.39 - - [21/Apr/2026:17:56:06 +0000] "GET /goods.php?detail/09101445288188 HTTP/1.1" 404 21054 "https://s2spw.com/goods.php?goods/091014341" "Mozilla/5.0 AppleWebKit/537.36 (KHTML, like Gecko; compatible; GPTBot/1.3; +https://openai.com/gptbot)"
74.7.227.39 - - [21/Apr/2026:17:56:09 +0000] "GET /goods.php?detail/28302696205669 HTTP/1.1" 404 21054 "https://s2spw.com/goods.php?detail/283025728514" "Mozilla/5.0 AppleWebKit/537.36 (KHTML, like Gecko; compatible; GPTBot/1.3; +https://openai.com/gptbot)"
66.249.79.198 - - [21/Apr/2026:17:56:11 +0000] "GET /?jp/134020203.html HTTP/1.1" 200 564515 "-" "Mozilla/5.0 (Linux; Android 6.0.1; Nexus 5X Build/MMB29P) AppleWebKit/537.36 (KHTML, like Gecko) Chrome/146.0.7680.177 Mobile Safari/537.36 (compatible; Googlebot/2.1; +http://www.google.com/bot.html)"
74.7.227.39 - - [21/Apr/2026:17:56:12 +0000] "GET /goods.php?detail/18702761787840 HTTP/1.1" 404 21054 "https://s2spw.com/goods.php?detail/187029577578" "Mozilla/5.0 AppleWebKit/537.36 (KHTML, like Gecko; compatible; GPTBot/1.3; +https://openai.com/gptbot)"
66.249.79.199 - - [21/Apr/2026:17:56:14 +0000] "GET /?goods/086046397 HTTP/1.1" 200 556371 "-" "Mozilla/5.0 (Linux; Android 6.0.1; Nexus 5X Build/MMB29P) AppleWebKit/537.36 (KHTML, like Gecko) Chrome/146.0.7680.177 Mobile Safari/537.36 (compatible; Googlebot/2.1; +http://www.google.com/bot.html)"
74.7.227.39 - - [21/Apr/2026:17:56:15 +0000] "GET /goods.php?detail/00300246813462 HTTP/1.1" 404 21054 "https://s2spw.com/goods.php?detail/003003018171" "Mozilla/5.0 AppleWebKit/537.36 (KHTML, like Gecko; compatible; GPTBot/1.3; +https://openai.com/gptbot)"
74.7.227.39 - - [21/Apr/2026:17:56:17 +0000] "GET /goods.php?detail/00403429461943 HTTP/1.1" 404 21054 "https://s2spw.com/goods.php?detail/016014069734" "Mozilla/5.0 AppleWebKit/537.36 (KHTML, like Gecko; compatible; GPTBot/1.3; +https://openai.com/gptbot)"
66.249.79.195 - - [21/Apr/2026:17:56:18 +0000] "GET /?goods/223006862 HTTP/1.1" 200 569290 "-" "Mozilla/5.0 (Linux; Android 6.0.1; Nexus 5X Build/MMB29P) AppleWebKit/537.36 (KHTML, like Gecko) Chrome/146.0.7680.177 Mobile Safari/537.36 (compatible; Googlebot/2.1; +http://www.google.com/bot.html)"
74.7.227.39 - - [21/Apr/2026:17:56:20 +0000] "GET /goods.php?detail/09200102924726 HTTP/1.1" 404 21054 "https://s2spw.com/goods.php?detail/092000437074" "Mozilla/5.0 AppleWebKit/537.36 (KHTML, like Gecko; compatible; GPTBot/1.3; +https://openai.com/gptbot)"
66.249.79.196 - - [21/Apr/2026:17:56:21 +0000] "GET /?goods/026035264 HTTP/1.1" 200 555419 "-" "Mozilla/5.0 (Linux; Android 6.0.1; Nexus 5X Build/MMB29P) AppleWebKit/537.36 (KHTML, like Gecko) Chrome/146.0.7680.177 Mobile Safari/537.36 (compatible; Googlebot/2.1; +http://www.google.com/bot.html)"
74.7.227.39 - - [21/Apr/2026:17:56:23 +0000] "GET /goods.php?detail/02901621402418 HTTP/1.1" 404 21054 "https://s2spw.com/goods.php?detail/075021683160" "Mozilla/5.0 AppleWebKit/537.36 (KHTML, like Gecko; compatible; GPTBot/1.3; +https://openai.com/gptbot)"
66.249.79.197 - - [21/Apr/2026:17:56:25 +0000] "GET /?detail/040034370766 HTTP/1.1" 200 563214 "-" "Mozilla/5.0 (Linux; Android 6.0.1; Nexus 5X Build/MMB29P) AppleWebKit/537.36 (KHTML, like Gecko) Chrome/146.0.7680.177 Mobile Safari/537.36 (compatible; Googlebot/2.1; +http://www.google.com/bot.html)"
74.7.227.39 - - [21/Apr/2026:17:56:26 +0000] "GET /goods.php?detail/07404507320760 HTTP/1.1" 404 21054 "https://s2spw.com/goods.php?detail/074045284777" "Mozilla/5.0 AppleWebKit/537.36 (KHTML, like Gecko; compatible; GPTBot/1.3; +https://openai.com/gptbot)"
74.7.227.39 - - [21/Apr/2026:17:56:29 +0000] "GET /goods.php?detail/14404619514775 HTTP/1.1" 404 21054 "https://s2spw.com/goods.php?detail/232000897843" "Mozilla/5.0 AppleWebKit/537.36 (KHTML, like Gecko; compatible; GPTBot/1.3; +https://openai.com/gptbot)"
66.249.79.196 - - [21/Apr/2026:17:56:28 +0000] "GET /?jp/291038255.html HTTP/1.1" 200 595483 "-" "Mozilla/5.0 (Linux; Android 6.0.1; Nexus 5X Build/MMB29P) AppleWebKit/537.36 (KHTML, like Gecko) Chrome/146.0.7680.177 Mobile Safari/537.36 (compatible; Googlebot/2.1; +http://www.google.com/bot.html)"
74.7.227.39 - - [21/Apr/2026:17:56:31 +0000] "GET /goods.php?detail/01604742755255 HTTP/1.1" 404 21054 "https://s2spw.com/goods.php?detail/159018046049" "Mozilla/5.0 AppleWebKit/537.36 (KHTML, like Gecko; compatible; GPTBot/1.3; +https://openai.com/gptbot)"
66.249.79.197 - - [21/Apr/2026:17:56:32 +0000] "GET /?goods/056017216 HTTP/1.1" 200 562617 "-" "Mozilla/5.0 (Linux; Android 6.0.1; Nexus 5X Build/MMB29P) AppleWebKit/537.36 (KHTML, like Gecko) Chrome/146.0.7680.177 Mobile Safari/537.36 (compatible; Googlebot/2.1; +http://www.google.com/bot.html)"
74.7.227.39 - - [21/Apr/2026:17:56:34 +0000] "GET /goods.php?detail/20101549127270 HTTP/1.1" 404 21054 "https://s2spw.com/goods.php?detail/2010141520243" "Mozilla/5.0 AppleWebKit/537.36 (KHTML, like Gecko; compatible; GPTBot/1.3; +https://openai.com/gptbot)"
74.7.227.39 - - [21/Apr/2026:17:56:37 +0000] "GET /goods.php?detail/00600839769440 HTTP/1.1" 404 21054 "https://s2spw.com/goods.php?detail/085022322227" "Mozilla/5.0 AppleWebKit/537.36 (KHTML, like Gecko; compatible; GPTBot/1.3; +https://openai.com/gptbot)"
66.249.79.195 - - [21/Apr/2026:17:56:37 +0000] "GET /?jp/097020421.html HTTP/1.1" 200 554402 "-" "Mozilla/5.0 (Linux; Android 6.0.1; Nexus 5X Build/MMB29P) AppleWebKit/537.36 (KHTML, like Gecko) Chrome/146.0.7680.177 Mobile Safari/537.36 (compatible; Googlebot/2.1; +http://www.google.com/bot.html)"
74.7.227.39 - - [21/Apr/2026:17:56:41 +0000] "GET /goods.php?detail/19400366439454 HTTP/1.1" 404 21054 "https://s2spw.com/goods.php?detail/105049229599" "Mozilla/5.0 AppleWebKit/537.36 (KHTML, like Gecko; compatible; GPTBot/1.3; +https://openai.com/gptbot)"
74.7.227.39 - - [21/Apr/2026:17:56:43 +0000] "GET /goods.php?detail/06100278081908 HTTP/1.1" 404 21054 "https://s2spw.com/goods.php?detail/061003586610" "Mozilla/5.0 AppleWebKit/537.36 (KHTML, like Gecko; compatible; GPTBot/1.3; +https://openai.com/gptbot)"
66.249.79.198 - - [21/Apr/2026:17:56:36 +0000] "GET /?goods/028020641 HTTP/1.1" 200 555397 "-" "Mozilla/5.0 (Linux; Android 6.0.1; Nexus 5X Build/MMB29P) AppleWebKit/537.36 (KHTML, like Gecko) Chrome/146.0.7680.177 Mobile Safari/537.36 (compatible; Googlebot/2.1; +http://www.google.com/bot.html)"
74.7.227.39 - - [21/Apr/2026:17:56:46 +0000] "GET /goods.php?detail/22903224897849 HTTP/1.1" 404 21054 "https://s2spw.com/goods.php?detail/229032072312" "Mozilla/5.0 AppleWebKit/537.36 (KHTML, like Gecko; compatible; GPTBot/1.3; +https://openai.com/gptbot)"
74.7.227.39 - - [21/Apr/2026:17:56:48 +0000] "GET /goods.php?detail/04101745094601 HTTP/1.1" 404 21054 "https://s2spw.com/goods.php?pcmypage?callback=product/review/cocoterrace-icn-tcp-001548223" "Mozilla/5.0 AppleWebKit/537.36 (KHTML, like Gecko; compatible; GPTBot/1.3; +https://openai.com/gptbot)"
66.249.79.198 - - [21/Apr/2026:17:56:51 +0000] "GET /?jp/201009386.html HTTP/1.1" 200 563125 "-" "Mozilla/5.0 (Linux; Android 6.0.1; Nexus 5X Build/MMB29P) AppleWebKit/537.36 (KHTML, like Gecko) Chrome/146.0.7680.177 Mobile Safari/537.36 (compatible; Googlebot/2.1; +http://www.google.com/bot.html)"
74.7.227.39 - - [21/Apr/2026:17:56:51 +0000] "GET /goods.php?detail/14101835474754 HTTP/1.1" 404 21054 "https://s2spw.com/goods.php?detail/120038387403" "Mozilla/5.0 AppleWebKit/537.36 (KHTML, like Gecko; compatible; GPTBot/1.3; +https://openai.com/gptbot)"
66.249.79.199 - - [21/Apr/2026:17:56:46 +0000] "GET /?goods/185041844 HTTP/1.1" 200 577874 "-" "Mozilla/5.0 (Linux; Android 6.0.1; Nexus 5X Build/MMB29P) AppleWebKit/537.36 (KHTML, like Gecko) Chrome/146.0.7680.177 Mobile Safari/537.36 (compatible; Googlebot/2.1; +http://www.google.com/bot.html)"
74.7.227.39 - - [21/Apr/2026:17:56:54 +0000] "GET /goods.php?detail/05503710930392 HTTP/1.1" 404 21054 "https://s2spw.com/goods.php?jp/055022276.html" "Mozilla/5.0 AppleWebKit/537.36 (KHTML, like Gecko; compatible; GPTBot/1.3; +https://openai.com/gptbot)"
66.249.79.195 - - [21/Apr/2026:17:56:56 +0000] "GET /?goods/273039256 HTTP/1.1" 200 553849 "-" "Mozilla/5.0 (Linux; Android 6.0.1; Nexus 5X Build/MMB29P) AppleWebKit/537.36 (KHTML, like Gecko) Chrome/146.0.7680.177 Mobile Safari/537.36 (compatible; Googlebot/2.1; +http://www.google.com/bot.html)"
74.7.227.39 - - [21/Apr/2026:17:56:57 +0000] "GET /goods.php?detail/18700980970367 HTTP/1.1" 404 21054 "https://s2spw.com/goods.php?detail/187009874762" "Mozilla/5.0 AppleWebKit/537.36 (KHTML, like Gecko; compatible; GPTBot/1.3; +https://openai.com/gptbot)"
66.249.79.197 - - [21/Apr/2026:17:56:59 +0000] "GET /?jp/201049607.html HTTP/1.1" 200 556734 "-" "Mozilla/5.0 (Linux; Android 6.0.1; Nexus 5X Build/MMB29P) AppleWebKit/537.36 (KHTML, like Gecko) Chrome/146.0.7680.177 Mobile Safari/537.36 (compatible; Googlebot/2.1; +http://www.google.com/bot.html)"
74.7.227.39 - - [21/Apr/2026:17:57:00 +0000] "GET /goods.php?detail/18001278227706 HTTP/1.1" 404 21054 "https://s2spw.com/goods.php?detail/1800122120863" "Mozilla/5.0 AppleWebKit/537.36 (KHTML, like Gecko; compatible; GPTBot/1.3; +https://openai.com/gptbot)"
66.249.79.196 - - [21/Apr/2026:17:57:01 +0000] "GET /?jp/094045543.html HTTP/1.1" 200 566353 "-" "Mozilla/5.0 (Linux; Android 6.0.1; Nexus 5X Build/MMB29P) AppleWebKit/537.36 (KHTML, like Gecko) Chrome/146.0.7680.177 Mobile Safari/537.36 (compatible; Googlebot/2.1; +http://www.google.com/bot.html)"
74.7.227.39 - - [21/Apr/2026:17:57:02 +0000] "GET /goods.php?detail/09400101642284 HTTP/1.1" 404 21054 "https://s2spw.com/goods.php?detail/264011249057" "Mozilla/5.0 AppleWebKit/537.36 (KHTML, like Gecko; compatible; GPTBot/1.3; +https://openai.com/gptbot)"
74.7.227.39 - - [21/Apr/2026:17:57:05 +0000] "GET /goods.php?detail/02802263373182 HTTP/1.1" 404 21054 "https://s2spw.com/goods.php?detail/02802174596708" "Mozilla/5.0 AppleWebKit/537.36 (KHTML, like Gecko; compatible; GPTBot/1.3; +https://openai.com/gptbot)"
66.249.79.195 - - [21/Apr/2026:17:57:06 +0000] "GET /?goods/107014142 HTTP/1.1" 200 558397 "-" "Mozilla/5.0 (Linux; Android 6.0.1; Nexus 5X Build/MMB29P) AppleWebKit/537.36 (KHTML, like Gecko) Chrome/146.0.7680.177 Mobile Safari/537.36 (compatible; Googlebot/2.1; +http://www.google.com/bot.html)"
74.7.227.39 - - [21/Apr/2026:17:57:08 +0000] "GET /goods.php?detail/17600811500509 HTTP/1.1" 404 21054 "https://s2spw.com/goods.php?detail/243041848100" "Mozilla/5.0 AppleWebKit/537.36 (KHTML, like Gecko; compatible; GPTBot/1.3; +https://openai.com/gptbot)"
66.249.79.196 - - [21/Apr/2026:17:57:10 +0000] "GET /?detail/0330125567624 HTTP/1.1" 200 559580 "-" "Mozilla/5.0 (Linux; Android 6.0.1; Nexus 5X Build/MMB29P) AppleWebKit/537.36 (KHTML, like Gecko) Chrome/146.0.7680.177 Mobile Safari/537.36 (compatible; Googlebot/2.1; +http://www.google.com/bot.html)"
74.7.227.39 - - [21/Apr/2026:17:57:11 +0000] "GET /goods.php?detail/05601205013812 HTTP/1.1" 404 21054 "https://s2spw.com/goods.php?jp/056016529.html" "Mozilla/5.0 AppleWebKit/537.36 (KHTML, like Gecko; compatible; GPTBot/1.3; +https://openai.com/gptbot)"
74.7.227.39 - - [21/Apr/2026:17:57:14 +0000] "GET /goods.php?detail/22101091492086 HTTP/1.1" 404 21054 "https://s2spw.com/goods.php?detail/170002484880" "Mozilla/5.0 AppleWebKit/537.36 (KHTML, like Gecko; compatible; GPTBot/1.3; +https://openai.com/gptbot)"
66.249.79.195 - - [21/Apr/2026:17:57:13 +0000] "GET /?detail/25102951699038 HTTP/1.1" 200 560455 "-" "Mozilla/5.0 (Linux; Android 6.0.1; Nexus 5X Build/MMB29P) AppleWebKit/537.36 (KHTML, like Gecko) Chrome/146.0.7680.177 Mobile Safari/537.36 (compatible; Googlebot/2.1; +http://www.google.com/bot.html)"
74.7.227.39 - - [21/Apr/2026:17:57:17 +0000] "GET /goods.php?detail/23301391749303 HTTP/1.1" 404 21054 "https://s2spw.com/goods.php?detail/253020134894" "Mozilla/5.0 AppleWebKit/537.36 (KHTML, like Gecko; compatible; GPTBot/1.3; +https://openai.com/gptbot)"
66.249.79.197 - - [21/Apr/2026:17:57:17 +0000] "GET /?jp/274011081.html HTTP/1.1" 200 558575 "-" "Mozilla/5.0 (Linux; Android 6.0.1; Nexus 5X Build/MMB29P) AppleWebKit/537.36 (KHTML, like Gecko) Chrome/146.0.7680.177 Mobile Safari/537.36 (compatible; Googlebot/2.1; +http://www.google.com/bot.html)"
74.7.227.39 - - [21/Apr/2026:17:57:19 +0000] "GET /goods.php?detail/20101436434390 HTTP/1.1" 404 21054 "https://s2spw.com/goods.php?detail/201017429290" "Mozilla/5.0 AppleWebKit/537.36 (KHTML, like Gecko; compatible; GPTBot/1.3; +https://openai.com/gptbot)"
66.249.79.195 - - [21/Apr/2026:17:57:22 +0000] "GET /?b=3907177221 HTTP/1.1" 200 563286 "-" "Mozilla/5.0 (Linux; Android 6.0.1; Nexus 5X Build/MMB29P) AppleWebKit/537.36 (KHTML, like Gecko) Chrome/146.0.7680.177 Mobile Safari/537.36 (compatible; Googlebot/2.1; +http://www.google.com/bot.html)"
74.7.227.39 - - [21/Apr/2026:17:57:22 +0000] "GET /goods.php?detail/03200140494732 HTTP/1.1" 404 21054 "https://s2spw.com/goods.php?detail/032001581014" "Mozilla/5.0 AppleWebKit/537.36 (KHTML, like Gecko; compatible; GPTBot/1.3; +https://openai.com/gptbot)"
66.249.79.197 - - [21/Apr/2026:17:57:24 +0000] "GET /?b=2045649609 HTTP/1.1" 200 558633 "-" "Mozilla/5.0 (Linux; Android 6.0.1; Nexus 5X Build/MMB29P) AppleWebKit/537.36 (KHTML, like Gecko) Chrome/146.0.7680.177 Mobile Safari/537.36 (compatible; Googlebot/2.1; +http://www.google.com/bot.html)"
74.7.227.39 - - [21/Apr/2026:17:57:25 +0000] "GET /goods.php?detail/13600684483834 HTTP/1.1" 404 21054 "https://s2spw.com/goods.php?detail/136003013428" "Mozilla/5.0 AppleWebKit/537.36 (KHTML, like Gecko; compatible; GPTBot/1.3; +https://openai.com/gptbot)"
74.7.227.39 - - [21/Apr/2026:17:57:28 +0000] "GET /goods.php?detail/16303236716227 HTTP/1.1" 404 21054 "https://s2spw.com/goods.php?detail/163032363094" "Mozilla/5.0 AppleWebKit/537.36 (KHTML, like Gecko; compatible; GPTBot/1.3; +https://openai.com/gptbot)"
66.249.79.195 - - [21/Apr/2026:17:57:27 +0000] "GET /?jp/123012244.html HTTP/1.1" 200 556474 "-" "Mozilla/5.0 (Linux; Android 6.0.1; Nexus 5X Build/MMB29P) AppleWebKit/537.36 (KHTML, like Gecko) Chrome/146.0.7680.177 Mobile Safari/537.36 (compatible; GoogleOther)"
66.249.79.198 - - [21/Apr/2026:17:57:28 +0000] "GET /?b=1564386369 HTTP/1.1" 200 561082 "-" "Mozilla/5.0 (Linux; Android 6.0.1; Nexus 5X Build/MMB29P) AppleWebKit/537.36 (KHTML, like Gecko) Chrome/146.0.7680.177 Mobile Safari/537.36 (compatible; Googlebot/2.1; +http://www.google.com/bot.html)"
74.7.227.39 - - [21/Apr/2026:17:57:31 +0000] "GET /goods.php?detail/00303323475872 HTTP/1.1" 404 21054 "https://s2spw.com/goods.php?detail/003034073242" "Mozilla/5.0 AppleWebKit/537.36 (KHTML, like Gecko; compatible; GPTBot/1.3; +https://openai.com/gptbot)"
66.249.79.199 - - [21/Apr/2026:17:57:32 +0000] "GET /?b=3326190049 HTTP/1.1" 200 560020 "-" "Mozilla/5.0 (Linux; Android 6.0.1; Nexus 5X Build/MMB29P) AppleWebKit/537.36 (KHTML, like Gecko) Chrome/146.0.7680.177 Mobile Safari/537.36 (compatible; Googlebot/2.1; +http://www.google.com/bot.html)"
74.7.227.39 - - [21/Apr/2026:17:57:34 +0000] "GET /goods.php?detail/15501750562069 HTTP/1.1" 404 21054 "https://s2spw.com/goods.php?detail/155017180900" "Mozilla/5.0 AppleWebKit/537.36 (KHTML, like Gecko; compatible; GPTBot/1.3; +https://openai.com/gptbot)"
66.249.79.198 - - [21/Apr/2026:17:57:36 +0000] "GET /?b=3359796699 HTTP/1.1" 200 568405 "-" "Mozilla/5.0 (Linux; Android 6.0.1; Nexus 5X Build/MMB29P) AppleWebKit/537.36 (KHTML, like Gecko) Chrome/146.0.7680.177 Mobile Safari/537.36 (compatible; Googlebot/2.1; +http://www.google.com/bot.html)"
74.7.227.39 - - [21/Apr/2026:17:57:36 +0000] "GET /goods.php?detail/19101161633277 HTTP/1.1" 404 21054 "https://s2spw.com/goods.php?detail/191007283479" "Mozilla/5.0 AppleWebKit/537.36 (KHTML, like Gecko; compatible; GPTBot/1.3; +https://openai.com/gptbot)"
74.7.227.39 - - [21/Apr/2026:17:57:39 +0000] "GET /goods.php?detail/23102876712723 HTTP/1.1" 404 21054 "https://s2spw.com/goods.php?detail/258033691921" "Mozilla/5.0 AppleWebKit/537.36 (KHTML, like Gecko; compatible; GPTBot/1.3; +https://openai.com/gptbot)"
66.249.79.200 - - [21/Apr/2026:17:57:40 +0000] "GET /?b=726834947 HTTP/1.1" 200 43282 "-" "Mozilla/5.0 (Linux; Android 6.0.1; Nexus 5X Build/MMB29P) AppleWebKit/537.36 (KHTML, like Gecko) Chrome/146.0.7680.177 Mobile Safari/537.36 (compatible; Googlebot/2.1; +http://www.google.com/bot.html)"
74.7.227.39 - - [21/Apr/2026:17:57:42 +0000] "GET /goods.php?detail/03403878142483 HTTP/1.1" 404 21054 "https://s2spw.com/goods.php?detail/2610127561227" "Mozilla/5.0 AppleWebKit/537.36 (KHTML, like Gecko; compatible; GPTBot/1.3; +https://openai.com/gptbot)"
66.249.79.197 - - [21/Apr/2026:17:57:43 +0000] "GET /?goods/102044763 HTTP/1.1" 200 563506 "-" "Mozilla/5.0 (Linux; Android 6.0.1; Nexus 5X Build/MMB29P) AppleWebKit/537.36 (KHTML, like Gecko) Chrome/146.0.7680.177 Mobile Safari/537.36 (compatible; Googlebot/2.1; +http://www.google.com/bot.html)"
74.7.227.39 - - [21/Apr/2026:17:57:45 +0000] "GET /goods.php?detail/02603180867108 HTTP/1.1" 404 21054 "https://s2spw.com/goods.php?detail/144022044413" "Mozilla/5.0 AppleWebKit/537.36 (KHTML, like Gecko; compatible; GPTBot/1.3; +https://openai.com/gptbot)"
74.7.227.39 - - [21/Apr/2026:17:57:48 +0000] "GET /goods.php?detail/29004480995748 HTTP/1.1" 404 21054 "https://s2spw.com/goods.php?detail/290044273114" "Mozilla/5.0 AppleWebKit/537.36 (KHTML, like Gecko; compatible; GPTBot/1.3; +https://openai.com/gptbot)"
74.7.227.39 - - [21/Apr/2026:17:57:51 +0000] "GET /goods.php?detail/27902139879393 HTTP/1.1" 404 21054 "https://s2spw.com/goods.php?detail/2790206208797" "Mozilla/5.0 AppleWebKit/537.36 (KHTML, like Gecko; compatible; GPTBot/1.3; +https://openai.com/gptbot)"
74.7.227.39 - - [21/Apr/2026:17:57:53 +0000] "GET /goods.php?detail/21300219090837 HTTP/1.1" 404 21054 "https://s2spw.com/goods.php?detail/0410099325416" "Mozilla/5.0 AppleWebKit/537.36 (KHTML, like Gecko; compatible; GPTBot/1.3; +https://openai.com/gptbot)"
66.249.79.196 - - [21/Apr/2026:17:57:53 +0000] "GET /?jp/216004757.html HTTP/1.1" 301 - "-" "Mozilla/5.0 (Linux; Android 6.0.1; Nexus 5X Build/MMB29P) AppleWebKit/537.36 (KHTML, like Gecko) Chrome/146.0.7680.177 Mobile Safari/537.36 (compatible; Googlebot/2.1; +http://www.google.com/bot.html)"
66.249.79.197 - - [21/Apr/2026:17:57:54 +0000] "GET /?jp%2F216004757_html HTTP/1.1" 200 557560 "-" "Mozilla/5.0 (Linux; Android 6.0.1; Nexus 5X Build/MMB29P) AppleWebKit/537.36 (KHTML, like Gecko) Chrome/146.0.7680.177 Mobile Safari/537.36 (compatible; Googlebot/2.1; +http://www.google.com/bot.html)"
74.7.227.39 - - [21/Apr/2026:17:57:56 +0000] "GET /goods.php?detail/20702057361302 HTTP/1.1" 404 21054 "https://s2spw.com/goods.php?detail/16801177080254" "Mozilla/5.0 AppleWebKit/537.36 (KHTML, like Gecko; compatible; GPTBot/1.3; +https://openai.com/gptbot)"
66.249.79.201 - - [21/Apr/2026:17:57:57 +0000] "GET /?goods/086005101 HTTP/1.1" 301 - "-" "Mozilla/5.0 (Linux; Android 6.0.1; Nexus 5X Build/MMB29P) AppleWebKit/537.36 (KHTML, like Gecko) Chrome/146.0.7680.177 Mobile Safari/537.36 (compatible; Googlebot/2.1; +http://www.google.com/bot.html)"
66.249.79.197 - - [21/Apr/2026:17:57:57 +0000] "GET /?goods%2F086005101 HTTP/1.1" 200 556586 "-" "Mozilla/5.0 (Linux; Android 6.0.1; Nexus 5X Build/MMB29P) AppleWebKit/537.36 (KHTML, like Gecko) Chrome/146.0.7680.177 Mobile Safari/537.36 (compatible; Googlebot/2.1; +http://www.google.com/bot.html)"
74.7.227.39 - - [21/Apr/2026:17:57:59 +0000] "GET /goods.php?detail/01203129720917 HTTP/1.1" 404 21054 "https://s2spw.com/goods.php?detail/188023888409" "Mozilla/5.0 AppleWebKit/537.36 (KHTML, like Gecko; compatible; GPTBot/1.3; +https://openai.com/gptbot)"
66.249.79.198 - - [21/Apr/2026:17:58:01 +0000] "GET /?detail/078015652646 HTTP/1.1" 200 563380 "-" "Mozilla/5.0 (Linux; Android 6.0.1; Nexus 5X Build/MMB29P) AppleWebKit/537.36 (KHTML, like Gecko) Chrome/146.0.7680.177 Mobile Safari/537.36 (compatible; Googlebot/2.1; +http://www.google.com/bot.html)"
74.7.227.39 - - [21/Apr/2026:17:58:02 +0000] "GET /goods.php?detail/25203500528191 HTTP/1.1" 404 21054 "https://s2spw.com/goods.php?detail/064000063194" "Mozilla/5.0 AppleWebKit/537.36 (KHTML, like Gecko; compatible; GPTBot/1.3; +https://openai.com/gptbot)"
66.249.79.196 - - [21/Apr/2026:17:58:04 +0000] "GET /?detail/078019552112 HTTP/1.1" 200 564474 "-" "Mozilla/5.0 (Linux; Android 6.0.1; Nexus 5X Build/MMB29P) AppleWebKit/537.36 (KHTML, like Gecko) Chrome/146.0.7680.177 Mobile Safari/537.36 (compatible; Googlebot/2.1; +http://www.google.com/bot.html)"
74.7.227.39 - - [21/Apr/2026:17:58:05 +0000] "GET /goods.php?detail/22903190519942 HTTP/1.1" 404 21054 "https://s2spw.com/goods.php?detail/229028271082" "Mozilla/5.0 AppleWebKit/537.36 (KHTML, like Gecko; compatible; GPTBot/1.3; +https://openai.com/gptbot)"
74.7.227.39 - - [21/Apr/2026:17:58:08 +0000] "GET /goods.php?detail/25102051383215 HTTP/1.1" 404 21054 "https://s2spw.com/goods.php?detail/216001607743" "Mozilla/5.0 AppleWebKit/537.36 (KHTML, like Gecko; compatible; GPTBot/1.3; +https://openai.com/gptbot)"
66.249.79.197 - - [21/Apr/2026:17:58:08 +0000] "GET /?jp/260010477.html HTTP/1.1" 200 576697 "-" "Mozilla/5.0 (Linux; Android 6.0.1; Nexus 5X Build/MMB29P) AppleWebKit/537.36 (KHTML, like Gecko) Chrome/146.0.7680.177 Mobile Safari/537.36 (compatible; Googlebot/2.1; +http://www.google.com/bot.html)"
74.7.227.39 - - [21/Apr/2026:17:58:10 +0000] "GET /goods.php?detail/15501750074138 HTTP/1.1" 404 21054 "https://s2spw.com/goods.php?detail/155017662499" "Mozilla/5.0 AppleWebKit/537.36 (KHTML, like Gecko; compatible; GPTBot/1.3; +https://openai.com/gptbot)"
66.249.79.195 - - [21/Apr/2026:17:58:10 +0000] "GET /?goods/079012425 HTTP/1.1" 301 - "-" "Mozilla/5.0 (Linux; Android 6.0.1; Nexus 5X Build/MMB29P) AppleWebKit/537.36 (KHTML, like Gecko) Chrome/146.0.7680.177 Mobile Safari/537.36 (compatible; Googlebot/2.1; +http://www.google.com/bot.html)"
66.249.79.199 - - [21/Apr/2026:17:58:11 +0000] "GET /?goods%2F079012425 HTTP/1.1" 200 559145 "-" "Mozilla/5.0 (Linux; Android 6.0.1; Nexus 5X Build/MMB29P) AppleWebKit/537.36 (KHTML, like Gecko) Chrome/146.0.7680.177 Mobile Safari/537.36 (compatible; Googlebot/2.1; +http://www.google.com/bot.html)"
66.249.79.199 - - [21/Apr/2026:17:58:12 +0000] "GET /?goods/142033754 HTTP/1.1" 200 554794 "-" "Mozilla/5.0 (Linux; Android 6.0.1; Nexus 5X Build/MMB29P) AppleWebKit/537.36 (KHTML, like Gecko) Chrome/146.0.7680.177 Mobile Safari/537.36 (compatible; Googlebot/2.1; +http://www.google.com/bot.html)"
74.7.227.39 - - [21/Apr/2026:17:58:13 +0000] "GET /goods.php?detail/00404564095847 HTTP/1.1" 404 21054 "https://s2spw.com/goods.php?detail/004047769477" "Mozilla/5.0 AppleWebKit/537.36 (KHTML, like Gecko; compatible; GPTBot/1.3; +https://openai.com/gptbot)"
66.249.79.198 - - [21/Apr/2026:17:58:15 +0000] "GET /?goods/174033692 HTTP/1.1" 200 556260 "-" "Mozilla/5.0 (Linux; Android 6.0.1; Nexus 5X Build/MMB29P) AppleWebKit/537.36 (KHTML, like Gecko) Chrome/146.0.7680.177 Mobile Safari/537.36 (compatible; Googlebot/2.1; +http://www.google.com/bot.html)"
74.7.227.39 - - [21/Apr/2026:17:58:16 +0000] "GET /goods.php?detail/20901096400546 HTTP/1.1" 404 21054 "https://s2spw.com/goods.php?detail/059043293003" "Mozilla/5.0 AppleWebKit/537.36 (KHTML, like Gecko; compatible; GPTBot/1.3; +https://openai.com/gptbot)"
74.7.227.39 - - [21/Apr/2026:17:58:19 +0000] "GET /goods.php?detail/22301102466115 HTTP/1.1" 404 21054 "https://s2spw.com/goods.php?detail/265000444146" "Mozilla/5.0 AppleWebKit/537.36 (KHTML, like Gecko; compatible; GPTBot/1.3; +https://openai.com/gptbot)"
66.249.79.196 - - [21/Apr/2026:17:58:19 +0000] "GET /?detail/209034744997 HTTP/1.1" 200 564671 "-" "Mozilla/5.0 (Linux; Android 6.0.1; Nexus 5X Build/MMB29P) AppleWebKit/537.36 (KHTML, like Gecko) Chrome/146.0.7680.177 Mobile Safari/537.36 (compatible; Googlebot/2.1; +http://www.google.com/bot.html)"
74.7.227.39 - - [21/Apr/2026:17:58:23 +0000] "GET /goods.php?detail/08004973402449 HTTP/1.1" 404 21054 "https://s2spw.com/goods.php?detail/080045166050" "Mozilla/5.0 AppleWebKit/537.36 (KHTML, like Gecko; compatible; GPTBot/1.3; +https://openai.com/gptbot)"
66.249.79.198 - - [21/Apr/2026:17:58:23 +0000] "GET /?goods/271044064 HTTP/1.1" 301 - "-" "Mozilla/5.0 (Linux; Android 6.0.1; Nexus 5X Build/MMB29P) AppleWebKit/537.36 (KHTML, like Gecko) Chrome/146.0.7680.177 Mobile Safari/537.36 (compatible; Googlebot/2.1; +http://www.google.com/bot.html)"
74.7.227.39 - - [21/Apr/2026:17:58:25 +0000] "GET /goods.php?detail/00700196116218 HTTP/1.1" 404 21054 "https://s2spw.com/goods.php?detail/007010453507" "Mozilla/5.0 AppleWebKit/537.36 (KHTML, like Gecko; compatible; GPTBot/1.3; +https://openai.com/gptbot)"
74.7.227.39 - - [21/Apr/2026:17:58:27 +0000] "GET /goods.php?detail/09004901428943 HTTP/1.1" 404 21054 "https://s2spw.com/goods.php?detail/105003606525" "Mozilla/5.0 AppleWebKit/537.36 (KHTML, like Gecko; compatible; GPTBot/1.3; +https://openai.com/gptbot)"
66.249.79.197 - - [21/Apr/2026:17:58:29 +0000] "GET /?jp/239038134.html HTTP/1.1" 200 560838 "-" "Mozilla/5.0 (Linux; Android 6.0.1; Nexus 5X Build/MMB29P) AppleWebKit/537.36 (KHTML, like Gecko) Chrome/146.0.7680.177 Mobile Safari/537.36 (compatible; Googlebot/2.1; +http://www.google.com/bot.html)"
74.7.227.39 - - [21/Apr/2026:17:58:30 +0000] "GET /goods.php?detail/28102160298528 HTTP/1.1" 404 21054 "https://s2spw.com/goods.php?detail/281022664762" "Mozilla/5.0 AppleWebKit/537.36 (KHTML, like Gecko; compatible; GPTBot/1.3; +https://openai.com/gptbot)"
74.7.227.39 - - [21/Apr/2026:17:58:33 +0000] "GET /goods.php?detail/03002327009613 HTTP/1.1" 404 21054 "https://s2spw.com/goods.php?goods/030018973" "Mozilla/5.0 AppleWebKit/537.36 (KHTML, like Gecko; compatible; GPTBot/1.3; +https://openai.com/gptbot)"
66.249.79.197 - - [21/Apr/2026:17:58:31 +0000] "GET /?jp/073016734.html HTTP/1.1" 200 559121 "-" "Mozilla/5.0 (Linux; Android 6.0.1; Nexus 5X Build/MMB29P) AppleWebKit/537.36 (KHTML, like Gecko) Chrome/146.0.7680.177 Mobile Safari/537.36 (compatible; Googlebot/2.1; +http://www.google.com/bot.html)"
66.249.79.197 - - [21/Apr/2026:17:58:35 +0000] "GET /?detail/149004432617 HTTP/1.1" 200 560227 "-" "Mozilla/5.0 (Linux; Android 6.0.1; Nexus 5X Build/MMB29P) AppleWebKit/537.36 (KHTML, like Gecko) Chrome/146.0.7680.177 Mobile Safari/537.36 (compatible; Googlebot/2.1; +http://www.google.com/bot.html)"
74.7.227.39 - - [21/Apr/2026:17:58:36 +0000] "GET /goods.php?detail/16803431243836 HTTP/1.1" 404 21054 "https://s2spw.com/goods.php?detail/139000892235" "Mozilla/5.0 AppleWebKit/537.36 (KHTML, like Gecko; compatible; GPTBot/1.3; +https://openai.com/gptbot)"
74.7.227.39 - - [21/Apr/2026:17:58:39 +0000] "GET /goods.php?detail/20300540738873 HTTP/1.1" 404 21054 "https://s2spw.com/goods.php?pcmypage?callback=product/review/tuzukiya-k227-259453" "Mozilla/5.0 AppleWebKit/537.36 (KHTML, like Gecko; compatible; GPTBot/1.3; +https://openai.com/gptbot)"
74.7.227.39 - - [21/Apr/2026:17:58:42 +0000] "GET /goods.php?detail/00700187594495 HTTP/1.1" 404 21054 "https://s2spw.com/goods.php?detail/0070040773929" "Mozilla/5.0 AppleWebKit/537.36 (KHTML, like Gecko; compatible; GPTBot/1.3; +https://openai.com/gptbot)"
66.249.79.197 - - [21/Apr/2026:17:58:43 +0000] "GET /?jp/120043501.html HTTP/1.1" 200 564175 "-" "Mozilla/5.0 (Linux; Android 6.0.1; Nexus 5X Build/MMB29P) AppleWebKit/537.36 (KHTML, like Gecko) Chrome/146.0.7680.177 Mobile Safari/537.36 (compatible; Googlebot/2.1; +http://www.google.com/bot.html)"
66.249.79.198 - - [21/Apr/2026:17:58:24 +0000] "GET /?goods%2F271044064 HTTP/1.1" 200 562041 "-" "Mozilla/5.0 (Linux; Android 6.0.1; Nexus 5X Build/MMB29P) AppleWebKit/537.36 (KHTML, like Gecko) Chrome/146.0.7680.177 Mobile Safari/537.36 (compatible; Googlebot/2.1; +http://www.google.com/bot.html)"
74.7.227.39 - - [21/Apr/2026:17:58:44 +0000] "GET /goods.php?detail/29701014330173 HTTP/1.1" 404 21054 "https://s2spw.com/goods.php?detail/023004022215" "Mozilla/5.0 AppleWebKit/537.36 (KHTML, like Gecko; compatible; GPTBot/1.3; +https://openai.com/gptbot)"
74.7.227.39 - - [21/Apr/2026:17:58:47 +0000] "GET /goods.php?detail/04802829162029 HTTP/1.1" 404 21054 "https://s2spw.com/goods.php?detail/0060042076872" "Mozilla/5.0 AppleWebKit/537.36 (KHTML, like Gecko; compatible; GPTBot/1.3; +https://openai.com/gptbot)"
66.249.79.196 - - [21/Apr/2026:17:58:47 +0000] "GET /?goods/047017434 HTTP/1.1" 200 565708 "-" "Mozilla/5.0 (Linux; Android 6.0.1; Nexus 5X Build/MMB29P) AppleWebKit/537.36 (KHTML, like Gecko) Chrome/146.0.7680.177 Mobile Safari/537.36 (compatible; Googlebot/2.1; +http://www.google.com/bot.html)"
74.7.227.39 - - [21/Apr/2026:17:58:50 +0000] "GET /goods.php?detail/17504424755409 HTTP/1.1" 404 21054 "https://s2spw.com/goods.php?detail/082033295086" "Mozilla/5.0 AppleWebKit/537.36 (KHTML, like Gecko; compatible; GPTBot/1.3; +https://openai.com/gptbot)"
