66.249.79.195 - - [21/Apr/2026:18:55:01 +0000] "GET /?goods/079041022 HTTP/1.1" 200 567722 "-" "Mozilla/5.0 (Linux; Android 6.0.1; Nexus 5X Build/MMB29P) AppleWebKit/537.36 (KHTML, like Gecko) Chrome/146.0.7680.177 Mobile Safari/537.36 (compatible; Googlebot/2.1; +http://www.google.com/bot.html)"
74.7.227.39 - - [21/Apr/2026:18:55:03 +0000] "GET /goods.php?detail/16002442457547 HTTP/1.1" 404 21054 "https://s2spw.com/goods.php?detail/014002701607" "Mozilla/5.0 AppleWebKit/537.36 (KHTML, like Gecko; compatible; GPTBot/1.3; +https://openai.com/gptbot)"
74.7.227.39 - - [21/Apr/2026:18:55:06 +0000] "GET /goods.php?detail/03601233618344 HTTP/1.1" 404 21054 "https://s2spw.com/goods.php?jp/021034011.html" "Mozilla/5.0 AppleWebKit/537.36 (KHTML, like Gecko; compatible; GPTBot/1.3; +https://openai.com/gptbot)"
74.7.227.39 - - [21/Apr/2026:18:55:09 +0000] "GET /goods.php?detail/19801931586813 HTTP/1.1" 404 21054 "https://s2spw.com/goods.php?detail/219004940309" "Mozilla/5.0 AppleWebKit/537.36 (KHTML, like Gecko; compatible; GPTBot/1.3; +https://openai.com/gptbot)"
74.7.227.39 - - [21/Apr/2026:18:55:12 +0000] "GET /goods.php?detail/25100110786201 HTTP/1.1" 404 21054 "https://s2spw.com/goods.php?detail/251001093494" "Mozilla/5.0 AppleWebKit/537.36 (KHTML, like Gecko; compatible; GPTBot/1.3; +https://openai.com/gptbot)"
204.12.208.18 - - [21/Apr/2026:18:53:46 +0000] "GET /wp-includes/br729cc5/index.php HTTP/1.1" 200 - "https://s2spw.com/wp-includes/br729cc5/index.php" "Mozilla/4.0 (compatible; MSIE 8.0; Windows NT 5.1; Trident/4.0; EasyBits GO v1.0; InfoPath.1; .NET CLR 2.0.50727; .NET CLR 3.0.4506.2152; .NET CLR 3.5.30729)"
74.7.227.39 - - [21/Apr/2026:18:55:15 +0000] "GET /goods.php?detail/10403280064240 HTTP/1.1" 404 21054 "https://s2spw.com/goods.php?detail/114040348758" "Mozilla/5.0 AppleWebKit/537.36 (KHTML, like Gecko; compatible; GPTBot/1.3; +https://openai.com/gptbot)"
74.7.227.39 - - [21/Apr/2026:18:55:17 +0000] "GET /goods.php?detail/01601435141584 HTTP/1.1" 404 21054 "https://s2spw.com/goods.php?detail/016017470563" "Mozilla/5.0 AppleWebKit/537.36 (KHTML, like Gecko; compatible; GPTBot/1.3; +https://openai.com/gptbot)"
74.7.227.39 - - [21/Apr/2026:18:55:20 +0000] "GET /goods.php?detail/02204217450320 HTTP/1.1" 404 21054 "https://s2spw.com/goods.php?detail/022043033405" "Mozilla/5.0 AppleWebKit/537.36 (KHTML, like Gecko; compatible; GPTBot/1.3; +https://openai.com/gptbot)"
74.7.227.39 - - [21/Apr/2026:18:55:23 +0000] "GET /goods.php?detail/13102160526032 HTTP/1.1" 404 21054 "https://s2spw.com/goods.php?detail/036046039150" "Mozilla/5.0 AppleWebKit/537.36 (KHTML, like Gecko; compatible; GPTBot/1.3; +https://openai.com/gptbot)"
74.7.227.39 - - [21/Apr/2026:18:55:26 +0000] "GET /goods.php?detail/02202362485845 HTTP/1.1" 404 21054 "https://s2spw.com/goods.php?jp/137010546.html" "Mozilla/5.0 AppleWebKit/537.36 (KHTML, like Gecko; compatible; GPTBot/1.3; +https://openai.com/gptbot)"
74.7.227.39 - - [21/Apr/2026:18:55:29 +0000] "GET /goods.php?detail/08800896440583 HTTP/1.1" 404 21054 "https://s2spw.com/goods.php?detail/088008549758" "Mozilla/5.0 AppleWebKit/537.36 (KHTML, like Gecko; compatible; GPTBot/1.3; +https://openai.com/gptbot)"
74.7.227.39 - - [21/Apr/2026:18:55:32 +0000] "GET /goods.php?detail/02801572922010 HTTP/1.1" 404 21054 "https://s2spw.com/goods.php?detail/0280184289240" "Mozilla/5.0 AppleWebKit/537.36 (KHTML, like Gecko; compatible; GPTBot/1.3; +https://openai.com/gptbot)"
74.7.227.39 - - [21/Apr/2026:18:55:35 +0000] "GET /goods.php?detail/01200131009848 HTTP/1.1" 404 21054 "https://s2spw.com/goods.php?detail/012000462536" "Mozilla/5.0 AppleWebKit/537.36 (KHTML, like Gecko; compatible; GPTBot/1.3; +https://openai.com/gptbot)"
74.7.227.39 - - [21/Apr/2026:18:55:37 +0000] "GET /goods.php?detail/08702241037081 HTTP/1.1" 404 21054 "https://s2spw.com/goods.php?detail/087022187115" "Mozilla/5.0 AppleWebKit/537.36 (KHTML, like Gecko; compatible; GPTBot/1.3; +https://openai.com/gptbot)"
74.7.227.39 - - [21/Apr/2026:18:55:40 +0000] "GET /goods.php?detail/28401035802280 HTTP/1.1" 404 21054 "https://s2spw.com/goods.php?detail/284011404436" "Mozilla/5.0 AppleWebKit/537.36 (KHTML, like Gecko; compatible; GPTBot/1.3; +https://openai.com/gptbot)"
74.7.227.39 - - [21/Apr/2026:18:55:43 +0000] "GET /goods.php?detail/07700440101896 HTTP/1.1" 404 21054 "https://s2spw.com/goods.php?product/edit/rune-352-16" "Mozilla/5.0 AppleWebKit/537.36 (KHTML, like Gecko; compatible; GPTBot/1.3; +https://openai.com/gptbot)"
66.249.79.195 - - [21/Apr/2026:18:55:44 +0000] "GET /?goods/118025426 HTTP/1.1" 200 576354 "-" "Mozilla/5.0 (Linux; Android 6.0.1; Nexus 5X Build/MMB29P) AppleWebKit/537.36 (KHTML, like Gecko) Chrome/146.0.7680.177 Mobile Safari/537.36 (compatible; Googlebot/2.1; +http://www.google.com/bot.html)"
74.7.227.39 - - [21/Apr/2026:18:55:46 +0000] "GET /goods.php?detail/05003458044571 HTTP/1.1" 404 21054 "https://s2spw.com/goods.php?detail/0340140689489" "Mozilla/5.0 AppleWebKit/537.36 (KHTML, like Gecko; compatible; GPTBot/1.3; +https://openai.com/gptbot)"
74.7.227.39 - - [21/Apr/2026:18:55:49 +0000] "GET /goods.php?detail/00300295325458 HTTP/1.1" 404 21054 "https://s2spw.com/goods.php?pcmypage?callback=product/review/gettry-tm-west-0001-orgy" "Mozilla/5.0 AppleWebKit/537.36 (KHTML, like Gecko; compatible; GPTBot/1.3; +https://openai.com/gptbot)"
74.7.227.39 - - [21/Apr/2026:18:55:51 +0000] "GET /goods.php?detail/14702191899102 HTTP/1.1" 404 21054 "https://s2spw.com/goods.php?detail/036034179434" "Mozilla/5.0 AppleWebKit/537.36 (KHTML, like Gecko; compatible; GPTBot/1.3; +https://openai.com/gptbot)"
74.7.227.39 - - [21/Apr/2026:18:55:54 +0000] "GET /goods.php?detail/04703224065003 HTTP/1.1" 404 21054 "https://s2spw.com/goods.php?detail/096006906836" "Mozilla/5.0 AppleWebKit/537.36 (KHTML, like Gecko; compatible; GPTBot/1.3; +https://openai.com/gptbot)"
74.7.227.39 - - [21/Apr/2026:18:55:57 +0000] "GET /goods.php?detail/14102109721697 HTTP/1.1" 404 21054 "https://s2spw.com/goods.php?detail/1410010430738" "Mozilla/5.0 AppleWebKit/537.36 (KHTML, like Gecko; compatible; GPTBot/1.3; +https://openai.com/gptbot)"
66.249.79.196 - - [21/Apr/2026:18:55:57 +0000] "GET /?goods/282026335 HTTP/1.1" 200 554899 "-" "Mozilla/5.0 (Linux; Android 6.0.1; Nexus 5X Build/MMB29P) AppleWebKit/537.36 (KHTML, like Gecko) Chrome/146.0.7680.177 Mobile Safari/537.36 (compatible; Googlebot/2.1; +http://www.google.com/bot.html)"
66.249.79.195 - - [21/Apr/2026:18:55:59 +0000] "GET /?b=3248347742 HTTP/1.1" 200 569334 "-" "Mozilla/5.0 (Linux; Android 6.0.1; Nexus 5X Build/MMB29P) AppleWebKit/537.36 (KHTML, like Gecko) Chrome/146.0.7680.177 Mobile Safari/537.36 (compatible; Googlebot/2.1; +http://www.google.com/bot.html)"
74.7.227.39 - - [21/Apr/2026:18:56:00 +0000] "GET /goods.php?detail/06700612679040 HTTP/1.1" 404 21054 "https://s2spw.com/goods.php?detail/0670061518179" "Mozilla/5.0 AppleWebKit/537.36 (KHTML, like Gecko; compatible; GPTBot/1.3; +https://openai.com/gptbot)"
74.7.227.39 - - [21/Apr/2026:18:56:03 +0000] "GET /goods.php?detail/18901806440103 HTTP/1.1" 404 21054 "https://s2spw.com/goods.php?detail/1890180219473" "Mozilla/5.0 AppleWebKit/537.36 (KHTML, like Gecko; compatible; GPTBot/1.3; +https://openai.com/gptbot)"
74.7.227.39 - - [21/Apr/2026:18:56:06 +0000] "GET /goods.php?detail/10900386598005 HTTP/1.1" 404 21054 "https://s2spw.com/goods.php?detail/071040544989" "Mozilla/5.0 AppleWebKit/537.36 (KHTML, like Gecko; compatible; GPTBot/1.3; +https://openai.com/gptbot)"
74.7.227.39 - - [21/Apr/2026:18:56:09 +0000] "GET /goods.php?detail/01800168541716 HTTP/1.1" 404 21054 "https://s2spw.com/goods.php?detail/2730400270335" "Mozilla/5.0 AppleWebKit/537.36 (KHTML, like Gecko; compatible; GPTBot/1.3; +https://openai.com/gptbot)"
74.7.227.39 - - [21/Apr/2026:18:56:12 +0000] "GET /goods.php?detail/03703508454643 HTTP/1.1" 404 21054 "https://s2spw.com/goods.php?detail/037034935348" "Mozilla/5.0 AppleWebKit/537.36 (KHTML, like Gecko; compatible; GPTBot/1.3; +https://openai.com/gptbot)"
74.7.227.39 - - [21/Apr/2026:18:56:15 +0000] "GET /goods.php?detail/09100130951787 HTTP/1.1" 404 21054 "https://s2spw.com/goods.php?jp/091001220.html" "Mozilla/5.0 AppleWebKit/537.36 (KHTML, like Gecko; compatible; GPTBot/1.3; +https://openai.com/gptbot)"
74.7.227.39 - - [21/Apr/2026:18:56:17 +0000] "GET /goods.php?detail/05002218495088 HTTP/1.1" 404 21054 "https://s2spw.com/goods.php?detail/269006138284" "Mozilla/5.0 AppleWebKit/537.36 (KHTML, like Gecko; compatible; GPTBot/1.3; +https://openai.com/gptbot)"
74.7.227.39 - - [21/Apr/2026:18:56:20 +0000] "GET /goods.php?detail/12902910302337 HTTP/1.1" 404 21054 "https://s2spw.com/goods.php?shop/detail/potentially173021739.htm" "Mozilla/5.0 AppleWebKit/537.36 (KHTML, like Gecko; compatible; GPTBot/1.3; +https://openai.com/gptbot)"
74.7.227.39 - - [21/Apr/2026:18:56:23 +0000] "GET /goods.php?detail/02900848101483 HTTP/1.1" 404 21054 "https://s2spw.com/goods.php?detail/029009342011" "Mozilla/5.0 AppleWebKit/537.36 (KHTML, like Gecko; compatible; GPTBot/1.3; +https://openai.com/gptbot)"
74.7.227.39 - - [21/Apr/2026:18:56:26 +0000] "GET /goods.php?detail/19701271827478 HTTP/1.1" 404 21054 "https://s2spw.com/goods.php?pcmypage?callback=product/review/asty-shop-k0-1mtuf22unt-h2cl" "Mozilla/5.0 AppleWebKit/537.36 (KHTML, like Gecko; compatible; GPTBot/1.3; +https://openai.com/gptbot)"
74.7.227.39 - - [21/Apr/2026:18:56:28 +0000] "GET /goods.php?detail/16102488486216 HTTP/1.1" 404 21054 "https://s2spw.com/goods.php?detail/295012570169" "Mozilla/5.0 AppleWebKit/537.36 (KHTML, like Gecko; compatible; GPTBot/1.3; +https://openai.com/gptbot)"
74.7.227.39 - - [21/Apr/2026:18:56:31 +0000] "GET /goods.php?detail/20701093920225 HTTP/1.1" 404 21054 "https://s2spw.com/goods.php?detail/082007051051" "Mozilla/5.0 AppleWebKit/537.36 (KHTML, like Gecko; compatible; GPTBot/1.3; +https://openai.com/gptbot)"
74.7.227.39 - - [21/Apr/2026:18:56:34 +0000] "GET /goods.php?detail/19101957916481 HTTP/1.1" 404 21054 "https://s2spw.com/goods.php?detail/0060051464451" "Mozilla/5.0 AppleWebKit/537.36 (KHTML, like Gecko; compatible; GPTBot/1.3; +https://openai.com/gptbot)"
74.7.227.39 - - [21/Apr/2026:18:56:37 +0000] "GET /goods.php?detail/10803440374818 HTTP/1.1" 404 21054 "https://s2spw.com/goods.php?detail/085004033457" "Mozilla/5.0 AppleWebKit/537.36 (KHTML, like Gecko; compatible; GPTBot/1.3; +https://openai.com/gptbot)"
74.7.227.39 - - [21/Apr/2026:18:56:40 +0000] "GET /goods.php?detail/19404051301360 HTTP/1.1" 404 21054 "https://s2spw.com/goods.php?detail/261013477682" "Mozilla/5.0 AppleWebKit/537.36 (KHTML, like Gecko; compatible; GPTBot/1.3; +https://openai.com/gptbot)"
74.7.227.39 - - [21/Apr/2026:18:56:43 +0000] "GET /goods.php?detail/13403953534347 HTTP/1.1" 404 21054 "https://s2spw.com/goods.php?detail/177047051787" "Mozilla/5.0 AppleWebKit/537.36 (KHTML, like Gecko; compatible; GPTBot/1.3; +https://openai.com/gptbot)"
74.7.227.39 - - [21/Apr/2026:18:56:46 +0000] "GET /goods.php?detail/15100739434001 HTTP/1.1" 404 21054 "https://s2spw.com/goods.php?detail/151007619701" "Mozilla/5.0 AppleWebKit/537.36 (KHTML, like Gecko; compatible; GPTBot/1.3; +https://openai.com/gptbot)"
74.7.227.39 - - [21/Apr/2026:18:56:48 +0000] "GET /goods.php?detail/08400175401831 HTTP/1.1" 404 21054 "https://s2spw.com/goods.php?detail/084002286082" "Mozilla/5.0 AppleWebKit/537.36 (KHTML, like Gecko; compatible; GPTBot/1.3; +https://openai.com/gptbot)"
74.7.227.39 - - [21/Apr/2026:18:56:51 +0000] "GET /goods.php?detail/11801587856112 HTTP/1.1" 404 21054 "https://s2spw.com/goods.php?detail/034013034439" "Mozilla/5.0 AppleWebKit/537.36 (KHTML, like Gecko; compatible; GPTBot/1.3; +https://openai.com/gptbot)"
74.7.227.39 - - [21/Apr/2026:18:56:54 +0000] "GET /goods.php?detail/11701687728741 HTTP/1.1" 404 21054 "https://s2spw.com/goods.php?detail/117017259990" "Mozilla/5.0 AppleWebKit/537.36 (KHTML, like Gecko; compatible; GPTBot/1.3; +https://openai.com/gptbot)"
74.7.227.39 - - [21/Apr/2026:18:56:57 +0000] "GET /goods.php?detail/02902301820721 HTTP/1.1" 404 21054 "https://s2spw.com/goods.php?detail/221043011204" "Mozilla/5.0 AppleWebKit/537.36 (KHTML, like Gecko; compatible; GPTBot/1.3; +https://openai.com/gptbot)"
74.7.227.39 - - [21/Apr/2026:18:57:00 +0000] "GET /goods.php?detail/13001781810699 HTTP/1.1" 404 21054 "https://s2spw.com/goods.php?detail/1300201431730" "Mozilla/5.0 AppleWebKit/537.36 (KHTML, like Gecko; compatible; GPTBot/1.3; +https://openai.com/gptbot)"
66.249.79.195 - - [21/Apr/2026:18:57:02 +0000] "GET /?jp/157017982.html HTTP/1.1" 200 554672 "-" "Mozilla/5.0 (Linux; Android 6.0.1; Nexus 5X Build/MMB29P) AppleWebKit/537.36 (KHTML, like Gecko) Chrome/146.0.7680.177 Mobile Safari/537.36 (compatible; GoogleOther)"
74.7.227.39 - - [21/Apr/2026:18:57:02 +0000] "GET /goods.php?detail/15404582818250 HTTP/1.1" 404 21054 "https://s2spw.com/goods.php?detail/154045767208" "Mozilla/5.0 AppleWebKit/537.36 (KHTML, like Gecko; compatible; GPTBot/1.3; +https://openai.com/gptbot)"
74.7.227.39 - - [21/Apr/2026:18:57:05 +0000] "GET /goods.php?detail/25400251416046 HTTP/1.1" 404 21054 "https://s2spw.com/goods.php?detail/254002569825" "Mozilla/5.0 AppleWebKit/537.36 (KHTML, like Gecko; compatible; GPTBot/1.3; +https://openai.com/gptbot)"
74.7.227.39 - - [21/Apr/2026:18:57:08 +0000] "GET /goods.php?detail/22600253823837 HTTP/1.1" 404 21054 "https://s2spw.com/goods.php?detail/226002526521" "Mozilla/5.0 AppleWebKit/537.36 (KHTML, like Gecko; compatible; GPTBot/1.3; +https://openai.com/gptbot)"
74.7.227.39 - - [21/Apr/2026:18:57:11 +0000] "GET /goods.php?detail/04200539133404 HTTP/1.1" 404 21054 "https://s2spw.com/goods.php?detail/292002305116" "Mozilla/5.0 AppleWebKit/537.36 (KHTML, like Gecko; compatible; GPTBot/1.3; +https://openai.com/gptbot)"
74.7.227.39 - - [21/Apr/2026:18:57:14 +0000] "GET /goods.php?detail/04403467542345 HTTP/1.1" 404 21054 "https://s2spw.com/goods.php?detail/044034155446" "Mozilla/5.0 AppleWebKit/537.36 (KHTML, like Gecko; compatible; GPTBot/1.3; +https://openai.com/gptbot)"
74.7.227.39 - - [21/Apr/2026:18:57:17 +0000] "GET /goods.php?detail/03303832108714 HTTP/1.1" 404 21054 "https://s2spw.com/goods.php?detail/033038210360" "Mozilla/5.0 AppleWebKit/537.36 (KHTML, like Gecko; compatible; GPTBot/1.3; +https://openai.com/gptbot)"
74.7.227.39 - - [21/Apr/2026:18:57:20 +0000] "GET /goods.php?detail/19001956084811 HTTP/1.1" 404 21054 "https://s2spw.com/goods.php?detail/190020025300" "Mozilla/5.0 AppleWebKit/537.36 (KHTML, like Gecko; compatible; GPTBot/1.3; +https://openai.com/gptbot)"
74.7.227.39 - - [21/Apr/2026:18:57:22 +0000] "GET /goods.php?detail/21401288986866 HTTP/1.1" 404 21054 "https://s2spw.com/goods.php?detail/074033045042" "Mozilla/5.0 AppleWebKit/537.36 (KHTML, like Gecko; compatible; GPTBot/1.3; +https://openai.com/gptbot)"
74.7.227.39 - - [21/Apr/2026:18:57:25 +0000] "GET /goods.php?detail/20700948494978 HTTP/1.1" 404 21054 "https://s2spw.com/goods.php?detail/207010007729" "Mozilla/5.0 AppleWebKit/537.36 (KHTML, like Gecko; compatible; GPTBot/1.3; +https://openai.com/gptbot)"
66.249.79.195 - - [21/Apr/2026:18:57:27 +0000] "GET /?jp/098012206.html HTTP/1.1" 200 557287 "-" "Mozilla/5.0 (Linux; Android 6.0.1; Nexus 5X Build/MMB29P) AppleWebKit/537.36 (KHTML, like Gecko) Chrome/146.0.7680.177 Mobile Safari/537.36 (compatible; Googlebot/2.1; +http://www.google.com/bot.html)"
74.7.227.39 - - [21/Apr/2026:18:57:28 +0000] "GET /goods.php?detail/22502126507132 HTTP/1.1" 404 21054 "https://s2spw.com/goods.php?detail/249003022494" "Mozilla/5.0 AppleWebKit/537.36 (KHTML, like Gecko; compatible; GPTBot/1.3; +https://openai.com/gptbot)"
74.7.227.39 - - [21/Apr/2026:18:57:31 +0000] "GET /goods.php?detail/17901778373631 HTTP/1.1" 404 21054 "https://s2spw.com/goods.php?detail/1790237333629" "Mozilla/5.0 AppleWebKit/537.36 (KHTML, like Gecko; compatible; GPTBot/1.3; +https://openai.com/gptbot)"
74.7.227.39 - - [21/Apr/2026:18:57:34 +0000] "GET /goods.php?detail/25802359809893 HTTP/1.1" 404 21054 "https://s2spw.com/goods.php?detail/258019452016" "Mozilla/5.0 AppleWebKit/537.36 (KHTML, like Gecko; compatible; GPTBot/1.3; +https://openai.com/gptbot)"
74.7.227.39 - - [21/Apr/2026:18:57:36 +0000] "GET /goods.php?detail/07301717834270 HTTP/1.1" 404 21054 "https://s2spw.com/goods.php?goods/004034638" "Mozilla/5.0 AppleWebKit/537.36 (KHTML, like Gecko; compatible; GPTBot/1.3; +https://openai.com/gptbot)"
74.7.227.39 - - [21/Apr/2026:18:57:39 +0000] "GET /goods.php?detail/01301049443485 HTTP/1.1" 404 21054 "https://s2spw.com/goods.php?detail/013010705897" "Mozilla/5.0 AppleWebKit/537.36 (KHTML, like Gecko; compatible; GPTBot/1.3; +https://openai.com/gptbot)"
74.7.227.39 - - [21/Apr/2026:18:57:42 +0000] "GET /goods.php?detail/13204226137172 HTTP/1.1" 404 21054 "https://s2spw.com/goods.php?detail/132041334710" "Mozilla/5.0 AppleWebKit/537.36 (KHTML, like Gecko; compatible; GPTBot/1.3; +https://openai.com/gptbot)"
74.7.227.39 - - [21/Apr/2026:18:57:45 +0000] "GET /goods.php?detail/25202510563596 HTTP/1.1" 404 21054 "https://s2spw.com/goods.php?detail/094039503930" "Mozilla/5.0 AppleWebKit/537.36 (KHTML, like Gecko; compatible; GPTBot/1.3; +https://openai.com/gptbot)"
74.7.227.39 - - [21/Apr/2026:18:57:48 +0000] "GET /goods.php?detail/06100539389353 HTTP/1.1" 404 21054 "https://s2spw.com/goods.php?detail/06100521042140" "Mozilla/5.0 AppleWebKit/537.36 (KHTML, like Gecko; compatible; GPTBot/1.3; +https://openai.com/gptbot)"
74.7.227.39 - - [21/Apr/2026:18:57:50 +0000] "GET /goods.php?detail/06800446358801 HTTP/1.1" 404 21054 "https://s2spw.com/goods.php?special/dot/056001359" "Mozilla/5.0 AppleWebKit/537.36 (KHTML, like Gecko; compatible; GPTBot/1.3; +https://openai.com/gptbot)"
74.7.227.39 - - [21/Apr/2026:18:57:53 +0000] "GET /goods.php?detail/16100163684500 HTTP/1.1" 404 21054 "https://s2spw.com/goods.php?detail/161001646949" "Mozilla/5.0 AppleWebKit/537.36 (KHTML, like Gecko; compatible; GPTBot/1.3; +https://openai.com/gptbot)"
74.7.227.39 - - [21/Apr/2026:18:57:56 +0000] "GET /goods.php?detail/20902078741271 HTTP/1.1" 404 21054 "https://s2spw.com/goods.php?detail/209020652807" "Mozilla/5.0 AppleWebKit/537.36 (KHTML, like Gecko; compatible; GPTBot/1.3; +https://openai.com/gptbot)"
74.7.227.39 - - [21/Apr/2026:18:57:59 +0000] "GET /goods.php?detail/05603036690758 HTTP/1.1" 404 21054 "https://s2spw.com/goods.php?detail/266045979428" "Mozilla/5.0 AppleWebKit/537.36 (KHTML, like Gecko; compatible; GPTBot/1.3; +https://openai.com/gptbot)"
74.7.227.39 - - [21/Apr/2026:18:58:02 +0000] "GET /goods.php?detail/25501251341573 HTTP/1.1" 404 21054 "https://s2spw.com/goods.php?detail/255009846950" "Mozilla/5.0 AppleWebKit/537.36 (KHTML, like Gecko; compatible; GPTBot/1.3; +https://openai.com/gptbot)"
74.7.227.39 - - [21/Apr/2026:18:58:05 +0000] "GET /goods.php?detail/01301074640184 HTTP/1.1" 404 21054 "https://s2spw.com/goods.php?detail/0130107712272" "Mozilla/5.0 AppleWebKit/537.36 (KHTML, like Gecko; compatible; GPTBot/1.3; +https://openai.com/gptbot)"
74.7.227.39 - - [21/Apr/2026:18:58:08 +0000] "GET /goods.php?detail/25903033071034 HTTP/1.1" 404 21054 "https://s2spw.com/goods.php?detail/205040937269" "Mozilla/5.0 AppleWebKit/537.36 (KHTML, like Gecko; compatible; GPTBot/1.3; +https://openai.com/gptbot)"
74.7.227.39 - - [21/Apr/2026:18:58:10 +0000] "GET /goods.php?detail/16800304149413 HTTP/1.1" 404 21054 "https://s2spw.com/goods.php?goods/007004842" "Mozilla/5.0 AppleWebKit/537.36 (KHTML, like Gecko; compatible; GPTBot/1.3; +https://openai.com/gptbot)"
74.7.227.39 - - [21/Apr/2026:18:58:13 +0000] "GET /goods.php?detail/08603130460913 HTTP/1.1" 404 21054 "https://s2spw.com/goods.php?goods/028023847" "Mozilla/5.0 AppleWebKit/537.36 (KHTML, like Gecko; compatible; GPTBot/1.3; +https://openai.com/gptbot)"
74.7.227.39 - - [21/Apr/2026:18:58:16 +0000] "GET /goods.php?detail/00703663947634 HTTP/1.1" 404 21054 "https://s2spw.com/goods.php?detail/007037096244" "Mozilla/5.0 AppleWebKit/537.36 (KHTML, like Gecko; compatible; GPTBot/1.3; +https://openai.com/gptbot)"
74.7.227.39 - - [21/Apr/2026:18:58:19 +0000] "GET /goods.php?detail/20203805781087 HTTP/1.1" 404 21054 "https://s2spw.com/goods.php?detail/199037906246" "Mozilla/5.0 AppleWebKit/537.36 (KHTML, like Gecko; compatible; GPTBot/1.3; +https://openai.com/gptbot)"
74.7.227.39 - - [21/Apr/2026:18:58:21 +0000] "GET /goods.php?detail/03500672529025 HTTP/1.1" 404 21054 "https://s2spw.com/goods.php?detail/035005298983" "Mozilla/5.0 AppleWebKit/537.36 (KHTML, like Gecko; compatible; GPTBot/1.3; +https://openai.com/gptbot)"
74.7.227.39 - - [21/Apr/2026:18:58:24 +0000] "GET /goods.php?detail/16300498484490 HTTP/1.1" 404 21054 "https://s2spw.com/goods.php?detail/026036416601" "Mozilla/5.0 AppleWebKit/537.36 (KHTML, like Gecko; compatible; GPTBot/1.3; +https://openai.com/gptbot)"
74.7.227.39 - - [21/Apr/2026:18:58:27 +0000] "GET /goods.php?detail/20501996420266 HTTP/1.1" 404 21054 "https://s2spw.com/goods.php?detail/290005694166" "Mozilla/5.0 AppleWebKit/537.36 (KHTML, like Gecko; compatible; GPTBot/1.3; +https://openai.com/gptbot)"
74.7.227.39 - - [21/Apr/2026:18:58:30 +0000] "GET /goods.php?detail/29401410010618 HTTP/1.1" 404 21054 "https://s2spw.com/goods.php?detail/073000558755" "Mozilla/5.0 AppleWebKit/537.36 (KHTML, like Gecko; compatible; GPTBot/1.3; +https://openai.com/gptbot)"
74.7.227.39 - - [21/Apr/2026:18:58:33 +0000] "GET /goods.php?detail/15101366578686 HTTP/1.1" 404 21054 "https://s2spw.com/goods.php?detail/151013838312" "Mozilla/5.0 AppleWebKit/537.36 (KHTML, like Gecko; compatible; GPTBot/1.3; +https://openai.com/gptbot)"
74.7.227.39 - - [21/Apr/2026:18:58:36 +0000] "GET /goods.php?detail/11002718390187 HTTP/1.1" 404 21054 "https://s2spw.com/goods.php?detail/1830069390030" "Mozilla/5.0 AppleWebKit/537.36 (KHTML, like Gecko; compatible; GPTBot/1.3; +https://openai.com/gptbot)"
66.249.79.197 - - [21/Apr/2026:18:58:38 +0000] "GET /?detail/092045865134 HTTP/1.1" 200 565164 "-" "Mozilla/5.0 (Linux; Android 6.0.1; Nexus 5X Build/MMB29P) AppleWebKit/537.36 (KHTML, like Gecko) Chrome/146.0.7680.177 Mobile Safari/537.36 (compatible; Googlebot/2.1; +http://www.google.com/bot.html)"
74.7.227.39 - - [21/Apr/2026:18:58:38 +0000] "GET /goods.php?detail/10100366819468 HTTP/1.1" 404 21054 "https://s2spw.com/goods.php?detail/101003599389" "Mozilla/5.0 AppleWebKit/537.36 (KHTML, like Gecko; compatible; GPTBot/1.3; +https://openai.com/gptbot)"
74.7.227.39 - - [21/Apr/2026:18:58:41 +0000] "GET /goods.php?detail/25302843873073 HTTP/1.1" 404 21054 "https://s2spw.com/goods.php?detail/258005878263" "Mozilla/5.0 AppleWebKit/537.36 (KHTML, like Gecko; compatible; GPTBot/1.3; +https://openai.com/gptbot)"
74.7.227.39 - - [21/Apr/2026:18:58:44 +0000] "GET /goods.php?detail/19103918583955 HTTP/1.1" 404 21054 "https://s2spw.com/goods.php?detail/275027794194" "Mozilla/5.0 AppleWebKit/537.36 (KHTML, like Gecko; compatible; GPTBot/1.3; +https://openai.com/gptbot)"
74.7.227.39 - - [21/Apr/2026:18:58:47 +0000] "GET /goods.php?detail/00300698192189 HTTP/1.1" 404 21054 "https://s2spw.com/goods.php?detail/115040609609" "Mozilla/5.0 AppleWebKit/537.36 (KHTML, like Gecko; compatible; GPTBot/1.3; +https://openai.com/gptbot)"
74.7.227.39 - - [21/Apr/2026:18:58:50 +0000] "GET /goods.php?detail/02001371490219 HTTP/1.1" 404 21054 "https://s2spw.com/goods.php?detail/238030305732" "Mozilla/5.0 AppleWebKit/537.36 (KHTML, like Gecko; compatible; GPTBot/1.3; +https://openai.com/gptbot)"
66.249.79.196 - - [21/Apr/2026:18:58:52 +0000] "GET /?jp/249006182.html HTTP/1.1" 200 570758 "-" "Mozilla/5.0 (Linux; Android 6.0.1; Nexus 5X Build/MMB29P) AppleWebKit/537.36 (KHTML, like Gecko) Chrome/146.0.7680.177 Mobile Safari/537.36 (compatible; GoogleOther)"
74.7.227.39 - - [21/Apr/2026:18:58:53 +0000] "GET /goods.php?detail/04804228918450 HTTP/1.1" 404 21054 "https://s2spw.com/goods.php?detail/048043056999" "Mozilla/5.0 AppleWebKit/537.36 (KHTML, like Gecko; compatible; GPTBot/1.3; +https://openai.com/gptbot)"
74.7.227.39 - - [21/Apr/2026:18:58:55 +0000] "GET /goods.php?detail/20600920521390 HTTP/1.1" 404 21054 "https://s2spw.com/goods.php?detail/211002601515" "Mozilla/5.0 AppleWebKit/537.36 (KHTML, like Gecko; compatible; GPTBot/1.3; +https://openai.com/gptbot)"
74.7.227.39 - - [21/Apr/2026:18:58:58 +0000] "GET /goods.php?detail/00801698007025 HTTP/1.1" 404 21054 "https://s2spw.com/goods.php?detail/008017350778" "Mozilla/5.0 AppleWebKit/537.36 (KHTML, like Gecko; compatible; GPTBot/1.3; +https://openai.com/gptbot)"
74.7.227.39 - - [21/Apr/2026:18:59:01 +0000] "GET /goods.php?detail/06204267788773 HTTP/1.1" 404 21054 "https://s2spw.com/goods.php?detail/062044362519" "Mozilla/5.0 AppleWebKit/537.36 (KHTML, like Gecko; compatible; GPTBot/1.3; +https://openai.com/gptbot)"
74.7.227.39 - - [21/Apr/2026:18:59:04 +0000] "GET /goods.php?detail/15500796400906 HTTP/1.1" 404 21054 "https://s2spw.com/goods.php?detail/1880199838994" "Mozilla/5.0 AppleWebKit/537.36 (KHTML, like Gecko; compatible; GPTBot/1.3; +https://openai.com/gptbot)"
66.249.79.197 - - [21/Apr/2026:18:59:05 +0000] "GET /?jp/016016204.html HTTP/1.1" 200 555930 "-" "Mozilla/5.0 (Linux; Android 6.0.1; Nexus 5X Build/MMB29P) AppleWebKit/537.36 (KHTML, like Gecko) Chrome/146.0.7680.177 Mobile Safari/537.36 (compatible; GoogleOther)"
66.249.79.196 - - [21/Apr/2026:18:59:06 +0000] "GET /?detail/042034851036 HTTP/1.1" 200 554743 "-" "Mozilla/5.0 (Linux; Android 6.0.1; Nexus 5X Build/MMB29P) AppleWebKit/537.36 (KHTML, like Gecko) Chrome/146.0.7680.177 Mobile Safari/537.36 (compatible; Googlebot/2.1; +http://www.google.com/bot.html)"
74.7.227.39 - - [21/Apr/2026:18:59:07 +0000] "GET /goods.php?detail/24100382464480 HTTP/1.1" 404 21054 "https://s2spw.com/goods.php?detail/243013643373" "Mozilla/5.0 AppleWebKit/537.36 (KHTML, like Gecko; compatible; GPTBot/1.3; +https://openai.com/gptbot)"
74.7.227.39 - - [21/Apr/2026:18:59:09 +0000] "GET /goods.php?detail/00900772057963 HTTP/1.1" 404 21054 "https://s2spw.com/goods.php?detail/0090076152010" "Mozilla/5.0 AppleWebKit/537.36 (KHTML, like Gecko; compatible; GPTBot/1.3; +https://openai.com/gptbot)"
66.249.79.196 - - [21/Apr/2026:18:59:11 +0000] "GET /?detail/204011279345 HTTP/1.1" 200 558717 "-" "Mozilla/5.0 (Linux; Android 6.0.1; Nexus 5X Build/MMB29P) AppleWebKit/537.36 (KHTML, like Gecko) Chrome/146.0.7680.177 Mobile Safari/537.36 (compatible; Googlebot/2.1; +http://www.google.com/bot.html)"
74.7.227.39 - - [21/Apr/2026:18:59:12 +0000] "GET /goods.php?detail/01501131602908 HTTP/1.1" 404 21054 "https://s2spw.com/goods.php?detail/242020691470" "Mozilla/5.0 AppleWebKit/537.36 (KHTML, like Gecko; compatible; GPTBot/1.3; +https://openai.com/gptbot)"
74.7.227.39 - - [21/Apr/2026:18:59:15 +0000] "GET /goods.php?detail/00701989076122 HTTP/1.1" 404 21054 "https://s2spw.com/goods.php?detail/120033381227" "Mozilla/5.0 AppleWebKit/537.36 (KHTML, like Gecko; compatible; GPTBot/1.3; +https://openai.com/gptbot)"
74.7.227.39 - - [21/Apr/2026:18:59:18 +0000] "GET /goods.php?detail/01601144325644 HTTP/1.1" 404 21054 "https://s2spw.com/goods.php?detail/016011438260" "Mozilla/5.0 AppleWebKit/537.36 (KHTML, like Gecko; compatible; GPTBot/1.3; +https://openai.com/gptbot)"
74.7.227.39 - - [21/Apr/2026:18:59:21 +0000] "GET /goods.php?detail/19003519611296 HTTP/1.1" 404 21054 "https://s2spw.com/goods.php?detail/1900350101215" "Mozilla/5.0 AppleWebKit/537.36 (KHTML, like Gecko; compatible; GPTBot/1.3; +https://openai.com/gptbot)"
74.7.227.39 - - [21/Apr/2026:18:59:24 +0000] "GET /goods.php?detail/04600921077492 HTTP/1.1" 404 21054 "https://s2spw.com/goods.php?detail/0460089005510" "Mozilla/5.0 AppleWebKit/537.36 (KHTML, like Gecko; compatible; GPTBot/1.3; +https://openai.com/gptbot)"
74.7.227.39 - - [21/Apr/2026:18:59:27 +0000] "GET /goods.php?detail/29501916206595 HTTP/1.1" 404 21054 "https://s2spw.com/goods.php?detail/025002858544" "Mozilla/5.0 AppleWebKit/537.36 (KHTML, like Gecko; compatible; GPTBot/1.3; +https://openai.com/gptbot)"
74.7.227.39 - - [21/Apr/2026:18:59:30 +0000] "GET /goods.php?detail/29102254551035 HTTP/1.1" 404 21054 "https://s2spw.com/goods.php?detail/291022572988" "Mozilla/5.0 AppleWebKit/537.36 (KHTML, like Gecko; compatible; GPTBot/1.3; +https://openai.com/gptbot)"
74.7.227.39 - - [21/Apr/2026:18:59:33 +0000] "GET /goods.php?detail/01802804276006 HTTP/1.1" 404 21054 "https://s2spw.com/goods.php?detail/172044883320" "Mozilla/5.0 AppleWebKit/537.36 (KHTML, like Gecko; compatible; GPTBot/1.3; +https://openai.com/gptbot)"
74.7.227.39 - - [21/Apr/2026:18:59:35 +0000] "GET /goods.php?detail/02102551319717 HTTP/1.1" 404 21054 "https://s2spw.com/goods.php?detail/102002532518" "Mozilla/5.0 AppleWebKit/537.36 (KHTML, like Gecko; compatible; GPTBot/1.3; +https://openai.com/gptbot)"
74.7.227.39 - - [21/Apr/2026:18:59:39 +0000] "GET /goods.php?detail/03302560022647 HTTP/1.1" 404 21054 "https://s2spw.com/goods.php?detail/0330383414101" "Mozilla/5.0 AppleWebKit/537.36 (KHTML, like Gecko; compatible; GPTBot/1.3; +https://openai.com/gptbot)"
74.7.227.39 - - [21/Apr/2026:18:59:41 +0000] "GET /goods.php?detail/12604215544812 HTTP/1.1" 404 21054 "https://s2spw.com/goods.php?detail/126035128525" "Mozilla/5.0 AppleWebKit/537.36 (KHTML, like Gecko; compatible; GPTBot/1.3; +https://openai.com/gptbot)"
74.7.227.39 - - [21/Apr/2026:18:59:44 +0000] "GET /goods.php?detail/14500443591959 HTTP/1.1" 404 21054 "https://s2spw.com/goods.php?goods/145004378" "Mozilla/5.0 AppleWebKit/537.36 (KHTML, like Gecko; compatible; GPTBot/1.3; +https://openai.com/gptbot)"
74.7.227.39 - - [21/Apr/2026:18:59:47 +0000] "GET /goods.php?detail/10901873851038 HTTP/1.1" 404 21054 "https://s2spw.com/goods.php?detail/167008423823" "Mozilla/5.0 AppleWebKit/537.36 (KHTML, like Gecko; compatible; GPTBot/1.3; +https://openai.com/gptbot)"
74.7.227.39 - - [21/Apr/2026:18:59:50 +0000] "GET /goods.php?detail/09101066986953 HTTP/1.1" 404 21054 "https://s2spw.com/goods.php?detail/091011491710" "Mozilla/5.0 AppleWebKit/537.36 (KHTML, like Gecko; compatible; GPTBot/1.3; +https://openai.com/gptbot)"
74.7.227.39 - - [21/Apr/2026:18:59:53 +0000] "GET /goods.php?detail/25902323843242 HTTP/1.1" 404 21054 "https://s2spw.com/goods.php?jp/259023238.html" "Mozilla/5.0 AppleWebKit/537.36 (KHTML, like Gecko; compatible; GPTBot/1.3; +https://openai.com/gptbot)"
74.7.227.39 - - [21/Apr/2026:18:59:56 +0000] "GET /goods.php?detail/26603467067471 HTTP/1.1" 404 21054 "https://s2spw.com/goods.php?jp/097038030.html" "Mozilla/5.0 AppleWebKit/537.36 (KHTML, like Gecko; compatible; GPTBot/1.3; +https://openai.com/gptbot)"
74.7.227.39 - - [21/Apr/2026:18:59:58 +0000] "GET /goods.php?detail/00702741077285 HTTP/1.1" 404 21054 "https://s2spw.com/goods.php?detail/007026657670" "Mozilla/5.0 AppleWebKit/537.36 (KHTML, like Gecko; compatible; GPTBot/1.3; +https://openai.com/gptbot)"
74.7.227.39 - - [21/Apr/2026:19:00:01 +0000] "GET /goods.php?detail/15601544337161 HTTP/1.1" 404 21054 "https://s2spw.com/goods.php?detail/262000365711" "Mozilla/5.0 AppleWebKit/537.36 (KHTML, like Gecko; compatible; GPTBot/1.3; +https://openai.com/gptbot)"
74.7.227.39 - - [21/Apr/2026:19:00:04 +0000] "GET /goods.php?detail/17600844054940 HTTP/1.1" 404 21054 "https://s2spw.com/goods.php?detail/176008545482" "Mozilla/5.0 AppleWebKit/537.36 (KHTML, like Gecko; compatible; GPTBot/1.3; +https://openai.com/gptbot)"
40.77.167.230 - - [21/Apr/2026:19:00:05 +0000] "GET /wp-content/uploads/2025/11/4seUTckPDoKV9IsoAjY8_29_7eb1a2ef7e7234e21dc1b34c8562ce76_avatar_full.jpeg HTTP/1.1" 200 587073 "-" "Mozilla/5.0 AppleWebKit/537.36 (KHTML, like Gecko; compatible; bingbot/2.0; +http://www.bing.com/bingbot.htm) Chrome/116.0.1938.76 Safari/537.36"
74.7.227.39 - - [21/Apr/2026:19:00:07 +0000] "GET /goods.php?detail/03303043156328 HTTP/1.1" 404 21054 "https://s2spw.com/goods.php?detail/049005780593" "Mozilla/5.0 AppleWebKit/537.36 (KHTML, like Gecko; compatible; GPTBot/1.3; +https://openai.com/gptbot)"
74.7.227.39 - - [21/Apr/2026:19:00:10 +0000] "GET /goods.php?detail/08604778704433 HTTP/1.1" 404 21054 "https://s2spw.com/goods.php?detail/086047603798" "Mozilla/5.0 AppleWebKit/537.36 (KHTML, like Gecko; compatible; GPTBot/1.3; +https://openai.com/gptbot)"
74.7.227.39 - - [21/Apr/2026:19:00:12 +0000] "GET /goods.php?detail/05701501453702 HTTP/1.1" 404 21054 "https://s2spw.com/goods.php?detail/018000746042" "Mozilla/5.0 AppleWebKit/537.36 (KHTML, like Gecko; compatible; GPTBot/1.3; +https://openai.com/gptbot)"
74.7.227.39 - - [21/Apr/2026:19:00:15 +0000] "GET /goods.php?detail/14600568009446 HTTP/1.1" 404 21054 "https://s2spw.com/goods.php?detail/1350332053550" "Mozilla/5.0 AppleWebKit/537.36 (KHTML, like Gecko; compatible; GPTBot/1.3; +https://openai.com/gptbot)"
74.7.227.39 - - [21/Apr/2026:19:00:18 +0000] "GET /goods.php?detail/16402257122416 HTTP/1.1" 404 21054 "https://s2spw.com/goods.php?detail/078016041341" "Mozilla/5.0 AppleWebKit/537.36 (KHTML, like Gecko; compatible; GPTBot/1.3; +https://openai.com/gptbot)"
74.7.227.39 - - [21/Apr/2026:19:00:21 +0000] "GET /goods.php?detail/07800215680286 HTTP/1.1" 404 21054 "https://s2spw.com/goods.php?detail/025029524001" "Mozilla/5.0 AppleWebKit/537.36 (KHTML, like Gecko; compatible; GPTBot/1.3; +https://openai.com/gptbot)"
74.7.227.39 - - [21/Apr/2026:19:00:24 +0000] "GET /goods.php?detail/09100410162077 HTTP/1.1" 404 21054 "https://s2spw.com/goods.php?detail/091000064303" "Mozilla/5.0 AppleWebKit/537.36 (KHTML, like Gecko; compatible; GPTBot/1.3; +https://openai.com/gptbot)"
74.7.227.39 - - [21/Apr/2026:19:00:27 +0000] "GET /goods.php?detail/24502822308924 HTTP/1.1" 404 21054 "https://s2spw.com/goods.php?detail/245028335502" "Mozilla/5.0 AppleWebKit/537.36 (KHTML, like Gecko; compatible; GPTBot/1.3; +https://openai.com/gptbot)"
74.7.227.39 - - [21/Apr/2026:19:00:29 +0000] "GET /goods.php?detail/16001620065809 HTTP/1.1" 404 21054 "https://s2spw.com/goods.php?detail/0050046035027" "Mozilla/5.0 AppleWebKit/537.36 (KHTML, like Gecko; compatible; GPTBot/1.3; +https://openai.com/gptbot)"
74.7.227.39 - - [21/Apr/2026:19:00:32 +0000] "GET /goods.php?detail/05100712428805 HTTP/1.1" 404 21054 "https://s2spw.com/goods.php?goods/167010861" "Mozilla/5.0 AppleWebKit/537.36 (KHTML, like Gecko; compatible; GPTBot/1.3; +https://openai.com/gptbot)"
74.7.227.39 - - [21/Apr/2026:19:00:35 +0000] "GET /goods.php?detail/20701683013717 HTTP/1.1" 404 21054 "https://s2spw.com/goods.php?detail/2070120481442" "Mozilla/5.0 AppleWebKit/537.36 (KHTML, like Gecko; compatible; GPTBot/1.3; +https://openai.com/gptbot)"
66.249.79.196 - - [21/Apr/2026:19:00:35 +0000] "GET /?goods/108013469 HTTP/1.1" 200 561407 "-" "Mozilla/5.0 (Linux; Android 6.0.1; Nexus 5X Build/MMB29P) AppleWebKit/537.36 (KHTML, like Gecko) Chrome/146.0.7680.177 Mobile Safari/537.36 (compatible; Googlebot/2.1; +http://www.google.com/bot.html)"
74.7.227.39 - - [21/Apr/2026:19:00:39 +0000] "GET /goods.php?detail/05801705253223 HTTP/1.1" 404 21054 "https://s2spw.com/goods.php?detail/0830089098923" "Mozilla/5.0 AppleWebKit/537.36 (KHTML, like Gecko; compatible; GPTBot/1.3; +https://openai.com/gptbot)"
66.249.79.196 - - [21/Apr/2026:19:00:40 +0000] "GET /?jp/215009503.html HTTP/1.1" 200 559214 "-" "Mozilla/5.0 (Linux; Android 6.0.1; Nexus 5X Build/MMB29P) AppleWebKit/537.36 (KHTML, like Gecko) Chrome/146.0.7680.177 Mobile Safari/537.36 (compatible; Googlebot/2.1; +http://www.google.com/bot.html)"
74.7.227.39 - - [21/Apr/2026:19:00:41 +0000] "GET /goods.php?detail/01303090837075 HTTP/1.1" 404 21054 "https://s2spw.com/goods.php?detail/043001610154" "Mozilla/5.0 AppleWebKit/537.36 (KHTML, like Gecko; compatible; GPTBot/1.3; +https://openai.com/gptbot)"
74.7.227.39 - - [21/Apr/2026:19:00:44 +0000] "GET /goods.php?detail/00300411239942 HTTP/1.1" 404 21054 "https://s2spw.com/goods.php?detail/0030050702683" "Mozilla/5.0 AppleWebKit/537.36 (KHTML, like Gecko; compatible; GPTBot/1.3; +https://openai.com/gptbot)"
74.7.227.39 - - [21/Apr/2026:19:00:46 +0000] "GET /goods.php?detail/10201283906306 HTTP/1.1" 404 21054 "https://s2spw.com/goods.php?detail/102013257256" "Mozilla/5.0 AppleWebKit/537.36 (KHTML, like Gecko; compatible; GPTBot/1.3; +https://openai.com/gptbot)"
74.7.227.39 - - [21/Apr/2026:19:00:49 +0000] "GET /goods.php?detail/29101713422343 HTTP/1.1" 404 21054 "https://s2spw.com/goods.php?detail/034000675146" "Mozilla/5.0 AppleWebKit/537.36 (KHTML, like Gecko; compatible; GPTBot/1.3; +https://openai.com/gptbot)"
66.249.79.195 - - [21/Apr/2026:19:00:50 +0000] "GET /?jp/098020165.html HTTP/1.1" 200 563500 "-" "Mozilla/5.0 (Linux; Android 6.0.1; Nexus 5X Build/MMB29P) AppleWebKit/537.36 (KHTML, like Gecko) Chrome/146.0.7680.177 Mobile Safari/537.36 (compatible; GoogleOther)"
74.7.227.39 - - [21/Apr/2026:19:00:52 +0000] "GET /goods.php?detail/18504138011354 HTTP/1.1" 404 21054 "https://s2spw.com/goods.php?detail/185042853644" "Mozilla/5.0 AppleWebKit/537.36 (KHTML, like Gecko; compatible; GPTBot/1.3; +https://openai.com/gptbot)"
66.249.79.195 - - [21/Apr/2026:19:00:54 +0000] "GET /?jp/191036053.html HTTP/1.1" 200 556071 "-" "Mozilla/5.0 (Linux; Android 6.0.1; Nexus 5X Build/MMB29P) AppleWebKit/537.36 (KHTML, like Gecko) Chrome/146.0.7680.177 Mobile Safari/537.36 (compatible; Googlebot/2.1; +http://www.google.com/bot.html)"
74.7.227.39 - - [21/Apr/2026:19:00:55 +0000] "GET /goods.php?detail/20304140554930 HTTP/1.1" 404 21054 "https://s2spw.com/goods.php?detail/2030403446240" "Mozilla/5.0 AppleWebKit/537.36 (KHTML, like Gecko; compatible; GPTBot/1.3; +https://openai.com/gptbot)"
74.7.227.39 - - [21/Apr/2026:19:00:58 +0000] "GET /goods.php?detail/19002515115845 HTTP/1.1" 404 21054 "https://s2spw.com/goods.php?detail/1570477557165" "Mozilla/5.0 AppleWebKit/537.36 (KHTML, like Gecko; compatible; GPTBot/1.3; +https://openai.com/gptbot)"
74.7.227.39 - - [21/Apr/2026:19:01:01 +0000] "GET /goods.php?detail/14700130858808 HTTP/1.1" 404 21054 "https://s2spw.com/goods.php?detail/086045730290" "Mozilla/5.0 AppleWebKit/537.36 (KHTML, like Gecko; compatible; GPTBot/1.3; +https://openai.com/gptbot)"
74.7.227.39 - - [21/Apr/2026:19:01:03 +0000] "GET /goods.php?detail/09004254313422 HTTP/1.1" 404 21054 "https://s2spw.com/goods.php?detail/196045855931" "Mozilla/5.0 AppleWebKit/537.36 (KHTML, like Gecko; compatible; GPTBot/1.3; +https://openai.com/gptbot)"
74.7.227.39 - - [21/Apr/2026:19:01:06 +0000] "GET /goods.php?detail/11001786500940 HTTP/1.1" 404 21054 "https://s2spw.com/goods.php?detail/110018017432" "Mozilla/5.0 AppleWebKit/537.36 (KHTML, like Gecko; compatible; GPTBot/1.3; +https://openai.com/gptbot)"
74.7.227.39 - - [21/Apr/2026:19:01:09 +0000] "GET /goods.php?detail/20303463325285 HTTP/1.1" 404 21054 "https://s2spw.com/goods.php?detail/2030363408380" "Mozilla/5.0 AppleWebKit/537.36 (KHTML, like Gecko; compatible; GPTBot/1.3; +https://openai.com/gptbot)"
66.249.79.196 - - [21/Apr/2026:19:01:08 +0000] "GET /?detail/1330223189245 HTTP/1.1" 200 559640 "-" "Mozilla/5.0 (Linux; Android 6.0.1; Nexus 5X Build/MMB29P) AppleWebKit/537.36 (KHTML, like Gecko) Chrome/146.0.7680.177 Mobile Safari/537.36 (compatible; GoogleOther)"
74.7.227.39 - - [21/Apr/2026:19:01:12 +0000] "GET /goods.php?detail/00902077161302 HTTP/1.1" 404 21054 "https://s2spw.com/goods.php?detail/041039769779" "Mozilla/5.0 AppleWebKit/537.36 (KHTML, like Gecko; compatible; GPTBot/1.3; +https://openai.com/gptbot)"
74.7.227.39 - - [21/Apr/2026:19:01:14 +0000] "GET /goods.php?detail/29502544305049 HTTP/1.1" 404 21054 "https://s2spw.com/goods.php?detail/295023297603" "Mozilla/5.0 AppleWebKit/537.36 (KHTML, like Gecko; compatible; GPTBot/1.3; +https://openai.com/gptbot)"
74.7.227.39 - - [21/Apr/2026:19:01:17 +0000] "GET /goods.php?detail/05902300535498 HTTP/1.1" 404 21054 "https://s2spw.com/goods.php?goods/059023464" "Mozilla/5.0 AppleWebKit/537.36 (KHTML, like Gecko; compatible; GPTBot/1.3; +https://openai.com/gptbot)"
66.249.79.196 - - [21/Apr/2026:19:01:19 +0000] "GET /?goods/157017990 HTTP/1.1" 200 568268 "-" "Mozilla/5.0 (Linux; Android 6.0.1; Nexus 5X Build/MMB29P) AppleWebKit/537.36 (KHTML, like Gecko) Chrome/146.0.7680.177 Mobile Safari/537.36 (compatible; Googlebot/2.1; +http://www.google.com/bot.html)"
74.7.227.39 - - [21/Apr/2026:19:01:20 +0000] "GET /goods.php?detail/02300218683502 HTTP/1.1" 404 21054 "https://s2spw.com/goods.php?detail/089049709764" "Mozilla/5.0 AppleWebKit/537.36 (KHTML, like Gecko; compatible; GPTBot/1.3; +https://openai.com/gptbot)"
74.7.227.39 - - [21/Apr/2026:19:01:23 +0000] "GET /goods.php?detail/18603654364653 HTTP/1.1" 404 21054 "https://s2spw.com/goods.php?detail/072001004423" "Mozilla/5.0 AppleWebKit/537.36 (KHTML, like Gecko; compatible; GPTBot/1.3; +https://openai.com/gptbot)"
74.7.227.39 - - [21/Apr/2026:19:01:26 +0000] "GET /goods.php?detail/05201194941452 HTTP/1.1" 404 21054 "https://s2spw.com/goods.php?detail/052012643664" "Mozilla/5.0 AppleWebKit/537.36 (KHTML, like Gecko; compatible; GPTBot/1.3; +https://openai.com/gptbot)"
74.7.227.39 - - [21/Apr/2026:19:01:29 +0000] "GET /goods.php?detail/14004405376454 HTTP/1.1" 404 21054 "https://s2spw.com/goods.php?pcmypage?callback=product/review/kasane-sh_007" "Mozilla/5.0 AppleWebKit/537.36 (KHTML, like Gecko; compatible; GPTBot/1.3; +https://openai.com/gptbot)"
74.7.227.39 - - [21/Apr/2026:19:01:31 +0000] "GET /goods.php?detail/11902808498287 HTTP/1.1" 404 21054 "https://s2spw.com/goods.php?detail/022037958035" "Mozilla/5.0 AppleWebKit/537.36 (KHTML, like Gecko; compatible; GPTBot/1.3; +https://openai.com/gptbot)"
74.7.227.39 - - [21/Apr/2026:19:01:34 +0000] "GET /goods.php?detail/22001263507300 HTTP/1.1" 404 21054 "https://s2spw.com/goods.php?detail/274017622773" "Mozilla/5.0 AppleWebKit/537.36 (KHTML, like Gecko; compatible; GPTBot/1.3; +https://openai.com/gptbot)"
74.7.227.39 - - [21/Apr/2026:19:01:37 +0000] "GET /goods.php?detail/10200929275981 HTTP/1.1" 404 21054 "https://s2spw.com/goods.php?detail/186010362333" "Mozilla/5.0 AppleWebKit/537.36 (KHTML, like Gecko; compatible; GPTBot/1.3; +https://openai.com/gptbot)"
74.7.227.39 - - [21/Apr/2026:19:01:40 +0000] "GET /goods.php?detail/03202076440797 HTTP/1.1" 404 21054 "https://s2spw.com/goods.php?detail/032020672822" "Mozilla/5.0 AppleWebKit/537.36 (KHTML, like Gecko; compatible; GPTBot/1.3; +https://openai.com/gptbot)"
74.7.227.39 - - [21/Apr/2026:19:01:43 +0000] "GET /goods.php?detail/03803375135823 HTTP/1.1" 404 21054 "https://s2spw.com/goods.php?detail/049017111230" "Mozilla/5.0 AppleWebKit/537.36 (KHTML, like Gecko; compatible; GPTBot/1.3; +https://openai.com/gptbot)"
66.29.147.207 - - [21/Apr/2026:19:01:46 +0000] "POST /wp-cron.php?doing_wp_cron=1776798106.7868769168853759765625 HTTP/1.1" 200 - "-" "WordPress/6.9.4; https://s2spw.com"
74.7.227.39 - - [21/Apr/2026:19:01:46 +0000] "GET /goods.php?detail/00900130757851 HTTP/1.1" 404 21054 "https://s2spw.com/goods.php?product/edit/kinenhin-84b68-01b" "Mozilla/5.0 AppleWebKit/537.36 (KHTML, like Gecko; compatible; GPTBot/1.3; +https://openai.com/gptbot)"
74.7.227.39 - - [21/Apr/2026:19:01:48 +0000] "GET /goods.php?detail/02902521488055 HTTP/1.1" 404 21054 "https://s2spw.com/goods.php?jp/144016838.html" "Mozilla/5.0 AppleWebKit/537.36 (KHTML, like Gecko; compatible; GPTBot/1.3; +https://openai.com/gptbot)"
74.7.227.39 - - [21/Apr/2026:19:01:51 +0000] "GET /goods.php?detail/10601185080123 HTTP/1.1" 404 21054 "https://s2spw.com/goods.php?detail/141020107782" "Mozilla/5.0 AppleWebKit/537.36 (KHTML, like Gecko; compatible; GPTBot/1.3; +https://openai.com/gptbot)"
74.7.227.39 - - [21/Apr/2026:19:01:54 +0000] "GET /goods.php?detail/15503915402593 HTTP/1.1" 404 21054 "https://s2spw.com/goods.php?jp/024000614.html" "Mozilla/5.0 AppleWebKit/537.36 (KHTML, like Gecko; compatible; GPTBot/1.3; +https://openai.com/gptbot)"
74.7.227.39 - - [21/Apr/2026:19:01:57 +0000] "GET /goods.php?detail/28502821419205 HTTP/1.1" 404 21054 "https://s2spw.com/goods.php?jp/030010184.html" "Mozilla/5.0 AppleWebKit/537.36 (KHTML, like Gecko; compatible; GPTBot/1.3; +https://openai.com/gptbot)"
74.7.227.39 - - [21/Apr/2026:19:01:59 +0000] "GET /goods.php?detail/00600379082292 HTTP/1.1" 404 21054 "https://s2spw.com/goods.php?detail/006000028613" "Mozilla/5.0 AppleWebKit/537.36 (KHTML, like Gecko; compatible; GPTBot/1.3; +https://openai.com/gptbot)"
74.7.227.39 - - [21/Apr/2026:19:02:02 +0000] "GET /goods.php?detail/17001716102892 HTTP/1.1" 404 21054 "https://s2spw.com/goods.php?detail/1700172079047" "Mozilla/5.0 AppleWebKit/537.36 (KHTML, like Gecko; compatible; GPTBot/1.3; +https://openai.com/gptbot)"
74.7.227.39 - - [21/Apr/2026:19:02:05 +0000] "GET /goods.php?detail/06704745677539 HTTP/1.1" 404 21054 "https://s2spw.com/goods.php?detail/067047516729" "Mozilla/5.0 AppleWebKit/537.36 (KHTML, like Gecko; compatible; GPTBot/1.3; +https://openai.com/gptbot)"
74.7.227.39 - - [21/Apr/2026:19:02:08 +0000] "GET /goods.php?detail/06703056230013 HTTP/1.1" 404 21054 "https://s2spw.com/goods.php?detail/286026726169" "Mozilla/5.0 AppleWebKit/537.36 (KHTML, like Gecko; compatible; GPTBot/1.3; +https://openai.com/gptbot)"
74.7.227.39 - - [21/Apr/2026:19:02:11 +0000] "GET /goods.php?detail/00404902171671 HTTP/1.1" 404 21054 "https://s2spw.com/goods.php?detail/004049899916" "Mozilla/5.0 AppleWebKit/537.36 (KHTML, like Gecko; compatible; GPTBot/1.3; +https://openai.com/gptbot)"
74.7.227.39 - - [21/Apr/2026:19:02:14 +0000] "GET /goods.php?detail/00200765680163 HTTP/1.1" 404 21054 "https://s2spw.com/goods.php?detail/271017313291" "Mozilla/5.0 AppleWebKit/537.36 (KHTML, like Gecko; compatible; GPTBot/1.3; +https://openai.com/gptbot)"
66.249.79.195 - - [21/Apr/2026:19:02:14 +0000] "GET /?jp/239011289.html HTTP/1.1" 301 - "-" "Mozilla/5.0 (Linux; Android 6.0.1; Nexus 5X Build/MMB29P) AppleWebKit/537.36 (KHTML, like Gecko) Chrome/146.0.7680.177 Mobile Safari/537.36 (compatible; Googlebot/2.1; +http://www.google.com/bot.html)"
66.249.79.196 - - [21/Apr/2026:19:02:14 +0000] "GET /?jp%2F239011289_html HTTP/1.1" 200 555136 "-" "Mozilla/5.0 (Linux; Android 6.0.1; Nexus 5X Build/MMB29P) AppleWebKit/537.36 (KHTML, like Gecko) Chrome/146.0.7680.177 Mobile Safari/537.36 (compatible; Googlebot/2.1; +http://www.google.com/bot.html)"
74.7.227.39 - - [21/Apr/2026:19:02:17 +0000] "GET /goods.php?detail/18800343477446 HTTP/1.1" 404 21054 "https://s2spw.com/goods.php?shop/detail/narrow188002412.htm" "Mozilla/5.0 AppleWebKit/537.36 (KHTML, like Gecko; compatible; GPTBot/1.3; +https://openai.com/gptbot)"
135.181.160.215 - - [21/Apr/2026:19:02:18 +0000] "POST /wp-content/plugins/cutfdpm/index.php HTTP/1.1" 404 21054 "-" "-"
74.7.227.39 - - [21/Apr/2026:19:02:20 +0000] "GET /goods.php?detail/23903718032373 HTTP/1.1" 404 21054 "https://s2spw.com/goods.php?detail/239040416353" "Mozilla/5.0 AppleWebKit/537.36 (KHTML, like Gecko; compatible; GPTBot/1.3; +https://openai.com/gptbot)"
74.7.227.39 - - [21/Apr/2026:19:02:22 +0000] "GET /goods.php?detail/05903531859936 HTTP/1.1" 404 21054 "https://s2spw.com/goods.php?detail/292030731910" "Mozilla/5.0 AppleWebKit/537.36 (KHTML, like Gecko; compatible; GPTBot/1.3; +https://openai.com/gptbot)"
74.7.227.39 - - [21/Apr/2026:19:02:25 +0000] "GET /goods.php?detail/09503090610212 HTTP/1.1" 404 21054 "https://s2spw.com/goods.php?detail/277004737277" "Mozilla/5.0 AppleWebKit/537.36 (KHTML, like Gecko; compatible; GPTBot/1.3; +https://openai.com/gptbot)"
74.7.227.39 - - [21/Apr/2026:19:02:28 +0000] "GET /goods.php?detail/15103593819759 HTTP/1.1" 404 21054 "https://s2spw.com/goods.php?detail/018045394529" "Mozilla/5.0 AppleWebKit/537.36 (KHTML, like Gecko; compatible; GPTBot/1.3; +https://openai.com/gptbot)"
74.7.227.39 - - [21/Apr/2026:19:02:31 +0000] "GET /goods.php?detail/06703578372078 HTTP/1.1" 404 21054 "https://s2spw.com/goods.php?detail/155015215376" "Mozilla/5.0 AppleWebKit/537.36 (KHTML, like Gecko; compatible; GPTBot/1.3; +https://openai.com/gptbot)"
74.7.227.39 - - [21/Apr/2026:19:02:34 +0000] "GET /goods.php?detail/12300407266030 HTTP/1.1" 404 21054 "https://s2spw.com/goods.php?detail/123003683952" "Mozilla/5.0 AppleWebKit/537.36 (KHTML, like Gecko; compatible; GPTBot/1.3; +https://openai.com/gptbot)"
66.249.79.195 - - [21/Apr/2026:19:02:36 +0000] "GET /?jp/256026492.html HTTP/1.1" 200 562626 "-" "Mozilla/5.0 (Linux; Android 6.0.1; Nexus 5X Build/MMB29P) AppleWebKit/537.36 (KHTML, like Gecko) Chrome/146.0.7680.177 Mobile Safari/537.36 (compatible; Googlebot/2.1; +http://www.google.com/bot.html)"
74.7.227.39 - - [21/Apr/2026:19:02:36 +0000] "GET /goods.php?detail/03100357207660 HTTP/1.1" 404 21054 "https://s2spw.com/goods.php?detail/031003309692" "Mozilla/5.0 AppleWebKit/537.36 (KHTML, like Gecko; compatible; GPTBot/1.3; +https://openai.com/gptbot)"
74.7.227.39 - - [21/Apr/2026:19:02:39 +0000] "GET /goods.php?detail/00600705834501 HTTP/1.1" 404 21054 "https://s2spw.com/goods.php?detail/0060053466844" "Mozilla/5.0 AppleWebKit/537.36 (KHTML, like Gecko; compatible; GPTBot/1.3; +https://openai.com/gptbot)"
74.7.227.39 - - [21/Apr/2026:19:02:42 +0000] "GET /goods.php?detail/01504101082309 HTTP/1.1" 404 21054 "https://s2spw.com/goods.php?detail/101029122681" "Mozilla/5.0 AppleWebKit/537.36 (KHTML, like Gecko; compatible; GPTBot/1.3; +https://openai.com/gptbot)"
74.7.227.39 - - [21/Apr/2026:19:02:45 +0000] "GET /goods.php?detail/29402767120126 HTTP/1.1" 404 21054 "https://s2spw.com/goods.php?detail/028001573215" "Mozilla/5.0 AppleWebKit/537.36 (KHTML, like Gecko; compatible; GPTBot/1.3; +https://openai.com/gptbot)"
74.7.227.39 - - [21/Apr/2026:19:02:48 +0000] "GET /goods.php?detail/04200347207890 HTTP/1.1" 404 21054 "https://s2spw.com/goods.php?detail/1640335037267" "Mozilla/5.0 AppleWebKit/537.36 (KHTML, like Gecko; compatible; GPTBot/1.3; +https://openai.com/gptbot)"
74.7.227.39 - - [21/Apr/2026:19:02:51 +0000] "GET /goods.php?detail/00600226081773 HTTP/1.1" 404 21054 "https://s2spw.com/goods.php?detail/0060024631061" "Mozilla/5.0 AppleWebKit/537.36 (KHTML, like Gecko; compatible; GPTBot/1.3; +https://openai.com/gptbot)"
74.7.227.39 - - [21/Apr/2026:19:02:54 +0000] "GET /goods.php?detail/00700166314212 HTTP/1.1" 404 21054 "https://s2spw.com/goods.php?product/edit/ajimura4861-sb089srwxlh" "Mozilla/5.0 AppleWebKit/537.36 (KHTML, like Gecko; compatible; GPTBot/1.3; +https://openai.com/gptbot)"
