74.7.227.39 - - [21/Apr/2026:18:37:03 +0000] "GET /goods.php?detail/06804349603414 HTTP/1.1" 404 21054 "https://s2spw.com/goods.php?detail/0680440518188" "Mozilla/5.0 AppleWebKit/537.36 (KHTML, like Gecko; compatible; GPTBot/1.3; +https://openai.com/gptbot)"
66.249.79.198 - - [21/Apr/2026:18:37:05 +0000] "GET /?goods/103018724 HTTP/1.1" 200 561932 "-" "Mozilla/5.0 (Linux; Android 6.0.1; Nexus 5X Build/MMB29P) AppleWebKit/537.36 (KHTML, like Gecko) Chrome/146.0.7680.177 Mobile Safari/537.36 (compatible; Googlebot/2.1; +http://www.google.com/bot.html)"
74.7.227.39 - - [21/Apr/2026:18:37:05 +0000] "GET /goods.php?detail/01201494046930 HTTP/1.1" 404 21054 "https://s2spw.com/goods.php?detail/014045313627" "Mozilla/5.0 AppleWebKit/537.36 (KHTML, like Gecko; compatible; GPTBot/1.3; +https://openai.com/gptbot)"
74.7.227.39 - - [21/Apr/2026:18:37:08 +0000] "GET /goods.php?detail/04404306491383 HTTP/1.1" 404 21054 "https://s2spw.com/goods.php?detail/044040875302" "Mozilla/5.0 AppleWebKit/537.36 (KHTML, like Gecko; compatible; GPTBot/1.3; +https://openai.com/gptbot)"
66.249.79.195 - - [21/Apr/2026:18:37:09 +0000] "GET /?detail/279049847388 HTTP/1.1" 200 558915 "-" "Mozilla/5.0 (Linux; Android 6.0.1; Nexus 5X Build/MMB29P) AppleWebKit/537.36 (KHTML, like Gecko) Chrome/146.0.7680.177 Mobile Safari/537.36 (compatible; GoogleOther)"
74.7.227.39 - - [21/Apr/2026:18:37:11 +0000] "GET /goods.php?detail/02003302761199 HTTP/1.1" 404 21054 "https://s2spw.com/goods.php?detail/020033710330" "Mozilla/5.0 AppleWebKit/537.36 (KHTML, like Gecko; compatible; GPTBot/1.3; +https://openai.com/gptbot)"
66.249.79.196 - - [21/Apr/2026:18:37:12 +0000] "GET /?jp/004033631.html HTTP/1.1" 200 554263 "-" "Mozilla/5.0 (Linux; Android 6.0.1; Nexus 5X Build/MMB29P) AppleWebKit/537.36 (KHTML, like Gecko) Chrome/146.0.7680.177 Mobile Safari/537.36 (compatible; Googlebot/2.1; +http://www.google.com/bot.html)"
66.249.79.198 - - [21/Apr/2026:18:37:13 +0000] "GET /?jp/052048360.html HTTP/1.1" 200 560620 "-" "Mozilla/5.0 (Linux; Android 6.0.1; Nexus 5X Build/MMB29P) AppleWebKit/537.36 (KHTML, like Gecko) Chrome/146.0.7680.177 Mobile Safari/537.36 (compatible; Googlebot/2.1; +http://www.google.com/bot.html)"
74.7.227.39 - - [21/Apr/2026:18:37:14 +0000] "GET /goods.php?detail/12101270650816 HTTP/1.1" 404 21054 "https://s2spw.com/goods.php?detail/2190245386020" "Mozilla/5.0 AppleWebKit/537.36 (KHTML, like Gecko; compatible; GPTBot/1.3; +https://openai.com/gptbot)"
66.249.79.198 - - [21/Apr/2026:18:37:14 +0000] "GET /?detail/1990212270502 HTTP/1.1" 200 554721 "-" "Mozilla/5.0 (Linux; Android 6.0.1; Nexus 5X Build/MMB29P) AppleWebKit/537.36 (KHTML, like Gecko) Chrome/146.0.7680.177 Mobile Safari/537.36 (compatible; Googlebot/2.1; +http://www.google.com/bot.html)"
66.249.79.198 - - [21/Apr/2026:18:37:17 +0000] "GET /?jp/195038565.html HTTP/1.1" 200 554638 "-" "Mozilla/5.0 (Linux; Android 6.0.1; Nexus 5X Build/MMB29P) AppleWebKit/537.36 (KHTML, like Gecko) Chrome/146.0.7680.177 Mobile Safari/537.36 (compatible; Googlebot/2.1; +http://www.google.com/bot.html)"
74.7.227.39 - - [21/Apr/2026:18:37:17 +0000] "GET /goods.php?detail/20400859864206 HTTP/1.1" 404 21054 "https://s2spw.com/goods.php?detail/059032857852" "Mozilla/5.0 AppleWebKit/537.36 (KHTML, like Gecko; compatible; GPTBot/1.3; +https://openai.com/gptbot)"
74.7.227.39 - - [21/Apr/2026:18:37:20 +0000] "GET /goods.php?detail/07401028700216 HTTP/1.1" 404 21054 "https://s2spw.com/goods.php?detail/021023244757" "Mozilla/5.0 AppleWebKit/537.36 (KHTML, like Gecko; compatible; GPTBot/1.3; +https://openai.com/gptbot)"
66.249.79.198 - - [21/Apr/2026:18:37:21 +0000] "GET /?jp/195038569.html HTTP/1.1" 200 554787 "-" "Mozilla/5.0 (Linux; Android 6.0.1; Nexus 5X Build/MMB29P) AppleWebKit/537.36 (KHTML, like Gecko) Chrome/146.0.7680.177 Mobile Safari/537.36 (compatible; Googlebot/2.1; +http://www.google.com/bot.html)"
74.7.227.39 - - [21/Apr/2026:18:37:23 +0000] "GET /goods.php?detail/20201922840744 HTTP/1.1" 404 21054 "https://s2spw.com/goods.php?detail/202019727292" "Mozilla/5.0 AppleWebKit/537.36 (KHTML, like Gecko; compatible; GPTBot/1.3; +https://openai.com/gptbot)"
66.249.79.196 - - [21/Apr/2026:18:37:25 +0000] "GET /?jp/195038568.html HTTP/1.1" 200 555956 "-" "Mozilla/5.0 (Linux; Android 6.0.1; Nexus 5X Build/MMB29P) AppleWebKit/537.36 (KHTML, like Gecko) Chrome/146.0.7680.177 Mobile Safari/537.36 (compatible; Googlebot/2.1; +http://www.google.com/bot.html)"
74.7.227.39 - - [21/Apr/2026:18:37:26 +0000] "GET /goods.php?detail/01202423345347 HTTP/1.1" 404 21054 "https://s2spw.com/goods.php?jp/148008156.html" "Mozilla/5.0 AppleWebKit/537.36 (KHTML, like Gecko; compatible; GPTBot/1.3; +https://openai.com/gptbot)"
74.7.227.39 - - [21/Apr/2026:18:37:29 +0000] "GET /goods.php?detail/26900645894906 HTTP/1.1" 404 21054 "https://s2spw.com/goods.php?detail/2690067547751" "Mozilla/5.0 AppleWebKit/537.36 (KHTML, like Gecko; compatible; GPTBot/1.3; +https://openai.com/gptbot)"
66.249.79.196 - - [21/Apr/2026:18:37:29 +0000] "GET /?detail/1590038276511 HTTP/1.1" 301 - "-" "Mozilla/5.0 (Linux; Android 6.0.1; Nexus 5X Build/MMB29P) AppleWebKit/537.36 (KHTML, like Gecko) Chrome/146.0.7680.177 Mobile Safari/537.36 (compatible; Googlebot/2.1; +http://www.google.com/bot.html)"
66.249.79.200 - - [21/Apr/2026:18:37:29 +0000] "GET /?detail%2F1590038276511 HTTP/1.1" 200 557259 "-" "Mozilla/5.0 (Linux; Android 6.0.1; Nexus 5X Build/MMB29P) AppleWebKit/537.36 (KHTML, like Gecko) Chrome/146.0.7680.177 Mobile Safari/537.36 (compatible; Googlebot/2.1; +http://www.google.com/bot.html)"
74.7.227.39 - - [21/Apr/2026:18:37:32 +0000] "GET /goods.php?detail/19800505607095 HTTP/1.1" 404 21054 "https://s2spw.com/goods.php?detail/190004706781" "Mozilla/5.0 AppleWebKit/537.36 (KHTML, like Gecko; compatible; GPTBot/1.3; +https://openai.com/gptbot)"
66.249.79.200 - - [21/Apr/2026:18:37:33 +0000] "GET /?detail/1640098424089 HTTP/1.1" 200 563969 "-" "Mozilla/5.0 (Linux; Android 6.0.1; Nexus 5X Build/MMB29P) AppleWebKit/537.36 (KHTML, like Gecko) Chrome/146.0.7680.177 Mobile Safari/537.36 (compatible; Googlebot/2.1; +http://www.google.com/bot.html)"
74.7.227.39 - - [21/Apr/2026:18:37:34 +0000] "GET /goods.php?detail/14904201651416 HTTP/1.1" 404 21054 "https://s2spw.com/goods.php?detail/288031419905" "Mozilla/5.0 AppleWebKit/537.36 (KHTML, like Gecko; compatible; GPTBot/1.3; +https://openai.com/gptbot)"
74.7.227.39 - - [21/Apr/2026:18:37:37 +0000] "GET /goods.php?detail/02002851036255 HTTP/1.1" 404 21054 "https://s2spw.com/goods.php?detail/020029495127" "Mozilla/5.0 AppleWebKit/537.36 (KHTML, like Gecko; compatible; GPTBot/1.3; +https://openai.com/gptbot)"
74.7.227.39 - - [21/Apr/2026:18:37:40 +0000] "GET /goods.php?detail/16903138838788 HTTP/1.1" 404 21054 "https://s2spw.com/goods.php?detail/125007008051" "Mozilla/5.0 AppleWebKit/537.36 (KHTML, like Gecko; compatible; GPTBot/1.3; +https://openai.com/gptbot)"
66.249.79.195 - - [21/Apr/2026:18:37:41 +0000] "GET /?goods/200036131 HTTP/1.1" 200 553822 "-" "Mozilla/5.0 (Linux; Android 6.0.1; Nexus 5X Build/MMB29P) AppleWebKit/537.36 (KHTML, like Gecko) Chrome/146.0.7680.177 Mobile Safari/537.36 (compatible; Googlebot/2.1; +http://www.google.com/bot.html)"
74.7.227.39 - - [21/Apr/2026:18:37:43 +0000] "GET /goods.php?detail/29003372072944 HTTP/1.1" 404 21054 "https://s2spw.com/goods.php?detail/2520256207607" "Mozilla/5.0 AppleWebKit/537.36 (KHTML, like Gecko; compatible; GPTBot/1.3; +https://openai.com/gptbot)"
66.249.79.195 - - [21/Apr/2026:18:37:44 +0000] "GET /?jp/241032414.html HTTP/1.1" 200 558010 "-" "Mozilla/5.0 (Linux; Android 6.0.1; Nexus 5X Build/MMB29P) AppleWebKit/537.36 (KHTML, like Gecko) Chrome/146.0.7680.177 Mobile Safari/537.36 (compatible; Googlebot/2.1; +http://www.google.com/bot.html)"
74.7.227.39 - - [21/Apr/2026:18:37:45 +0000] "GET /goods.php?detail/22604079402520 HTTP/1.1" 404 21054 "https://s2spw.com/goods.php?detail/2920130211611" "Mozilla/5.0 AppleWebKit/537.36 (KHTML, like Gecko; compatible; GPTBot/1.3; +https://openai.com/gptbot)"
66.249.79.195 - - [21/Apr/2026:18:37:48 +0000] "GET /?jp/255005089.html HTTP/1.1" 200 555313 "-" "Mozilla/5.0 (Linux; Android 6.0.1; Nexus 5X Build/MMB29P) AppleWebKit/537.36 (KHTML, like Gecko) Chrome/146.0.7680.177 Mobile Safari/537.36 (compatible; Googlebot/2.1; +http://www.google.com/bot.html)"
74.7.227.39 - - [21/Apr/2026:18:37:49 +0000] "GET /goods.php?detail/24204752090104 HTTP/1.1" 404 21054 "https://s2spw.com/goods.php?detail/2420494221709" "Mozilla/5.0 AppleWebKit/537.36 (KHTML, like Gecko; compatible; GPTBot/1.3; +https://openai.com/gptbot)"
74.7.227.39 - - [21/Apr/2026:18:37:51 +0000] "GET /goods.php?detail/00300524501349 HTTP/1.1" 404 21054 "https://s2spw.com/goods.php?detail/003005649483" "Mozilla/5.0 AppleWebKit/537.36 (KHTML, like Gecko; compatible; GPTBot/1.3; +https://openai.com/gptbot)"
66.249.79.199 - - [21/Apr/2026:18:37:52 +0000] "GET /?detail/2190140541688 HTTP/1.1" 200 557664 "-" "Mozilla/5.0 (Linux; Android 6.0.1; Nexus 5X Build/MMB29P) AppleWebKit/537.36 (KHTML, like Gecko) Chrome/146.0.7680.177 Mobile Safari/537.36 (compatible; Googlebot/2.1; +http://www.google.com/bot.html)"
74.7.227.39 - - [21/Apr/2026:18:37:54 +0000] "GET /goods.php?detail/16004303949749 HTTP/1.1" 404 21054 "https://s2spw.com/goods.php?detail/074002207747" "Mozilla/5.0 AppleWebKit/537.36 (KHTML, like Gecko; compatible; GPTBot/1.3; +https://openai.com/gptbot)"
66.249.79.196 - - [21/Apr/2026:18:37:56 +0000] "GET /?goods/038027070 HTTP/1.1" 200 554334 "-" "Mozilla/5.0 (Linux; Android 6.0.1; Nexus 5X Build/MMB29P) AppleWebKit/537.36 (KHTML, like Gecko) Chrome/146.0.7680.177 Mobile Safari/537.36 (compatible; Googlebot/2.1; +http://www.google.com/bot.html)"
74.7.227.39 - - [21/Apr/2026:18:37:57 +0000] "GET /goods.php?detail/09700823807575 HTTP/1.1" 404 21054 "https://s2spw.com/goods.php?goods/097008238" "Mozilla/5.0 AppleWebKit/537.36 (KHTML, like Gecko; compatible; GPTBot/1.3; +https://openai.com/gptbot)"
74.7.227.39 - - [21/Apr/2026:18:38:00 +0000] "GET /goods.php?detail/23503544225007 HTTP/1.1" 404 21054 "https://s2spw.com/goods.php?detail/27001168786717" "Mozilla/5.0 AppleWebKit/537.36 (KHTML, like Gecko; compatible; GPTBot/1.3; +https://openai.com/gptbot)"
66.249.79.199 - - [21/Apr/2026:18:38:00 +0000] "GET /?goods/019011168 HTTP/1.1" 200 555344 "-" "Mozilla/5.0 (Linux; Android 6.0.1; Nexus 5X Build/MMB29P) AppleWebKit/537.36 (KHTML, like Gecko) Chrome/146.0.7680.177 Mobile Safari/537.36 (compatible; Googlebot/2.1; +http://www.google.com/bot.html)"
74.7.227.39 - - [21/Apr/2026:18:38:02 +0000] "GET /goods.php?detail/21903127355313 HTTP/1.1" 404 21054 "https://s2spw.com/goods.php?detail/219030852215" "Mozilla/5.0 AppleWebKit/537.36 (KHTML, like Gecko; compatible; GPTBot/1.3; +https://openai.com/gptbot)"
74.7.227.39 - - [21/Apr/2026:18:38:05 +0000] "GET /goods.php?detail/08204243648964 HTTP/1.1" 404 21054 "https://s2spw.com/goods.php?detail/083008374089" "Mozilla/5.0 AppleWebKit/537.36 (KHTML, like Gecko; compatible; GPTBot/1.3; +https://openai.com/gptbot)"
74.7.227.39 - - [21/Apr/2026:18:38:08 +0000] "GET /goods.php?detail/13202179779557 HTTP/1.1" 404 21054 "https://s2spw.com/goods.php?detail/013028600637" "Mozilla/5.0 AppleWebKit/537.36 (KHTML, like Gecko; compatible; GPTBot/1.3; +https://openai.com/gptbot)"
66.249.79.195 - - [21/Apr/2026:18:38:08 +0000] "GET /?jp/278049740.html HTTP/1.1" 301 - "-" "Mozilla/5.0 (Linux; Android 6.0.1; Nexus 5X Build/MMB29P) AppleWebKit/537.36 (KHTML, like Gecko) Chrome/146.0.7680.177 Mobile Safari/537.36 (compatible; Googlebot/2.1; +http://www.google.com/bot.html)"
66.249.79.198 - - [21/Apr/2026:18:38:09 +0000] "GET /?jp%2F278049740_html HTTP/1.1" 200 557329 "-" "Mozilla/5.0 (Linux; Android 6.0.1; Nexus 5X Build/MMB29P) AppleWebKit/537.36 (KHTML, like Gecko) Chrome/146.0.7680.177 Mobile Safari/537.36 (compatible; Googlebot/2.1; +http://www.google.com/bot.html)"
74.7.227.39 - - [21/Apr/2026:18:38:11 +0000] "GET /goods.php?detail/17400115241652 HTTP/1.1" 404 21054 "https://s2spw.com/goods.php?detail/081001394911" "Mozilla/5.0 AppleWebKit/537.36 (KHTML, like Gecko; compatible; GPTBot/1.3; +https://openai.com/gptbot)"
74.7.227.39 - - [21/Apr/2026:18:38:14 +0000] "GET /goods.php?detail/07702590745567 HTTP/1.1" 404 21054 "https://s2spw.com/goods.php?detail/0770252587047" "Mozilla/5.0 AppleWebKit/537.36 (KHTML, like Gecko; compatible; GPTBot/1.3; +https://openai.com/gptbot)"
66.249.79.198 - - [21/Apr/2026:18:38:14 +0000] "GET /?jp/085033404.html HTTP/1.1" 200 563879 "-" "Mozilla/5.0 (Linux; Android 6.0.1; Nexus 5X Build/MMB29P) AppleWebKit/537.36 (KHTML, like Gecko) Chrome/146.0.7680.177 Mobile Safari/537.36 (compatible; Googlebot/2.1; +http://www.google.com/bot.html)"
74.7.227.39 - - [21/Apr/2026:18:38:17 +0000] "GET /goods.php?detail/11902507078115 HTTP/1.1" 404 21054 "https://s2spw.com/goods.php?detail/240006577495" "Mozilla/5.0 AppleWebKit/537.36 (KHTML, like Gecko; compatible; GPTBot/1.3; +https://openai.com/gptbot)"
66.249.79.196 - - [21/Apr/2026:18:38:18 +0000] "GET /?jp/078007296.html HTTP/1.1" 200 566276 "-" "Mozilla/5.0 (Linux; Android 6.0.1; Nexus 5X Build/MMB29P) AppleWebKit/537.36 (KHTML, like Gecko) Chrome/146.0.7680.177 Mobile Safari/537.36 (compatible; Googlebot/2.1; +http://www.google.com/bot.html)"
66.249.79.197 - - [21/Apr/2026:18:38:19 +0000] "GET /?detail/0300008310867 HTTP/1.1" 200 557128 "-" "Mozilla/5.0 (Linux; Android 6.0.1; Nexus 5X Build/MMB29P) AppleWebKit/537.36 (KHTML, like Gecko) Chrome/146.0.7680.177 Mobile Safari/537.36 (compatible; Googlebot/2.1; +http://www.google.com/bot.html)"
74.7.227.39 - - [21/Apr/2026:18:38:19 +0000] "GET /goods.php?detail/10202972706215 HTTP/1.1" 404 21054 "https://s2spw.com/goods.php?detail/102029284121" "Mozilla/5.0 AppleWebKit/537.36 (KHTML, like Gecko; compatible; GPTBot/1.3; +https://openai.com/gptbot)"
66.249.79.198 - - [21/Apr/2026:18:38:20 +0000] "GET /?goods/078007328 HTTP/1.1" 200 562400 "-" "Mozilla/5.0 (Linux; Android 6.0.1; Nexus 5X Build/MMB29P) AppleWebKit/537.36 (KHTML, like Gecko) Chrome/146.0.7680.177 Mobile Safari/537.36 (compatible; Googlebot/2.1; +http://www.google.com/bot.html)"
74.7.227.39 - - [21/Apr/2026:18:38:22 +0000] "GET /goods.php?detail/03804452438890 HTTP/1.1" 404 21054 "https://s2spw.com/goods.php?detail/291024581465" "Mozilla/5.0 AppleWebKit/537.36 (KHTML, like Gecko; compatible; GPTBot/1.3; +https://openai.com/gptbot)"
66.249.79.196 - - [21/Apr/2026:18:38:24 +0000] "GET /?detail/0780073083204 HTTP/1.1" 200 565274 "-" "Mozilla/5.0 (Linux; Android 6.0.1; Nexus 5X Build/MMB29P) AppleWebKit/537.36 (KHTML, like Gecko) Chrome/146.0.7680.177 Mobile Safari/537.36 (compatible; Googlebot/2.1; +http://www.google.com/bot.html)"
74.7.227.39 - - [21/Apr/2026:18:38:25 +0000] "GET /goods.php?detail/20404527475370 HTTP/1.1" 404 21054 "https://s2spw.com/goods.php?detail/204046666920" "Mozilla/5.0 AppleWebKit/537.36 (KHTML, like Gecko; compatible; GPTBot/1.3; +https://openai.com/gptbot)"
74.7.227.39 - - [21/Apr/2026:18:38:28 +0000] "GET /goods.php?detail/03400296529940 HTTP/1.1" 404 21054 "https://s2spw.com/goods.php?pcmypage?callback=product/review/re-vida-61-3252120-gold" "Mozilla/5.0 AppleWebKit/537.36 (KHTML, like Gecko; compatible; GPTBot/1.3; +https://openai.com/gptbot)"
66.249.79.198 - - [21/Apr/2026:18:38:28 +0000] "GET /?goods/078016683 HTTP/1.1" 200 562123 "-" "Mozilla/5.0 (Linux; Android 6.0.1; Nexus 5X Build/MMB29P) AppleWebKit/537.36 (KHTML, like Gecko) Chrome/146.0.7680.177 Mobile Safari/537.36 (compatible; Googlebot/2.1; +http://www.google.com/bot.html)"
74.7.227.39 - - [21/Apr/2026:18:38:31 +0000] "GET /goods.php?detail/22502749722480 HTTP/1.1" 404 21054 "https://s2spw.com/goods.php?detail/2020044065027" "Mozilla/5.0 AppleWebKit/537.36 (KHTML, like Gecko; compatible; GPTBot/1.3; +https://openai.com/gptbot)"
66.249.79.195 - - [21/Apr/2026:18:38:32 +0000] "GET /?detail/11103855943067 HTTP/1.1" 200 562572 "-" "Mozilla/5.0 (Linux; Android 6.0.1; Nexus 5X Build/MMB29P) AppleWebKit/537.36 (KHTML, like Gecko) Chrome/146.0.7680.177 Mobile Safari/537.36 (compatible; GoogleOther)"
66.249.79.198 - - [21/Apr/2026:18:38:32 +0000] "GET /?goods/260025482 HTTP/1.1" 200 577509 "-" "Mozilla/5.0 (Linux; Android 6.0.1; Nexus 5X Build/MMB29P) AppleWebKit/537.36 (KHTML, like Gecko) Chrome/146.0.7680.177 Mobile Safari/537.36 (compatible; Googlebot/2.1; +http://www.google.com/bot.html)"
74.7.227.39 - - [21/Apr/2026:18:38:34 +0000] "GET /goods.php?detail/04700427465430 HTTP/1.1" 404 21054 "https://s2spw.com/goods.php?product/edit/louise-bq-ax04q22-1" "Mozilla/5.0 AppleWebKit/537.36 (KHTML, like Gecko; compatible; GPTBot/1.3; +https://openai.com/gptbot)"
74.7.227.39 - - [21/Apr/2026:18:38:36 +0000] "GET /goods.php?detail/29301041229512 HTTP/1.1" 404 21054 "https://s2spw.com/goods.php?detail/038002013044" "Mozilla/5.0 AppleWebKit/537.36 (KHTML, like Gecko; compatible; GPTBot/1.3; +https://openai.com/gptbot)"
66.249.79.195 - - [21/Apr/2026:18:38:36 +0000] "GET /?goods/254023149 HTTP/1.1" 200 553110 "-" "Mozilla/5.0 (Linux; Android 6.0.1; Nexus 5X Build/MMB29P) AppleWebKit/537.36 (KHTML, like Gecko) Chrome/146.0.7680.177 Mobile Safari/537.36 (compatible; Googlebot/2.1; +http://www.google.com/bot.html)"
74.7.227.39 - - [21/Apr/2026:18:38:39 +0000] "GET /goods.php?detail/20204952150960 HTTP/1.1" 404 21054 "https://s2spw.com/goods.php?detail/019013537872" "Mozilla/5.0 AppleWebKit/537.36 (KHTML, like Gecko; compatible; GPTBot/1.3; +https://openai.com/gptbot)"
66.249.79.198 - - [21/Apr/2026:18:38:40 +0000] "GET /?jp/035019631.html HTTP/1.1" 200 565625 "-" "Mozilla/5.0 (Linux; Android 6.0.1; Nexus 5X Build/MMB29P) AppleWebKit/537.36 (KHTML, like Gecko) Chrome/146.0.7680.177 Mobile Safari/537.36 (compatible; Googlebot/2.1; +http://www.google.com/bot.html)"
74.7.227.39 - - [21/Apr/2026:18:38:42 +0000] "GET /goods.php?detail/12004052598840 HTTP/1.1" 404 21054 "https://s2spw.com/goods.php?detail/1200390073997" "Mozilla/5.0 AppleWebKit/537.36 (KHTML, like Gecko; compatible; GPTBot/1.3; +https://openai.com/gptbot)"
66.249.79.197 - - [21/Apr/2026:18:38:42 +0000] "GET /?jp/141030634.html HTTP/1.1" 200 558824 "-" "Mozilla/5.0 (Linux; Android 6.0.1; Nexus 5X Build/MMB29P) AppleWebKit/537.36 (KHTML, like Gecko) Chrome/146.0.7680.177 Mobile Safari/537.36 (compatible; Googlebot/2.1; +http://www.google.com/bot.html)"
74.7.227.39 - - [21/Apr/2026:18:38:45 +0000] "GET /goods.php?detail/22802828139107 HTTP/1.1" 404 21054 "https://s2spw.com/goods.php?goods/228028595" "Mozilla/5.0 AppleWebKit/537.36 (KHTML, like Gecko; compatible; GPTBot/1.3; +https://openai.com/gptbot)"
66.249.79.201 - - [21/Apr/2026:18:38:48 +0000] "GET /?jp/169010987.html HTTP/1.1" 200 556754 "-" "Mozilla/5.0 (Linux; Android 6.0.1; Nexus 5X Build/MMB29P) AppleWebKit/537.36 (KHTML, like Gecko) Chrome/146.0.7680.177 Mobile Safari/537.36 (compatible; Googlebot/2.1; +http://www.google.com/bot.html)"
66.249.79.197 - - [21/Apr/2026:18:38:48 +0000] "GET /?jp/052012715.html HTTP/1.1" 301 - "-" "Mozilla/5.0 (Linux; Android 6.0.1; Nexus 5X Build/MMB29P) AppleWebKit/537.36 (KHTML, like Gecko) Chrome/146.0.7680.177 Mobile Safari/537.36 (compatible; Googlebot/2.1; +http://www.google.com/bot.html)"
74.7.227.39 - - [21/Apr/2026:18:38:48 +0000] "GET /goods.php?detail/04101309009674 HTTP/1.1" 404 21054 "https://s2spw.com/goods.php?detail/085048308178" "Mozilla/5.0 AppleWebKit/537.36 (KHTML, like Gecko; compatible; GPTBot/1.3; +https://openai.com/gptbot)"
66.249.79.201 - - [21/Apr/2026:18:38:51 +0000] "GET /?goods/128007847 HTTP/1.1" 200 562767 "-" "Mozilla/5.0 (Linux; Android 6.0.1; Nexus 5X Build/MMB29P) AppleWebKit/537.36 (KHTML, like Gecko) Chrome/146.0.7680.177 Mobile Safari/537.36 (compatible; Googlebot/2.1; +http://www.google.com/bot.html)"
66.249.79.196 - - [21/Apr/2026:18:38:52 +0000] "GET /?jp%2F052012715_html HTTP/1.1" 200 559609 "-" "Mozilla/5.0 (Linux; Android 6.0.1; Nexus 5X Build/MMB29P) AppleWebKit/537.36 (KHTML, like Gecko) Chrome/146.0.7680.177 Mobile Safari/537.36 (compatible; Googlebot/2.1; +http://www.google.com/bot.html)"
74.7.227.39 - - [21/Apr/2026:18:38:54 +0000] "GET /goods.php?detail/18600805572866 HTTP/1.1" 404 21054 "https://s2spw.com/goods.php?detail/0070083372483" "Mozilla/5.0 AppleWebKit/537.36 (KHTML, like Gecko; compatible; GPTBot/1.3; +https://openai.com/gptbot)"
74.7.227.39 - - [21/Apr/2026:18:38:54 +0000] "GET /goods.php?detail/14100500232626 HTTP/1.1" 404 21054 "https://s2spw.com/goods.php?detail/0770072599027" "Mozilla/5.0 AppleWebKit/537.36 (KHTML, like Gecko; compatible; GPTBot/1.3; +https://openai.com/gptbot)"
66.249.79.198 - - [21/Apr/2026:18:38:56 +0000] "GET /?jp/008029282.html HTTP/1.1" 200 572835 "-" "Mozilla/5.0 (Linux; Android 6.0.1; Nexus 5X Build/MMB29P) AppleWebKit/537.36 (KHTML, like Gecko) Chrome/146.0.7680.177 Mobile Safari/537.36 (compatible; Googlebot/2.1; +http://www.google.com/bot.html)"
74.7.227.39 - - [21/Apr/2026:18:38:57 +0000] "GET /goods.php?detail/29902780919958 HTTP/1.1" 404 21054 "https://s2spw.com/goods.php?detail/299026874297" "Mozilla/5.0 AppleWebKit/537.36 (KHTML, like Gecko; compatible; GPTBot/1.3; +https://openai.com/gptbot)"
74.7.227.39 - - [21/Apr/2026:18:39:00 +0000] "GET /goods.php?detail/16300870680812 HTTP/1.1" 404 21054 "https://s2spw.com/goods.php?detail/2260043420520" "Mozilla/5.0 AppleWebKit/537.36 (KHTML, like Gecko; compatible; GPTBot/1.3; +https://openai.com/gptbot)"
74.7.227.39 - - [21/Apr/2026:18:39:03 +0000] "GET /goods.php?detail/24200633824086 HTTP/1.1" 404 21054 "https://s2spw.com/goods.php?detail/242006565608" "Mozilla/5.0 AppleWebKit/537.36 (KHTML, like Gecko; compatible; GPTBot/1.3; +https://openai.com/gptbot)"
66.249.79.201 - - [21/Apr/2026:18:39:03 +0000] "GET /?goods/145022825 HTTP/1.1" 200 576075 "-" "Mozilla/5.0 (Linux; Android 6.0.1; Nexus 5X Build/MMB29P) AppleWebKit/537.36 (KHTML, like Gecko) Chrome/146.0.7680.177 Mobile Safari/537.36 (compatible; Googlebot/2.1; +http://www.google.com/bot.html)"
66.249.79.197 - - [21/Apr/2026:18:38:59 +0000] "GET /?jp/012022953.html HTTP/1.1" 200 564701 "-" "Mozilla/5.0 (Linux; Android 6.0.1; Nexus 5X Build/MMB29P) AppleWebKit/537.36 (KHTML, like Gecko) Chrome/146.0.7680.177 Mobile Safari/537.36 (compatible; Googlebot/2.1; +http://www.google.com/bot.html)"
74.7.227.39 - - [21/Apr/2026:18:39:06 +0000] "GET /goods.php?detail/24202012941769 HTTP/1.1" 404 21054 "https://s2spw.com/goods.php?detail/260003400145" "Mozilla/5.0 AppleWebKit/537.36 (KHTML, like Gecko; compatible; GPTBot/1.3; +https://openai.com/gptbot)"
66.249.79.195 - - [21/Apr/2026:18:39:08 +0000] "GET /?detail/288042508040 HTTP/1.1" 200 567436 "-" "Mozilla/5.0 (Linux; Android 6.0.1; Nexus 5X Build/MMB29P) AppleWebKit/537.36 (KHTML, like Gecko) Chrome/146.0.7680.177 Mobile Safari/537.36 (compatible; Googlebot/2.1; +http://www.google.com/bot.html)"
66.249.79.198 - - [21/Apr/2026:18:39:08 +0000] "GET /?detail/07702563822920 HTTP/1.1" 200 556474 "-" "Mozilla/5.0 (Linux; Android 6.0.1; Nexus 5X Build/MMB29P) AppleWebKit/537.36 (KHTML, like Gecko) Chrome/146.0.7680.177 Mobile Safari/537.36 (compatible; GoogleOther)"
74.7.227.39 - - [21/Apr/2026:18:39:09 +0000] "GET /goods.php?detail/20503080207547 HTTP/1.1" 404 21054 "https://s2spw.com/goods.php?detail/2430393097409" "Mozilla/5.0 AppleWebKit/537.36 (KHTML, like Gecko; compatible; GPTBot/1.3; +https://openai.com/gptbot)"
74.7.227.39 - - [21/Apr/2026:18:39:11 +0000] "GET /goods.php?detail/24404083684562 HTTP/1.1" 404 21054 "https://s2spw.com/goods.php?detail/244040898269" "Mozilla/5.0 AppleWebKit/537.36 (KHTML, like Gecko; compatible; GPTBot/1.3; +https://openai.com/gptbot)"
66.249.79.196 - - [21/Apr/2026:18:39:11 +0000] "GET /?goods/169036226 HTTP/1.1" 200 555609 "-" "Mozilla/5.0 (Linux; Android 6.0.1; Nexus 5X Build/MMB29P) AppleWebKit/537.36 (KHTML, like Gecko) Chrome/146.0.7680.177 Mobile Safari/537.36 (compatible; Googlebot/2.1; +http://www.google.com/bot.html)"
74.7.227.39 - - [21/Apr/2026:18:39:14 +0000] "GET /goods.php?detail/08800812079053 HTTP/1.1" 404 21054 "https://s2spw.com/goods.php?detail/088008826777" "Mozilla/5.0 AppleWebKit/537.36 (KHTML, like Gecko; compatible; GPTBot/1.3; +https://openai.com/gptbot)"
74.7.227.39 - - [21/Apr/2026:18:39:17 +0000] "GET /goods.php?detail/15900185890340 HTTP/1.1" 404 21054 "https://s2spw.com/goods.php?detail/159001759012" "Mozilla/5.0 AppleWebKit/537.36 (KHTML, like Gecko; compatible; GPTBot/1.3; +https://openai.com/gptbot)"
66.249.79.197 - - [21/Apr/2026:18:39:19 +0000] "GET /?goods/246023307 HTTP/1.1" 200 555861 "-" "Mozilla/5.0 (Linux; Android 6.0.1; Nexus 5X Build/MMB29P) AppleWebKit/537.36 (KHTML, like Gecko) Chrome/146.0.7680.177 Mobile Safari/537.36 (compatible; Googlebot/2.1; +http://www.google.com/bot.html)"
74.7.227.39 - - [21/Apr/2026:18:39:21 +0000] "GET /goods.php?detail/00700174308947 HTTP/1.1" 404 21054 "https://s2spw.com/goods.php?detail/0070031021430" "Mozilla/5.0 AppleWebKit/537.36 (KHTML, like Gecko; compatible; GPTBot/1.3; +https://openai.com/gptbot)"
74.7.227.39 - - [21/Apr/2026:18:39:23 +0000] "GET /goods.php?detail/10404408976454 HTTP/1.1" 404 21054 "https://s2spw.com/goods.php?detail/1040439004841" "Mozilla/5.0 AppleWebKit/537.36 (KHTML, like Gecko; compatible; GPTBot/1.3; +https://openai.com/gptbot)"
66.249.79.196 - - [21/Apr/2026:18:39:23 +0000] "GET /?goods/106021891 HTTP/1.1" 200 555577 "-" "Mozilla/5.0 (Linux; Android 6.0.1; Nexus 5X Build/MMB29P) AppleWebKit/537.36 (KHTML, like Gecko) Chrome/146.0.7680.177 Mobile Safari/537.36 (compatible; Googlebot/2.1; +http://www.google.com/bot.html)"
74.7.227.39 - - [21/Apr/2026:18:39:26 +0000] "GET /goods.php?detail/23003074729950 HTTP/1.1" 404 21054 "https://s2spw.com/goods.php?detail/19304146477952" "Mozilla/5.0 AppleWebKit/537.36 (KHTML, like Gecko; compatible; GPTBot/1.3; +https://openai.com/gptbot)"
66.249.79.198 - - [21/Apr/2026:18:39:27 +0000] "GET /?goods/158014240 HTTP/1.1" 200 561146 "-" "Mozilla/5.0 (Linux; Android 6.0.1; Nexus 5X Build/MMB29P) AppleWebKit/537.36 (KHTML, like Gecko) Chrome/146.0.7680.177 Mobile Safari/537.36 (compatible; Googlebot/2.1; +http://www.google.com/bot.html)"
74.7.227.39 - - [21/Apr/2026:18:39:29 +0000] "GET /goods.php?detail/07600349049199 HTTP/1.1" 404 21054 "https://s2spw.com/goods.php?pcmypage?callback=product/review/puro-ya-tannku_sui_slt499a" "Mozilla/5.0 AppleWebKit/537.36 (KHTML, like Gecko; compatible; GPTBot/1.3; +https://openai.com/gptbot)"
66.249.79.198 - - [21/Apr/2026:18:39:31 +0000] "GET /?goods/029006407 HTTP/1.1" 200 553428 "-" "Mozilla/5.0 (Linux; Android 6.0.1; Nexus 5X Build/MMB29P) AppleWebKit/537.36 (KHTML, like Gecko) Chrome/146.0.7680.177 Mobile Safari/537.36 (compatible; Googlebot/2.1; +http://www.google.com/bot.html)"
74.7.227.39 - - [21/Apr/2026:18:39:31 +0000] "GET /goods.php?detail/04004895607658 HTTP/1.1" 404 21054 "https://s2spw.com/goods.php?detail/040046434265" "Mozilla/5.0 AppleWebKit/537.36 (KHTML, like Gecko; compatible; GPTBot/1.3; +https://openai.com/gptbot)"
74.7.227.39 - - [21/Apr/2026:18:39:34 +0000] "GET /goods.php?detail/01001637173966 HTTP/1.1" 404 21054 "https://s2spw.com/goods.php?jp/010016027.html" "Mozilla/5.0 AppleWebKit/537.36 (KHTML, like Gecko; compatible; GPTBot/1.3; +https://openai.com/gptbot)"
66.249.79.196 - - [21/Apr/2026:18:39:35 +0000] "GET /?goods/196007372 HTTP/1.1" 200 557988 "-" "Mozilla/5.0 (Linux; Android 6.0.1; Nexus 5X Build/MMB29P) AppleWebKit/537.36 (KHTML, like Gecko) Chrome/146.0.7680.177 Mobile Safari/537.36 (compatible; Googlebot/2.1; +http://www.google.com/bot.html)"
74.7.227.39 - - [21/Apr/2026:18:39:37 +0000] "GET /goods.php?detail/07800211755858 HTTP/1.1" 404 21054 "https://s2spw.com/goods.php?detail/120001567739" "Mozilla/5.0 AppleWebKit/537.36 (KHTML, like Gecko; compatible; GPTBot/1.3; +https://openai.com/gptbot)"
66.249.79.198 - - [21/Apr/2026:18:39:39 +0000] "GET /?detail/26200975088814 HTTP/1.1" 200 559589 "-" "Mozilla/5.0 (Linux; Android 6.0.1; Nexus 5X Build/MMB29P) AppleWebKit/537.36 (KHTML, like Gecko) Chrome/146.0.7680.177 Mobile Safari/537.36 (compatible; Googlebot/2.1; +http://www.google.com/bot.html)"
74.7.227.39 - - [21/Apr/2026:18:39:40 +0000] "GET /goods.php?detail/28502428051053 HTTP/1.1" 404 21054 "https://s2spw.com/goods.php?detail/056003009860" "Mozilla/5.0 AppleWebKit/537.36 (KHTML, like Gecko; compatible; GPTBot/1.3; +https://openai.com/gptbot)"
74.7.227.39 - - [21/Apr/2026:18:39:42 +0000] "GET /goods.php?detail/03704935041353 HTTP/1.1" 404 21054 "https://s2spw.com/goods.php?detail/144049304882" "Mozilla/5.0 AppleWebKit/537.36 (KHTML, like Gecko; compatible; GPTBot/1.3; +https://openai.com/gptbot)"
74.7.227.39 - - [21/Apr/2026:18:39:45 +0000] "GET /goods.php?detail/05501788907255 HTTP/1.1" 404 21054 "https://s2spw.com/goods.php?detail/023021135206" "Mozilla/5.0 AppleWebKit/537.36 (KHTML, like Gecko; compatible; GPTBot/1.3; +https://openai.com/gptbot)"
66.249.79.200 - - [21/Apr/2026:18:39:47 +0000] "GET /?detail/17102012725176 HTTP/1.1" 200 557749 "-" "Mozilla/5.0 (Linux; Android 6.0.1; Nexus 5X Build/MMB29P) AppleWebKit/537.36 (KHTML, like Gecko) Chrome/146.0.7680.177 Mobile Safari/537.36 (compatible; Googlebot/2.1; +http://www.google.com/bot.html)"
74.7.227.39 - - [21/Apr/2026:18:39:48 +0000] "GET /goods.php?detail/20404158575054 HTTP/1.1" 404 21054 "https://s2spw.com/goods.php?detail/204041711847" "Mozilla/5.0 AppleWebKit/537.36 (KHTML, like Gecko; compatible; GPTBot/1.3; +https://openai.com/gptbot)"
66.249.79.196 - - [21/Apr/2026:18:39:51 +0000] "GET /?goods/254036041 HTTP/1.1" 200 555054 "-" "Mozilla/5.0 (Linux; Android 6.0.1; Nexus 5X Build/MMB29P) AppleWebKit/537.36 (KHTML, like Gecko) Chrome/146.0.7680.177 Mobile Safari/537.36 (compatible; Googlebot/2.1; +http://www.google.com/bot.html)"
74.7.227.39 - - [21/Apr/2026:18:39:51 +0000] "GET /goods.php?detail/01101798636811 HTTP/1.1" 404 21054 "https://s2spw.com/goods.php?detail/109011096987" "Mozilla/5.0 AppleWebKit/537.36 (KHTML, like Gecko; compatible; GPTBot/1.3; +https://openai.com/gptbot)"
66.249.79.197 - - [21/Apr/2026:18:39:53 +0000] "GET /?goods/004033930 HTTP/1.1" 200 553638 "-" "Mozilla/5.0 (Linux; Android 6.0.1; Nexus 5X Build/MMB29P) AppleWebKit/537.36 (KHTML, like Gecko) Chrome/146.0.7680.177 Mobile Safari/537.36 (compatible; Googlebot/2.1; +http://www.google.com/bot.html)"
74.7.227.39 - - [21/Apr/2026:18:39:54 +0000] "GET /goods.php?detail/07604626028527 HTTP/1.1" 404 21054 "https://s2spw.com/goods.php?detail/116001169429" "Mozilla/5.0 AppleWebKit/537.36 (KHTML, like Gecko; compatible; GPTBot/1.3; +https://openai.com/gptbot)"
66.249.79.198 - - [21/Apr/2026:18:39:55 +0000] "GET /?detail/0080294107258 HTTP/1.1" 200 557635 "-" "Mozilla/5.0 (Linux; Android 6.0.1; Nexus 5X Build/MMB29P) AppleWebKit/537.36 (KHTML, like Gecko) Chrome/146.0.7680.177 Mobile Safari/537.36 (compatible; Googlebot/2.1; +http://www.google.com/bot.html)"
74.7.227.39 - - [21/Apr/2026:18:39:57 +0000] "GET /goods.php?detail/20304223424965 HTTP/1.1" 404 21054 "https://s2spw.com/goods.php?detail/075010738363" "Mozilla/5.0 AppleWebKit/537.36 (KHTML, like Gecko; compatible; GPTBot/1.3; +https://openai.com/gptbot)"
66.249.79.196 - - [21/Apr/2026:18:39:59 +0000] "GET /?detail/181010274750 HTTP/1.1" 200 556529 "-" "Mozilla/5.0 (Linux; Android 6.0.1; Nexus 5X Build/MMB29P) AppleWebKit/537.36 (KHTML, like Gecko) Chrome/146.0.7680.177 Mobile Safari/537.36 (compatible; Googlebot/2.1; +http://www.google.com/bot.html)"
74.7.227.39 - - [21/Apr/2026:18:40:00 +0000] "GET /goods.php?detail/19100453042343 HTTP/1.1" 404 21054 "https://s2spw.com/goods.php?detail/241038753054" "Mozilla/5.0 AppleWebKit/537.36 (KHTML, like Gecko; compatible; GPTBot/1.3; +https://openai.com/gptbot)"
66.249.79.196 - - [21/Apr/2026:18:40:00 +0000] "GET /?goods/119043178 HTTP/1.1" 301 - "-" "Mozilla/5.0 (Linux; Android 6.0.1; Nexus 5X Build/MMB29P) AppleWebKit/537.36 (KHTML, like Gecko) Chrome/146.0.7680.177 Mobile Safari/537.36 (compatible; Googlebot/2.1; +http://www.google.com/bot.html)"
66.249.79.199 - - [21/Apr/2026:18:40:01 +0000] "GET /?goods%2F119043178 HTTP/1.1" 200 43282 "-" "Mozilla/5.0 (Linux; Android 6.0.1; Nexus 5X Build/MMB29P) AppleWebKit/537.36 (KHTML, like Gecko) Chrome/146.0.7680.177 Mobile Safari/537.36 (compatible; Googlebot/2.1; +http://www.google.com/bot.html)"
74.7.227.39 - - [21/Apr/2026:18:40:03 +0000] "GET /goods.php?detail/00600394232113 HTTP/1.1" 404 21054 "https://s2spw.com/goods.php?detail/006004635394" "Mozilla/5.0 AppleWebKit/537.36 (KHTML, like Gecko; compatible; GPTBot/1.3; +https://openai.com/gptbot)"
66.249.79.200 - - [21/Apr/2026:18:40:03 +0000] "GET /?detail/29703647596441 HTTP/1.1" 200 571341 "-" "Mozilla/5.0 (Linux; Android 6.0.1; Nexus 5X Build/MMB29P) AppleWebKit/537.36 (KHTML, like Gecko) Chrome/146.0.7680.177 Mobile Safari/537.36 (compatible; Googlebot/2.1; +http://www.google.com/bot.html)"
74.7.227.39 - - [21/Apr/2026:18:40:06 +0000] "GET /goods.php?detail/11402727474861 HTTP/1.1" 404 21054 "https://s2spw.com/goods.php?detail/114028625032" "Mozilla/5.0 AppleWebKit/537.36 (KHTML, like Gecko; compatible; GPTBot/1.3; +https://openai.com/gptbot)"
66.249.79.195 - - [21/Apr/2026:18:40:07 +0000] "GET /?goods/221015172 HTTP/1.1" 200 554988 "-" "Mozilla/5.0 (Linux; Android 6.0.1; Nexus 5X Build/MMB29P) AppleWebKit/537.36 (KHTML, like Gecko) Chrome/146.0.7680.177 Mobile Safari/537.36 (compatible; Googlebot/2.1; +http://www.google.com/bot.html)"
74.7.227.39 - - [21/Apr/2026:18:40:08 +0000] "GET /goods.php?detail/02900930038437 HTTP/1.1" 404 21054 "https://s2spw.com/goods.php?detail/02901136506335" "Mozilla/5.0 AppleWebKit/537.36 (KHTML, like Gecko; compatible; GPTBot/1.3; +https://openai.com/gptbot)"
74.7.227.39 - - [21/Apr/2026:18:40:11 +0000] "GET /goods.php?detail/10704023147146 HTTP/1.1" 404 21054 "https://s2spw.com/goods.php?product/edit/cocoterrace-icn-tss-00057" "Mozilla/5.0 AppleWebKit/537.36 (KHTML, like Gecko; compatible; GPTBot/1.3; +https://openai.com/gptbot)"
74.7.227.39 - - [21/Apr/2026:18:40:14 +0000] "GET /goods.php?detail/27900126114121 HTTP/1.1" 404 21054 "https://s2spw.com/goods.php?detail/279031804293" "Mozilla/5.0 AppleWebKit/537.36 (KHTML, like Gecko; compatible; GPTBot/1.3; +https://openai.com/gptbot)"
66.249.79.196 - - [21/Apr/2026:18:40:14 +0000] "GET /?detail/00804993777093 HTTP/1.1" 301 - "-" "Mozilla/5.0 (Linux; Android 6.0.1; Nexus 5X Build/MMB29P) AppleWebKit/537.36 (KHTML, like Gecko) Chrome/146.0.7680.177 Mobile Safari/537.36 (compatible; Googlebot/2.1; +http://www.google.com/bot.html)"
66.249.79.197 - - [21/Apr/2026:18:40:15 +0000] "GET /?detail%2F00804993777093 HTTP/1.1" 200 554986 "-" "Mozilla/5.0 (Linux; Android 6.0.1; Nexus 5X Build/MMB29P) AppleWebKit/537.36 (KHTML, like Gecko) Chrome/146.0.7680.177 Mobile Safari/537.36 (compatible; Googlebot/2.1; +http://www.google.com/bot.html)"
74.7.227.39 - - [21/Apr/2026:18:40:17 +0000] "GET /goods.php?detail/00800978241886 HTTP/1.1" 404 21054 "https://s2spw.com/goods.php?detail/008008782639" "Mozilla/5.0 AppleWebKit/537.36 (KHTML, like Gecko; compatible; GPTBot/1.3; +https://openai.com/gptbot)"
66.249.79.197 - - [21/Apr/2026:18:40:18 +0000] "GET /?jp/121039738.html HTTP/1.1" 200 559757 "-" "Mozilla/5.0 (Linux; Android 6.0.1; Nexus 5X Build/MMB29P) AppleWebKit/537.36 (KHTML, like Gecko) Chrome/146.0.7680.177 Mobile Safari/537.36 (compatible; Googlebot/2.1; +http://www.google.com/bot.html)"
74.7.227.39 - - [21/Apr/2026:18:40:20 +0000] "GET /goods.php?detail/21500265039210 HTTP/1.1" 404 21054 "https://s2spw.com/goods.php?detail/215031384817" "Mozilla/5.0 AppleWebKit/537.36 (KHTML, like Gecko; compatible; GPTBot/1.3; +https://openai.com/gptbot)"
66.249.79.195 - - [21/Apr/2026:18:40:21 +0000] "GET /?goods/078013407 HTTP/1.1" 200 566763 "-" "Mozilla/5.0 (Linux; Android 6.0.1; Nexus 5X Build/MMB29P) AppleWebKit/537.36 (KHTML, like Gecko) Chrome/146.0.7680.177 Mobile Safari/537.36 (compatible; Googlebot/2.1; +http://www.google.com/bot.html)"
74.7.227.39 - - [21/Apr/2026:18:40:22 +0000] "GET /goods.php?detail/02800136132628 HTTP/1.1" 404 21054 "https://s2spw.com/goods.php?detail/0280020393882" "Mozilla/5.0 AppleWebKit/537.36 (KHTML, like Gecko; compatible; GPTBot/1.3; +https://openai.com/gptbot)"
66.249.79.195 - - [21/Apr/2026:18:40:22 +0000] "GET /?detail/165021691970 HTTP/1.1" 200 560706 "-" "Mozilla/5.0 (Linux; Android 6.0.1; Nexus 5X Build/MMB29P) AppleWebKit/537.36 (KHTML, like Gecko) Chrome/146.0.7680.177 Mobile Safari/537.36 (compatible; Googlebot/2.1; +http://www.google.com/bot.html)"
66.249.79.197 - - [21/Apr/2026:18:40:24 +0000] "GET /?jp/104016023.html HTTP/1.1" 200 555972 "-" "Mozilla/5.0 (Linux; Android 6.0.1; Nexus 5X Build/MMB29P) AppleWebKit/537.36 (KHTML, like Gecko) Chrome/146.0.7680.177 Mobile Safari/537.36 (compatible; Googlebot/2.1; +http://www.google.com/bot.html)"
74.7.227.39 - - [21/Apr/2026:18:40:25 +0000] "GET /goods.php?detail/24204714232360 HTTP/1.1" 404 21054 "https://s2spw.com/goods.php?goods/242047472" "Mozilla/5.0 AppleWebKit/537.36 (KHTML, like Gecko; compatible; GPTBot/1.3; +https://openai.com/gptbot)"
66.249.79.195 - - [21/Apr/2026:18:40:26 +0000] "GET /?detail/178026054272 HTTP/1.1" 200 557721 "-" "Mozilla/5.0 (Linux; Android 6.0.1; Nexus 5X Build/MMB29P) AppleWebKit/537.36 (KHTML, like Gecko) Chrome/146.0.7680.177 Mobile Safari/537.36 (compatible; Googlebot/2.1; +http://www.google.com/bot.html)"
74.7.227.39 - - [21/Apr/2026:18:40:28 +0000] "GET /goods.php?detail/23303133265424 HTTP/1.1" 404 21054 "https://s2spw.com/goods.php?detail/186037775355" "Mozilla/5.0 AppleWebKit/537.36 (KHTML, like Gecko; compatible; GPTBot/1.3; +https://openai.com/gptbot)"
66.249.79.195 - - [21/Apr/2026:18:40:30 +0000] "GET /?detail/030000153099 HTTP/1.1" 200 566613 "-" "Mozilla/5.0 (Linux; Android 6.0.1; Nexus 5X Build/MMB29P) AppleWebKit/537.36 (KHTML, like Gecko) Chrome/146.0.7680.177 Mobile Safari/537.36 (compatible; Googlebot/2.1; +http://www.google.com/bot.html)"
74.7.227.39 - - [21/Apr/2026:18:40:31 +0000] "GET /goods.php?detail/00400225261283 HTTP/1.1" 404 21054 "https://s2spw.com/goods.php?product/edit/honkeya-ds-2117342" "Mozilla/5.0 AppleWebKit/537.36 (KHTML, like Gecko; compatible; GPTBot/1.3; +https://openai.com/gptbot)"
74.7.227.39 - - [21/Apr/2026:18:40:33 +0000] "GET /goods.php?detail/10600158395050 HTTP/1.1" 404 21054 "https://s2spw.com/goods.php?goods/106001270" "Mozilla/5.0 AppleWebKit/537.36 (KHTML, like Gecko; compatible; GPTBot/1.3; +https://openai.com/gptbot)"
66.249.79.195 - - [21/Apr/2026:18:40:34 +0000] "GET /?goods/284038848 HTTP/1.1" 200 573255 "-" "Mozilla/5.0 (Linux; Android 6.0.1; Nexus 5X Build/MMB29P) AppleWebKit/537.36 (KHTML, like Gecko) Chrome/146.0.7680.177 Mobile Safari/537.36 (compatible; Googlebot/2.1; +http://www.google.com/bot.html)"
66.249.79.196 - - [21/Apr/2026:18:40:36 +0000] "GET /?detail/3000421845802 HTTP/1.1" 200 555797 "-" "Mozilla/5.0 (Linux; Android 6.0.1; Nexus 5X Build/MMB29P) AppleWebKit/537.36 (KHTML, like Gecko) Chrome/146.0.7680.177 Mobile Safari/537.36 (compatible; GoogleOther)"
74.7.227.39 - - [21/Apr/2026:18:40:36 +0000] "GET /goods.php?detail/20402727067465 HTTP/1.1" 404 21054 "https://s2spw.com/goods.php?detail/109000780147" "Mozilla/5.0 AppleWebKit/537.36 (KHTML, like Gecko; compatible; GPTBot/1.3; +https://openai.com/gptbot)"
66.249.79.198 - - [21/Apr/2026:18:40:38 +0000] "GET /?goods/074021713 HTTP/1.1" 200 553399 "-" "Mozilla/5.0 (Linux; Android 6.0.1; Nexus 5X Build/MMB29P) AppleWebKit/537.36 (KHTML, like Gecko) Chrome/146.0.7680.177 Mobile Safari/537.36 (compatible; Googlebot/2.1; +http://www.google.com/bot.html)"
74.7.227.39 - - [21/Apr/2026:18:40:39 +0000] "GET /goods.php?detail/01903011741972 HTTP/1.1" 404 21054 "https://s2spw.com/goods.php?detail/136004815087" "Mozilla/5.0 AppleWebKit/537.36 (KHTML, like Gecko; compatible; GPTBot/1.3; +https://openai.com/gptbot)"
74.7.227.39 - - [21/Apr/2026:18:40:42 +0000] "GET /goods.php?detail/19101316969523 HTTP/1.1" 404 21054 "https://s2spw.com/goods.php?detail/191013314494" "Mozilla/5.0 AppleWebKit/537.36 (KHTML, like Gecko; compatible; GPTBot/1.3; +https://openai.com/gptbot)"
66.249.79.197 - - [21/Apr/2026:18:40:43 +0000] "GET /?detail/07904449049202 HTTP/1.1" 200 571992 "-" "Mozilla/5.0 (Linux; Android 6.0.1; Nexus 5X Build/MMB29P) AppleWebKit/537.36 (KHTML, like Gecko) Chrome/146.0.7680.177 Mobile Safari/537.36 (compatible; Googlebot/2.1; +http://www.google.com/bot.html)"
74.7.227.39 - - [21/Apr/2026:18:40:45 +0000] "GET /goods.php?detail/06102154206960 HTTP/1.1" 404 21054 "https://s2spw.com/goods.php?detail/004010232483" "Mozilla/5.0 AppleWebKit/537.36 (KHTML, like Gecko; compatible; GPTBot/1.3; +https://openai.com/gptbot)"
66.249.79.198 - - [21/Apr/2026:18:40:46 +0000] "GET /?detail/22000616471862 HTTP/1.1" 200 556507 "-" "Mozilla/5.0 (Linux; Android 6.0.1; Nexus 5X Build/MMB29P) AppleWebKit/537.36 (KHTML, like Gecko) Chrome/146.0.7680.177 Mobile Safari/537.36 (compatible; Googlebot/2.1; +http://www.google.com/bot.html)"
74.7.227.39 - - [21/Apr/2026:18:40:48 +0000] "GET /goods.php?detail/24901433949690 HTTP/1.1" 404 21054 "https://s2spw.com/goods.php?detail/249026299062" "Mozilla/5.0 AppleWebKit/537.36 (KHTML, like Gecko; compatible; GPTBot/1.3; +https://openai.com/gptbot)"
74.7.227.39 - - [21/Apr/2026:18:40:51 +0000] "GET /goods.php?detail/19404605045131 HTTP/1.1" 404 21054 "https://s2spw.com/goods.php?detail/016001062255" "Mozilla/5.0 AppleWebKit/537.36 (KHTML, like Gecko; compatible; GPTBot/1.3; +https://openai.com/gptbot)"
74.7.227.39 - - [21/Apr/2026:18:40:53 +0000] "GET /goods.php?detail/17703775137546 HTTP/1.1" 404 21054 "https://s2spw.com/goods.php?detail/177037755997" "Mozilla/5.0 AppleWebKit/537.36 (KHTML, like Gecko; compatible; GPTBot/1.3; +https://openai.com/gptbot)"
66.249.79.199 - - [21/Apr/2026:18:40:54 +0000] "GET /?detail/0140238103512 HTTP/1.1" 301 - "-" "Mozilla/5.0 (Linux; Android 6.0.1; Nexus 5X Build/MMB29P) AppleWebKit/537.36 (KHTML, like Gecko) Chrome/146.0.7680.177 Mobile Safari/537.36 (compatible; Googlebot/2.1; +http://www.google.com/bot.html)"
66.249.79.195 - - [21/Apr/2026:18:40:54 +0000] "GET /?detail%2F0140238103512 HTTP/1.1" 200 554939 "-" "Mozilla/5.0 (Linux; Android 6.0.1; Nexus 5X Build/MMB29P) AppleWebKit/537.36 (KHTML, like Gecko) Chrome/146.0.7680.177 Mobile Safari/537.36 (compatible; Googlebot/2.1; +http://www.google.com/bot.html)"
74.7.227.39 - - [21/Apr/2026:18:40:56 +0000] "GET /goods.php?detail/05603117110023 HTTP/1.1" 404 21054 "https://s2spw.com/goods.php?detail/0430029410084" "Mozilla/5.0 AppleWebKit/537.36 (KHTML, like Gecko; compatible; GPTBot/1.3; +https://openai.com/gptbot)"
66.249.79.200 - - [21/Apr/2026:18:40:58 +0000] "GET /?detail/27701110648390 HTTP/1.1" 200 580181 "-" "Mozilla/5.0 (Linux; Android 6.0.1; Nexus 5X Build/MMB29P) AppleWebKit/537.36 (KHTML, like Gecko) Chrome/146.0.7680.177 Mobile Safari/537.36 (compatible; Googlebot/2.1; +http://www.google.com/bot.html)"
74.7.227.39 - - [21/Apr/2026:18:40:59 +0000] "GET /goods.php?detail/12202064842849 HTTP/1.1" 404 21054 "https://s2spw.com/goods.php?detail/069006864801" "Mozilla/5.0 AppleWebKit/537.36 (KHTML, like Gecko; compatible; GPTBot/1.3; +https://openai.com/gptbot)"
66.249.79.200 - - [21/Apr/2026:18:41:02 +0000] "GET /?goods/047024796 HTTP/1.1" 200 557699 "-" "Mozilla/5.0 (Linux; Android 6.0.1; Nexus 5X Build/MMB29P) AppleWebKit/537.36 (KHTML, like Gecko) Chrome/146.0.7680.177 Mobile Safari/537.36 (compatible; Googlebot/2.1; +http://www.google.com/bot.html)"
74.7.227.39 - - [21/Apr/2026:18:41:02 +0000] "GET /goods.php?detail/20800698012276 HTTP/1.1" 404 21054 "https://s2spw.com/goods.php?product/edit/carshopconnect-rubbermat_004" "Mozilla/5.0 AppleWebKit/537.36 (KHTML, like Gecko; compatible; GPTBot/1.3; +https://openai.com/gptbot)"
74.7.227.39 - - [21/Apr/2026:18:41:05 +0000] "GET /goods.php?detail/12102211036154 HTTP/1.1" 404 21054 "https://s2spw.com/goods.php?detail/2250293669933" "Mozilla/5.0 AppleWebKit/537.36 (KHTML, like Gecko; compatible; GPTBot/1.3; +https://openai.com/gptbot)"
66.249.79.200 - - [21/Apr/2026:18:41:06 +0000] "GET /?jp/147012779.html HTTP/1.1" 200 571014 "-" "Mozilla/5.0 (Linux; Android 6.0.1; Nexus 5X Build/MMB29P) AppleWebKit/537.36 (KHTML, like Gecko) Chrome/146.0.7680.177 Mobile Safari/537.36 (compatible; Googlebot/2.1; +http://www.google.com/bot.html)"
66.249.79.197 - - [21/Apr/2026:18:41:06 +0000] "GET /?detail/266044837947 HTTP/1.1" 200 555195 "-" "Mozilla/5.0 (Linux; Android 6.0.1; Nexus 5X Build/MMB29P) AppleWebKit/537.36 (KHTML, like Gecko) Chrome/146.0.7680.177 Mobile Safari/537.36 (compatible; GoogleOther)"
74.7.227.39 - - [21/Apr/2026:18:41:08 +0000] "GET /goods.php?detail/15600609833668 HTTP/1.1" 404 21054 "https://s2spw.com/goods.php?detail/185002590322" "Mozilla/5.0 AppleWebKit/537.36 (KHTML, like Gecko; compatible; GPTBot/1.3; +https://openai.com/gptbot)"
66.249.79.196 - - [21/Apr/2026:18:41:10 +0000] "GET /?jp/181012834.html HTTP/1.1" 200 570776 "-" "Mozilla/5.0 (Linux; Android 6.0.1; Nexus 5X Build/MMB29P) AppleWebKit/537.36 (KHTML, like Gecko) Chrome/146.0.7680.177 Mobile Safari/537.36 (compatible; Googlebot/2.1; +http://www.google.com/bot.html)"
74.7.227.39 - - [21/Apr/2026:18:41:10 +0000] "GET /goods.php?detail/05002578750462 HTTP/1.1" 404 21054 "https://s2spw.com/goods.php?detail/050031683795" "Mozilla/5.0 AppleWebKit/537.36 (KHTML, like Gecko; compatible; GPTBot/1.3; +https://openai.com/gptbot)"
74.7.227.39 - - [21/Apr/2026:18:41:13 +0000] "GET /goods.php?detail/26101979782877 HTTP/1.1" 404 21054 "https://s2spw.com/goods.php?detail/254020233620" "Mozilla/5.0 AppleWebKit/537.36 (KHTML, like Gecko; compatible; GPTBot/1.3; +https://openai.com/gptbot)"
66.249.79.197 - - [21/Apr/2026:18:41:14 +0000] "GET /?jp/135004515.html HTTP/1.1" 200 555514 "-" "Mozilla/5.0 (Linux; Android 6.0.1; Nexus 5X Build/MMB29P) AppleWebKit/537.36 (KHTML, like Gecko) Chrome/146.0.7680.177 Mobile Safari/537.36 (compatible; Googlebot/2.1; +http://www.google.com/bot.html)"
74.7.227.39 - - [21/Apr/2026:18:41:16 +0000] "GET /goods.php?detail/08702417991990 HTTP/1.1" 404 21054 "https://s2spw.com/goods.php?detail/235044567016" "Mozilla/5.0 AppleWebKit/537.36 (KHTML, like Gecko; compatible; GPTBot/1.3; +https://openai.com/gptbot)"
66.249.79.197 - - [21/Apr/2026:18:41:17 +0000] "GET /?jp/091028398.html HTTP/1.1" 200 555805 "-" "Mozilla/5.0 (Linux; Android 6.0.1; Nexus 5X Build/MMB29P) AppleWebKit/537.36 (KHTML, like Gecko) Chrome/146.0.7680.177 Mobile Safari/537.36 (compatible; Googlebot/2.1; +http://www.google.com/bot.html)"
74.7.227.39 - - [21/Apr/2026:18:41:19 +0000] "GET /goods.php?detail/22302013572901 HTTP/1.1" 404 21054 "https://s2spw.com/goods.php?detail/1010099329261" "Mozilla/5.0 AppleWebKit/537.36 (KHTML, like Gecko; compatible; GPTBot/1.3; +https://openai.com/gptbot)"
74.7.227.39 - - [21/Apr/2026:18:41:22 +0000] "GET /goods.php?detail/15603356930625 HTTP/1.1" 404 21054 "https://s2spw.com/goods.php?detail/136000628042" "Mozilla/5.0 AppleWebKit/537.36 (KHTML, like Gecko; compatible; GPTBot/1.3; +https://openai.com/gptbot)"
74.7.227.39 - - [21/Apr/2026:18:41:25 +0000] "GET /goods.php?detail/10103950544096 HTTP/1.1" 404 21054 "https://s2spw.com/goods.php?detail/101043996433" "Mozilla/5.0 AppleWebKit/537.36 (KHTML, like Gecko; compatible; GPTBot/1.3; +https://openai.com/gptbot)"
66.249.79.195 - - [21/Apr/2026:18:41:25 +0000] "GET /?detail/2980134370164 HTTP/1.1" 200 553732 "-" "Mozilla/5.0 (Linux; Android 6.0.1; Nexus 5X Build/MMB29P) AppleWebKit/537.36 (KHTML, like Gecko) Chrome/146.0.7680.177 Mobile Safari/537.36 (compatible; Googlebot/2.1; +http://www.google.com/bot.html)"
74.7.227.39 - - [21/Apr/2026:18:41:27 +0000] "GET /goods.php?detail/12003856060251 HTTP/1.1" 404 21054 "https://s2spw.com/goods.php?detail/120043382034" "Mozilla/5.0 AppleWebKit/537.36 (KHTML, like Gecko; compatible; GPTBot/1.3; +https://openai.com/gptbot)"
66.249.79.196 - - [21/Apr/2026:18:41:29 +0000] "GET /?jp/266037299.html HTTP/1.1" 200 567158 "-" "Mozilla/5.0 (Linux; Android 6.0.1; Nexus 5X Build/MMB29P) AppleWebKit/537.36 (KHTML, like Gecko) Chrome/146.0.7680.177 Mobile Safari/537.36 (compatible; Googlebot/2.1; +http://www.google.com/bot.html)"
74.7.227.39 - - [21/Apr/2026:18:41:30 +0000] "GET /goods.php?detail/16501648615469 HTTP/1.1" 404 21054 "https://s2spw.com/goods.php?detail/0330085012801" "Mozilla/5.0 AppleWebKit/537.36 (KHTML, like Gecko; compatible; GPTBot/1.3; +https://openai.com/gptbot)"
74.7.227.39 - - [21/Apr/2026:18:41:33 +0000] "GET /goods.php?detail/00600978441886 HTTP/1.1" 404 21054 "https://s2spw.com/goods.php?goods/006008483" "Mozilla/5.0 AppleWebKit/537.36 (KHTML, like Gecko; compatible; GPTBot/1.3; +https://openai.com/gptbot)"
66.249.79.198 - - [21/Apr/2026:18:41:33 +0000] "GET /?goods/221031069 HTTP/1.1" 301 - "-" "Mozilla/5.0 (Linux; Android 6.0.1; Nexus 5X Build/MMB29P) AppleWebKit/537.36 (KHTML, like Gecko) Chrome/146.0.7680.177 Mobile Safari/537.36 (compatible; Googlebot/2.1; +http://www.google.com/bot.html)"
66.249.79.196 - - [21/Apr/2026:18:41:34 +0000] "GET /?goods%2F221031069 HTTP/1.1" 200 43282 "-" "Mozilla/5.0 (Linux; Android 6.0.1; Nexus 5X Build/MMB29P) AppleWebKit/537.36 (KHTML, like Gecko) Chrome/146.0.7680.177 Mobile Safari/537.36 (compatible; Googlebot/2.1; +http://www.google.com/bot.html)"
74.7.227.39 - - [21/Apr/2026:18:41:36 +0000] "GET /goods.php?detail/29404013430416 HTTP/1.1" 404 21054 "https://s2spw.com/goods.php?detail/294039203949" "Mozilla/5.0 AppleWebKit/537.36 (KHTML, like Gecko; compatible; GPTBot/1.3; +https://openai.com/gptbot)"
66.249.79.195 - - [21/Apr/2026:18:41:37 +0000] "GET /?goods/246003811 HTTP/1.1" 200 562303 "-" "Mozilla/5.0 (Linux; Android 6.0.1; Nexus 5X Build/MMB29P) AppleWebKit/537.36 (KHTML, like Gecko) Chrome/146.0.7680.177 Mobile Safari/537.36 (compatible; Googlebot/2.1; +http://www.google.com/bot.html)"
74.7.227.39 - - [21/Apr/2026:18:41:39 +0000] "GET /goods.php?detail/06902107027881 HTTP/1.1" 404 21054 "https://s2spw.com/goods.php?detail/119007790357" "Mozilla/5.0 AppleWebKit/537.36 (KHTML, like Gecko; compatible; GPTBot/1.3; +https://openai.com/gptbot)"
