74.7.227.39 - - [21/Apr/2026:19:02:56 +0000] "GET /goods.php?detail/26102346312561 HTTP/1.1" 404 21054 "https://s2spw.com/goods.php?detail/233041907890" "Mozilla/5.0 AppleWebKit/537.36 (KHTML, like Gecko; compatible; GPTBot/1.3; +https://openai.com/gptbot)"
74.7.227.39 - - [21/Apr/2026:19:02:59 +0000] "GET /goods.php?detail/11901727090578 HTTP/1.1" 404 21054 "https://s2spw.com/goods.php?detail/1190175997070" "Mozilla/5.0 AppleWebKit/537.36 (KHTML, like Gecko; compatible; GPTBot/1.3; +https://openai.com/gptbot)"
74.7.227.39 - - [21/Apr/2026:19:03:02 +0000] "GET /goods.php?detail/04804720418066 HTTP/1.1" 404 21054 "https://s2spw.com/goods.php?detail/196016337296" "Mozilla/5.0 AppleWebKit/537.36 (KHTML, like Gecko; compatible; GPTBot/1.3; +https://openai.com/gptbot)"
74.7.227.39 - - [21/Apr/2026:19:03:05 +0000] "GET /goods.php?detail/05803036531023 HTTP/1.1" 404 21054 "https://s2spw.com/goods.php?goods/058029384" "Mozilla/5.0 AppleWebKit/537.36 (KHTML, like Gecko; compatible; GPTBot/1.3; +https://openai.com/gptbot)"
74.7.227.39 - - [21/Apr/2026:19:03:08 +0000] "GET /goods.php?detail/26002649372633 HTTP/1.1" 404 21054 "https://s2spw.com/goods.php?detail/2600266087742" "Mozilla/5.0 AppleWebKit/537.36 (KHTML, like Gecko; compatible; GPTBot/1.3; +https://openai.com/gptbot)"
74.7.227.39 - - [21/Apr/2026:19:03:11 +0000] "GET /goods.php?detail/02702480902869 HTTP/1.1" 404 21054 "https://s2spw.com/goods.php?detail/027024787242" "Mozilla/5.0 AppleWebKit/537.36 (KHTML, like Gecko; compatible; GPTBot/1.3; +https://openai.com/gptbot)"
66.249.79.196 - - [21/Apr/2026:19:03:12 +0000] "GET /?jp/253042017.html HTTP/1.1" 200 557235 "-" "Mozilla/5.0 (Linux; Android 6.0.1; Nexus 5X Build/MMB29P) AppleWebKit/537.36 (KHTML, like Gecko) Chrome/146.0.7680.177 Mobile Safari/537.36 (compatible; GoogleOther)"
74.7.227.39 - - [21/Apr/2026:19:03:14 +0000] "GET /goods.php?detail/18203355393343 HTTP/1.1" 404 21054 "https://s2spw.com/goods.php?detail/182034483834" "Mozilla/5.0 AppleWebKit/537.36 (KHTML, like Gecko; compatible; GPTBot/1.3; +https://openai.com/gptbot)"
74.7.227.39 - - [21/Apr/2026:19:03:16 +0000] "GET /goods.php?detail/24100766441430 HTTP/1.1" 404 21054 "https://s2spw.com/goods.php?detail/123019198533" "Mozilla/5.0 AppleWebKit/537.36 (KHTML, like Gecko; compatible; GPTBot/1.3; +https://openai.com/gptbot)"
74.7.227.39 - - [21/Apr/2026:19:03:19 +0000] "GET /goods.php?detail/16401279497799 HTTP/1.1" 404 21054 "https://s2spw.com/goods.php?detail/050048883248" "Mozilla/5.0 AppleWebKit/537.36 (KHTML, like Gecko; compatible; GPTBot/1.3; +https://openai.com/gptbot)"
74.7.227.39 - - [21/Apr/2026:19:03:22 +0000] "GET /goods.php?detail/18801869751196 HTTP/1.1" 404 21054 "https://s2spw.com/goods.php?detail/005048339135" "Mozilla/5.0 AppleWebKit/537.36 (KHTML, like Gecko; compatible; GPTBot/1.3; +https://openai.com/gptbot)"
74.7.227.39 - - [21/Apr/2026:19:03:25 +0000] "GET /goods.php?detail/19804426028262 HTTP/1.1" 404 21054 "https://s2spw.com/goods.php?detail/198038671509" "Mozilla/5.0 AppleWebKit/537.36 (KHTML, like Gecko; compatible; GPTBot/1.3; +https://openai.com/gptbot)"
74.7.227.39 - - [21/Apr/2026:19:03:28 +0000] "GET /goods.php?detail/18804405886755 HTTP/1.1" 404 21054 "https://s2spw.com/goods.php?detail/188044063252" "Mozilla/5.0 AppleWebKit/537.36 (KHTML, like Gecko; compatible; GPTBot/1.3; +https://openai.com/gptbot)"
74.7.227.39 - - [21/Apr/2026:19:03:31 +0000] "GET /goods.php?detail/04400282139210 HTTP/1.1" 404 21054 "https://s2spw.com/goods.php?detail/098011912081" "Mozilla/5.0 AppleWebKit/537.36 (KHTML, like Gecko; compatible; GPTBot/1.3; +https://openai.com/gptbot)"
74.7.227.39 - - [21/Apr/2026:19:03:34 +0000] "GET /goods.php?detail/28304808154454 HTTP/1.1" 404 21054 "https://s2spw.com/goods.php?detail/20803063344274" "Mozilla/5.0 AppleWebKit/537.36 (KHTML, like Gecko; compatible; GPTBot/1.3; +https://openai.com/gptbot)"
74.7.227.39 - - [21/Apr/2026:19:03:36 +0000] "GET /goods.php?detail/26702956960964 HTTP/1.1" 404 21054 "https://s2spw.com/goods.php?detail/267029626452" "Mozilla/5.0 AppleWebKit/537.36 (KHTML, like Gecko; compatible; GPTBot/1.3; +https://openai.com/gptbot)"
74.7.227.39 - - [21/Apr/2026:19:03:39 +0000] "GET /goods.php?detail/20204476716146 HTTP/1.1" 404 21054 "https://s2spw.com/goods.php?pcmypage?callback=product/review/ctop-cb-12-08" "Mozilla/5.0 AppleWebKit/537.36 (KHTML, like Gecko; compatible; GPTBot/1.3; +https://openai.com/gptbot)"
74.7.227.39 - - [21/Apr/2026:19:03:42 +0000] "GET /goods.php?detail/23201076011237 HTTP/1.1" 404 21054 "https://s2spw.com/goods.php?goods/068043503" "Mozilla/5.0 AppleWebKit/537.36 (KHTML, like Gecko; compatible; GPTBot/1.3; +https://openai.com/gptbot)"
74.7.227.39 - - [21/Apr/2026:19:03:45 +0000] "GET /goods.php?detail/13903866391493 HTTP/1.1" 404 21054 "https://s2spw.com/goods.php?detail/286036898038" "Mozilla/5.0 AppleWebKit/537.36 (KHTML, like Gecko; compatible; GPTBot/1.3; +https://openai.com/gptbot)"
74.7.227.39 - - [21/Apr/2026:19:03:48 +0000] "GET /goods.php?detail/26103606228961 HTTP/1.1" 404 21054 "https://s2spw.com/goods.php?detail/101020837992" "Mozilla/5.0 AppleWebKit/537.36 (KHTML, like Gecko; compatible; GPTBot/1.3; +https://openai.com/gptbot)"
66.249.79.196 - - [21/Apr/2026:19:03:48 +0000] "GET /?b=2925469082 HTTP/1.1" 200 555722 "-" "Mozilla/5.0 (Linux; Android 6.0.1; Nexus 5X Build/MMB29P) AppleWebKit/537.36 (KHTML, like Gecko) Chrome/146.0.7680.177 Mobile Safari/537.36 (compatible; Googlebot/2.1; +http://www.google.com/bot.html)"
74.7.227.39 - - [21/Apr/2026:19:03:51 +0000] "GET /goods.php?detail/19800864920029 HTTP/1.1" 404 21054 "https://s2spw.com/goods.php?detail/093020206283" "Mozilla/5.0 AppleWebKit/537.36 (KHTML, like Gecko; compatible; GPTBot/1.3; +https://openai.com/gptbot)"
74.7.227.39 - - [21/Apr/2026:19:03:54 +0000] "GET /goods.php?detail/00400330625486 HTTP/1.1" 404 21054 "https://s2spw.com/goods.php?detail/004000109499" "Mozilla/5.0 AppleWebKit/537.36 (KHTML, like Gecko; compatible; GPTBot/1.3; +https://openai.com/gptbot)"
74.7.227.39 - - [21/Apr/2026:19:03:56 +0000] "GET /goods.php?detail/13102121440565 HTTP/1.1" 404 21054 "https://s2spw.com/goods.php?detail/131021116566" "Mozilla/5.0 AppleWebKit/537.36 (KHTML, like Gecko; compatible; GPTBot/1.3; +https://openai.com/gptbot)"
74.7.227.39 - - [21/Apr/2026:19:03:59 +0000] "GET /goods.php?detail/08800377039454 HTTP/1.1" 404 21054 "https://s2spw.com/goods.php?detail/0070095021545" "Mozilla/5.0 AppleWebKit/537.36 (KHTML, like Gecko; compatible; GPTBot/1.3; +https://openai.com/gptbot)"
66.249.79.195 - - [21/Apr/2026:19:04:02 +0000] "GET /?jp/117046224.html HTTP/1.1" 200 573121 "-" "Mozilla/5.0 (Linux; Android 6.0.1; Nexus 5X Build/MMB29P) AppleWebKit/537.36 (KHTML, like Gecko) Chrome/146.0.7680.177 Mobile Safari/537.36 (compatible; Googlebot/2.1; +http://www.google.com/bot.html)"
74.7.227.39 - - [21/Apr/2026:19:04:03 +0000] "GET /goods.php?detail/11301202203458 HTTP/1.1" 404 21054 "https://s2spw.com/goods.php?detail/113012808143" "Mozilla/5.0 AppleWebKit/537.36 (KHTML, like Gecko; compatible; GPTBot/1.3; +https://openai.com/gptbot)"
74.7.227.39 - - [21/Apr/2026:19:04:05 +0000] "GET /goods.php?detail/04904513550336 HTTP/1.1" 404 21054 "https://s2spw.com/goods.php?detail/071002111875" "Mozilla/5.0 AppleWebKit/537.36 (KHTML, like Gecko; compatible; GPTBot/1.3; +https://openai.com/gptbot)"
74.7.227.39 - - [21/Apr/2026:19:04:08 +0000] "GET /goods.php?detail/27200577514758 HTTP/1.1" 404 21054 "https://s2spw.com/goods.php?detail/2720052885800" "Mozilla/5.0 AppleWebKit/537.36 (KHTML, like Gecko; compatible; GPTBot/1.3; +https://openai.com/gptbot)"
74.7.227.39 - - [21/Apr/2026:19:04:11 +0000] "GET /goods.php?detail/03002674742960 HTTP/1.1" 404 21054 "https://s2spw.com/goods.php?detail/170030576308" "Mozilla/5.0 AppleWebKit/537.36 (KHTML, like Gecko; compatible; GPTBot/1.3; +https://openai.com/gptbot)"
74.7.227.39 - - [21/Apr/2026:19:04:13 +0000] "GET /goods.php?detail/28401552435502 HTTP/1.1" 404 21054 "https://s2spw.com/goods.php?detail/003005705425" "Mozilla/5.0 AppleWebKit/537.36 (KHTML, like Gecko; compatible; GPTBot/1.3; +https://openai.com/gptbot)"
74.7.227.39 - - [21/Apr/2026:19:04:16 +0000] "GET /goods.php?detail/06800267043770 HTTP/1.1" 404 21054 "https://s2spw.com/goods.php?detail/068045095951" "Mozilla/5.0 AppleWebKit/537.36 (KHTML, like Gecko; compatible; GPTBot/1.3; +https://openai.com/gptbot)"
74.7.227.39 - - [21/Apr/2026:19:04:19 +0000] "GET /goods.php?detail/07703662007428 HTTP/1.1" 404 21054 "https://s2spw.com/goods.php?detail/114044982199" "Mozilla/5.0 AppleWebKit/537.36 (KHTML, like Gecko; compatible; GPTBot/1.3; +https://openai.com/gptbot)"
66.249.79.195 - - [21/Apr/2026:19:04:20 +0000] "GET /?detail/194019376281 HTTP/1.1" 200 564636 "-" "Mozilla/5.0 (Linux; Android 6.0.1; Nexus 5X Build/MMB29P) AppleWebKit/537.36 (KHTML, like Gecko) Chrome/146.0.7680.177 Mobile Safari/537.36 (compatible; Googlebot/2.1; +http://www.google.com/bot.html)"
74.7.227.39 - - [21/Apr/2026:19:04:22 +0000] "GET /goods.php?detail/12901278580898 HTTP/1.1" 404 21054 "https://s2spw.com/goods.php?detail/129013450318" "Mozilla/5.0 AppleWebKit/537.36 (KHTML, like Gecko; compatible; GPTBot/1.3; +https://openai.com/gptbot)"
74.7.227.39 - - [21/Apr/2026:19:04:25 +0000] "GET /goods.php?detail/03803228055409 HTTP/1.1" 404 21054 "https://s2spw.com/goods.php?detail/038032566593" "Mozilla/5.0 AppleWebKit/537.36 (KHTML, like Gecko; compatible; GPTBot/1.3; +https://openai.com/gptbot)"
74.7.227.39 - - [21/Apr/2026:19:04:27 +0000] "GET /goods.php?detail/26300294004838 HTTP/1.1" 404 21054 "https://s2spw.com/goods.php?detail/263002637160" "Mozilla/5.0 AppleWebKit/537.36 (KHTML, like Gecko; compatible; GPTBot/1.3; +https://openai.com/gptbot)"
74.7.227.39 - - [21/Apr/2026:19:04:30 +0000] "GET /goods.php?detail/11901244029293 HTTP/1.1" 404 21054 "https://s2spw.com/goods.php?detail/012007718018" "Mozilla/5.0 AppleWebKit/537.36 (KHTML, like Gecko; compatible; GPTBot/1.3; +https://openai.com/gptbot)"
74.7.227.39 - - [21/Apr/2026:19:04:33 +0000] "GET /goods.php?detail/02701889267278 HTTP/1.1" 404 21054 "https://s2spw.com/goods.php?detail/242006073207" "Mozilla/5.0 AppleWebKit/537.36 (KHTML, like Gecko; compatible; GPTBot/1.3; +https://openai.com/gptbot)"
74.7.227.39 - - [21/Apr/2026:19:04:36 +0000] "GET /goods.php?detail/16404162781476 HTTP/1.1" 404 21054 "https://s2spw.com/goods.php?detail/164036273273" "Mozilla/5.0 AppleWebKit/537.36 (KHTML, like Gecko; compatible; GPTBot/1.3; +https://openai.com/gptbot)"
74.7.227.39 - - [21/Apr/2026:19:04:39 +0000] "GET /goods.php?detail/22801187150153 HTTP/1.1" 404 21054 "https://s2spw.com/goods.php?jp/090018187.html" "Mozilla/5.0 AppleWebKit/537.36 (KHTML, like Gecko; compatible; GPTBot/1.3; +https://openai.com/gptbot)"
74.7.227.39 - - [21/Apr/2026:19:04:41 +0000] "GET /goods.php?detail/28703778799853 HTTP/1.1" 404 21054 "https://s2spw.com/goods.php?detail/003020858807" "Mozilla/5.0 AppleWebKit/537.36 (KHTML, like Gecko; compatible; GPTBot/1.3; +https://openai.com/gptbot)"
74.7.227.39 - - [21/Apr/2026:19:04:44 +0000] "GET /goods.php?detail/26900679884066 HTTP/1.1" 404 21054 "https://s2spw.com/goods.php?detail/269006573549" "Mozilla/5.0 AppleWebKit/537.36 (KHTML, like Gecko; compatible; GPTBot/1.3; +https://openai.com/gptbot)"
74.7.227.39 - - [21/Apr/2026:19:04:47 +0000] "GET /goods.php?detail/23500365076930 HTTP/1.1" 404 21054 "https://s2spw.com/goods.php?detail/026022505883" "Mozilla/5.0 AppleWebKit/537.36 (KHTML, like Gecko; compatible; GPTBot/1.3; +https://openai.com/gptbot)"
66.249.79.195 - - [21/Apr/2026:19:04:47 +0000] "GET /?detail/00303471958907 HTTP/1.1" 200 556802 "-" "Mozilla/5.0 (Linux; Android 6.0.1; Nexus 5X Build/MMB29P) AppleWebKit/537.36 (KHTML, like Gecko) Chrome/146.0.7680.177 Mobile Safari/537.36 (compatible; GoogleOther)"
74.7.227.39 - - [21/Apr/2026:19:04:50 +0000] "GET /goods.php?detail/00700156931365 HTTP/1.1" 404 21054 "https://s2spw.com/goods.php?product/edit/meicho2-aok-13002" "Mozilla/5.0 AppleWebKit/537.36 (KHTML, like Gecko; compatible; GPTBot/1.3; +https://openai.com/gptbot)"
74.7.227.39 - - [21/Apr/2026:19:04:53 +0000] "GET /goods.php?detail/17101335917601 HTTP/1.1" 404 21054 "https://s2spw.com/goods.php?detail/1710128080071" "Mozilla/5.0 AppleWebKit/537.36 (KHTML, like Gecko; compatible; GPTBot/1.3; +https://openai.com/gptbot)"
74.7.227.39 - - [21/Apr/2026:19:04:55 +0000] "GET /goods.php?detail/02101952130163 HTTP/1.1" 404 21054 "https://s2spw.com/goods.php?detail/075007488358" "Mozilla/5.0 AppleWebKit/537.36 (KHTML, like Gecko; compatible; GPTBot/1.3; +https://openai.com/gptbot)"
74.7.227.39 - - [21/Apr/2026:19:04:58 +0000] "GET /goods.php?detail/22402501431902 HTTP/1.1" 404 21054 "https://s2spw.com/goods.php?detail/2010199053516" "Mozilla/5.0 AppleWebKit/537.36 (KHTML, like Gecko; compatible; GPTBot/1.3; +https://openai.com/gptbot)"
74.7.227.39 - - [21/Apr/2026:19:05:01 +0000] "GET /goods.php?detail/22501261096561 HTTP/1.1" 404 21054 "https://s2spw.com/goods.php?detail/220045754082" "Mozilla/5.0 AppleWebKit/537.36 (KHTML, like Gecko; compatible; GPTBot/1.3; +https://openai.com/gptbot)"
74.7.227.39 - - [21/Apr/2026:19:05:04 +0000] "GET /goods.php?detail/10400138351137 HTTP/1.1" 404 21054 "https://s2spw.com/goods.php?detail/280033190349" "Mozilla/5.0 AppleWebKit/537.36 (KHTML, like Gecko; compatible; GPTBot/1.3; +https://openai.com/gptbot)"
74.7.227.39 - - [21/Apr/2026:19:05:06 +0000] "GET /goods.php?detail/28900110892869 HTTP/1.1" 404 21054 "https://s2spw.com/goods.php?goods/123013234" "Mozilla/5.0 AppleWebKit/537.36 (KHTML, like Gecko; compatible; GPTBot/1.3; +https://openai.com/gptbot)"
66.249.79.197 - - [21/Apr/2026:19:05:07 +0000] "GET /?jp/027025038.html HTTP/1.1" 200 555342 "-" "Mozilla/5.0 (Linux; Android 6.0.1; Nexus 5X Build/MMB29P) AppleWebKit/537.36 (KHTML, like Gecko) Chrome/146.0.7680.177 Mobile Safari/537.36 (compatible; Googlebot/2.1; +http://www.google.com/bot.html)"
74.7.227.39 - - [21/Apr/2026:19:05:09 +0000] "GET /goods.php?detail/01301703054953 HTTP/1.1" 404 21054 "https://s2spw.com/goods.php?detail/0130187801713" "Mozilla/5.0 AppleWebKit/537.36 (KHTML, like Gecko; compatible; GPTBot/1.3; +https://openai.com/gptbot)"
74.7.227.39 - - [21/Apr/2026:19:05:12 +0000] "GET /goods.php?detail/23500965057902 HTTP/1.1" 404 21054 "https://s2spw.com/goods.php?detail/035019281039" "Mozilla/5.0 AppleWebKit/537.36 (KHTML, like Gecko; compatible; GPTBot/1.3; +https://openai.com/gptbot)"
168.144.107.188 - - [21/Apr/2026:19:05:13 +0000] "GET /wp-login.php HTTP/1.1" 200 4600 "-" "Mozilla/5.0 (Macintosh; Intel Mac OS X 10_15_7) AppleWebKit/537.36 (KHTML, like Gecko) Chrome/120.0.0.0 Safari/537.36"
168.144.107.188 - - [21/Apr/2026:19:05:15 +0000] "GET /?author=1 HTTP/1.1" 200 299 "https://www.bing.com/" "Mozilla/5.0 (Windows NT 11.0; Win64; x64; rv:118.0) Gecko/20100101 Firefox/118.0"
74.7.227.39 - - [21/Apr/2026:19:05:15 +0000] "GET /goods.php?detail/20302079826832 HTTP/1.1" 404 21054 "https://s2spw.com/goods.php?detail/011003255030" "Mozilla/5.0 AppleWebKit/537.36 (KHTML, like Gecko; compatible; GPTBot/1.3; +https://openai.com/gptbot)"
168.144.107.188 - - [21/Apr/2026:19:05:17 +0000] "GET /?author=2 HTTP/1.1" 404 21054 "https://www.facebook.com/" "Mozilla/5.0 (Macintosh; Intel Mac OS X 10_15_7; rv:120.0) Gecko/20100101 Firefox/120.0"
66.249.79.195 - - [21/Apr/2026:19:05:17 +0000] "GET /?jp/094008110.html HTTP/1.1" 301 - "-" "Mozilla/5.0 (Linux; Android 6.0.1; Nexus 5X Build/MMB29P) AppleWebKit/537.36 (KHTML, like Gecko) Chrome/146.0.7680.177 Mobile Safari/537.36 (compatible; GoogleOther)"
74.7.227.39 - - [21/Apr/2026:19:05:18 +0000] "GET /goods.php?detail/03603223024152 HTTP/1.1" 404 21054 "https://s2spw.com/goods.php?detail/036034949652" "Mozilla/5.0 AppleWebKit/537.36 (KHTML, like Gecko; compatible; GPTBot/1.3; +https://openai.com/gptbot)"
66.249.79.196 - - [21/Apr/2026:19:05:18 +0000] "GET /?jp%2F094008110_html HTTP/1.1" 200 555454 "-" "Mozilla/5.0 (Linux; Android 6.0.1; Nexus 5X Build/MMB29P) AppleWebKit/537.36 (KHTML, like Gecko) Chrome/146.0.7680.177 Mobile Safari/537.36 (compatible; GoogleOther)"
168.144.107.188 - - [21/Apr/2026:19:05:19 +0000] "GET /?author=3 HTTP/1.1" 404 21054 "-" "Mozilla/5.0 (Windows NT 10.0; Win64; x64) AppleWebKit/537.36 (KHTML, like Gecko) Chrome/121.0.0.0 Safari/537.36"
74.7.227.39 - - [21/Apr/2026:19:05:21 +0000] "GET /goods.php?detail/09500916947690 HTTP/1.1" 404 21054 "https://s2spw.com/goods.php?detail/003000696658" "Mozilla/5.0 AppleWebKit/537.36 (KHTML, like Gecko; compatible; GPTBot/1.3; +https://openai.com/gptbot)"
168.144.107.188 - - [21/Apr/2026:19:05:21 +0000] "GET /?author=4 HTTP/1.1" 200 303 "https://www.google.com/search?q=wordpress" "Mozilla/5.0 (Macintosh; Intel Mac OS X 13_6_1; rv:119.0) Gecko/20100101 Firefox/119.0"
168.144.107.188 - - [21/Apr/2026:19:05:23 +0000] "GET /?author=5 HTTP/1.1" 404 21054 "" "Mozilla/5.0 (X11; Linux x86_64) AppleWebKit/537.36 (KHTML, like Gecko) Chrome/121.0.0.0 Safari/537.36"
74.7.227.39 - - [21/Apr/2026:19:05:23 +0000] "GET /goods.php?detail/00600165372736 HTTP/1.1" 404 21054 "https://s2spw.com/goods.php?detail/006002787897" "Mozilla/5.0 AppleWebKit/537.36 (KHTML, like Gecko; compatible; GPTBot/1.3; +https://openai.com/gptbot)"
168.144.107.188 - - [21/Apr/2026:19:05:26 +0000] "GET /wp-json/wp/v2/users HTTP/1.1" 200 721 "https://wordpress.org/" "Mozilla/5.0 (Macintosh; Intel Mac OS X 10_15_7; rv:119.0) Gecko/20100101 Firefox/119.0"
74.7.227.39 - - [21/Apr/2026:19:05:26 +0000] "GET /goods.php?detail/00700483428540 HTTP/1.1" 404 21054 "https://s2spw.com/goods.php?detail/0070081825902" "Mozilla/5.0 AppleWebKit/537.36 (KHTML, like Gecko; compatible; GPTBot/1.3; +https://openai.com/gptbot)"
168.144.107.188 - - [21/Apr/2026:19:05:28 +0000] "POST /wp-login.php HTTP/1.1" 200 4975 "https://s2spw.com/wp-login.php" "Mozilla/5.0 (Windows NT 11.0; Win64; x64) AppleWebKit/537.36 (KHTML, like Gecko) Chrome/118.0.0.0 Safari/537.36"
74.7.227.39 - - [21/Apr/2026:19:05:29 +0000] "GET /goods.php?detail/01301505719036 HTTP/1.1" 404 21054 "https://s2spw.com/goods.php?detail/0130150196651" "Mozilla/5.0 AppleWebKit/537.36 (KHTML, like Gecko; compatible; GPTBot/1.3; +https://openai.com/gptbot)"
168.144.107.188 - - [21/Apr/2026:19:05:30 +0000] "GET /wp-admin/index.php HTTP/1.1" 302 - "https://s2spw.com/wp-login.php" "Mozilla/5.0 (X11; Linux x86_64) AppleWebKit/537.36 (KHTML, like Gecko) Chrome/121.0.0.0 Safari/537.36"
74.7.227.39 - - [21/Apr/2026:19:05:32 +0000] "GET /goods.php?detail/20101456604805 HTTP/1.1" 404 21054 "https://s2spw.com/goods.php?detail/2010151885063" "Mozilla/5.0 AppleWebKit/537.36 (KHTML, like Gecko; compatible; GPTBot/1.3; +https://openai.com/gptbot)"
168.144.107.188 - - [21/Apr/2026:19:05:33 +0000] "GET /wp-login.php?redirect_to=https%3A%2F%2Fs2spw.com%2Fwp-admin%2Findex.php&reauth=1 HTTP/1.1" 200 4609 "https://s2spw.com/wp-login.php" "Mozilla/5.0 (X11; Linux x86_64) AppleWebKit/537.36 (KHTML, like Gecko) Chrome/121.0.0.0 Safari/537.36"
168.144.107.188 - - [21/Apr/2026:19:05:34 +0000] "POST /wp-login.php HTTP/1.1" 200 4982 "https://s2spw.com/wp-login.php" "Mozilla/5.0 (Macintosh; Intel Mac OS X 13_6_1) AppleWebKit/537.36 (KHTML, like Gecko) Chrome/121.0.0.0 Safari/537.36"
74.7.227.39 - - [21/Apr/2026:19:05:35 +0000] "GET /goods.php?detail/29200853016202 HTTP/1.1" 404 21054 "https://s2spw.com/goods.php?detail/083012453568" "Mozilla/5.0 AppleWebKit/537.36 (KHTML, like Gecko; compatible; GPTBot/1.3; +https://openai.com/gptbot)"
168.144.107.188 - - [21/Apr/2026:19:05:36 +0000] "GET /wp-admin/index.php HTTP/1.1" 302 - "https://s2spw.com/wp-login.php" "Mozilla/5.0 (Macintosh; Intel Mac OS X 10_15_7) AppleWebKit/605.1.15 (KHTML, like Gecko) Version/17.1 Safari/605.1.15"
74.7.227.39 - - [21/Apr/2026:19:05:38 +0000] "GET /goods.php?detail/18804292664229 HTTP/1.1" 404 21054 "https://s2spw.com/goods.php?detail/131042036715" "Mozilla/5.0 AppleWebKit/537.36 (KHTML, like Gecko; compatible; GPTBot/1.3; +https://openai.com/gptbot)"
168.144.107.188 - - [21/Apr/2026:19:05:38 +0000] "GET /wp-login.php?redirect_to=https%3A%2F%2Fs2spw.com%2Fwp-admin%2Findex.php&reauth=1 HTTP/1.1" 200 4609 "https://s2spw.com/wp-login.php" "Mozilla/5.0 (Macintosh; Intel Mac OS X 10_15_7) AppleWebKit/605.1.15 (KHTML, like Gecko) Version/17.1 Safari/605.1.15"
66.249.79.195 - - [21/Apr/2026:19:05:38 +0000] "GET /?goods/101030842 HTTP/1.1" 200 564100 "-" "Mozilla/5.0 (Linux; Android 6.0.1; Nexus 5X Build/MMB29P) AppleWebKit/537.36 (KHTML, like Gecko) Chrome/146.0.7680.177 Mobile Safari/537.36 (compatible; Googlebot/2.1; +http://www.google.com/bot.html)"
168.144.107.188 - - [21/Apr/2026:19:05:40 +0000] "POST /wp-login.php HTTP/1.1" 200 4971 "https://s2spw.com/wp-login.php" "Mozilla/5.0 (X11; Ubuntu; Linux x86_64) AppleWebKit/537.36 (KHTML, like Gecko) Chrome/119.0.0.0 Safari/537.36"
74.7.227.39 - - [21/Apr/2026:19:05:40 +0000] "GET /goods.php?detail/19302493237230 HTTP/1.1" 404 21054 "https://s2spw.com/goods.php?detail/073039121021" "Mozilla/5.0 AppleWebKit/537.36 (KHTML, like Gecko; compatible; GPTBot/1.3; +https://openai.com/gptbot)"
168.144.107.188 - - [21/Apr/2026:19:05:41 +0000] "GET /wp-admin/index.php HTTP/1.1" 302 - "https://s2spw.com/wp-login.php" "Mozilla/5.0 (Windows NT 11.0; Win64; x64; rv:120.0) Gecko/20100101 Firefox/120.0"
168.144.107.188 - - [21/Apr/2026:19:05:43 +0000] "GET /wp-login.php?redirect_to=https%3A%2F%2Fs2spw.com%2Fwp-admin%2Findex.php&reauth=1 HTTP/1.1" 200 4609 "https://s2spw.com/wp-login.php" "Mozilla/5.0 (Windows NT 11.0; Win64; x64; rv:120.0) Gecko/20100101 Firefox/120.0"
74.7.227.39 - - [21/Apr/2026:19:05:43 +0000] "GET /goods.php?detail/00801981428155 HTTP/1.1" 404 21054 "https://s2spw.com/goods.php?detail/248017174293" "Mozilla/5.0 AppleWebKit/537.36 (KHTML, like Gecko; compatible; GPTBot/1.3; +https://openai.com/gptbot)"
168.144.107.188 - - [21/Apr/2026:19:05:45 +0000] "POST /wp-login.php HTTP/1.1" 200 4972 "https://s2spw.com/wp-login.php" "Mozilla/5.0 (Macintosh; Intel Mac OS X 13_6_1) AppleWebKit/537.36 (KHTML, like Gecko) Chrome/121.0.0.0 Safari/537.36"
168.144.107.188 - - [21/Apr/2026:19:05:46 +0000] "GET /wp-admin/index.php HTTP/1.1" 302 - "https://s2spw.com/wp-login.php" "Mozilla/5.0 (Windows NT 11.0; Win64; x64) AppleWebKit/537.36 (KHTML, like Gecko) Chrome/118.0.0.0 Safari/537.36"
74.7.227.39 - - [21/Apr/2026:19:05:46 +0000] "GET /goods.php?detail/17203211294126 HTTP/1.1" 404 21054 "https://s2spw.com/goods.php?detail/172044997886" "Mozilla/5.0 AppleWebKit/537.36 (KHTML, like Gecko; compatible; GPTBot/1.3; +https://openai.com/gptbot)"
168.144.107.188 - - [21/Apr/2026:19:05:48 +0000] "GET /wp-login.php?redirect_to=https%3A%2F%2Fs2spw.com%2Fwp-admin%2Findex.php&reauth=1 HTTP/1.1" 200 4609 "https://s2spw.com/wp-login.php" "Mozilla/5.0 (Windows NT 11.0; Win64; x64) AppleWebKit/537.36 (KHTML, like Gecko) Chrome/118.0.0.0 Safari/537.36"
74.7.227.39 - - [21/Apr/2026:19:05:49 +0000] "GET /goods.php?detail/02901822988768 HTTP/1.1" 404 21054 "https://s2spw.com/goods.php?special/feeling/029019484" "Mozilla/5.0 AppleWebKit/537.36 (KHTML, like Gecko; compatible; GPTBot/1.3; +https://openai.com/gptbot)"
168.144.107.188 - - [21/Apr/2026:19:05:49 +0000] "POST /wp-login.php HTTP/1.1" 200 4979 "https://s2spw.com/wp-login.php" "Mozilla/5.0 (Macintosh; Intel Mac OS X 13_6_1) AppleWebKit/605.1.15 (KHTML, like Gecko) Version/16.6 Safari/605.1.15"
168.144.107.188 - - [21/Apr/2026:19:05:51 +0000] "GET /wp-admin/index.php HTTP/1.1" 302 - "https://s2spw.com/wp-login.php" "Mozilla/5.0 (Macintosh; Intel Mac OS X 13_6_1) AppleWebKit/537.36 (KHTML, like Gecko) Chrome/120.0.0.0 Safari/537.36"
74.7.227.39 - - [21/Apr/2026:19:05:52 +0000] "GET /goods.php?detail/20500796901908 HTTP/1.1" 404 21054 "https://s2spw.com/goods.php?detail/183001021225" "Mozilla/5.0 AppleWebKit/537.36 (KHTML, like Gecko; compatible; GPTBot/1.3; +https://openai.com/gptbot)"
66.249.79.196 - - [21/Apr/2026:19:05:52 +0000] "GET /?goods/279021229 HTTP/1.1" 301 - "-" "Mozilla/5.0 (Linux; Android 6.0.1; Nexus 5X Build/MMB29P) AppleWebKit/537.36 (KHTML, like Gecko) Chrome/146.0.7680.177 Mobile Safari/537.36 (compatible; Googlebot/2.1; +http://www.google.com/bot.html)"
168.144.107.188 - - [21/Apr/2026:19:05:52 +0000] "GET /wp-login.php?redirect_to=https%3A%2F%2Fs2spw.com%2Fwp-admin%2Findex.php&reauth=1 HTTP/1.1" 200 4609 "https://s2spw.com/wp-login.php" "Mozilla/5.0 (Macintosh; Intel Mac OS X 13_6_1) AppleWebKit/537.36 (KHTML, like Gecko) Chrome/120.0.0.0 Safari/537.36"
66.249.79.196 - - [21/Apr/2026:19:05:53 +0000] "GET /?goods%2F279021229 HTTP/1.1" 200 43282 "-" "Mozilla/5.0 (Linux; Android 6.0.1; Nexus 5X Build/MMB29P) AppleWebKit/537.36 (KHTML, like Gecko) Chrome/146.0.7680.177 Mobile Safari/537.36 (compatible; Googlebot/2.1; +http://www.google.com/bot.html)"
74.7.227.39 - - [21/Apr/2026:19:05:55 +0000] "GET /goods.php?detail/18601880293013 HTTP/1.1" 404 21054 "https://s2spw.com/goods.php?detail/186018769312" "Mozilla/5.0 AppleWebKit/537.36 (KHTML, like Gecko; compatible; GPTBot/1.3; +https://openai.com/gptbot)"
168.144.107.188 - - [21/Apr/2026:19:05:55 +0000] "POST /wp-login.php HTTP/1.1" 200 4974 "https://s2spw.com/wp-login.php" "Mozilla/5.0 (Windows NT 10.0; Win64; x64) AppleWebKit/537.36 (KHTML, like Gecko) Chrome/118.0.0.0 Safari/537.36"
168.144.107.188 - - [21/Apr/2026:19:05:56 +0000] "GET /wp-admin/index.php HTTP/1.1" 302 - "https://s2spw.com/wp-login.php" "Mozilla/5.0 (X11; Ubuntu; Linux x86_64) AppleWebKit/537.36 (KHTML, like Gecko) Chrome/118.0.0.0 Safari/537.36"
74.7.227.39 - - [21/Apr/2026:19:05:57 +0000] "GET /goods.php?detail/19101542109261 HTTP/1.1" 404 21054 "https://s2spw.com/goods.php?detail/016022326274" "Mozilla/5.0 AppleWebKit/537.36 (KHTML, like Gecko; compatible; GPTBot/1.3; +https://openai.com/gptbot)"
168.144.107.188 - - [21/Apr/2026:19:05:58 +0000] "GET /wp-login.php?redirect_to=https%3A%2F%2Fs2spw.com%2Fwp-admin%2Findex.php&reauth=1 HTTP/1.1" 200 4609 "https://s2spw.com/wp-login.php" "Mozilla/5.0 (X11; Ubuntu; Linux x86_64) AppleWebKit/537.36 (KHTML, like Gecko) Chrome/118.0.0.0 Safari/537.36"
168.144.107.188 - - [21/Apr/2026:19:06:00 +0000] "POST /wp-login.php HTTP/1.1" 200 4974 "https://s2spw.com/wp-login.php" "Mozilla/5.0 (X11; Ubuntu; Linux x86_64) AppleWebKit/537.36 (KHTML, like Gecko) Chrome/118.0.0.0 Safari/537.36"
74.7.227.39 - - [21/Apr/2026:19:06:00 +0000] "GET /goods.php?detail/29102542517127 HTTP/1.1" 404 21054 "https://s2spw.com/goods.php?detail/0220204929388" "Mozilla/5.0 AppleWebKit/537.36 (KHTML, like Gecko; compatible; GPTBot/1.3; +https://openai.com/gptbot)"
168.144.107.188 - - [21/Apr/2026:19:06:01 +0000] "GET /wp-admin/index.php HTTP/1.1" 302 - "https://s2spw.com/wp-login.php" "Mozilla/5.0 (X11; Ubuntu; Linux x86_64) AppleWebKit/537.36 (KHTML, like Gecko) Chrome/120.0.0.0 Safari/537.36"
74.7.227.39 - - [21/Apr/2026:19:06:03 +0000] "GET /goods.php?detail/18400624427824 HTTP/1.1" 404 21054 "https://s2spw.com/goods.php?detail/027006592086" "Mozilla/5.0 AppleWebKit/537.36 (KHTML, like Gecko; compatible; GPTBot/1.3; +https://openai.com/gptbot)"
168.144.107.188 - - [21/Apr/2026:19:06:03 +0000] "GET /wp-login.php?redirect_to=https%3A%2F%2Fs2spw.com%2Fwp-admin%2Findex.php&reauth=1 HTTP/1.1" 200 4609 "https://s2spw.com/wp-login.php" "Mozilla/5.0 (X11; Ubuntu; Linux x86_64) AppleWebKit/537.36 (KHTML, like Gecko) Chrome/120.0.0.0 Safari/537.36"
168.144.107.188 - - [21/Apr/2026:19:06:05 +0000] "POST /wp-login.php HTTP/1.1" 200 4975 "https://s2spw.com/wp-login.php" "Mozilla/5.0 (X11; Linux x86_64) AppleWebKit/537.36 (KHTML, like Gecko) Chrome/119.0.0.0 Safari/537.36"
74.7.227.39 - - [21/Apr/2026:19:06:06 +0000] "GET /goods.php?detail/04704116987118 HTTP/1.1" 404 21054 "https://s2spw.com/goods.php?detail/0470411813303" "Mozilla/5.0 AppleWebKit/537.36 (KHTML, like Gecko; compatible; GPTBot/1.3; +https://openai.com/gptbot)"
168.144.107.188 - - [21/Apr/2026:19:06:07 +0000] "GET /wp-admin/index.php HTTP/1.1" 302 - "https://s2spw.com/wp-login.php" "Mozilla/5.0 (X11; Linux x86_64) AppleWebKit/537.36 (KHTML, like Gecko) Chrome/121.0.0.0 Safari/537.36"
74.7.227.39 - - [21/Apr/2026:19:06:08 +0000] "GET /goods.php?detail/03904253537009 HTTP/1.1" 404 21054 "https://s2spw.com/goods.php?jp/039042210.html" "Mozilla/5.0 AppleWebKit/537.36 (KHTML, like Gecko; compatible; GPTBot/1.3; +https://openai.com/gptbot)"
168.144.107.188 - - [21/Apr/2026:19:06:09 +0000] "GET /wp-login.php?redirect_to=https%3A%2F%2Fs2spw.com%2Fwp-admin%2Findex.php&reauth=1 HTTP/1.1" 200 4609 "https://s2spw.com/wp-login.php" "Mozilla/5.0 (X11; Linux x86_64) AppleWebKit/537.36 (KHTML, like Gecko) Chrome/121.0.0.0 Safari/537.36"
168.144.107.188 - - [21/Apr/2026:19:06:11 +0000] "POST /wp-login.php HTTP/1.1" 200 4974 "https://s2spw.com/wp-login.php" "Mozilla/5.0 (Macintosh; Intel Mac OS X 10_15_7) AppleWebKit/605.1.15 (KHTML, like Gecko) Version/17.0 Safari/605.1.15"
74.7.227.39 - - [21/Apr/2026:19:06:11 +0000] "GET /goods.php?detail/21303613814880 HTTP/1.1" 404 21054 "https://s2spw.com/goods.php?detail/006005437250" "Mozilla/5.0 AppleWebKit/537.36 (KHTML, like Gecko; compatible; GPTBot/1.3; +https://openai.com/gptbot)"
168.144.107.188 - - [21/Apr/2026:19:06:12 +0000] "GET /wp-admin/index.php HTTP/1.1" 302 - "https://s2spw.com/wp-login.php" "Mozilla/5.0 (Windows NT 10.0; Win64; x64; rv:120.0) Gecko/20100101 Firefox/120.0"
74.7.227.39 - - [21/Apr/2026:19:06:14 +0000] "GET /goods.php?detail/01601027328076 HTTP/1.1" 404 21054 "https://s2spw.com/goods.php?detail/01601055192493" "Mozilla/5.0 AppleWebKit/537.36 (KHTML, like Gecko; compatible; GPTBot/1.3; +https://openai.com/gptbot)"
168.144.107.188 - - [21/Apr/2026:19:06:14 +0000] "GET /wp-login.php?redirect_to=https%3A%2F%2Fs2spw.com%2Fwp-admin%2Findex.php&reauth=1 HTTP/1.1" 200 4609 "https://s2spw.com/wp-login.php" "Mozilla/5.0 (Windows NT 10.0; Win64; x64; rv:120.0) Gecko/20100101 Firefox/120.0"
168.144.107.188 - - [21/Apr/2026:19:06:16 +0000] "POST /wp-login.php HTTP/1.1" 200 4980 "https://s2spw.com/wp-login.php" "Mozilla/5.0 (X11; Ubuntu; Linux x86_64) AppleWebKit/537.36 (KHTML, like Gecko) Chrome/120.0.0.0 Safari/537.36"
74.7.227.39 - - [21/Apr/2026:19:06:17 +0000] "GET /goods.php?detail/16702141123700 HTTP/1.1" 404 21054 "https://s2spw.com/goods.php?detail/269010650621" "Mozilla/5.0 AppleWebKit/537.36 (KHTML, like Gecko; compatible; GPTBot/1.3; +https://openai.com/gptbot)"
168.144.107.188 - - [21/Apr/2026:19:06:18 +0000] "GET /wp-admin/index.php HTTP/1.1" 302 - "https://s2spw.com/wp-login.php" "Mozilla/5.0 (Macintosh; Intel Mac OS X 10_15_7; rv:121.0) Gecko/20100101 Firefox/121.0"
74.7.227.39 - - [21/Apr/2026:19:06:20 +0000] "GET /goods.php?detail/18102650802840 HTTP/1.1" 404 21054 "https://s2spw.com/goods.php?detail/181026118316" "Mozilla/5.0 AppleWebKit/537.36 (KHTML, like Gecko; compatible; GPTBot/1.3; +https://openai.com/gptbot)"
168.144.107.188 - - [21/Apr/2026:19:06:20 +0000] "GET /wp-login.php?redirect_to=https%3A%2F%2Fs2spw.com%2Fwp-admin%2Findex.php&reauth=1 HTTP/1.1" 200 4609 "https://s2spw.com/wp-login.php" "Mozilla/5.0 (Macintosh; Intel Mac OS X 10_15_7; rv:121.0) Gecko/20100101 Firefox/121.0"
168.144.107.188 - - [21/Apr/2026:19:06:22 +0000] "POST /wp-login.php HTTP/1.1" 200 4976 "https://s2spw.com/wp-login.php" "Mozilla/5.0 (X11; Linux x86_64) AppleWebKit/537.36 (KHTML, like Gecko) Chrome/118.0.0.0 Safari/537.36"
74.7.227.39 - - [21/Apr/2026:19:06:22 +0000] "GET /goods.php?detail/01101056240423 HTTP/1.1" 404 21054 "https://s2spw.com/goods.php?detail/011018465382" "Mozilla/5.0 AppleWebKit/537.36 (KHTML, like Gecko; compatible; GPTBot/1.3; +https://openai.com/gptbot)"
168.144.107.188 - - [21/Apr/2026:19:06:25 +0000] "GET /wp-admin/index.php HTTP/1.1" 302 - "https://s2spw.com/wp-login.php" "Mozilla/5.0 (X11; Linux x86_64) AppleWebKit/537.36 (KHTML, like Gecko) Chrome/120.0.0.0 Safari/537.36"
74.7.227.39 - - [21/Apr/2026:19:06:25 +0000] "GET /goods.php?detail/10102193711969 HTTP/1.1" 404 21054 "https://s2spw.com/goods.php?detail/101021854775" "Mozilla/5.0 AppleWebKit/537.36 (KHTML, like Gecko; compatible; GPTBot/1.3; +https://openai.com/gptbot)"
168.144.107.188 - - [21/Apr/2026:19:06:27 +0000] "GET /wp-login.php?redirect_to=https%3A%2F%2Fs2spw.com%2Fwp-admin%2Findex.php&reauth=1 HTTP/1.1" 200 4609 "https://s2spw.com/wp-login.php" "Mozilla/5.0 (X11; Linux x86_64) AppleWebKit/537.36 (KHTML, like Gecko) Chrome/120.0.0.0 Safari/537.36"
74.7.227.39 - - [21/Apr/2026:19:06:28 +0000] "GET /goods.php?detail/04302380495354 HTTP/1.1" 404 21054 "https://s2spw.com/goods.php?detail/200001129705" "Mozilla/5.0 AppleWebKit/537.36 (KHTML, like Gecko; compatible; GPTBot/1.3; +https://openai.com/gptbot)"
168.144.107.188 - - [21/Apr/2026:19:06:30 +0000] "POST /wp-login.php HTTP/1.1" 200 4973 "https://s2spw.com/wp-login.php" "Mozilla/5.0 (Macintosh; Intel Mac OS X 10_15_7) AppleWebKit/605.1.15 (KHTML, like Gecko) Version/16.6 Safari/605.1.15"
74.7.227.39 - - [21/Apr/2026:19:06:31 +0000] "GET /goods.php?detail/01301753553980 HTTP/1.1" 404 21054 "https://s2spw.com/goods.php?detail/0130174143630" "Mozilla/5.0 AppleWebKit/537.36 (KHTML, like Gecko; compatible; GPTBot/1.3; +https://openai.com/gptbot)"
168.144.107.188 - - [21/Apr/2026:19:06:32 +0000] "GET /wp-admin/index.php HTTP/1.1" 302 - "https://s2spw.com/wp-login.php" "Mozilla/5.0 (Windows NT 10.0; Win64; x64) AppleWebKit/537.36 (KHTML, like Gecko) Chrome/119.0.0.0 Safari/537.36"
74.7.227.39 - - [21/Apr/2026:19:06:34 +0000] "GET /goods.php?detail/10103185116914 HTTP/1.1" 404 21054 "https://s2spw.com/goods.php?jp/101031802.html" "Mozilla/5.0 AppleWebKit/537.36 (KHTML, like Gecko; compatible; GPTBot/1.3; +https://openai.com/gptbot)"
168.144.107.188 - - [21/Apr/2026:19:06:34 +0000] "GET /wp-login.php?redirect_to=https%3A%2F%2Fs2spw.com%2Fwp-admin%2Findex.php&reauth=1 HTTP/1.1" 200 4609 "https://s2spw.com/wp-login.php" "Mozilla/5.0 (Windows NT 10.0; Win64; x64) AppleWebKit/537.36 (KHTML, like Gecko) Chrome/119.0.0.0 Safari/537.36"
168.144.107.188 - - [21/Apr/2026:19:06:36 +0000] "POST /wp-login.php HTTP/1.1" 200 4970 "https://s2spw.com/wp-login.php" "Mozilla/5.0 (Macintosh; Intel Mac OS X 13_6_1) AppleWebKit/605.1.15 (KHTML, like Gecko) Version/17.2 Safari/605.1.15"
74.7.227.39 - - [21/Apr/2026:19:06:37 +0000] "GET /goods.php?detail/11501381689615 HTTP/1.1" 404 21054 "https://s2spw.com/goods.php?detail/111034392634" "Mozilla/5.0 AppleWebKit/537.36 (KHTML, like Gecko; compatible; GPTBot/1.3; +https://openai.com/gptbot)"
168.144.107.188 - - [21/Apr/2026:19:06:38 +0000] "GET /wp-admin/index.php HTTP/1.1" 302 - "https://s2spw.com/wp-login.php" "Mozilla/5.0 (Macintosh; Intel Mac OS X 13_6_1) AppleWebKit/605.1.15 (KHTML, like Gecko) Version/17.2 Safari/605.1.15"
74.7.227.39 - - [21/Apr/2026:19:06:39 +0000] "GET /goods.php?detail/10202540350566 HTTP/1.1" 404 21054 "https://s2spw.com/goods.php?detail/090010414505" "Mozilla/5.0 AppleWebKit/537.36 (KHTML, like Gecko; compatible; GPTBot/1.3; +https://openai.com/gptbot)"
168.144.107.188 - - [21/Apr/2026:19:06:39 +0000] "GET /wp-login.php?redirect_to=https%3A%2F%2Fs2spw.com%2Fwp-admin%2Findex.php&reauth=1 HTTP/1.1" 200 4609 "https://s2spw.com/wp-login.php" "Mozilla/5.0 (Macintosh; Intel Mac OS X 13_6_1) AppleWebKit/605.1.15 (KHTML, like Gecko) Version/17.2 Safari/605.1.15"
168.144.107.188 - - [21/Apr/2026:19:06:41 +0000] "POST /wp-login.php HTTP/1.1" 200 4982 "https://s2spw.com/wp-login.php" "Mozilla/5.0 (Macintosh; Intel Mac OS X 13_6_1; rv:118.0) Gecko/20100101 Firefox/118.0"
74.7.227.39 - - [21/Apr/2026:19:06:42 +0000] "GET /goods.php?detail/18101513325451 HTTP/1.1" 404 21054 "https://s2spw.com/goods.php?detail/21100333422840" "Mozilla/5.0 AppleWebKit/537.36 (KHTML, like Gecko; compatible; GPTBot/1.3; +https://openai.com/gptbot)"
168.144.107.188 - - [21/Apr/2026:19:06:43 +0000] "GET /wp-admin/index.php HTTP/1.1" 302 - "https://s2spw.com/wp-login.php" "Mozilla/5.0 (X11; Ubuntu; Linux x86_64) AppleWebKit/537.36 (KHTML, like Gecko) Chrome/119.0.0.0 Safari/537.36"
168.144.107.188 - - [21/Apr/2026:19:06:45 +0000] "GET /wp-login.php?redirect_to=https%3A%2F%2Fs2spw.com%2Fwp-admin%2Findex.php&reauth=1 HTTP/1.1" 200 4609 "https://s2spw.com/wp-login.php" "Mozilla/5.0 (X11; Ubuntu; Linux x86_64) AppleWebKit/537.36 (KHTML, like Gecko) Chrome/119.0.0.0 Safari/537.36"
74.7.227.39 - - [21/Apr/2026:19:06:45 +0000] "GET /goods.php?detail/23500131342014 HTTP/1.1" 404 21054 "https://s2spw.com/goods.php?detail/235025300493" "Mozilla/5.0 AppleWebKit/537.36 (KHTML, like Gecko; compatible; GPTBot/1.3; +https://openai.com/gptbot)"
168.144.107.188 - - [21/Apr/2026:19:06:47 +0000] "POST /wp-login.php HTTP/1.1" 200 4969 "https://s2spw.com/wp-login.php" "Mozilla/5.0 (Macintosh; Intel Mac OS X 13_6_1) AppleWebKit/537.36 (KHTML, like Gecko) Chrome/118.0.0.0 Safari/537.36"
74.7.227.39 - - [21/Apr/2026:19:06:48 +0000] "GET /goods.php?detail/07803887479742 HTTP/1.1" 404 21054 "https://s2spw.com/goods.php?detail/061011272734" "Mozilla/5.0 AppleWebKit/537.36 (KHTML, like Gecko; compatible; GPTBot/1.3; +https://openai.com/gptbot)"
168.144.107.188 - - [21/Apr/2026:19:06:48 +0000] "GET /wp-admin/index.php HTTP/1.1" 302 - "https://s2spw.com/wp-login.php" "Mozilla/5.0 (Windows NT 10.0; Win64; x64) AppleWebKit/537.36 (KHTML, like Gecko) Chrome/118.0.0.0 Safari/537.36"
168.144.107.188 - - [21/Apr/2026:19:06:50 +0000] "GET /wp-login.php?redirect_to=https%3A%2F%2Fs2spw.com%2Fwp-admin%2Findex.php&reauth=1 HTTP/1.1" 200 4609 "https://s2spw.com/wp-login.php" "Mozilla/5.0 (Windows NT 10.0; Win64; x64) AppleWebKit/537.36 (KHTML, like Gecko) Chrome/118.0.0.0 Safari/537.36"
74.7.227.39 - - [21/Apr/2026:19:06:51 +0000] "GET /goods.php?detail/25703798223357 HTTP/1.1" 404 21054 "https://s2spw.com/goods.php?detail/006003204983" "Mozilla/5.0 AppleWebKit/537.36 (KHTML, like Gecko; compatible; GPTBot/1.3; +https://openai.com/gptbot)"
168.144.107.188 - - [21/Apr/2026:19:06:52 +0000] "POST /wp-login.php HTTP/1.1" 200 4976 "https://s2spw.com/wp-login.php" "Mozilla/5.0 (Windows NT 10.0; Win64; x64; rv:118.0) Gecko/20100101 Firefox/118.0"
74.7.227.39 - - [21/Apr/2026:19:06:54 +0000] "GET /goods.php?detail/05101021372716 HTTP/1.1" 404 21054 "https://s2spw.com/goods.php?detail/0570212302752" "Mozilla/5.0 AppleWebKit/537.36 (KHTML, like Gecko; compatible; GPTBot/1.3; +https://openai.com/gptbot)"
168.144.107.188 - - [21/Apr/2026:19:06:54 +0000] "GET /wp-admin/index.php HTTP/1.1" 302 - "https://s2spw.com/wp-login.php" "Mozilla/5.0 (Macintosh; Intel Mac OS X 10_15_7) AppleWebKit/605.1.15 (KHTML, like Gecko) Version/17.1 Safari/605.1.15"
168.144.107.188 - - [21/Apr/2026:19:06:56 +0000] "GET /wp-login.php?redirect_to=https%3A%2F%2Fs2spw.com%2Fwp-admin%2Findex.php&reauth=1 HTTP/1.1" 200 4609 "https://s2spw.com/wp-login.php" "Mozilla/5.0 (Macintosh; Intel Mac OS X 10_15_7) AppleWebKit/605.1.15 (KHTML, like Gecko) Version/17.1 Safari/605.1.15"
74.7.227.39 - - [21/Apr/2026:19:06:56 +0000] "GET /goods.php?detail/26602198029420 HTTP/1.1" 404 21054 "https://s2spw.com/goods.php?detail/063006263473" "Mozilla/5.0 AppleWebKit/537.36 (KHTML, like Gecko; compatible; GPTBot/1.3; +https://openai.com/gptbot)"
168.144.107.188 - - [21/Apr/2026:19:06:58 +0000] "POST /wp-login.php HTTP/1.1" 200 4972 "https://s2spw.com/wp-login.php" "Mozilla/5.0 (Windows NT 10.0; Win64; x64; rv:119.0) Gecko/20100101 Firefox/119.0"
168.144.107.188 - - [21/Apr/2026:19:06:59 +0000] "GET /wp-admin/index.php HTTP/1.1" 302 - "https://s2spw.com/wp-login.php" "Mozilla/5.0 (Windows NT 11.0; Win64; x64) AppleWebKit/537.36 (KHTML, like Gecko) Chrome/121.0.0.0 Safari/537.36"
74.7.227.39 - - [21/Apr/2026:19:06:59 +0000] "GET /goods.php?detail/12300236047033 HTTP/1.1" 404 21054 "https://s2spw.com/goods.php?detail/123001341081" "Mozilla/5.0 AppleWebKit/537.36 (KHTML, like Gecko; compatible; GPTBot/1.3; +https://openai.com/gptbot)"
168.144.107.188 - - [21/Apr/2026:19:07:01 +0000] "GET /wp-login.php?redirect_to=https%3A%2F%2Fs2spw.com%2Fwp-admin%2Findex.php&reauth=1 HTTP/1.1" 200 4609 "https://s2spw.com/wp-login.php" "Mozilla/5.0 (Windows NT 11.0; Win64; x64) AppleWebKit/537.36 (KHTML, like Gecko) Chrome/121.0.0.0 Safari/537.36"
74.7.227.39 - - [21/Apr/2026:19:07:02 +0000] "GET /goods.php?detail/00300539270853 HTTP/1.1" 404 21054 "https://s2spw.com/goods.php?detail/003004637407" "Mozilla/5.0 AppleWebKit/537.36 (KHTML, like Gecko; compatible; GPTBot/1.3; +https://openai.com/gptbot)"
168.144.107.188 - - [21/Apr/2026:19:07:03 +0000] "POST /wp-login.php HTTP/1.1" 200 4977 "https://s2spw.com/wp-login.php" "Mozilla/5.0 (X11; Linux x86_64) AppleWebKit/537.36 (KHTML, like Gecko) Chrome/118.0.0.0 Safari/537.36"
168.144.107.188 - - [21/Apr/2026:19:07:05 +0000] "GET /wp-admin/index.php HTTP/1.1" 302 - "https://s2spw.com/wp-login.php" "Mozilla/5.0 (Macintosh; Intel Mac OS X 13_6_1) AppleWebKit/537.36 (KHTML, like Gecko) Chrome/120.0.0.0 Safari/537.36"
74.7.227.39 - - [21/Apr/2026:19:07:05 +0000] "GET /goods.php?detail/14600748216484 HTTP/1.1" 404 21054 "https://s2spw.com/goods.php?detail/1730056689889" "Mozilla/5.0 AppleWebKit/537.36 (KHTML, like Gecko; compatible; GPTBot/1.3; +https://openai.com/gptbot)"
168.144.107.188 - - [21/Apr/2026:19:07:07 +0000] "GET /wp-login.php?redirect_to=https%3A%2F%2Fs2spw.com%2Fwp-admin%2Findex.php&reauth=1 HTTP/1.1" 200 4609 "https://s2spw.com/wp-login.php" "Mozilla/5.0 (Macintosh; Intel Mac OS X 13_6_1) AppleWebKit/537.36 (KHTML, like Gecko) Chrome/120.0.0.0 Safari/537.36"
74.7.227.39 - - [21/Apr/2026:19:07:08 +0000] "GET /goods.php?detail/20700252556869 HTTP/1.1" 404 21054 "https://s2spw.com/goods.php?detail/207019996429" "Mozilla/5.0 AppleWebKit/537.36 (KHTML, like Gecko; compatible; GPTBot/1.3; +https://openai.com/gptbot)"
168.144.107.188 - - [21/Apr/2026:19:07:09 +0000] "POST /wp-login.php HTTP/1.1" 200 4976 "https://s2spw.com/wp-login.php" "Mozilla/5.0 (Macintosh; Intel Mac OS X 13_6_1; rv:121.0) Gecko/20100101 Firefox/121.0"
74.7.227.39 - - [21/Apr/2026:19:07:11 +0000] "GET /goods.php?detail/03503417340508 HTTP/1.1" 404 21054 "https://s2spw.com/goods.php?detail/283037184361" "Mozilla/5.0 AppleWebKit/537.36 (KHTML, like Gecko; compatible; GPTBot/1.3; +https://openai.com/gptbot)"
168.144.107.188 - - [21/Apr/2026:19:07:11 +0000] "GET /wp-admin/index.php HTTP/1.1" 302 - "https://s2spw.com/wp-login.php" "Mozilla/5.0 (Macintosh; Intel Mac OS X 13_6_1; rv:119.0) Gecko/20100101 Firefox/119.0"
66.249.79.195 - - [21/Apr/2026:19:07:12 +0000] "GET /?goods/289019657 HTTP/1.1" 200 554178 "-" "Mozilla/5.0 (Linux; Android 6.0.1; Nexus 5X Build/MMB29P) AppleWebKit/537.36 (KHTML, like Gecko) Chrome/146.0.7680.177 Mobile Safari/537.36 (compatible; Googlebot/2.1; +http://www.google.com/bot.html)"
168.144.107.188 - - [21/Apr/2026:19:07:13 +0000] "GET /wp-login.php?redirect_to=https%3A%2F%2Fs2spw.com%2Fwp-admin%2Findex.php&reauth=1 HTTP/1.1" 200 4609 "https://s2spw.com/wp-login.php" "Mozilla/5.0 (Macintosh; Intel Mac OS X 13_6_1; rv:119.0) Gecko/20100101 Firefox/119.0"
74.7.227.39 - - [21/Apr/2026:19:07:13 +0000] "GET /goods.php?detail/16502122421774 HTTP/1.1" 404 21054 "https://s2spw.com/goods.php?detail/132008325089" "Mozilla/5.0 AppleWebKit/537.36 (KHTML, like Gecko; compatible; GPTBot/1.3; +https://openai.com/gptbot)"
168.144.107.188 - - [21/Apr/2026:19:07:15 +0000] "POST /wp-login.php HTTP/1.1" 200 4978 "https://s2spw.com/wp-login.php" "Mozilla/5.0 (Macintosh; Intel Mac OS X 10_15_7; rv:118.0) Gecko/20100101 Firefox/118.0"
74.7.227.39 - - [21/Apr/2026:19:07:16 +0000] "GET /goods.php?detail/20303277473544 HTTP/1.1" 404 21054 "https://s2spw.com/goods.php?detail/203032636551" "Mozilla/5.0 AppleWebKit/537.36 (KHTML, like Gecko; compatible; GPTBot/1.3; +https://openai.com/gptbot)"
168.144.107.188 - - [21/Apr/2026:19:07:17 +0000] "GET /wp-admin/index.php HTTP/1.1" 302 - "https://s2spw.com/wp-login.php" "Mozilla/5.0 (Windows NT 11.0; Win64; x64; rv:119.0) Gecko/20100101 Firefox/119.0"
168.144.107.188 - - [21/Apr/2026:19:07:18 +0000] "GET /wp-login.php?redirect_to=https%3A%2F%2Fs2spw.com%2Fwp-admin%2Findex.php&reauth=1 HTTP/1.1" 200 4609 "https://s2spw.com/wp-login.php" "Mozilla/5.0 (Windows NT 11.0; Win64; x64; rv:119.0) Gecko/20100101 Firefox/119.0"
74.7.227.39 - - [21/Apr/2026:19:07:19 +0000] "GET /goods.php?detail/10901953928091 HTTP/1.1" 404 21054 "https://s2spw.com/goods.php?detail/112010155941" "Mozilla/5.0 AppleWebKit/537.36 (KHTML, like Gecko; compatible; GPTBot/1.3; +https://openai.com/gptbot)"
168.144.107.188 - - [21/Apr/2026:19:07:20 +0000] "POST /wp-login.php HTTP/1.1" 200 4971 "https://s2spw.com/wp-login.php" "Mozilla/5.0 (Windows NT 11.0; Win64; x64) AppleWebKit/537.36 (KHTML, like Gecko) Chrome/119.0.0.0 Safari/537.36"
168.144.107.188 - - [21/Apr/2026:19:07:22 +0000] "GET /wp-admin/index.php HTTP/1.1" 302 - "https://s2spw.com/wp-login.php" "Mozilla/5.0 (X11; Linux x86_64) AppleWebKit/537.36 (KHTML, like Gecko) Chrome/118.0.0.0 Safari/537.36"
74.7.227.39 - - [21/Apr/2026:19:07:22 +0000] "GET /goods.php?detail/05501813384184 HTTP/1.1" 404 21054 "https://s2spw.com/goods.php?detail/0410021724040" "Mozilla/5.0 AppleWebKit/537.36 (KHTML, like Gecko; compatible; GPTBot/1.3; +https://openai.com/gptbot)"
66.249.79.196 - - [21/Apr/2026:19:07:22 +0000] "GET /?jp/210005385.html HTTP/1.1" 200 561873 "-" "Mozilla/5.0 (Linux; Android 6.0.1; Nexus 5X Build/MMB29P) AppleWebKit/537.36 (KHTML, like Gecko) Chrome/146.0.7680.177 Mobile Safari/537.36 (compatible; GoogleOther)"
168.144.107.188 - - [21/Apr/2026:19:07:24 +0000] "GET /wp-login.php?redirect_to=https%3A%2F%2Fs2spw.com%2Fwp-admin%2Findex.php&reauth=1 HTTP/1.1" 200 4609 "https://s2spw.com/wp-login.php" "Mozilla/5.0 (X11; Linux x86_64) AppleWebKit/537.36 (KHTML, like Gecko) Chrome/118.0.0.0 Safari/537.36"
74.7.227.39 - - [21/Apr/2026:19:07:25 +0000] "GET /goods.php?detail/15400144965215 HTTP/1.1" 404 21054 "https://s2spw.com/goods.php?detail/266030923184" "Mozilla/5.0 AppleWebKit/537.36 (KHTML, like Gecko; compatible; GPTBot/1.3; +https://openai.com/gptbot)"
168.144.107.188 - - [21/Apr/2026:19:07:26 +0000] "POST /wp-login.php HTTP/1.1" 200 4972 "https://s2spw.com/wp-login.php" "Mozilla/5.0 (Windows NT 10.0; Win64; x64; rv:119.0) Gecko/20100101 Firefox/119.0"
74.7.227.39 - - [21/Apr/2026:19:07:28 +0000] "GET /goods.php?detail/00704042130416 HTTP/1.1" 404 21054 "https://s2spw.com/goods.php?detail/265037573241" "Mozilla/5.0 AppleWebKit/537.36 (KHTML, like Gecko; compatible; GPTBot/1.3; +https://openai.com/gptbot)"
168.144.107.188 - - [21/Apr/2026:19:07:28 +0000] "GET /wp-admin/index.php HTTP/1.1" 302 - "https://s2spw.com/wp-login.php" "Mozilla/5.0 (X11; Ubuntu; Linux x86_64) AppleWebKit/537.36 (KHTML, like Gecko) Chrome/119.0.0.0 Safari/537.36"
168.144.107.188 - - [21/Apr/2026:19:07:30 +0000] "GET /wp-login.php?redirect_to=https%3A%2F%2Fs2spw.com%2Fwp-admin%2Findex.php&reauth=1 HTTP/1.1" 200 4609 "https://s2spw.com/wp-login.php" "Mozilla/5.0 (X11; Ubuntu; Linux x86_64) AppleWebKit/537.36 (KHTML, like Gecko) Chrome/119.0.0.0 Safari/537.36"
74.7.227.39 - - [21/Apr/2026:19:07:31 +0000] "GET /goods.php?detail/01001996415760 HTTP/1.1" 404 21054 "https://s2spw.com/goods.php?detail/010021815008" "Mozilla/5.0 AppleWebKit/537.36 (KHTML, like Gecko; compatible; GPTBot/1.3; +https://openai.com/gptbot)"
168.144.107.188 - - [21/Apr/2026:19:07:33 +0000] "POST /wp-login.php HTTP/1.1" 200 4970 "https://s2spw.com/wp-login.php" "Mozilla/5.0 (Macintosh; Intel Mac OS X 13_6_1) AppleWebKit/605.1.15 (KHTML, like Gecko) Version/16.6 Safari/605.1.15"
74.7.227.39 - - [21/Apr/2026:19:07:33 +0000] "GET /goods.php?detail/00404213998082 HTTP/1.1" 404 21054 "https://s2spw.com/goods.php?detail/004043924093" "Mozilla/5.0 AppleWebKit/537.36 (KHTML, like Gecko; compatible; GPTBot/1.3; +https://openai.com/gptbot)"
168.144.107.188 - - [21/Apr/2026:19:07:35 +0000] "GET /wp-admin/index.php HTTP/1.1" 302 - "https://s2spw.com/wp-login.php" "Mozilla/5.0 (Windows NT 11.0; Win64; x64) AppleWebKit/537.36 (KHTML, like Gecko) Chrome/119.0.0.0 Safari/537.36"
74.7.227.39 - - [21/Apr/2026:19:07:36 +0000] "GET /goods.php?detail/11501712431774 HTTP/1.1" 404 21054 "https://s2spw.com/goods.php?detail/264016597075" "Mozilla/5.0 AppleWebKit/537.36 (KHTML, like Gecko; compatible; GPTBot/1.3; +https://openai.com/gptbot)"
168.144.107.188 - - [21/Apr/2026:19:07:37 +0000] "GET /wp-login.php?redirect_to=https%3A%2F%2Fs2spw.com%2Fwp-admin%2Findex.php&reauth=1 HTTP/1.1" 200 4609 "https://s2spw.com/wp-login.php" "Mozilla/5.0 (Windows NT 11.0; Win64; x64) AppleWebKit/537.36 (KHTML, like Gecko) Chrome/119.0.0.0 Safari/537.36"
168.144.107.188 - - [21/Apr/2026:19:07:38 +0000] "POST /wp-login.php HTTP/1.1" 200 4971 "https://s2spw.com/wp-login.php" "Mozilla/5.0 (Windows NT 11.0; Win64; x64; rv:121.0) Gecko/20100101 Firefox/121.0"
74.7.227.39 - - [21/Apr/2026:19:07:39 +0000] "GET /goods.php?detail/05404150398304 HTTP/1.1" 404 21054 "https://s2spw.com/goods.php?detail/218010755150" "Mozilla/5.0 AppleWebKit/537.36 (KHTML, like Gecko; compatible; GPTBot/1.3; +https://openai.com/gptbot)"
168.144.107.188 - - [21/Apr/2026:19:07:40 +0000] "GET /wp-admin/index.php HTTP/1.1" 302 - "https://s2spw.com/wp-login.php" "Mozilla/5.0 (X11; Ubuntu; Linux x86_64) AppleWebKit/537.36 (KHTML, like Gecko) Chrome/118.0.0.0 Safari/537.36"
74.7.227.39 - - [21/Apr/2026:19:07:42 +0000] "GET /goods.php?detail/03503372102344 HTTP/1.1" 404 21054 "https://s2spw.com/goods.php?detail/035029729578" "Mozilla/5.0 AppleWebKit/537.36 (KHTML, like Gecko; compatible; GPTBot/1.3; +https://openai.com/gptbot)"
168.144.107.188 - - [21/Apr/2026:19:07:42 +0000] "GET /wp-login.php?redirect_to=https%3A%2F%2Fs2spw.com%2Fwp-admin%2Findex.php&reauth=1 HTTP/1.1" 200 4609 "https://s2spw.com/wp-login.php" "Mozilla/5.0 (X11; Ubuntu; Linux x86_64) AppleWebKit/537.36 (KHTML, like Gecko) Chrome/118.0.0.0 Safari/537.36"
168.144.107.188 - - [21/Apr/2026:19:07:44 +0000] "POST /wp-login.php HTTP/1.1" 200 4978 "https://s2spw.com/wp-login.php" "Mozilla/5.0 (Macintosh; Intel Mac OS X 13_6_1) AppleWebKit/537.36 (KHTML, like Gecko) Chrome/118.0.0.0 Safari/537.36"
