70.35.205.237 - - [21/Apr/2026:19:53:05 +0000] "GET /wp-content/plugins/hdsfc/ovajsdjef.php HTTP/1.1" 404 21054 "-" "Mozilla/5.0 (Linux; Android 7.0; SM-G892A Build/NRD90M; wv) AppleWebKit/537.36 (KHTML, like Gecko) Chrome/60.0.3112.107 Mobile Safari/537.36"
70.35.205.237 - - [21/Apr/2026:19:53:05 +0000] "GET /wp-content/plugins/hdsfc/index.php/ovajsdjef.php HTTP/1.1" 200 39273 "-" "Mozilla/5.0 (Linux; Android 7.0; SM-G892A Build/NRD90M; wv) AppleWebKit/537.36 (KHTML, like Gecko) Chrome/60.0.3112.107 Mobile Safari/537.36"
70.35.205.237 - - [21/Apr/2026:19:53:05 +0000] "GET /wp-content/plugins/hdsfc/index.php/ovajsdjef.php HTTP/1.1" 200 39273 "-" "Mozilla/5.0 (Linux; Android 7.0; SM-G892A Build/NRD90M; wv) AppleWebKit/537.36 (KHTML, like Gecko) Chrome/60.0.3112.107 Mobile Safari/537.36"
74.7.227.39 - - [21/Apr/2026:19:53:06 +0000] "GET /goods.php?detail/03702893024403 HTTP/1.1" 404 21054 "https://s2spw.com/goods.php?detail/020017933220" "Mozilla/5.0 AppleWebKit/537.36 (KHTML, like Gecko; compatible; GPTBot/1.3; +https://openai.com/gptbot)"
74.7.227.39 - - [21/Apr/2026:19:53:09 +0000] "GET /goods.php?detail/03103813973480 HTTP/1.1" 404 21054 "https://s2spw.com/goods.php?detail/0500305851845" "Mozilla/5.0 AppleWebKit/537.36 (KHTML, like Gecko; compatible; GPTBot/1.3; +https://openai.com/gptbot)"
74.7.227.39 - - [21/Apr/2026:19:53:12 +0000] "GET /goods.php?detail/03500676635210 HTTP/1.1" 404 21054 "https://s2spw.com/goods.php?detail/035041279397" "Mozilla/5.0 AppleWebKit/537.36 (KHTML, like Gecko; compatible; GPTBot/1.3; +https://openai.com/gptbot)"
66.249.79.195 - - [21/Apr/2026:19:53:12 +0000] "GET /?detail/1990257948624 HTTP/1.1" 200 560131 "-" "Mozilla/5.0 (Linux; Android 6.0.1; Nexus 5X Build/MMB29P) AppleWebKit/537.36 (KHTML, like Gecko) Chrome/146.0.7680.177 Mobile Safari/537.36 (compatible; GoogleOther)"
74.7.227.39 - - [21/Apr/2026:19:53:15 +0000] "GET /goods.php?detail/19301591524451 HTTP/1.1" 404 21054 "https://s2spw.com/goods.php?detail/241030024677" "Mozilla/5.0 AppleWebKit/537.36 (KHTML, like Gecko; compatible; GPTBot/1.3; +https://openai.com/gptbot)"
74.7.227.39 - - [21/Apr/2026:19:53:18 +0000] "GET /goods.php?detail/00300591385954 HTTP/1.1" 404 21054 "https://s2spw.com/goods.php?detail/003025743625" "Mozilla/5.0 AppleWebKit/537.36 (KHTML, like Gecko; compatible; GPTBot/1.3; +https://openai.com/gptbot)"
66.249.79.196 - - [21/Apr/2026:19:53:19 +0000] "GET /?detail/14901284230218 HTTP/1.1" 200 555966 "-" "Mozilla/5.0 (Linux; Android 6.0.1; Nexus 5X Build/MMB29P) AppleWebKit/537.36 (KHTML, like Gecko) Chrome/146.0.7680.177 Mobile Safari/537.36 (compatible; GoogleOther)"
74.7.227.39 - - [21/Apr/2026:19:53:20 +0000] "GET /goods.php?detail/00600520663937 HTTP/1.1" 404 21054 "https://s2spw.com/goods.php?detail/006006272354" "Mozilla/5.0 AppleWebKit/537.36 (KHTML, like Gecko; compatible; GPTBot/1.3; +https://openai.com/gptbot)"
74.7.227.39 - - [21/Apr/2026:19:53:23 +0000] "GET /goods.php?detail/25402662275495 HTTP/1.1" 404 21054 "https://s2spw.com/goods.php?detail/270046681551" "Mozilla/5.0 AppleWebKit/537.36 (KHTML, like Gecko; compatible; GPTBot/1.3; +https://openai.com/gptbot)"
74.7.227.39 - - [21/Apr/2026:19:53:26 +0000] "GET /goods.php?detail/29900694359034 HTTP/1.1" 404 21054 "https://s2spw.com/goods.php?detail/014000674108" "Mozilla/5.0 AppleWebKit/537.36 (KHTML, like Gecko; compatible; GPTBot/1.3; +https://openai.com/gptbot)"
74.7.227.39 - - [21/Apr/2026:19:53:29 +0000] "GET /goods.php?detail/22902850247230 HTTP/1.1" 404 21054 "https://s2spw.com/goods.php?detail/144016644582" "Mozilla/5.0 AppleWebKit/537.36 (KHTML, like Gecko; compatible; GPTBot/1.3; +https://openai.com/gptbot)"
74.7.227.39 - - [21/Apr/2026:19:53:32 +0000] "GET /goods.php?detail/00700118647316 HTTP/1.1" 404 21054 "https://s2spw.com/goods.php?detail/0070095560539" "Mozilla/5.0 AppleWebKit/537.36 (KHTML, like Gecko; compatible; GPTBot/1.3; +https://openai.com/gptbot)"
74.7.227.39 - - [21/Apr/2026:19:53:35 +0000] "GET /goods.php?detail/07804717418066 HTTP/1.1" 404 21054 "https://s2spw.com/goods.php?detail/128032833429" "Mozilla/5.0 AppleWebKit/537.36 (KHTML, like Gecko; compatible; GPTBot/1.3; +https://openai.com/gptbot)"
66.249.79.195 - - [21/Apr/2026:19:53:35 +0000] "GET /?jp/180008703.html HTTP/1.1" 200 556832 "-" "Mozilla/5.0 (Linux; Android 6.0.1; Nexus 5X Build/MMB29P) AppleWebKit/537.36 (KHTML, like Gecko) Chrome/146.0.7680.177 Mobile Safari/537.36 (compatible; Googlebot/2.1; +http://www.google.com/bot.html)"
74.7.227.39 - - [21/Apr/2026:19:53:37 +0000] "GET /goods.php?detail/03300504926309 HTTP/1.1" 404 21054 "https://s2spw.com/goods.php?detail/033004850325" "Mozilla/5.0 AppleWebKit/537.36 (KHTML, like Gecko; compatible; GPTBot/1.3; +https://openai.com/gptbot)"
74.7.227.39 - - [21/Apr/2026:19:53:40 +0000] "GET /goods.php?detail/08303205965905 HTTP/1.1" 404 21054 "https://s2spw.com/goods.php?detail/083030763985" "Mozilla/5.0 AppleWebKit/537.36 (KHTML, like Gecko; compatible; GPTBot/1.3; +https://openai.com/gptbot)"
74.7.227.39 - - [21/Apr/2026:19:53:43 +0000] "GET /goods.php?detail/17303042933060 HTTP/1.1" 404 21054 "https://s2spw.com/goods.php?detail/173030812475" "Mozilla/5.0 AppleWebKit/537.36 (KHTML, like Gecko; compatible; GPTBot/1.3; +https://openai.com/gptbot)"
74.7.227.39 - - [21/Apr/2026:19:53:46 +0000] "GET /goods.php?detail/13501339517601 HTTP/1.1" 404 21054 "https://s2spw.com/goods.php?detail/135013235368" "Mozilla/5.0 AppleWebKit/537.36 (KHTML, like Gecko; compatible; GPTBot/1.3; +https://openai.com/gptbot)"
74.7.227.39 - - [21/Apr/2026:19:53:49 +0000] "GET /goods.php?detail/01700531470520 HTTP/1.1" 404 21054 "https://s2spw.com/goods.php?detail/017005303134" "Mozilla/5.0 AppleWebKit/537.36 (KHTML, like Gecko; compatible; GPTBot/1.3; +https://openai.com/gptbot)"
74.7.227.39 - - [21/Apr/2026:19:53:52 +0000] "GET /goods.php?detail/04004942254670 HTTP/1.1" 404 21054 "https://s2spw.com/goods.php?detail/040049754607" "Mozilla/5.0 AppleWebKit/537.36 (KHTML, like Gecko; compatible; GPTBot/1.3; +https://openai.com/gptbot)"
74.7.227.39 - - [21/Apr/2026:19:53:55 +0000] "GET /goods.php?detail/11701543178418 HTTP/1.1" 404 21054 "https://s2spw.com/goods.php?detail/117017110221" "Mozilla/5.0 AppleWebKit/537.36 (KHTML, like Gecko; compatible; GPTBot/1.3; +https://openai.com/gptbot)"
74.7.227.39 - - [21/Apr/2026:19:53:58 +0000] "GET /goods.php?detail/03603195193853 HTTP/1.1" 404 21054 "https://s2spw.com/goods.php?detail/036034003242" "Mozilla/5.0 AppleWebKit/537.36 (KHTML, like Gecko; compatible; GPTBot/1.3; +https://openai.com/gptbot)"
74.7.227.39 - - [21/Apr/2026:19:54:00 +0000] "GET /goods.php?detail/06601859898158 HTTP/1.1" 404 21054 "https://s2spw.com/goods.php?detail/0660183173401" "Mozilla/5.0 AppleWebKit/537.36 (KHTML, like Gecko; compatible; GPTBot/1.3; +https://openai.com/gptbot)"
74.7.227.39 - - [21/Apr/2026:19:54:03 +0000] "GET /goods.php?detail/05303236301268 HTTP/1.1" 404 21054 "https://s2spw.com/goods.php?detail/053033002963" "Mozilla/5.0 AppleWebKit/537.36 (KHTML, like Gecko; compatible; GPTBot/1.3; +https://openai.com/gptbot)"
74.7.227.39 - - [21/Apr/2026:19:54:06 +0000] "GET /goods.php?detail/01101076628313 HTTP/1.1" 404 21054 "https://s2spw.com/goods.php?detail/011010539726" "Mozilla/5.0 AppleWebKit/537.36 (KHTML, like Gecko; compatible; GPTBot/1.3; +https://openai.com/gptbot)"
66.249.79.196 - - [21/Apr/2026:19:54:07 +0000] "GET /pcmypage?callback=product/review/goldragstation-rc_itemvpk083rs_c11w HTTP/1.1" 200 557407 "-" "Mozilla/5.0 (Linux; Android 6.0.1; Nexus 5X Build/MMB29P) AppleWebKit/537.36 (KHTML, like Gecko) Chrome/146.0.7680.177 Mobile Safari/537.36 (compatible; GoogleOther)"
74.7.227.39 - - [21/Apr/2026:19:54:09 +0000] "GET /goods.php?detail/02100802948528 HTTP/1.1" 404 21054 "https://s2spw.com/goods.php?detail/186012020857" "Mozilla/5.0 AppleWebKit/537.36 (KHTML, like Gecko; compatible; GPTBot/1.3; +https://openai.com/gptbot)"
74.7.227.39 - - [21/Apr/2026:19:54:12 +0000] "GET /goods.php?detail/24801272447544 HTTP/1.1" 404 21054 "https://s2spw.com/goods.php?detail/248012570270" "Mozilla/5.0 AppleWebKit/537.36 (KHTML, like Gecko; compatible; GPTBot/1.3; +https://openai.com/gptbot)"
74.7.227.39 - - [21/Apr/2026:19:54:15 +0000] "GET /goods.php?detail/10601013319205 HTTP/1.1" 404 21054 "https://s2spw.com/goods.php?detail/261026249287" "Mozilla/5.0 AppleWebKit/537.36 (KHTML, like Gecko; compatible; GPTBot/1.3; +https://openai.com/gptbot)"
74.7.227.39 - - [21/Apr/2026:19:54:17 +0000] "GET /goods.php?detail/03702929793662 HTTP/1.1" 404 21054 "https://s2spw.com/goods.php?detail/075002877884" "Mozilla/5.0 AppleWebKit/537.36 (KHTML, like Gecko; compatible; GPTBot/1.3; +https://openai.com/gptbot)"
74.7.227.39 - - [21/Apr/2026:19:54:20 +0000] "GET /goods.php?detail/12404082719221 HTTP/1.1" 404 21054 "https://s2spw.com/goods.php?detail/257009974846" "Mozilla/5.0 AppleWebKit/537.36 (KHTML, like Gecko; compatible; GPTBot/1.3; +https://openai.com/gptbot)"
74.7.227.39 - - [21/Apr/2026:19:54:23 +0000] "GET /goods.php?detail/22001373385387 HTTP/1.1" 404 21054 "https://s2spw.com/goods.php?detail/220028519032" "Mozilla/5.0 AppleWebKit/537.36 (KHTML, like Gecko; compatible; GPTBot/1.3; +https://openai.com/gptbot)"
74.7.227.39 - - [21/Apr/2026:19:54:26 +0000] "GET /goods.php?detail/10700864771097 HTTP/1.1" 404 21054 "https://s2spw.com/goods.php?detail/073031308139" "Mozilla/5.0 AppleWebKit/537.36 (KHTML, like Gecko; compatible; GPTBot/1.3; +https://openai.com/gptbot)"
74.7.227.39 - - [21/Apr/2026:19:54:29 +0000] "GET /goods.php?detail/09901472155055 HTTP/1.1" 404 21054 "https://s2spw.com/goods.php?pcmypage?callback=product/review/kenso-dtj-aznkixa-90958" "Mozilla/5.0 AppleWebKit/537.36 (KHTML, like Gecko; compatible; GPTBot/1.3; +https://openai.com/gptbot)"
74.7.227.39 - - [21/Apr/2026:19:54:32 +0000] "GET /goods.php?detail/19201716013041 HTTP/1.1" 404 21054 "https://s2spw.com/goods.php?detail/2600180322612" "Mozilla/5.0 AppleWebKit/537.36 (KHTML, like Gecko; compatible; GPTBot/1.3; +https://openai.com/gptbot)"
74.7.227.39 - - [21/Apr/2026:19:54:34 +0000] "GET /goods.php?detail/01704754835044 HTTP/1.1" 404 21054 "https://s2spw.com/goods.php?jp/027020802.html" "Mozilla/5.0 AppleWebKit/537.36 (KHTML, like Gecko; compatible; GPTBot/1.3; +https://openai.com/gptbot)"
74.7.227.39 - - [21/Apr/2026:19:54:37 +0000] "GET /goods.php?detail/02202420618803 HTTP/1.1" 404 21054 "https://s2spw.com/goods.php?detail/273028789077" "Mozilla/5.0 AppleWebKit/537.36 (KHTML, like Gecko; compatible; GPTBot/1.3; +https://openai.com/gptbot)"
74.7.227.39 - - [21/Apr/2026:19:54:40 +0000] "GET /goods.php?detail/14901150172195 HTTP/1.1" 404 21054 "https://s2spw.com/goods.php?detail/149007584703" "Mozilla/5.0 AppleWebKit/537.36 (KHTML, like Gecko; compatible; GPTBot/1.3; +https://openai.com/gptbot)"
74.7.227.39 - - [21/Apr/2026:19:54:43 +0000] "GET /goods.php?detail/25404634066077 HTTP/1.1" 404 21054 "https://s2spw.com/goods.php?detail/014014531033" "Mozilla/5.0 AppleWebKit/537.36 (KHTML, like Gecko; compatible; GPTBot/1.3; +https://openai.com/gptbot)"
74.7.227.39 - - [21/Apr/2026:19:54:46 +0000] "GET /goods.php?detail/22403230583266 HTTP/1.1" 404 21054 "https://s2spw.com/goods.php?jp/224027617.html" "Mozilla/5.0 AppleWebKit/537.36 (KHTML, like Gecko; compatible; GPTBot/1.3; +https://openai.com/gptbot)"
74.7.227.39 - - [21/Apr/2026:19:54:48 +0000] "GET /goods.php?detail/07103407011615 HTTP/1.1" 404 21054 "https://s2spw.com/goods.php?detail/071034536874" "Mozilla/5.0 AppleWebKit/537.36 (KHTML, like Gecko; compatible; GPTBot/1.3; +https://openai.com/gptbot)"
74.7.227.39 - - [21/Apr/2026:19:54:51 +0000] "GET /goods.php?detail/27400747221431 HTTP/1.1" 404 21054 "https://s2spw.com/goods.php?detail/274007490834" "Mozilla/5.0 AppleWebKit/537.36 (KHTML, like Gecko; compatible; GPTBot/1.3; +https://openai.com/gptbot)"
74.7.227.39 - - [21/Apr/2026:19:54:54 +0000] "GET /goods.php?detail/20402055760929 HTTP/1.1" 404 21054 "https://s2spw.com/goods.php?detail/204020336399" "Mozilla/5.0 AppleWebKit/537.36 (KHTML, like Gecko; compatible; GPTBot/1.3; +https://openai.com/gptbot)"
74.7.227.39 - - [21/Apr/2026:19:54:57 +0000] "GET /goods.php?detail/05904090397488 HTTP/1.1" 404 21054 "https://s2spw.com/goods.php?detail/170015032312" "Mozilla/5.0 AppleWebKit/537.36 (KHTML, like Gecko; compatible; GPTBot/1.3; +https://openai.com/gptbot)"
74.7.227.39 - - [21/Apr/2026:19:55:00 +0000] "GET /goods.php?detail/12201217049918 HTTP/1.1" 404 21054 "https://s2spw.com/goods.php?detail/122012043892" "Mozilla/5.0 AppleWebKit/537.36 (KHTML, like Gecko; compatible; GPTBot/1.3; +https://openai.com/gptbot)"
74.7.227.39 - - [21/Apr/2026:19:55:03 +0000] "GET /goods.php?detail/15800481198130 HTTP/1.1" 404 21054 "https://s2spw.com/goods.php?detail/078038076312" "Mozilla/5.0 AppleWebKit/537.36 (KHTML, like Gecko; compatible; GPTBot/1.3; +https://openai.com/gptbot)"
66.249.79.196 - - [21/Apr/2026:19:55:05 +0000] "GET /?jp/210048753.html HTTP/1.1" 200 557430 "-" "Mozilla/5.0 (Linux; Android 6.0.1; Nexus 5X Build/MMB29P) AppleWebKit/537.36 (KHTML, like Gecko) Chrome/146.0.7680.177 Mobile Safari/537.36 (compatible; Googlebot/2.1; +http://www.google.com/bot.html)"
74.7.227.39 - - [21/Apr/2026:19:55:06 +0000] "GET /goods.php?detail/25501235852342 HTTP/1.1" 404 21054 "https://s2spw.com/goods.php?detail/029022291285" "Mozilla/5.0 AppleWebKit/537.36 (KHTML, like Gecko; compatible; GPTBot/1.3; +https://openai.com/gptbot)"
74.7.227.39 - - [21/Apr/2026:19:55:08 +0000] "GET /goods.php?detail/12403764224110 HTTP/1.1" 404 21054 "https://s2spw.com/goods.php?detail/029006888311" "Mozilla/5.0 AppleWebKit/537.36 (KHTML, like Gecko; compatible; GPTBot/1.3; +https://openai.com/gptbot)"
74.7.227.39 - - [21/Apr/2026:19:55:11 +0000] "GET /goods.php?detail/14804451145596 HTTP/1.1" 404 21054 "https://s2spw.com/goods.php?detail/098004336406" "Mozilla/5.0 AppleWebKit/537.36 (KHTML, like Gecko; compatible; GPTBot/1.3; +https://openai.com/gptbot)"
74.7.227.39 - - [21/Apr/2026:19:55:14 +0000] "GET /goods.php?detail/01701169112422 HTTP/1.1" 404 21054 "https://s2spw.com/goods.php?detail/017011826563" "Mozilla/5.0 AppleWebKit/537.36 (KHTML, like Gecko; compatible; GPTBot/1.3; +https://openai.com/gptbot)"
74.7.227.39 - - [21/Apr/2026:19:55:17 +0000] "GET /goods.php?detail/19602419486414 HTTP/1.1" 404 21054 "https://s2spw.com/goods.php?detail/124041277584" "Mozilla/5.0 AppleWebKit/537.36 (KHTML, like Gecko; compatible; GPTBot/1.3; +https://openai.com/gptbot)"
66.249.79.196 - - [21/Apr/2026:19:55:17 +0000] "GET /?detail/2850106680351 HTTP/1.1" 200 563937 "-" "Mozilla/5.0 (Linux; Android 6.0.1; Nexus 5X Build/MMB29P) AppleWebKit/537.36 (KHTML, like Gecko) Chrome/146.0.7680.177 Mobile Safari/537.36 (compatible; GoogleOther)"
74.7.227.39 - - [21/Apr/2026:19:55:20 +0000] "GET /goods.php?detail/00200793602887 HTTP/1.1" 404 21054 "https://s2spw.com/goods.php?jp/002009336.html" "Mozilla/5.0 AppleWebKit/537.36 (KHTML, like Gecko; compatible; GPTBot/1.3; +https://openai.com/gptbot)"
74.7.227.39 - - [21/Apr/2026:19:55:23 +0000] "GET /goods.php?detail/01504351955243 HTTP/1.1" 404 21054 "https://s2spw.com/goods.php?detail/015043045195" "Mozilla/5.0 AppleWebKit/537.36 (KHTML, like Gecko; compatible; GPTBot/1.3; +https://openai.com/gptbot)"
74.7.227.39 - - [21/Apr/2026:19:55:26 +0000] "GET /goods.php?detail/02200166795050 HTTP/1.1" 404 21054 "https://s2spw.com/goods.php?detail/007024870238" "Mozilla/5.0 AppleWebKit/537.36 (KHTML, like Gecko; compatible; GPTBot/1.3; +https://openai.com/gptbot)"
74.7.227.39 - - [21/Apr/2026:19:55:28 +0000] "GET /goods.php?detail/08400502833501 HTTP/1.1" 404 21054 "https://s2spw.com/goods.php?product/edit/auc-rehomestore-omv-650-1-25p" "Mozilla/5.0 AppleWebKit/537.36 (KHTML, like Gecko; compatible; GPTBot/1.3; +https://openai.com/gptbot)"
74.7.227.39 - - [21/Apr/2026:19:55:31 +0000] "GET /goods.php?detail/03802346083035 HTTP/1.1" 404 21054 "https://s2spw.com/goods.php?detail/154004241325" "Mozilla/5.0 AppleWebKit/537.36 (KHTML, like Gecko; compatible; GPTBot/1.3; +https://openai.com/gptbot)"
74.7.227.39 - - [21/Apr/2026:19:55:34 +0000] "GET /goods.php?detail/03303438311299 HTTP/1.1" 404 21054 "https://s2spw.com/goods.php?detail/033034419988" "Mozilla/5.0 AppleWebKit/537.36 (KHTML, like Gecko; compatible; GPTBot/1.3; +https://openai.com/gptbot)"
74.7.227.39 - - [21/Apr/2026:19:55:37 +0000] "GET /goods.php?detail/21201565492924 HTTP/1.1" 404 21054 "https://s2spw.com/goods.php?detail/191011756757" "Mozilla/5.0 AppleWebKit/537.36 (KHTML, like Gecko; compatible; GPTBot/1.3; +https://openai.com/gptbot)"
74.7.227.39 - - [21/Apr/2026:19:55:40 +0000] "GET /goods.php?detail/06303862585305 HTTP/1.1" 404 21054 "https://s2spw.com/goods.php?detail/268025253638" "Mozilla/5.0 AppleWebKit/537.36 (KHTML, like Gecko; compatible; GPTBot/1.3; +https://openai.com/gptbot)"
74.7.227.39 - - [21/Apr/2026:19:55:42 +0000] "GET /goods.php?detail/25402642325248 HTTP/1.1" 404 21054 "https://s2spw.com/goods.php?jp/011008270.html" "Mozilla/5.0 AppleWebKit/537.36 (KHTML, like Gecko; compatible; GPTBot/1.3; +https://openai.com/gptbot)"
74.7.227.39 - - [21/Apr/2026:19:55:45 +0000] "GET /goods.php?detail/26404364806641 HTTP/1.1" 404 21054 "https://s2spw.com/goods.php?detail/198000746638" "Mozilla/5.0 AppleWebKit/537.36 (KHTML, like Gecko; compatible; GPTBot/1.3; +https://openai.com/gptbot)"
74.7.227.39 - - [21/Apr/2026:19:55:48 +0000] "GET /goods.php?detail/07102971599104 HTTP/1.1" 404 21054 "https://s2spw.com/goods.php?detail/07103087221239" "Mozilla/5.0 AppleWebKit/537.36 (KHTML, like Gecko; compatible; GPTBot/1.3; +https://openai.com/gptbot)"
74.7.227.39 - - [21/Apr/2026:19:55:51 +0000] "GET /goods.php?detail/10404359134109 HTTP/1.1" 404 21054 "https://s2spw.com/goods.php?detail/1040436024600" "Mozilla/5.0 AppleWebKit/537.36 (KHTML, like Gecko; compatible; GPTBot/1.3; +https://openai.com/gptbot)"
74.7.227.39 - - [21/Apr/2026:19:55:54 +0000] "GET /goods.php?detail/25902940869298 HTTP/1.1" 404 21054 "https://s2spw.com/goods.php?jp/240009211.html" "Mozilla/5.0 AppleWebKit/537.36 (KHTML, like Gecko; compatible; GPTBot/1.3; +https://openai.com/gptbot)"
52.167.144.156 - - [21/Apr/2026:19:55:54 +0000] "GET /contact/ HTTP/1.1" 200 13 "-" "Mozilla/5.0 AppleWebKit/537.36 (KHTML, like Gecko; compatible; bingbot/2.0; +http://www.bing.com/bingbot.htm) Chrome/116.0.1938.76 Safari/537.36"
74.7.227.39 - - [21/Apr/2026:19:55:56 +0000] "GET /goods.php?detail/06804965299896 HTTP/1.1" 404 21054 "https://s2spw.com/goods.php?detail/016019626428" "Mozilla/5.0 AppleWebKit/537.36 (KHTML, like Gecko; compatible; GPTBot/1.3; +https://openai.com/gptbot)"
74.7.227.39 - - [21/Apr/2026:19:55:59 +0000] "GET /goods.php?detail/12204633734312 HTTP/1.1" 404 21054 "https://s2spw.com/goods.php?detail/097002674906" "Mozilla/5.0 AppleWebKit/537.36 (KHTML, like Gecko; compatible; GPTBot/1.3; +https://openai.com/gptbot)"
74.7.227.39 - - [21/Apr/2026:19:56:02 +0000] "GET /goods.php?detail/00600730982339 HTTP/1.1" 404 21054 "https://s2spw.com/goods.php?jp/006007395.html" "Mozilla/5.0 AppleWebKit/537.36 (KHTML, like Gecko; compatible; GPTBot/1.3; +https://openai.com/gptbot)"
74.7.227.39 - - [21/Apr/2026:19:56:05 +0000] "GET /goods.php?detail/14501101825358 HTTP/1.1" 404 21054 "https://s2spw.com/goods.php?detail/0330319058115" "Mozilla/5.0 AppleWebKit/537.36 (KHTML, like Gecko; compatible; GPTBot/1.3; +https://openai.com/gptbot)"
66.249.79.195 - - [21/Apr/2026:19:56:06 +0000] "GET /?jp/300031652.html HTTP/1.1" 200 557146 "-" "Mozilla/5.0 (Linux; Android 6.0.1; Nexus 5X Build/MMB29P) AppleWebKit/537.36 (KHTML, like Gecko) Chrome/146.0.7680.177 Mobile Safari/537.36 (compatible; GoogleOther)"
74.7.227.39 - - [21/Apr/2026:19:56:08 +0000] "GET /goods.php?detail/00303356854015 HTTP/1.1" 404 21054 "https://s2spw.com/goods.php?detail/003033021644" "Mozilla/5.0 AppleWebKit/537.36 (KHTML, like Gecko; compatible; GPTBot/1.3; +https://openai.com/gptbot)"
74.7.227.39 - - [21/Apr/2026:19:56:11 +0000] "GET /goods.php?detail/02702086178065 HTTP/1.1" 404 21054 "https://s2spw.com/goods.php?detail/289012895161" "Mozilla/5.0 AppleWebKit/537.36 (KHTML, like Gecko; compatible; GPTBot/1.3; +https://openai.com/gptbot)"
74.7.227.39 - - [21/Apr/2026:19:56:13 +0000] "GET /goods.php?detail/01101597133056 HTTP/1.1" 404 21054 "https://s2spw.com/goods.php?detail/0110166085480" "Mozilla/5.0 AppleWebKit/537.36 (KHTML, like Gecko; compatible; GPTBot/1.3; +https://openai.com/gptbot)"
74.7.227.39 - - [21/Apr/2026:19:56:16 +0000] "GET /goods.php?detail/29203340520144 HTTP/1.1" 404 21054 "https://s2spw.com/goods.php?detail/146047560183" "Mozilla/5.0 AppleWebKit/537.36 (KHTML, like Gecko; compatible; GPTBot/1.3; +https://openai.com/gptbot)"
66.249.79.195 - - [21/Apr/2026:19:56:19 +0000] "GET /?jp/134025398.html HTTP/1.1" 200 554082 "-" "Mozilla/5.0 (Linux; Android 6.0.1; Nexus 5X Build/MMB29P) AppleWebKit/537.36 (KHTML, like Gecko) Chrome/146.0.7680.177 Mobile Safari/537.36 (compatible; GoogleOther)"
74.7.227.39 - - [21/Apr/2026:19:56:19 +0000] "GET /goods.php?detail/04902306961610 HTTP/1.1" 404 21054 "https://s2spw.com/goods.php?detail/247015083237" "Mozilla/5.0 AppleWebKit/537.36 (KHTML, like Gecko; compatible; GPTBot/1.3; +https://openai.com/gptbot)"
74.7.227.39 - - [21/Apr/2026:19:56:22 +0000] "GET /goods.php?detail/07600866015211 HTTP/1.1" 404 21054 "https://s2spw.com/goods.php?detail/076008076413" "Mozilla/5.0 AppleWebKit/537.36 (KHTML, like Gecko; compatible; GPTBot/1.3; +https://openai.com/gptbot)"
74.7.227.39 - - [21/Apr/2026:19:56:25 +0000] "GET /goods.php?detail/27003616016228 HTTP/1.1" 404 21054 "https://s2spw.com/goods.php?detail/256005316734" "Mozilla/5.0 AppleWebKit/537.36 (KHTML, like Gecko; compatible; GPTBot/1.3; +https://openai.com/gptbot)"
74.7.227.39 - - [21/Apr/2026:19:56:27 +0000] "GET /goods.php?detail/00802793208139 HTTP/1.1" 404 21054 "https://s2spw.com/goods.php?detail/0080268086474" "Mozilla/5.0 AppleWebKit/537.36 (KHTML, like Gecko; compatible; GPTBot/1.3; +https://openai.com/gptbot)"
74.7.227.39 - - [21/Apr/2026:19:56:30 +0000] "GET /goods.php?detail/11704011879855 HTTP/1.1" 404 21054 "https://s2spw.com/goods.php?detail/129012007083" "Mozilla/5.0 AppleWebKit/537.36 (KHTML, like Gecko; compatible; GPTBot/1.3; +https://openai.com/gptbot)"
74.7.227.39 - - [21/Apr/2026:19:56:33 +0000] "GET /goods.php?detail/13204013800515 HTTP/1.1" 404 21054 "https://s2spw.com/goods.php?detail/058047342135" "Mozilla/5.0 AppleWebKit/537.36 (KHTML, like Gecko; compatible; GPTBot/1.3; +https://openai.com/gptbot)"
66.249.79.195 - - [21/Apr/2026:19:56:34 +0000] "GET /?detail/1440269920648 HTTP/1.1" 200 557407 "-" "Mozilla/5.0 (Linux; Android 6.0.1; Nexus 5X Build/MMB29P) AppleWebKit/537.36 (KHTML, like Gecko) Chrome/146.0.7680.177 Mobile Safari/537.36 (compatible; Googlebot/2.1; +http://www.google.com/bot.html)"
74.7.227.39 - - [21/Apr/2026:19:56:36 +0000] "GET /goods.php?detail/00302255649020 HTTP/1.1" 404 21054 "https://s2spw.com/goods.php?detail/040035832044" "Mozilla/5.0 AppleWebKit/537.36 (KHTML, like Gecko; compatible; GPTBot/1.3; +https://openai.com/gptbot)"
74.7.227.39 - - [21/Apr/2026:19:56:39 +0000] "GET /goods.php?detail/22900732152282 HTTP/1.1" 404 21054 "https://s2spw.com/goods.php?detail/099008284042" "Mozilla/5.0 AppleWebKit/537.36 (KHTML, like Gecko; compatible; GPTBot/1.3; +https://openai.com/gptbot)"
66.249.79.195 - - [21/Apr/2026:19:56:41 +0000] "GET /shop/pg/56clock/3478 HTTP/1.1" 200 561542 "-" "Mozilla/5.0 (Linux; Android 6.0.1; Nexus 5X Build/MMB29P) AppleWebKit/537.36 (KHTML, like Gecko) Chrome/146.0.7680.177 Mobile Safari/537.36 (compatible; Googlebot/2.1; +http://www.google.com/bot.html)"
74.7.227.39 - - [21/Apr/2026:19:56:41 +0000] "GET /goods.php?detail/23903949398730 HTTP/1.1" 404 21054 "https://s2spw.com/goods.php?detail/185011285581" "Mozilla/5.0 AppleWebKit/537.36 (KHTML, like Gecko; compatible; GPTBot/1.3; +https://openai.com/gptbot)"
74.7.227.39 - - [21/Apr/2026:19:56:44 +0000] "GET /goods.php?detail/28102148458621 HTTP/1.1" 404 21054 "https://s2spw.com/goods.php?detail/017034437873" "Mozilla/5.0 AppleWebKit/537.36 (KHTML, like Gecko; compatible; GPTBot/1.3; +https://openai.com/gptbot)"
74.7.227.39 - - [21/Apr/2026:19:56:47 +0000] "GET /goods.php?detail/27002732025014 HTTP/1.1" 404 21054 "https://s2spw.com/goods.php?detail/190002316211" "Mozilla/5.0 AppleWebKit/537.36 (KHTML, like Gecko; compatible; GPTBot/1.3; +https://openai.com/gptbot)"
74.7.227.39 - - [21/Apr/2026:19:56:50 +0000] "GET /goods.php?detail/00400144528982 HTTP/1.1" 404 21054 "https://s2spw.com/goods.php?product/edit/maido-diy-kmw-177d-1" "Mozilla/5.0 AppleWebKit/537.36 (KHTML, like Gecko; compatible; GPTBot/1.3; +https://openai.com/gptbot)"
74.7.227.39 - - [21/Apr/2026:19:56:53 +0000] "GET /goods.php?detail/19104618913418 HTTP/1.1" 404 21054 "https://s2spw.com/goods.php?detail/080003600749" "Mozilla/5.0 AppleWebKit/537.36 (KHTML, like Gecko; compatible; GPTBot/1.3; +https://openai.com/gptbot)"
74.7.227.39 - - [21/Apr/2026:19:56:56 +0000] "GET /goods.php?detail/00602523231902 HTTP/1.1" 404 21054 "https://s2spw.com/goods.php?detail/292022199529" "Mozilla/5.0 AppleWebKit/537.36 (KHTML, like Gecko; compatible; GPTBot/1.3; +https://openai.com/gptbot)"
74.7.227.39 - - [21/Apr/2026:19:56:59 +0000] "GET /goods.php?detail/24502427979495 HTTP/1.1" 404 21054 "https://s2spw.com/goods.php?detail/2540319261244" "Mozilla/5.0 AppleWebKit/537.36 (KHTML, like Gecko; compatible; GPTBot/1.3; +https://openai.com/gptbot)"
74.7.227.39 - - [21/Apr/2026:19:57:02 +0000] "GET /goods.php?detail/06701406557590 HTTP/1.1" 404 21054 "https://s2spw.com/goods.php?detail/154020497173" "Mozilla/5.0 AppleWebKit/537.36 (KHTML, like Gecko; compatible; GPTBot/1.3; +https://openai.com/gptbot)"
74.7.227.39 - - [21/Apr/2026:19:57:04 +0000] "GET /goods.php?detail/15303315510479 HTTP/1.1" 404 21054 "https://s2spw.com/goods.php?detail/0350294990449" "Mozilla/5.0 AppleWebKit/537.36 (KHTML, like Gecko; compatible; GPTBot/1.3; +https://openai.com/gptbot)"
74.7.227.39 - - [21/Apr/2026:19:57:07 +0000] "GET /goods.php?detail/22502392923661 HTTP/1.1" 404 21054 "https://s2spw.com/goods.php?detail/178004859078" "Mozilla/5.0 AppleWebKit/537.36 (KHTML, like Gecko; compatible; GPTBot/1.3; +https://openai.com/gptbot)"
74.7.227.39 - - [21/Apr/2026:19:57:10 +0000] "GET /goods.php?detail/22702780263243 HTTP/1.1" 404 21054 "https://s2spw.com/goods.php?detail/021049709006" "Mozilla/5.0 AppleWebKit/537.36 (KHTML, like Gecko; compatible; GPTBot/1.3; +https://openai.com/gptbot)"
74.7.227.39 - - [21/Apr/2026:19:57:13 +0000] "GET /goods.php?detail/18703037502378 HTTP/1.1" 404 21054 "https://s2spw.com/goods.php?detail/069045289777" "Mozilla/5.0 AppleWebKit/537.36 (KHTML, like Gecko; compatible; GPTBot/1.3; +https://openai.com/gptbot)"
74.7.227.39 - - [21/Apr/2026:19:57:16 +0000] "GET /goods.php?detail/02700212915774 HTTP/1.1" 404 21054 "https://s2spw.com/goods.php?detail/003039988194" "Mozilla/5.0 AppleWebKit/537.36 (KHTML, like Gecko; compatible; GPTBot/1.3; +https://openai.com/gptbot)"
74.7.227.39 - - [21/Apr/2026:19:57:19 +0000] "GET /goods.php?detail/09700891479093 HTTP/1.1" 404 21054 "https://s2spw.com/goods.php?detail/097009303968" "Mozilla/5.0 AppleWebKit/537.36 (KHTML, like Gecko; compatible; GPTBot/1.3; +https://openai.com/gptbot)"
74.7.227.39 - - [21/Apr/2026:19:57:22 +0000] "GET /goods.php?detail/03902407471290 HTTP/1.1" 404 21054 "https://s2spw.com/goods.php?detail/115004355011" "Mozilla/5.0 AppleWebKit/537.36 (KHTML, like Gecko; compatible; GPTBot/1.3; +https://openai.com/gptbot)"
66.249.79.197 - - [21/Apr/2026:19:57:22 +0000] "GET /?detail/28901842369670 HTTP/1.1" 301 - "-" "Mozilla/5.0 (Linux; Android 6.0.1; Nexus 5X Build/MMB29P) AppleWebKit/537.36 (KHTML, like Gecko) Chrome/146.0.7680.177 Mobile Safari/537.36 (compatible; GoogleOther)"
66.249.79.195 - - [21/Apr/2026:19:57:23 +0000] "GET /?detail%2F28901842369670 HTTP/1.1" 200 555301 "-" "Mozilla/5.0 (Linux; Android 6.0.1; Nexus 5X Build/MMB29P) AppleWebKit/537.36 (KHTML, like Gecko) Chrome/146.0.7680.177 Mobile Safari/537.36 (compatible; GoogleOther)"
74.7.227.39 - - [21/Apr/2026:19:57:24 +0000] "GET /goods.php?detail/19503951369554 HTTP/1.1" 404 21054 "https://s2spw.com/goods.php?detail/022045420798" "Mozilla/5.0 AppleWebKit/537.36 (KHTML, like Gecko; compatible; GPTBot/1.3; +https://openai.com/gptbot)"
74.7.227.39 - - [21/Apr/2026:19:57:27 +0000] "GET /goods.php?detail/02501350064104 HTTP/1.1" 404 21054 "https://s2spw.com/goods.php?detail/110007147579" "Mozilla/5.0 AppleWebKit/537.36 (KHTML, like Gecko; compatible; GPTBot/1.3; +https://openai.com/gptbot)"
70.35.205.237 - - [21/Apr/2026:19:57:29 +0000] "HEAD / HTTP/1.1" 200 - "https://s2spw.com/" "Mozilla/5.0 (Windows NT 10.0; Win64; x64) AppleWebKit/537.36 (KHTML, like Gecko) Chrome/91.0.4472.124 Safari/537.36"
70.35.205.237 - - [21/Apr/2026:19:57:29 +0000] "HEAD / HTTP/1.1" 200 - "https://s2spw.com/" "Mozilla/5.0 (Windows NT 10.0; Win64; x64) AppleWebKit/537.36 (KHTML, like Gecko) Chrome/91.0.4472.124 Safari/537.36"
70.35.205.237 - - [21/Apr/2026:19:57:30 +0000] "POST /wp-login.php HTTP/1.1" 200 4600 "https://www.google.com/" "Mozilla/5.0 (Windows NT 10.0; Win64; x64) AppleWebKit/537.36 (KHTML, like Gecko) Chrome/91.0.4472.124 Safari/537.36"
74.7.227.39 - - [21/Apr/2026:19:57:30 +0000] "GET /goods.php?detail/03300106129430 HTTP/1.1" 404 21054 "https://s2spw.com/goods.php?pcmypage?callback=product/review/e-kikai-2577943" "Mozilla/5.0 AppleWebKit/537.36 (KHTML, like Gecko; compatible; GPTBot/1.3; +https://openai.com/gptbot)"
70.35.205.237 - - [21/Apr/2026:19:57:30 +0000] "POST /wp-login.php HTTP/1.1" 302 - "https://s2spw.com/wp-admin/" "Mozilla/5.0 (Windows NT 10.0; Win64; x64) AppleWebKit/537.36 (KHTML, like Gecko) Chrome/90.0.4430.85 Safari/537.36"
70.35.205.237 - - [21/Apr/2026:19:57:30 +0000] "GET /wp-admin/ HTTP/1.1" 200 72523 "https://s2spw.com/wp-admin/" "Mozilla/5.0 (Windows NT 10.0; Win64; x64) AppleWebKit/537.36 (KHTML, like Gecko) Chrome/90.0.4430.85 Safari/537.36"
70.35.205.237 - - [21/Apr/2026:19:57:31 +0000] "HEAD / HTTP/1.1" 200 - "https://s2spw.com/" "Mozilla/5.0 (Windows NT 10.0; Win64; x64) AppleWebKit/537.36 (KHTML, like Gecko) Chrome/91.0.4472.124 Safari/537.36"
70.35.205.237 - - [21/Apr/2026:19:57:31 +0000] "GET /wp-admin/ HTTP/1.1" 200 72523 "https://www.google.com/" "Mozilla/5.0 (Windows NT 10.0; Win64; x64) AppleWebKit/537.36 (KHTML, like Gecko) Chrome/91.0.4472.124 Safari/537.36"
70.35.205.237 - - [21/Apr/2026:19:57:32 +0000] "HEAD / HTTP/1.1" 200 - "https://s2spw.com/" "Mozilla/5.0 (Windows NT 10.0; Win64; x64) AppleWebKit/537.36 (KHTML, like Gecko) Chrome/91.0.4472.124 Safari/537.36"
70.35.205.237 - - [21/Apr/2026:19:57:32 +0000] "POST /wp-login.php HTTP/1.1" 200 4600 "https://www.google.com/" "Mozilla/5.0 (Windows NT 10.0; Win64; x64) AppleWebKit/537.36 (KHTML, like Gecko) Chrome/91.0.4472.124 Safari/537.36"
70.35.205.237 - - [21/Apr/2026:19:57:32 +0000] "GET /wp-admin/plugin-install.php?tab=upload HTTP/1.1" 200 46885 "https://www.google.com/" "Mozilla/5.0 (Windows NT 10.0; Win64; x64) AppleWebKit/537.36 (KHTML, like Gecko) Chrome/91.0.4472.124 Safari/537.36"
70.35.205.237 - - [21/Apr/2026:19:57:32 +0000] "POST /wp-login.php HTTP/1.1" 302 - "https://s2spw.com/wp-admin/" "Mozilla/5.0 (Windows NT 10.0; Win64; x64) AppleWebKit/537.36 (KHTML, like Gecko) Chrome/90.0.4430.85 Safari/537.36"
70.35.205.237 - - [21/Apr/2026:19:57:32 +0000] "GET /wp-admin/ HTTP/1.1" 200 72523 "https://s2spw.com/wp-admin/" "Mozilla/5.0 (Windows NT 10.0; Win64; x64) AppleWebKit/537.36 (KHTML, like Gecko) Chrome/90.0.4430.85 Safari/537.36"
74.7.227.39 - - [21/Apr/2026:19:57:33 +0000] "GET /goods.php?detail/00101606765929 HTTP/1.1" 404 21054 "https://s2spw.com/goods.php?detail/056040441034" "Mozilla/5.0 AppleWebKit/537.36 (KHTML, like Gecko; compatible; GPTBot/1.3; +https://openai.com/gptbot)"
70.35.205.237 - - [21/Apr/2026:19:57:33 +0000] "GET /wp-admin/ HTTP/1.1" 200 72523 "https://www.google.com/" "Mozilla/5.0 (Windows NT 10.0; Win64; x64) AppleWebKit/537.36 (KHTML, like Gecko) Chrome/91.0.4472.124 Safari/537.36"
70.35.205.237 - - [21/Apr/2026:19:57:33 +0000] "GET /wp-admin/plugin-install.php?tab=upload HTTP/1.1" 200 46885 "https://www.google.com/" "Mozilla/5.0 (Windows NT 10.0; Win64; x64) AppleWebKit/537.36 (KHTML, like Gecko) Chrome/91.0.4472.124 Safari/537.36"
70.35.205.237 - - [21/Apr/2026:19:57:33 +0000] "POST /wp-admin/update.php?action=upload-plugin HTTP/1.1" 404 28513 "https://s2spw.com/wp-admin/plugin-install.php" "Mozilla/5.0 (Windows NT 10.0; Win64; x64) AppleWebKit/537.36 (KHTML, like Gecko) Chrome/132.0.0.0 Safari/537.36"
70.35.205.237 - - [21/Apr/2026:19:57:34 +0000] "GET /wp-content/plugins/npjkl/index.php HTTP/1.1" 301 - "-" "python-requests/2.32.3"
70.35.205.237 - - [21/Apr/2026:19:57:32 +0000] "POST /wp-admin/update.php?action=upload-plugin HTTP/1.1" 200 39542 "https://s2spw.com/wp-admin/plugin-install.php" "Mozilla/5.0 (Windows NT 10.0; Win64; x64) AppleWebKit/537.36 (KHTML, like Gecko) Chrome/132.0.0.0 Safari/537.36"
70.35.205.237 - - [21/Apr/2026:19:57:34 +0000] "GET /wp-content/plugins/ssuhd/index.php HTTP/1.1" 200 25149 "-" "python-requests/2.32.3"
70.35.205.237 - - [21/Apr/2026:19:57:34 +0000] "GET /wp-content/plugins/npjkl/ HTTP/1.1" 404 21054 "-" "python-requests/2.32.3"
70.35.205.237 - - [21/Apr/2026:19:57:34 +0000] "GET /wp-admin/ HTTP/1.1" 200 71598 "-" "Mozilla/5.0 (Windows NT 10.0; Win64; x64) AppleWebKit/537.36 (KHTML, like Gecko) Chrome/133.0.0.0 Safari/537.36"
70.35.205.237 - - [21/Apr/2026:19:57:35 +0000] "POST /wp-admin/admin-ajax.php HTTP/1.1" 404 28495 "-" "Mozilla/5.0 (Windows NT 10.0; Win64; x64) AppleWebKit/537.36 (KHTML, like Gecko) Chrome/133.0.0.0 Safari/537.36"
74.7.227.39 - - [21/Apr/2026:19:57:35 +0000] "GET /goods.php?detail/05602630101766 HTTP/1.1" 404 21054 "https://s2spw.com/goods.php?detail/035023039159" "Mozilla/5.0 AppleWebKit/537.36 (KHTML, like Gecko; compatible; GPTBot/1.3; +https://openai.com/gptbot)"
70.35.205.237 - - [21/Apr/2026:19:57:35 +0000] "POST /wp-admin/admin-ajax.php HTTP/1.1" 200 132 "-" "Mozilla/5.0 (Windows NT 10.0; Win64; x64) AppleWebKit/537.36 (KHTML, like Gecko) Chrome/133.0.0.0 Safari/537.36"
70.35.205.237 - - [21/Apr/2026:19:57:36 +0000] "GET /wp-admin/plugins.php HTTP/1.1" 200 248180 "-" "Mozilla/5.0 (Windows NT 10.0; Win64; x64) AppleWebKit/537.36 (KHTML, like Gecko) Chrome/133.0.0.0 Safari/537.36"
70.35.205.237 - - [21/Apr/2026:19:57:36 +0000] "GET /wp-admin/admin.php?page=wp_file_manager HTTP/1.1" 403 2516 "https://www.google.com/" "Mozilla/5.0 (Windows NT 10.0; Win64; x64) AppleWebKit/537.36 (KHTML, like Gecko) Chrome/91.0.4472.124 Safari/537.36"
70.35.205.237 - - [21/Apr/2026:19:57:36 +0000] "GET /wp-admin/theme-install.php?tab=upload HTTP/1.1" 403 299 "https://www.google.com/" "Mozilla/5.0 (Windows NT 10.0; Win64; x64) AppleWebKit/537.36 (KHTML, like Gecko) Chrome/91.0.4472.124 Safari/537.36"
70.35.205.237 - - [21/Apr/2026:19:57:37 +0000] "GET /wp-admin/ HTTP/1.1" 200 72523 "-" "Mozilla/5.0 (Windows NT 10.0; Win64; x64) AppleWebKit/537.36 (KHTML, like Gecko) Chrome/133.0.0.0 Safari/537.36"
70.35.205.237 - - [21/Apr/2026:19:57:37 +0000] "GET /wp-admin/plugin-editor.php?plugin=wp-file-manager%2Ffile_folder_manager.php&Submit=Select HTTP/1.1" 500 2540 "-" "Mozilla/5.0 (Windows NT 10.0; Win64; x64) AppleWebKit/537.36 (KHTML, like Gecko) Chrome/133.0.0.0 Safari/537.36"
70.35.205.237 - - [21/Apr/2026:19:57:37 +0000] "POST /wp-admin/admin-ajax.php HTTP/1.1" 404 28495 "-" "Mozilla/5.0 (Windows NT 10.0; Win64; x64) AppleWebKit/537.36 (KHTML, like Gecko) Chrome/133.0.0.0 Safari/537.36"
74.7.227.39 - - [21/Apr/2026:19:57:38 +0000] "GET /goods.php?detail/13100816963007 HTTP/1.1" 404 21054 "https://s2spw.com/goods.php?detail/085000806903" "Mozilla/5.0 AppleWebKit/537.36 (KHTML, like Gecko; compatible; GPTBot/1.3; +https://openai.com/gptbot)"
70.35.205.237 - - [21/Apr/2026:19:57:38 +0000] "POST /wp-admin/admin-ajax.php HTTP/1.1" 200 240 "-" "Mozilla/5.0 (Windows NT 10.0; Win64; x64) AppleWebKit/537.36 (KHTML, like Gecko) Chrome/133.0.0.0 Safari/537.36"
70.35.205.237 - - [21/Apr/2026:19:57:40 +0000] "POST /wp-admin/admin-ajax.php HTTP/1.1" 404 28492 "-" "Mozilla/5.0 (Windows NT 10.0; Win64; x64) AppleWebKit/537.36 (KHTML, like Gecko) Chrome/133.0.0.0 Safari/537.36"
70.35.205.237 - - [21/Apr/2026:19:57:40 +0000] "GET /wp-admin/plugin-editor.php?plugin=wp-file-manager%2Ffile_folder_manager.php&Submit=Select HTTP/1.1" 200 427575 "-" "Mozilla/5.0 (Windows NT 10.0; Win64; x64) AppleWebKit/537.36 (KHTML, like Gecko) Chrome/133.0.0.0 Safari/537.36"
70.35.205.237 - - [21/Apr/2026:19:57:41 +0000] "POST /wp-admin/admin-ajax.php HTTP/1.1" 404 28495 "-" "Mozilla/5.0 (Windows NT 10.0; Win64; x64) AppleWebKit/537.36 (KHTML, like Gecko) Chrome/133.0.0.0 Safari/537.36"
74.7.227.39 - - [21/Apr/2026:19:57:41 +0000] "GET /goods.php?detail/19100526154419 HTTP/1.1" 404 21054 "https://s2spw.com/goods.php?detail/062001527150" "Mozilla/5.0 AppleWebKit/537.36 (KHTML, like Gecko; compatible; GPTBot/1.3; +https://openai.com/gptbot)"
70.35.205.237 - - [21/Apr/2026:19:57:41 +0000] "POST /wp-admin/admin-ajax.php HTTP/1.1" 200 1 "https://s2spw.com/wp-admin/plugin-editor.php" "Mozilla/5.0 (Windows NT 10.0; Win64; x64) AppleWebKit/537.36 (KHTML, like Gecko) Chrome/138.0.0.0 Safari/537.36"
70.35.205.237 - - [21/Apr/2026:19:57:41 +0000] "GET /wp-admin/plugin-editor.php HTTP/1.1" 200 117774 "https://s2spw.com/wp-admin/plugin-editor.php" "Mozilla/5.0 (Windows NT 10.0; Win64; x64) AppleWebKit/537.36 (KHTML, like Gecko) Chrome/138.0.0.0 Safari/537.36"
70.35.205.237 - - [21/Apr/2026:19:57:42 +0000] "GET /wp-admin/plugin-editor.php?plugin=fileorganizer%2Ffileorganizer.php&Submit=Select HTTP/1.1" 200 118089 "https://s2spw.com/wp-admin/plugin-editor.php" "Mozilla/5.0 (Windows NT 10.0; Win64; x64) AppleWebKit/537.36 (KHTML, like Gecko) Chrome/138.0.0.0 Safari/537.36"
70.35.205.237 - - [21/Apr/2026:19:57:42 +0000] "POST /wp-admin/admin-ajax.php HTTP/1.1" 404 28495 "https://s2spw.com/wp-admin/plugin-editor.php" "Mozilla/5.0 (Windows NT 10.0; Win64; x64) AppleWebKit/537.36 (KHTML, like Gecko) Chrome/138.0.0.0 Safari/537.36"
74.7.227.39 - - [21/Apr/2026:19:57:44 +0000] "GET /goods.php?detail/05102951840950 HTTP/1.1" 404 21054 "https://s2spw.com/goods.php?detail/1010393069799" "Mozilla/5.0 AppleWebKit/537.36 (KHTML, like Gecko; compatible; GPTBot/1.3; +https://openai.com/gptbot)"
74.7.227.39 - - [21/Apr/2026:19:57:46 +0000] "GET /goods.php?detail/02703755608055 HTTP/1.1" 404 21054 "https://s2spw.com/goods.php?detail/0220265127250" "Mozilla/5.0 AppleWebKit/537.36 (KHTML, like Gecko; compatible; GPTBot/1.3; +https://openai.com/gptbot)"
74.7.227.39 - - [21/Apr/2026:19:57:49 +0000] "GET /goods.php?detail/22001247709847 HTTP/1.1" 404 21054 "https://s2spw.com/goods.php?detail/220011771237" "Mozilla/5.0 AppleWebKit/537.36 (KHTML, like Gecko; compatible; GPTBot/1.3; +https://openai.com/gptbot)"
74.7.227.39 - - [21/Apr/2026:19:57:52 +0000] "GET /goods.php?detail/22004477614904 HTTP/1.1" 404 21054 "https://s2spw.com/goods.php?detail/088008655628" "Mozilla/5.0 AppleWebKit/537.36 (KHTML, like Gecko; compatible; GPTBot/1.3; +https://openai.com/gptbot)"
74.7.227.39 - - [21/Apr/2026:19:57:55 +0000] "GET /goods.php?detail/06204098243306 HTTP/1.1" 404 21054 "https://s2spw.com/goods.php?detail/145013452456" "Mozilla/5.0 AppleWebKit/537.36 (KHTML, like Gecko; compatible; GPTBot/1.3; +https://openai.com/gptbot)"
74.7.227.39 - - [21/Apr/2026:19:57:58 +0000] "GET /goods.php?detail/02600386089560 HTTP/1.1" 404 21054 "https://s2spw.com/goods.php?detail/026004096292" "Mozilla/5.0 AppleWebKit/537.36 (KHTML, like Gecko; compatible; GPTBot/1.3; +https://openai.com/gptbot)"
74.7.227.39 - - [21/Apr/2026:19:58:01 +0000] "GET /goods.php?detail/17101832322428 HTTP/1.1" 404 21054 "https://s2spw.com/goods.php?detail/114007478940" "Mozilla/5.0 AppleWebKit/537.36 (KHTML, like Gecko; compatible; GPTBot/1.3; +https://openai.com/gptbot)"
74.7.227.39 - - [21/Apr/2026:19:58:04 +0000] "GET /goods.php?detail/11200909246152 HTTP/1.1" 404 21054 "https://s2spw.com/goods.php?detail/1120102408810" "Mozilla/5.0 AppleWebKit/537.36 (KHTML, like Gecko; compatible; GPTBot/1.3; +https://openai.com/gptbot)"
66.249.79.196 - - [21/Apr/2026:19:58:04 +0000] "GET /?jp/279021203.html HTTP/1.1" 200 560715 "-" "Mozilla/5.0 (Linux; Android 6.0.1; Nexus 5X Build/MMB29P) AppleWebKit/537.36 (KHTML, like Gecko) Chrome/146.0.7680.177 Mobile Safari/537.36 (compatible; GoogleOther)"
74.7.227.39 - - [21/Apr/2026:19:58:06 +0000] "GET /goods.php?detail/15202357115632 HTTP/1.1" 404 21054 "https://s2spw.com/goods.php?goods/152023810" "Mozilla/5.0 AppleWebKit/537.36 (KHTML, like Gecko; compatible; GPTBot/1.3; +https://openai.com/gptbot)"
66.249.79.197 - - [21/Apr/2026:19:58:07 +0000] "GET /?goods/044041912 HTTP/1.1" 200 554936 "-" "Mozilla/5.0 (Linux; Android 6.0.1; Nexus 5X Build/MMB29P) AppleWebKit/537.36 (KHTML, like Gecko) Chrome/146.0.7680.177 Mobile Safari/537.36 (compatible; Googlebot/2.1; +http://www.google.com/bot.html)"
74.7.227.39 - - [21/Apr/2026:19:58:09 +0000] "GET /goods.php?detail/09200374288020 HTTP/1.1" 404 21054 "https://s2spw.com/goods.php?detail/092001052533" "Mozilla/5.0 AppleWebKit/537.36 (KHTML, like Gecko; compatible; GPTBot/1.3; +https://openai.com/gptbot)"
74.7.227.39 - - [21/Apr/2026:19:58:12 +0000] "GET /goods.php?detail/20904774320527 HTTP/1.1" 404 21054 "https://s2spw.com/goods.php?detail/251022236730" "Mozilla/5.0 AppleWebKit/537.36 (KHTML, like Gecko; compatible; GPTBot/1.3; +https://openai.com/gptbot)"
74.7.227.39 - - [21/Apr/2026:19:58:15 +0000] "GET /goods.php?detail/10301052660712 HTTP/1.1" 404 21054 "https://s2spw.com/goods.php?detail/103010678067" "Mozilla/5.0 AppleWebKit/537.36 (KHTML, like Gecko; compatible; GPTBot/1.3; +https://openai.com/gptbot)"
70.35.205.237 - - [21/Apr/2026:19:58:18 +0000] "HEAD / HTTP/1.1" 200 - "https://s2spw.com/" "Mozilla/5.0 (Windows NT 10.0; Win64; x64) AppleWebKit/537.36 (KHTML, like Gecko) Chrome/91.0.4472.124 Safari/537.36"
74.7.227.39 - - [21/Apr/2026:19:58:18 +0000] "GET /goods.php?detail/21700477128214 HTTP/1.1" 404 21054 "https://s2spw.com/goods.php?detail/226042562092" "Mozilla/5.0 AppleWebKit/537.36 (KHTML, like Gecko; compatible; GPTBot/1.3; +https://openai.com/gptbot)"
70.35.205.237 - - [21/Apr/2026:19:58:18 +0000] "HEAD / HTTP/1.1" 200 - "https://s2spw.com/" "Mozilla/5.0 (Windows NT 10.0; Win64; x64) AppleWebKit/537.36 (KHTML, like Gecko) Chrome/91.0.4472.124 Safari/537.36"
70.35.205.237 - - [21/Apr/2026:19:58:18 +0000] "HEAD / HTTP/1.1" 200 - "https://s2spw.com/" "Mozilla/5.0 (Windows NT 10.0; Win64; x64) AppleWebKit/537.36 (KHTML, like Gecko) Chrome/91.0.4472.124 Safari/537.36"
70.35.205.237 - - [21/Apr/2026:19:58:19 +0000] "POST /wp-login.php HTTP/1.1" 200 4600 "https://www.google.com/" "Mozilla/5.0 (Windows NT 10.0; Win64; x64) AppleWebKit/537.36 (KHTML, like Gecko) Chrome/91.0.4472.124 Safari/537.36"
70.35.205.237 - - [21/Apr/2026:19:58:19 +0000] "HEAD / HTTP/1.1" 200 - "https://s2spw.com/" "Mozilla/5.0 (Windows NT 10.0; Win64; x64) AppleWebKit/537.36 (KHTML, like Gecko) Chrome/91.0.4472.124 Safari/537.36"
70.35.205.237 - - [21/Apr/2026:19:58:19 +0000] "POST /wp-login.php HTTP/1.1" 302 - "https://s2spw.com/wp-admin/" "Mozilla/5.0 (Windows NT 10.0; Win64; x64) AppleWebKit/537.36 (KHTML, like Gecko) Chrome/90.0.4430.85 Safari/537.36"
70.35.205.237 - - [21/Apr/2026:19:58:19 +0000] "POST /wp-login.php HTTP/1.1" 200 4600 "https://www.google.com/" "Mozilla/5.0 (Windows NT 10.0; Win64; x64) AppleWebKit/537.36 (KHTML, like Gecko) Chrome/91.0.4472.124 Safari/537.36"
70.35.205.237 - - [21/Apr/2026:19:58:19 +0000] "GET /wp-admin/ HTTP/1.1" 200 72523 "https://s2spw.com/wp-admin/" "Mozilla/5.0 (Windows NT 10.0; Win64; x64) AppleWebKit/537.36 (KHTML, like Gecko) Chrome/90.0.4430.85 Safari/537.36"
70.35.205.237 - - [21/Apr/2026:19:58:20 +0000] "POST /wp-login.php HTTP/1.1" 302 - "https://s2spw.com/wp-admin/" "Mozilla/5.0 (Windows NT 10.0; Win64; x64) AppleWebKit/537.36 (KHTML, like Gecko) Chrome/90.0.4430.85 Safari/537.36"
70.35.205.237 - - [21/Apr/2026:19:58:20 +0000] "GET /wp-admin/ HTTP/1.1" 200 72523 "https://www.google.com/" "Mozilla/5.0 (Windows NT 10.0; Win64; x64) AppleWebKit/537.36 (KHTML, like Gecko) Chrome/91.0.4472.124 Safari/537.36"
70.35.205.237 - - [21/Apr/2026:19:58:20 +0000] "GET /wp-admin/ HTTP/1.1" 200 72523 "https://s2spw.com/wp-admin/" "Mozilla/5.0 (Windows NT 10.0; Win64; x64) AppleWebKit/537.36 (KHTML, like Gecko) Chrome/90.0.4430.85 Safari/537.36"
70.35.205.237 - - [21/Apr/2026:19:58:20 +0000] "GET /wp-admin/plugin-install.php?tab=upload HTTP/1.1" 200 46885 "https://www.google.com/" "Mozilla/5.0 (Windows NT 10.0; Win64; x64) AppleWebKit/537.36 (KHTML, like Gecko) Chrome/91.0.4472.124 Safari/537.36"
70.35.205.237 - - [21/Apr/2026:19:58:20 +0000] "GET /wp-admin/ HTTP/1.1" 200 72523 "https://www.google.com/" "Mozilla/5.0 (Windows NT 10.0; Win64; x64) AppleWebKit/537.36 (KHTML, like Gecko) Chrome/91.0.4472.124 Safari/537.36"
70.35.205.237 - - [21/Apr/2026:19:58:20 +0000] "POST /wp-admin/update.php?action=upload-plugin HTTP/1.1" 404 28516 "https://s2spw.com/wp-admin/plugin-install.php" "Mozilla/5.0 (Windows NT 10.0; Win64; x64) AppleWebKit/537.36 (KHTML, like Gecko) Chrome/132.0.0.0 Safari/537.36"
74.7.227.39 - - [21/Apr/2026:19:58:21 +0000] "GET /goods.php?detail/09001824150989 HTTP/1.1" 404 21054 "https://s2spw.com/goods.php?detail/071042461056" "Mozilla/5.0 AppleWebKit/537.36 (KHTML, like Gecko; compatible; GPTBot/1.3; +https://openai.com/gptbot)"
70.35.205.237 - - [21/Apr/2026:19:58:21 +0000] "GET /wp-admin/plugin-install.php?tab=upload HTTP/1.1" 200 46885 "https://www.google.com/" "Mozilla/5.0 (Windows NT 10.0; Win64; x64) AppleWebKit/537.36 (KHTML, like Gecko) Chrome/91.0.4472.124 Safari/537.36"
70.35.205.237 - - [21/Apr/2026:19:58:21 +0000] "GET /wp-content/plugins/okznp/index.php HTTP/1.1" 301 - "-" "python-requests/2.32.3"
70.35.205.237 - - [21/Apr/2026:19:58:21 +0000] "GET /wp-content/plugins/okznp/ HTTP/1.1" 404 21054 "-" "python-requests/2.32.3"
70.35.205.237 - - [21/Apr/2026:19:58:21 +0000] "GET /wp-admin/ HTTP/1.1" 200 71595 "-" "Mozilla/5.0 (Windows NT 10.0; Win64; x64) AppleWebKit/537.36 (KHTML, like Gecko) Chrome/133.0.0.0 Safari/537.36"
70.35.205.237 - - [21/Apr/2026:19:58:21 +0000] "POST /wp-admin/update.php?action=upload-plugin HTTP/1.1" 200 39542 "https://s2spw.com/wp-admin/plugin-install.php" "Mozilla/5.0 (Windows NT 10.0; Win64; x64) AppleWebKit/537.36 (KHTML, like Gecko) Chrome/132.0.0.0 Safari/537.36"
70.35.205.237 - - [21/Apr/2026:19:58:22 +0000] "GET /wp-content/plugins/ngrkd/index.php HTTP/1.1" 200 25149 "-" "python-requests/2.32.3"
74.7.227.39 - - [21/Apr/2026:19:58:23 +0000] "GET /goods.php?detail/27502730851752 HTTP/1.1" 404 21054 "https://s2spw.com/goods.php?detail/275027599367" "Mozilla/5.0 AppleWebKit/537.36 (KHTML, like Gecko; compatible; GPTBot/1.3; +https://openai.com/gptbot)"
70.35.205.237 - - [21/Apr/2026:19:58:22 +0000] "POST /wp-admin/admin-ajax.php HTTP/1.1" 200 178 "-" "Mozilla/5.0 (Windows NT 10.0; Win64; x64) AppleWebKit/537.36 (KHTML, like Gecko) Chrome/133.0.0.0 Safari/537.36"
70.35.205.237 - - [21/Apr/2026:19:58:24 +0000] "POST /wp-admin/admin-ajax.php HTTP/1.1" 200 324 "-" "Mozilla/5.0 (Windows NT 10.0; Win64; x64) AppleWebKit/537.36 (KHTML, like Gecko) Chrome/133.0.0.0 Safari/537.36"
70.35.205.237 - - [21/Apr/2026:19:58:24 +0000] "GET /wp-admin/plugins.php HTTP/1.1" 200 253027 "-" "Mozilla/5.0 (Windows NT 10.0; Win64; x64) AppleWebKit/537.36 (KHTML, like Gecko) Chrome/133.0.0.0 Safari/537.36"
70.35.205.237 - - [21/Apr/2026:19:58:25 +0000] "GET /wp-admin/plugins.php?action=activate&plugin=wp-file-manager%2Ffile_folder_manager.php&plugin_status=all&paged=1&s&_wpnonce=317644479d HTTP/1.1" 302 - "-" "Mozilla/5.0 (Windows NT 10.0; Win64; x64) AppleWebKit/537.36 (KHTML, like Gecko) Chrome/133.0.0.0 Safari/537.36"
70.35.205.237 - - [21/Apr/2026:19:58:25 +0000] "GET /wp-admin/plugins.php?activate=true&plugin_status=all&paged=1&s= HTTP/1.1" 200 256842 "-" "Mozilla/5.0 (Windows NT 10.0; Win64; x64) AppleWebKit/537.36 (KHTML, like Gecko) Chrome/133.0.0.0 Safari/537.36"
70.35.205.237 - - [21/Apr/2026:19:58:26 +0000] "GET /wp-admin/admin.php?page=wp_file_manager HTTP/1.1" 200 68421 "https://www.google.com/" "Mozilla/5.0 (Windows NT 10.0; Win64; x64) AppleWebKit/537.36 (KHTML, like Gecko) Chrome/91.0.4472.124 Safari/537.36"
70.35.205.237 - - [21/Apr/2026:19:58:26 +0000] "POST /wp-admin/admin-ajax.php HTTP/1.1" 404 28495 "https://s2spw.com/wp-admin/admin.php?ssd" "Mozilla/5.0 (Windows NT 10.0; Win64; x64) AppleWebKit/537.36 (KHTML, like Gecko) Chrome/133.0.0.0 Safari/537.36"
74.7.227.39 - - [21/Apr/2026:19:58:26 +0000] "GET /goods.php?detail/04100486380943 HTTP/1.1" 404 21054 "https://s2spw.com/goods.php?jp/041005400.html" "Mozilla/5.0 AppleWebKit/537.36 (KHTML, like Gecko; compatible; GPTBot/1.3; +https://openai.com/gptbot)"
70.35.205.237 - - [21/Apr/2026:19:58:26 +0000] "GET /qvdqm.php HTTP/1.1" 403 301 "https://www.google.com/" "Mozilla/5.0 (Windows NT 10.0; Win64; x64) AppleWebKit/537.36 (KHTML, like Gecko) Chrome/91.0.4472.124 Safari/537.36"
70.35.205.237 - - [21/Apr/2026:19:58:26 +0000] "GET /wp-admin/theme-install.php?tab=upload HTTP/1.1" 200 64484 "https://www.google.com/" "Mozilla/5.0 (Windows NT 10.0; Win64; x64) AppleWebKit/537.36 (KHTML, like Gecko) Chrome/91.0.4472.124 Safari/537.36"
70.35.205.237 - - [21/Apr/2026:19:58:27 +0000] "POST /wp-admin/update.php?action=upload-theme HTTP/1.1" 200 42163 "https://s2spw.com/wp-admin/theme-install.php" "Mozilla/5.0 (Windows NT 10.0; Win64; x64) AppleWebKit/537.36 (KHTML, like Gecko) Chrome/132.0.0.0 Safari/537.36"
70.35.205.237 - - [21/Apr/2026:19:58:28 +0000] "GET /wp-content/themes/fffdq/index.php HTTP/1.1" 200 19226 "https://www.google.com/" "Mozilla/5.0 (Windows NT 10.0; Win64; x64) AppleWebKit/537.36 (KHTML, like Gecko) Chrome/91.0.4472.124 Safari/537.36"
