74.7.227.39 - - [21/Apr/2026:20:28:27 +0000] "GET /goods.php?detail/06700902636502 HTTP/1.1" 404 21054 "https://s2spw.com/goods.php?detail/216012976127" "Mozilla/5.0 AppleWebKit/537.36 (KHTML, like Gecko; compatible; GPTBot/1.3; +https://openai.com/gptbot)"
74.7.227.39 - - [21/Apr/2026:20:28:30 +0000] "GET /goods.php?detail/00404678084218 HTTP/1.1" 404 21054 "https://s2spw.com/goods.php?detail/062015159903" "Mozilla/5.0 AppleWebKit/537.36 (KHTML, like Gecko; compatible; GPTBot/1.3; +https://openai.com/gptbot)"
74.7.227.39 - - [21/Apr/2026:20:28:33 +0000] "GET /goods.php?detail/04204932799559 HTTP/1.1" 404 21054 "https://s2spw.com/goods.php?detail/142008634060" "Mozilla/5.0 AppleWebKit/537.36 (KHTML, like Gecko; compatible; GPTBot/1.3; +https://openai.com/gptbot)"
74.7.227.39 - - [21/Apr/2026:20:28:36 +0000] "GET /goods.php?detail/09502090626832 HTTP/1.1" 404 21054 "https://s2spw.com/goods.php?detail/110036012082" "Mozilla/5.0 AppleWebKit/537.36 (KHTML, like Gecko; compatible; GPTBot/1.3; +https://openai.com/gptbot)"
66.249.79.196 - - [21/Apr/2026:20:28:37 +0000] "GET /?jp/104007277.html HTTP/1.1" 200 565257 "-" "Mozilla/5.0 (Linux; Android 6.0.1; Nexus 5X Build/MMB29P) AppleWebKit/537.36 (KHTML, like Gecko) Chrome/146.0.7680.177 Mobile Safari/537.36 (compatible; GoogleOther)"
74.7.227.39 - - [21/Apr/2026:20:28:39 +0000] "GET /goods.php?detail/13304332163916 HTTP/1.1" 404 21054 "https://s2spw.com/goods.php?detail/174043454399" "Mozilla/5.0 AppleWebKit/537.36 (KHTML, like Gecko; compatible; GPTBot/1.3; +https://openai.com/gptbot)"
74.7.227.39 - - [21/Apr/2026:20:28:42 +0000] "GET /goods.php?detail/25700258268283 HTTP/1.1" 404 21054 "https://s2spw.com/goods.php?detail/257001496074" "Mozilla/5.0 AppleWebKit/537.36 (KHTML, like Gecko; compatible; GPTBot/1.3; +https://openai.com/gptbot)"
74.7.227.39 - - [21/Apr/2026:20:28:45 +0000] "GET /goods.php?detail/24002583003650 HTTP/1.1" 404 21054 "https://s2spw.com/goods.php?detail/0440453658345" "Mozilla/5.0 AppleWebKit/537.36 (KHTML, like Gecko; compatible; GPTBot/1.3; +https://openai.com/gptbot)"
74.7.227.39 - - [21/Apr/2026:20:28:47 +0000] "GET /goods.php?detail/24600584587755 HTTP/1.1" 404 21054 "https://s2spw.com/goods.php?goods/011010794" "Mozilla/5.0 AppleWebKit/537.36 (KHTML, like Gecko; compatible; GPTBot/1.3; +https://openai.com/gptbot)"
74.7.227.39 - - [21/Apr/2026:20:28:50 +0000] "GET /goods.php?detail/07001718134270 HTTP/1.1" 404 21054 "https://s2spw.com/goods.php?detail/070017086263" "Mozilla/5.0 AppleWebKit/537.36 (KHTML, like Gecko; compatible; GPTBot/1.3; +https://openai.com/gptbot)"
74.7.227.39 - - [21/Apr/2026:20:28:53 +0000] "GET /goods.php?detail/08104815519503 HTTP/1.1" 404 21054 "https://s2spw.com/goods.php?detail/081047784846" "Mozilla/5.0 AppleWebKit/537.36 (KHTML, like Gecko; compatible; GPTBot/1.3; +https://openai.com/gptbot)"
74.7.227.39 - - [21/Apr/2026:20:28:56 +0000] "GET /goods.php?detail/18202840683286 HTTP/1.1" 404 21054 "https://s2spw.com/goods.php?detail/182028347739" "Mozilla/5.0 AppleWebKit/537.36 (KHTML, like Gecko; compatible; GPTBot/1.3; +https://openai.com/gptbot)"
66.249.79.196 - - [21/Apr/2026:20:28:57 +0000] "GET /?goods/127012052 HTTP/1.1" 200 554036 "-" "Mozilla/5.0 (Linux; Android 6.0.1; Nexus 5X Build/MMB29P) AppleWebKit/537.36 (KHTML, like Gecko) Chrome/146.0.7680.177 Mobile Safari/537.36 (compatible; Googlebot/2.1; +http://www.google.com/bot.html)"
74.7.227.39 - - [21/Apr/2026:20:28:59 +0000] "GET /goods.php?detail/03600903592404 HTTP/1.1" 404 21054 "https://s2spw.com/goods.php?product/edit/tenpos2-ab1-aen0204" "Mozilla/5.0 AppleWebKit/537.36 (KHTML, like Gecko; compatible; GPTBot/1.3; +https://openai.com/gptbot)"
74.7.227.39 - - [21/Apr/2026:20:29:02 +0000] "GET /goods.php?detail/04804054702421 HTTP/1.1" 404 21054 "https://s2spw.com/goods.php?detail/048043687293" "Mozilla/5.0 AppleWebKit/537.36 (KHTML, like Gecko; compatible; GPTBot/1.3; +https://openai.com/gptbot)"
74.7.227.39 - - [21/Apr/2026:20:29:04 +0000] "GET /goods.php?detail/08200834509055 HTTP/1.1" 404 21054 "https://s2spw.com/goods.php?detail/082008663329" "Mozilla/5.0 AppleWebKit/537.36 (KHTML, like Gecko; compatible; GPTBot/1.3; +https://openai.com/gptbot)"
66.249.79.195 - - [21/Apr/2026:20:29:07 +0000] "GET /?detail/1600337199775 HTTP/1.1" 200 559544 "-" "Mozilla/5.0 (Linux; Android 6.0.1; Nexus 5X Build/MMB29P) AppleWebKit/537.36 (KHTML, like Gecko) Chrome/146.0.7680.177 Mobile Safari/537.36 (compatible; Googlebot/2.1; +http://www.google.com/bot.html)"
74.7.227.39 - - [21/Apr/2026:20:29:07 +0000] "GET /goods.php?detail/09100161036594 HTTP/1.1" 404 21054 "https://s2spw.com/goods.php?pcmypage?callback=product/review/sies-rosso-cu-ri-014" "Mozilla/5.0 AppleWebKit/537.36 (KHTML, like Gecko; compatible; GPTBot/1.3; +https://openai.com/gptbot)"
74.7.227.39 - - [21/Apr/2026:20:29:10 +0000] "GET /goods.php?detail/07702538511772 HTTP/1.1" 404 21054 "https://s2spw.com/goods.php?detail/077025864331" "Mozilla/5.0 AppleWebKit/537.36 (KHTML, like Gecko; compatible; GPTBot/1.3; +https://openai.com/gptbot)"
74.7.227.39 - - [21/Apr/2026:20:29:13 +0000] "GET /goods.php?detail/03301035263075 HTTP/1.1" 404 21054 "https://s2spw.com/goods.php?detail/040004774140" "Mozilla/5.0 AppleWebKit/537.36 (KHTML, like Gecko; compatible; GPTBot/1.3; +https://openai.com/gptbot)"
74.7.227.39 - - [21/Apr/2026:20:29:16 +0000] "GET /goods.php?detail/20702006944619 HTTP/1.1" 404 21054 "https://s2spw.com/goods.php?detail/207021159746" "Mozilla/5.0 AppleWebKit/537.36 (KHTML, like Gecko; compatible; GPTBot/1.3; +https://openai.com/gptbot)"
74.7.227.39 - - [21/Apr/2026:20:29:18 +0000] "GET /goods.php?detail/20400428375027 HTTP/1.1" 404 21054 "https://s2spw.com/goods.php?detail/204004584109" "Mozilla/5.0 AppleWebKit/537.36 (KHTML, like Gecko; compatible; GPTBot/1.3; +https://openai.com/gptbot)"
74.7.227.39 - - [21/Apr/2026:20:29:22 +0000] "GET /goods.php?detail/04001815504290 HTTP/1.1" 404 21054 "https://s2spw.com/goods.php?detail/040019210203" "Mozilla/5.0 AppleWebKit/537.36 (KHTML, like Gecko; compatible; GPTBot/1.3; +https://openai.com/gptbot)"
74.7.227.39 - - [21/Apr/2026:20:29:24 +0000] "GET /goods.php?detail/00800247547033 HTTP/1.1" 404 21054 "https://s2spw.com/goods.php?detail/046004062023" "Mozilla/5.0 AppleWebKit/537.36 (KHTML, like Gecko; compatible; GPTBot/1.3; +https://openai.com/gptbot)"
74.7.227.39 - - [21/Apr/2026:20:29:27 +0000] "GET /goods.php?detail/24104277842941 HTTP/1.1" 404 21054 "https://s2spw.com/goods.php?detail/071008354807" "Mozilla/5.0 AppleWebKit/537.36 (KHTML, like Gecko; compatible; GPTBot/1.3; +https://openai.com/gptbot)"
74.7.227.39 - - [21/Apr/2026:20:29:30 +0000] "GET /goods.php?detail/23204621642648 HTTP/1.1" 404 21054 "https://s2spw.com/goods.php?detail/277044741540" "Mozilla/5.0 AppleWebKit/537.36 (KHTML, like Gecko; compatible; GPTBot/1.3; +https://openai.com/gptbot)"
74.7.227.39 - - [21/Apr/2026:20:29:33 +0000] "GET /goods.php?detail/17400593933034 HTTP/1.1" 404 21054 "https://s2spw.com/goods.php?detail/250045104213" "Mozilla/5.0 AppleWebKit/537.36 (KHTML, like Gecko; compatible; GPTBot/1.3; +https://openai.com/gptbot)"
74.7.227.39 - - [21/Apr/2026:20:29:36 +0000] "GET /goods.php?detail/12304302250295 HTTP/1.1" 404 21054 "https://s2spw.com/goods.php?detail/123043063771" "Mozilla/5.0 AppleWebKit/537.36 (KHTML, like Gecko; compatible; GPTBot/1.3; +https://openai.com/gptbot)"
74.7.227.39 - - [21/Apr/2026:20:29:39 +0000] "GET /goods.php?detail/24804903848401 HTTP/1.1" 404 21054 "https://s2spw.com/goods.php?detail/0390314037200" "Mozilla/5.0 AppleWebKit/537.36 (KHTML, like Gecko; compatible; GPTBot/1.3; +https://openai.com/gptbot)"
66.249.79.195 - - [21/Apr/2026:20:29:39 +0000] "GET /?goods/151044610 HTTP/1.1" 200 556402 "-" "Mozilla/5.0 (Linux; Android 6.0.1; Nexus 5X Build/MMB29P) AppleWebKit/537.36 (KHTML, like Gecko) Chrome/146.0.7680.177 Mobile Safari/537.36 (compatible; GoogleOther)"
74.7.227.39 - - [21/Apr/2026:20:29:42 +0000] "GET /goods.php?detail/16001686967579 HTTP/1.1" 404 21054 "https://s2spw.com/goods.php?detail/1600167650055" "Mozilla/5.0 AppleWebKit/537.36 (KHTML, like Gecko; compatible; GPTBot/1.3; +https://openai.com/gptbot)"
66.249.79.195 - - [21/Apr/2026:20:29:43 +0000] "GET /?jp/096015751.html HTTP/1.1" 200 570437 "-" "Mozilla/5.0 (Linux; Android 6.0.1; Nexus 5X Build/MMB29P) AppleWebKit/537.36 (KHTML, like Gecko) Chrome/146.0.7680.177 Mobile Safari/537.36 (compatible; Googlebot/2.1; +http://www.google.com/bot.html)"
74.7.227.39 - - [21/Apr/2026:20:29:45 +0000] "GET /goods.php?detail/00600928416084 HTTP/1.1" 404 21054 "https://s2spw.com/goods.php?detail/127025199870" "Mozilla/5.0 AppleWebKit/537.36 (KHTML, like Gecko; compatible; GPTBot/1.3; +https://openai.com/gptbot)"
74.7.227.39 - - [21/Apr/2026:20:29:47 +0000] "GET /goods.php?detail/02502837018080 HTTP/1.1" 404 21054 "https://s2spw.com/goods.php?detail/025028482774" "Mozilla/5.0 AppleWebKit/537.36 (KHTML, like Gecko; compatible; GPTBot/1.3; +https://openai.com/gptbot)"
74.7.227.39 - - [21/Apr/2026:20:29:50 +0000] "GET /goods.php?detail/25003507202843 HTTP/1.1" 404 21054 "https://s2spw.com/goods.php?detail/052001380063" "Mozilla/5.0 AppleWebKit/537.36 (KHTML, like Gecko; compatible; GPTBot/1.3; +https://openai.com/gptbot)"
74.7.227.39 - - [21/Apr/2026:20:29:53 +0000] "GET /goods.php?detail/21900508779950 HTTP/1.1" 404 21054 "https://s2spw.com/goods.php?pcmypage?callback=product/review/n-aegis-lp-lp201ax2rgm" "Mozilla/5.0 AppleWebKit/537.36 (KHTML, like Gecko; compatible; GPTBot/1.3; +https://openai.com/gptbot)"
66.249.79.195 - - [21/Apr/2026:20:29:53 +0000] "GET /?jp/284007362.html HTTP/1.1" 301 - "-" "Mozilla/5.0 (Linux; Android 6.0.1; Nexus 5X Build/MMB29P) AppleWebKit/537.36 (KHTML, like Gecko) Chrome/146.0.7680.177 Mobile Safari/537.36 (compatible; Googlebot/2.1; +http://www.google.com/bot.html)"
66.249.79.195 - - [21/Apr/2026:20:29:54 +0000] "GET /?jp%2F284007362_html HTTP/1.1" 200 563657 "-" "Mozilla/5.0 (Linux; Android 6.0.1; Nexus 5X Build/MMB29P) AppleWebKit/537.36 (KHTML, like Gecko) Chrome/146.0.7680.177 Mobile Safari/537.36 (compatible; Googlebot/2.1; +http://www.google.com/bot.html)"
74.7.227.39 - - [21/Apr/2026:20:29:56 +0000] "GET /goods.php?detail/26304604268334 HTTP/1.1" 404 21054 "https://s2spw.com/goods.php?detail/194006339958" "Mozilla/5.0 AppleWebKit/537.36 (KHTML, like Gecko; compatible; GPTBot/1.3; +https://openai.com/gptbot)"
74.7.227.39 - - [21/Apr/2026:20:29:59 +0000] "GET /goods.php?detail/01604332883234 HTTP/1.1" 404 21054 "https://s2spw.com/goods.php?detail/128009387276" "Mozilla/5.0 AppleWebKit/537.36 (KHTML, like Gecko; compatible; GPTBot/1.3; +https://openai.com/gptbot)"
74.7.227.39 - - [21/Apr/2026:20:30:02 +0000] "GET /goods.php?detail/07604060210317 HTTP/1.1" 404 21054 "https://s2spw.com/goods.php?product/edit/boutique-ann-322-woo-dk7958" "Mozilla/5.0 AppleWebKit/537.36 (KHTML, like Gecko; compatible; GPTBot/1.3; +https://openai.com/gptbot)"
66.249.79.196 - - [21/Apr/2026:20:30:03 +0000] "GET /?b=2407479402 HTTP/1.1" 200 571261 "-" "Mozilla/5.0 (Linux; Android 6.0.1; Nexus 5X Build/MMB29P) AppleWebKit/537.36 (KHTML, like Gecko) Chrome/146.0.7680.177 Mobile Safari/537.36 (compatible; Googlebot/2.1; +http://www.google.com/bot.html)"
74.7.227.39 - - [21/Apr/2026:20:30:04 +0000] "GET /goods.php?detail/13700521355165 HTTP/1.1" 404 21054 "https://s2spw.com/goods.php?detail/027003028185" "Mozilla/5.0 AppleWebKit/537.36 (KHTML, like Gecko; compatible; GPTBot/1.3; +https://openai.com/gptbot)"
74.7.227.39 - - [21/Apr/2026:20:30:07 +0000] "GET /goods.php?detail/21501261494214 HTTP/1.1" 404 21054 "https://s2spw.com/goods.php?detail/120045574193" "Mozilla/5.0 AppleWebKit/537.36 (KHTML, like Gecko; compatible; GPTBot/1.3; +https://openai.com/gptbot)"
74.7.227.39 - - [21/Apr/2026:20:30:10 +0000] "GET /goods.php?detail/27104704262146 HTTP/1.1" 404 21054 "https://s2spw.com/goods.php?detail/271044899499" "Mozilla/5.0 AppleWebKit/537.36 (KHTML, like Gecko; compatible; GPTBot/1.3; +https://openai.com/gptbot)"
74.7.227.39 - - [21/Apr/2026:20:30:13 +0000] "GET /goods.php?detail/10201101340895 HTTP/1.1" 404 21054 "https://s2spw.com/goods.php?detail/1020127312218" "Mozilla/5.0 AppleWebKit/537.36 (KHTML, like Gecko; compatible; GPTBot/1.3; +https://openai.com/gptbot)"
66.249.79.195 - - [21/Apr/2026:20:30:14 +0000] "GET /?detail/161007664397 HTTP/1.1" 200 557548 "-" "Mozilla/5.0 (Linux; Android 6.0.1; Nexus 5X Build/MMB29P) AppleWebKit/537.36 (KHTML, like Gecko) Chrome/146.0.7680.177 Mobile Safari/537.36 (compatible; Googlebot/2.1; +http://www.google.com/bot.html)"
74.7.227.39 - - [21/Apr/2026:20:30:15 +0000] "GET /goods.php?detail/18102138901337 HTTP/1.1" 404 21054 "https://s2spw.com/goods.php?jp/231024702.html" "Mozilla/5.0 AppleWebKit/537.36 (KHTML, like Gecko; compatible; GPTBot/1.3; +https://openai.com/gptbot)"
74.7.227.39 - - [21/Apr/2026:20:30:18 +0000] "GET /goods.php?detail/08900508617107 HTTP/1.1" 404 21054 "https://s2spw.com/goods.php?detail/202007044068" "Mozilla/5.0 AppleWebKit/537.36 (KHTML, like Gecko; compatible; GPTBot/1.3; +https://openai.com/gptbot)"
74.7.227.39 - - [21/Apr/2026:20:30:21 +0000] "GET /goods.php?detail/27004625161665 HTTP/1.1" 404 21054 "https://s2spw.com/goods.php?detail/2520157085725" "Mozilla/5.0 AppleWebKit/537.36 (KHTML, like Gecko; compatible; GPTBot/1.3; +https://openai.com/gptbot)"
66.249.79.195 - - [21/Apr/2026:20:30:23 +0000] "GET /?jp/124040243.html HTTP/1.1" 200 554343 "-" "Mozilla/5.0 (Linux; Android 6.0.1; Nexus 5X Build/MMB29P) AppleWebKit/537.36 (KHTML, like Gecko) Chrome/146.0.7680.177 Mobile Safari/537.36 (compatible; Googlebot/2.1; +http://www.google.com/bot.html)"
74.7.227.39 - - [21/Apr/2026:20:30:24 +0000] "GET /goods.php?detail/17403779074237 HTTP/1.1" 404 21054 "https://s2spw.com/goods.php?detail/273000237703" "Mozilla/5.0 AppleWebKit/537.36 (KHTML, like Gecko; compatible; GPTBot/1.3; +https://openai.com/gptbot)"
74.7.227.39 - - [21/Apr/2026:20:30:27 +0000] "GET /goods.php?detail/01201419146501 HTTP/1.1" 404 21054 "https://s2spw.com/goods.php?detail/012014274573" "Mozilla/5.0 AppleWebKit/537.36 (KHTML, like Gecko; compatible; GPTBot/1.3; +https://openai.com/gptbot)"
66.249.79.196 - - [21/Apr/2026:20:30:29 +0000] "GET /?goods/123048472 HTTP/1.1" 200 557989 "-" "Mozilla/5.0 (Linux; Android 6.0.1; Nexus 5X Build/MMB29P) AppleWebKit/537.36 (KHTML, like Gecko) Chrome/146.0.7680.177 Mobile Safari/537.36 (compatible; Googlebot/2.1; +http://www.google.com/bot.html)"
74.7.227.39 - - [21/Apr/2026:20:30:30 +0000] "GET /goods.php?detail/28801832936806 HTTP/1.1" 404 21054 "https://s2spw.com/goods.php?detail/244002690843" "Mozilla/5.0 AppleWebKit/537.36 (KHTML, like Gecko; compatible; GPTBot/1.3; +https://openai.com/gptbot)"
74.7.227.39 - - [21/Apr/2026:20:30:33 +0000] "GET /goods.php?detail/14701431276371 HTTP/1.1" 404 21054 "https://s2spw.com/goods.php?detail/071042426306" "Mozilla/5.0 AppleWebKit/537.36 (KHTML, like Gecko; compatible; GPTBot/1.3; +https://openai.com/gptbot)"
74.7.227.39 - - [21/Apr/2026:20:30:36 +0000] "GET /goods.php?detail/02200251429989 HTTP/1.1" 404 21054 "https://s2spw.com/goods.php?detail/022002989229" "Mozilla/5.0 AppleWebKit/537.36 (KHTML, like Gecko; compatible; GPTBot/1.3; +https://openai.com/gptbot)"
66.249.79.195 - - [21/Apr/2026:20:30:36 +0000] "GET /?jp/214048469.html HTTP/1.1" 200 561983 "-" "Mozilla/5.0 (Linux; Android 6.0.1; Nexus 5X Build/MMB29P) AppleWebKit/537.36 (KHTML, like Gecko) Chrome/146.0.7680.177 Mobile Safari/537.36 (compatible; Googlebot/2.1; +http://www.google.com/bot.html)"
74.7.227.39 - - [21/Apr/2026:20:30:38 +0000] "GET /goods.php?detail/16401609158961 HTTP/1.1" 404 21054 "https://s2spw.com/goods.php?detail/164015671155" "Mozilla/5.0 AppleWebKit/537.36 (KHTML, like Gecko; compatible; GPTBot/1.3; +https://openai.com/gptbot)"
66.249.79.196 - - [21/Apr/2026:20:30:39 +0000] "GET /?goods/184012192 HTTP/1.1" 200 556038 "-" "Mozilla/5.0 (Linux; Android 6.0.1; Nexus 5X Build/MMB29P) AppleWebKit/537.36 (KHTML, like Gecko) Chrome/146.0.7680.177 Mobile Safari/537.36 (compatible; Googlebot/2.1; +http://www.google.com/bot.html)"
74.7.227.39 - - [21/Apr/2026:20:30:41 +0000] "GET /goods.php?detail/18902164611692 HTTP/1.1" 404 21054 "https://s2spw.com/goods.php?detail/189012364493" "Mozilla/5.0 AppleWebKit/537.36 (KHTML, like Gecko; compatible; GPTBot/1.3; +https://openai.com/gptbot)"
66.249.79.197 - - [21/Apr/2026:20:30:42 +0000] "GET /?detail/097020570657 HTTP/1.1" 301 - "-" "Mozilla/5.0 (Linux; Android 6.0.1; Nexus 5X Build/MMB29P) AppleWebKit/537.36 (KHTML, like Gecko) Chrome/146.0.7680.177 Mobile Safari/537.36 (compatible; GoogleOther)"
66.249.79.197 - - [21/Apr/2026:20:30:43 +0000] "GET /?jp/065014533.html HTTP/1.1" 200 554728 "-" "Mozilla/5.0 (Linux; Android 6.0.1; Nexus 5X Build/MMB29P) AppleWebKit/537.36 (KHTML, like Gecko) Chrome/146.0.7680.177 Mobile Safari/537.36 (compatible; Googlebot/2.1; +http://www.google.com/bot.html)"
66.249.79.196 - - [21/Apr/2026:20:30:44 +0000] "GET /?detail%2F097020570657 HTTP/1.1" 200 560081 "-" "Mozilla/5.0 (Linux; Android 6.0.1; Nexus 5X Build/MMB29P) AppleWebKit/537.36 (KHTML, like Gecko) Chrome/146.0.7680.177 Mobile Safari/537.36 (compatible; GoogleOther)"
74.7.227.39 - - [21/Apr/2026:20:30:44 +0000] "GET /goods.php?detail/19303272903098 HTTP/1.1" 404 21054 "https://s2spw.com/goods.php?jp/193032865.html" "Mozilla/5.0 AppleWebKit/537.36 (KHTML, like Gecko; compatible; GPTBot/1.3; +https://openai.com/gptbot)"
74.7.227.39 - - [21/Apr/2026:20:30:47 +0000] "GET /goods.php?detail/03302421245347 HTTP/1.1" 404 21054 "https://s2spw.com/goods.php?detail/279036831320" "Mozilla/5.0 AppleWebKit/537.36 (KHTML, like Gecko; compatible; GPTBot/1.3; +https://openai.com/gptbot)"
74.7.227.39 - - [21/Apr/2026:20:30:50 +0000] "GET /goods.php?detail/28403627346626 HTTP/1.1" 404 21054 "https://s2spw.com/goods.php?detail/0020247695821" "Mozilla/5.0 AppleWebKit/537.36 (KHTML, like Gecko; compatible; GPTBot/1.3; +https://openai.com/gptbot)"
74.7.227.39 - - [21/Apr/2026:20:30:53 +0000] "GET /goods.php?detail/25403640113140 HTTP/1.1" 404 21054 "https://s2spw.com/goods.php?jp/004043016.html" "Mozilla/5.0 AppleWebKit/537.36 (KHTML, like Gecko; compatible; GPTBot/1.3; +https://openai.com/gptbot)"
66.249.79.195 - - [21/Apr/2026:20:30:53 +0000] "GET /?jp/001023992.html HTTP/1.1" 200 559015 "-" "Mozilla/5.0 (Linux; Android 6.0.1; Nexus 5X Build/MMB29P) AppleWebKit/537.36 (KHTML, like Gecko) Chrome/146.0.7680.177 Mobile Safari/537.36 (compatible; Googlebot/2.1; +http://www.google.com/bot.html)"
74.7.227.39 - - [21/Apr/2026:20:30:56 +0000] "GET /goods.php?detail/14900931981960 HTTP/1.1" 404 21054 "https://s2spw.com/goods.php?detail/149009181316" "Mozilla/5.0 AppleWebKit/537.36 (KHTML, like Gecko; compatible; GPTBot/1.3; +https://openai.com/gptbot)"
74.7.227.39 - - [21/Apr/2026:20:30:58 +0000] "GET /goods.php?detail/06002587022635 HTTP/1.1" 404 21054 "https://s2spw.com/goods.php?detail/0470022672650" "Mozilla/5.0 AppleWebKit/537.36 (KHTML, like Gecko; compatible; GPTBot/1.3; +https://openai.com/gptbot)"
74.7.227.39 - - [21/Apr/2026:20:31:01 +0000] "GET /goods.php?detail/05900606992641 HTTP/1.1" 404 21054 "https://s2spw.com/goods.php?detail/059006115049" "Mozilla/5.0 AppleWebKit/537.36 (KHTML, like Gecko; compatible; GPTBot/1.3; +https://openai.com/gptbot)"
74.7.227.39 - - [21/Apr/2026:20:31:04 +0000] "GET /goods.php?detail/02404094992768 HTTP/1.1" 404 21054 "https://s2spw.com/goods.php?detail/024037640650" "Mozilla/5.0 AppleWebKit/537.36 (KHTML, like Gecko; compatible; GPTBot/1.3; +https://openai.com/gptbot)"
66.249.79.197 - - [21/Apr/2026:20:31:05 +0000] "GET /?goods/265040338 HTTP/1.1" 200 577754 "-" "Mozilla/5.0 (Linux; Android 6.0.1; Nexus 5X Build/MMB29P) AppleWebKit/537.36 (KHTML, like Gecko) Chrome/146.0.7680.177 Mobile Safari/537.36 (compatible; Googlebot/2.1; +http://www.google.com/bot.html)"
74.7.227.39 - - [21/Apr/2026:20:31:07 +0000] "GET /goods.php?detail/27904909362027 HTTP/1.1" 404 21054 "https://s2spw.com/goods.php?detail/002011914566" "Mozilla/5.0 AppleWebKit/537.36 (KHTML, like Gecko; compatible; GPTBot/1.3; +https://openai.com/gptbot)"
74.7.227.39 - - [21/Apr/2026:20:31:10 +0000] "GET /goods.php?detail/15101569985883 HTTP/1.1" 404 21054 "https://s2spw.com/goods.php?detail/151015550135" "Mozilla/5.0 AppleWebKit/537.36 (KHTML, like Gecko; compatible; GPTBot/1.3; +https://openai.com/gptbot)"
66.249.79.195 - - [21/Apr/2026:20:31:11 +0000] "GET /?jp/230042718.html HTTP/1.1" 200 559765 "-" "Mozilla/5.0 (Linux; Android 6.0.1; Nexus 5X Build/MMB29P) AppleWebKit/537.36 (KHTML, like Gecko) Chrome/146.0.7680.177 Mobile Safari/537.36 (compatible; Googlebot/2.1; +http://www.google.com/bot.html)"
74.7.227.39 - - [21/Apr/2026:20:31:13 +0000] "GET /goods.php?detail/09900908496331 HTTP/1.1" 404 21054 "https://s2spw.com/goods.php?detail/0990094613317" "Mozilla/5.0 AppleWebKit/537.36 (KHTML, like Gecko; compatible; GPTBot/1.3; +https://openai.com/gptbot)"
66.249.79.196 - - [21/Apr/2026:20:31:13 +0000] "GET /?jp/221048257.html HTTP/1.1" 301 - "-" "Mozilla/5.0 (Linux; Android 6.0.1; Nexus 5X Build/MMB29P) AppleWebKit/537.36 (KHTML, like Gecko) Chrome/146.0.7680.177 Mobile Safari/537.36 (compatible; Googlebot/2.1; +http://www.google.com/bot.html)"
66.249.79.196 - - [21/Apr/2026:20:31:13 +0000] "GET /?jp%2F221048257_html HTTP/1.1" 200 558223 "-" "Mozilla/5.0 (Linux; Android 6.0.1; Nexus 5X Build/MMB29P) AppleWebKit/537.36 (KHTML, like Gecko) Chrome/146.0.7680.177 Mobile Safari/537.36 (compatible; Googlebot/2.1; +http://www.google.com/bot.html)"
74.7.227.39 - - [21/Apr/2026:20:31:16 +0000] "GET /goods.php?detail/04004347318336 HTTP/1.1" 404 21054 "https://s2spw.com/goods.php?detail/117018841011" "Mozilla/5.0 AppleWebKit/537.36 (KHTML, like Gecko; compatible; GPTBot/1.3; +https://openai.com/gptbot)"
74.7.227.39 - - [21/Apr/2026:20:31:19 +0000] "GET /goods.php?detail/07801215095122 HTTP/1.1" 404 21054 "https://s2spw.com/goods.php?detail/0780125648519" "Mozilla/5.0 AppleWebKit/537.36 (KHTML, like Gecko; compatible; GPTBot/1.3; +https://openai.com/gptbot)"
74.7.227.39 - - [21/Apr/2026:20:31:21 +0000] "GET /goods.php?detail/13501455761535 HTTP/1.1" 404 21054 "https://s2spw.com/goods.php?detail/203036402498" "Mozilla/5.0 AppleWebKit/537.36 (KHTML, like Gecko; compatible; GPTBot/1.3; +https://openai.com/gptbot)"
66.249.79.196 - - [21/Apr/2026:20:31:23 +0000] "GET /?goods/088009912 HTTP/1.1" 200 557996 "-" "Mozilla/5.0 (Linux; Android 6.0.1; Nexus 5X Build/MMB29P) AppleWebKit/537.36 (KHTML, like Gecko) Chrome/146.0.7680.177 Mobile Safari/537.36 (compatible; Googlebot/2.1; +http://www.google.com/bot.html)"
74.7.227.39 - - [21/Apr/2026:20:31:24 +0000] "GET /goods.php?detail/11804714708867 HTTP/1.1" 404 21054 "https://s2spw.com/goods.php?detail/261030728060" "Mozilla/5.0 AppleWebKit/537.36 (KHTML, like Gecko; compatible; GPTBot/1.3; +https://openai.com/gptbot)"
74.7.227.39 - - [21/Apr/2026:20:31:27 +0000] "GET /goods.php?detail/14100933559345 HTTP/1.1" 404 21054 "https://s2spw.com/goods.php?detail/0020478323277" "Mozilla/5.0 AppleWebKit/537.36 (KHTML, like Gecko; compatible; GPTBot/1.3; +https://openai.com/gptbot)"
74.7.227.39 - - [21/Apr/2026:20:31:30 +0000] "GET /goods.php?detail/16004216270412 HTTP/1.1" 404 21054 "https://s2spw.com/goods.php?detail/083008056670" "Mozilla/5.0 AppleWebKit/537.36 (KHTML, like Gecko; compatible; GPTBot/1.3; +https://openai.com/gptbot)"
74.7.227.39 - - [21/Apr/2026:20:31:33 +0000] "GET /goods.php?detail/09101106299823 HTTP/1.1" 404 21054 "https://s2spw.com/goods.php?detail/002003196204" "Mozilla/5.0 AppleWebKit/537.36 (KHTML, like Gecko; compatible; GPTBot/1.3; +https://openai.com/gptbot)"
66.249.79.195 - - [21/Apr/2026:20:31:33 +0000] "GET /?detail/22101316084812 HTTP/1.1" 301 - "-" "Mozilla/5.0 (Linux; Android 6.0.1; Nexus 5X Build/MMB29P) AppleWebKit/537.36 (KHTML, like Gecko) Chrome/146.0.7680.177 Mobile Safari/537.36 (compatible; Googlebot/2.1; +http://www.google.com/bot.html)"
66.249.79.196 - - [21/Apr/2026:20:31:34 +0000] "GET /?detail%2F22101316084812 HTTP/1.1" 200 575724 "-" "Mozilla/5.0 (Linux; Android 6.0.1; Nexus 5X Build/MMB29P) AppleWebKit/537.36 (KHTML, like Gecko) Chrome/146.0.7680.177 Mobile Safari/537.36 (compatible; Googlebot/2.1; +http://www.google.com/bot.html)"
74.7.227.39 - - [21/Apr/2026:20:31:35 +0000] "GET /goods.php?detail/07803079778861 HTTP/1.1" 404 21054 "https://s2spw.com/goods.php?pcmypage?callback=product/review/kts-web-ss-pe16-qq-e-f1-212k" "Mozilla/5.0 AppleWebKit/537.36 (KHTML, like Gecko; compatible; GPTBot/1.3; +https://openai.com/gptbot)"
66.249.79.197 - - [21/Apr/2026:20:31:37 +0000] "GET /?jp/002035557.html HTTP/1.1" 200 579125 "-" "Mozilla/5.0 (Linux; Android 6.0.1; Nexus 5X Build/MMB29P) AppleWebKit/537.36 (KHTML, like Gecko) Chrome/146.0.7680.177 Mobile Safari/537.36 (compatible; GoogleOther)"
74.7.227.39 - - [21/Apr/2026:20:31:38 +0000] "GET /goods.php?detail/23802291120404 HTTP/1.1" 404 21054 "https://s2spw.com/goods.php?detail/238024530338" "Mozilla/5.0 AppleWebKit/537.36 (KHTML, like Gecko; compatible; GPTBot/1.3; +https://openai.com/gptbot)"
74.7.227.39 - - [21/Apr/2026:20:31:41 +0000] "GET /goods.php?detail/27502729692167 HTTP/1.1" 404 21054 "https://s2spw.com/goods.php?detail/275027900874" "Mozilla/5.0 AppleWebKit/537.36 (KHTML, like Gecko; compatible; GPTBot/1.3; +https://openai.com/gptbot)"
74.7.227.39 - - [21/Apr/2026:20:31:44 +0000] "GET /goods.php?detail/00700182328668 HTTP/1.1" 404 21054 "https://s2spw.com/goods.php?detail/007001930384" "Mozilla/5.0 AppleWebKit/537.36 (KHTML, like Gecko; compatible; GPTBot/1.3; +https://openai.com/gptbot)"
66.249.79.196 - - [21/Apr/2026:20:31:45 +0000] "GET /?detail/0040491897009 HTTP/1.1" 200 565538 "-" "Mozilla/5.0 (Linux; Android 6.0.1; Nexus 5X Build/MMB29P) AppleWebKit/537.36 (KHTML, like Gecko) Chrome/146.0.7680.177 Mobile Safari/537.36 (compatible; Googlebot/2.1; +http://www.google.com/bot.html)"
74.7.227.39 - - [21/Apr/2026:20:31:47 +0000] "GET /goods.php?detail/10404619607390 HTTP/1.1" 404 21054 "https://s2spw.com/goods.php?detail/138027130443" "Mozilla/5.0 AppleWebKit/537.36 (KHTML, like Gecko; compatible; GPTBot/1.3; +https://openai.com/gptbot)"
74.7.227.39 - - [21/Apr/2026:20:31:50 +0000] "GET /goods.php?detail/03502530209826 HTTP/1.1" 404 21054 "https://s2spw.com/goods.php?detail/0350244070072" "Mozilla/5.0 AppleWebKit/537.36 (KHTML, like Gecko; compatible; GPTBot/1.3; +https://openai.com/gptbot)"
74.7.227.39 - - [21/Apr/2026:20:31:53 +0000] "GET /goods.php?detail/14701460713478 HTTP/1.1" 404 21054 "https://s2spw.com/goods.php?pcmypage?callback=product/review/jordan23-19_003bod_666686cf-1" "Mozilla/5.0 AppleWebKit/537.36 (KHTML, like Gecko; compatible; GPTBot/1.3; +https://openai.com/gptbot)"
66.249.79.197 - - [21/Apr/2026:20:31:54 +0000] "GET /?detail/0200153756143 HTTP/1.1" 200 556822 "-" "Mozilla/5.0 (Linux; Android 6.0.1; Nexus 5X Build/MMB29P) AppleWebKit/537.36 (KHTML, like Gecko) Chrome/146.0.7680.177 Mobile Safari/537.36 (compatible; Googlebot/2.1; +http://www.google.com/bot.html)"
74.7.227.39 - - [21/Apr/2026:20:31:55 +0000] "GET /goods.php?detail/24001409800305 HTTP/1.1" 404 21054 "https://s2spw.com/goods.php?detail/240007204497" "Mozilla/5.0 AppleWebKit/537.36 (KHTML, like Gecko; compatible; GPTBot/1.3; +https://openai.com/gptbot)"
74.7.227.39 - - [21/Apr/2026:20:31:58 +0000] "GET /goods.php?detail/04202919002337 HTTP/1.1" 404 21054 "https://s2spw.com/goods.php?detail/1710036807117" "Mozilla/5.0 AppleWebKit/537.36 (KHTML, like Gecko; compatible; GPTBot/1.3; +https://openai.com/gptbot)"
74.7.227.39 - - [21/Apr/2026:20:32:01 +0000] "GET /goods.php?detail/00302267167612 HTTP/1.1" 404 21054 "https://s2spw.com/goods.php?detail/153023083480" "Mozilla/5.0 AppleWebKit/537.36 (KHTML, like Gecko; compatible; GPTBot/1.3; +https://openai.com/gptbot)"
66.249.79.195 - - [21/Apr/2026:20:32:03 +0000] "GET /?jp/300031665.html HTTP/1.1" 200 556501 "-" "Mozilla/5.0 (Linux; Android 6.0.1; Nexus 5X Build/MMB29P) AppleWebKit/537.36 (KHTML, like Gecko) Chrome/146.0.7680.177 Mobile Safari/537.36 (compatible; Googlebot/2.1; +http://www.google.com/bot.html)"
74.7.227.39 - - [21/Apr/2026:20:32:04 +0000] "GET /goods.php?detail/21400194309921 HTTP/1.1" 404 21054 "https://s2spw.com/goods.php?detail/284000910964" "Mozilla/5.0 AppleWebKit/537.36 (KHTML, like Gecko; compatible; GPTBot/1.3; +https://openai.com/gptbot)"
66.249.79.196 - - [21/Apr/2026:20:32:05 +0000] "GET /?jp/192038203.html HTTP/1.1" 200 554066 "-" "Mozilla/5.0 (Linux; Android 6.0.1; Nexus 5X Build/MMB29P) AppleWebKit/537.36 (KHTML, like Gecko) Chrome/146.0.7680.177 Mobile Safari/537.36 (compatible; Googlebot/2.1; +http://www.google.com/bot.html)"
74.7.227.39 - - [21/Apr/2026:20:32:07 +0000] "GET /goods.php?detail/16903094349007 HTTP/1.1" 404 21054 "https://s2spw.com/goods.php?detail/097005599243" "Mozilla/5.0 AppleWebKit/537.36 (KHTML, like Gecko; compatible; GPTBot/1.3; +https://openai.com/gptbot)"
74.7.227.39 - - [21/Apr/2026:20:32:09 +0000] "GET /goods.php?detail/04601858007658 HTTP/1.1" 404 21054 "https://s2spw.com/goods.php?goods/257000196" "Mozilla/5.0 AppleWebKit/537.36 (KHTML, like Gecko; compatible; GPTBot/1.3; +https://openai.com/gptbot)"
74.7.227.39 - - [21/Apr/2026:20:32:12 +0000] "GET /goods.php?detail/18202203730266 HTTP/1.1" 404 21054 "https://s2spw.com/goods.php?detail/182019061309" "Mozilla/5.0 AppleWebKit/537.36 (KHTML, like Gecko; compatible; GPTBot/1.3; +https://openai.com/gptbot)"
66.249.79.195 - - [21/Apr/2026:20:32:12 +0000] "GET /?jp/234041240.html HTTP/1.1" 301 - "-" "Mozilla/5.0 (Linux; Android 6.0.1; Nexus 5X Build/MMB29P) AppleWebKit/537.36 (KHTML, like Gecko) Chrome/146.0.7680.177 Mobile Safari/537.36 (compatible; Googlebot/2.1; +http://www.google.com/bot.html)"
66.249.79.196 - - [21/Apr/2026:20:32:13 +0000] "GET /?jp%2F234041240_html HTTP/1.1" 200 560357 "-" "Mozilla/5.0 (Linux; Android 6.0.1; Nexus 5X Build/MMB29P) AppleWebKit/537.36 (KHTML, like Gecko) Chrome/146.0.7680.177 Mobile Safari/537.36 (compatible; Googlebot/2.1; +http://www.google.com/bot.html)"
66.249.79.195 - - [21/Apr/2026:20:32:13 +0000] "GET /?detail/282026120030 HTTP/1.1" 200 561080 "-" "Mozilla/5.0 (Linux; Android 6.0.1; Nexus 5X Build/MMB29P) AppleWebKit/537.36 (KHTML, like Gecko) Chrome/146.0.7680.177 Mobile Safari/537.36 (compatible; Googlebot/2.1; +http://www.google.com/bot.html)"
74.7.227.39 - - [21/Apr/2026:20:32:15 +0000] "GET /goods.php?detail/12901227817621 HTTP/1.1" 404 21054 "https://s2spw.com/goods.php?product/edit/partsdirect-gwsu15a" "Mozilla/5.0 AppleWebKit/537.36 (KHTML, like Gecko; compatible; GPTBot/1.3; +https://openai.com/gptbot)"
135.181.160.215 - - [21/Apr/2026:20:32:16 +0000] "POST /wp-content/plugins/cutfdpm/index.php HTTP/1.1" 404 21054 "-" "-"
74.7.227.39 - - [21/Apr/2026:20:32:18 +0000] "GET /goods.php?detail/21901928322588 HTTP/1.1" 404 21054 "https://s2spw.com/goods.php?detail/219018399981" "Mozilla/5.0 AppleWebKit/537.36 (KHTML, like Gecko; compatible; GPTBot/1.3; +https://openai.com/gptbot)"
74.7.227.39 - - [21/Apr/2026:20:32:21 +0000] "GET /goods.php?detail/07804786569607 HTTP/1.1" 404 21054 "https://s2spw.com/goods.php?detail/152025115993" "Mozilla/5.0 AppleWebKit/537.36 (KHTML, like Gecko; compatible; GPTBot/1.3; +https://openai.com/gptbot)"
66.249.79.195 - - [21/Apr/2026:20:32:23 +0000] "GET /?detail/150049071935 HTTP/1.1" 200 580868 "-" "Mozilla/5.0 (Linux; Android 6.0.1; Nexus 5X Build/MMB29P) AppleWebKit/537.36 (KHTML, like Gecko) Chrome/146.0.7680.177 Mobile Safari/537.36 (compatible; Googlebot/2.1; +http://www.google.com/bot.html)"
74.7.227.39 - - [21/Apr/2026:20:32:24 +0000] "GET /goods.php?detail/13301698149338 HTTP/1.1" 404 21054 "https://s2spw.com/goods.php?goods/017021857" "Mozilla/5.0 AppleWebKit/537.36 (KHTML, like Gecko; compatible; GPTBot/1.3; +https://openai.com/gptbot)"
74.7.227.39 - - [21/Apr/2026:20:32:26 +0000] "GET /goods.php?detail/10400304648605 HTTP/1.1" 404 21054 "https://s2spw.com/goods.php?detail/223031888194" "Mozilla/5.0 AppleWebKit/537.36 (KHTML, like Gecko; compatible; GPTBot/1.3; +https://openai.com/gptbot)"
74.7.227.39 - - [21/Apr/2026:20:32:29 +0000] "GET /goods.php?detail/00401006714362 HTTP/1.1" 404 21054 "https://s2spw.com/goods.php?detail/004007719036" "Mozilla/5.0 AppleWebKit/537.36 (KHTML, like Gecko; compatible; GPTBot/1.3; +https://openai.com/gptbot)"
74.7.227.39 - - [21/Apr/2026:20:32:32 +0000] "GET /goods.php?detail/14804041284958 HTTP/1.1" 404 21054 "https://s2spw.com/goods.php?detail/1480404330834" "Mozilla/5.0 AppleWebKit/537.36 (KHTML, like Gecko; compatible; GPTBot/1.3; +https://openai.com/gptbot)"
66.249.79.196 - - [21/Apr/2026:20:32:33 +0000] "GET /?goods/208026599 HTTP/1.1" 301 - "-" "Mozilla/5.0 (Linux; Android 6.0.1; Nexus 5X Build/MMB29P) AppleWebKit/537.36 (KHTML, like Gecko) Chrome/146.0.7680.177 Mobile Safari/537.36 (compatible; Googlebot/2.1; +http://www.google.com/bot.html)"
66.249.79.196 - - [21/Apr/2026:20:32:33 +0000] "GET /?goods%2F208026599 HTTP/1.1" 200 555060 "-" "Mozilla/5.0 (Linux; Android 6.0.1; Nexus 5X Build/MMB29P) AppleWebKit/537.36 (KHTML, like Gecko) Chrome/146.0.7680.177 Mobile Safari/537.36 (compatible; Googlebot/2.1; +http://www.google.com/bot.html)"
74.7.227.39 - - [21/Apr/2026:20:32:35 +0000] "GET /goods.php?detail/22902442260861 HTTP/1.1" 404 21054 "https://s2spw.com/goods.php?detail/037025498493" "Mozilla/5.0 AppleWebKit/537.36 (KHTML, like Gecko; compatible; GPTBot/1.3; +https://openai.com/gptbot)"
74.7.227.39 - - [21/Apr/2026:20:32:38 +0000] "GET /goods.php?detail/03101501197419 HTTP/1.1" 404 21054 "https://s2spw.com/goods.php?detail/031017493675" "Mozilla/5.0 AppleWebKit/537.36 (KHTML, like Gecko; compatible; GPTBot/1.3; +https://openai.com/gptbot)"
66.249.79.197 - - [21/Apr/2026:20:32:39 +0000] "GET /?goods/245002370 HTTP/1.1" 200 557127 "-" "Mozilla/5.0 (Linux; Android 6.0.1; Nexus 5X Build/MMB29P) AppleWebKit/537.36 (KHTML, like Gecko) Chrome/146.0.7680.177 Mobile Safari/537.36 (compatible; Googlebot/2.1; +http://www.google.com/bot.html)"
74.7.227.39 - - [21/Apr/2026:20:32:41 +0000] "GET /goods.php?detail/27402601179272 HTTP/1.1" 404 21054 "https://s2spw.com/goods.php?detail/217044642426" "Mozilla/5.0 AppleWebKit/537.36 (KHTML, like Gecko; compatible; GPTBot/1.3; +https://openai.com/gptbot)"
66.249.79.197 - - [21/Apr/2026:20:32:43 +0000] "GET /?jp/195007016.html HTTP/1.1" 200 576170 "-" "Mozilla/5.0 (Linux; Android 6.0.1; Nexus 5X Build/MMB29P) AppleWebKit/537.36 (KHTML, like Gecko) Chrome/146.0.7680.177 Mobile Safari/537.36 (compatible; Googlebot/2.1; +http://www.google.com/bot.html)"
74.7.227.39 - - [21/Apr/2026:20:32:43 +0000] "GET /goods.php?detail/19904566394554 HTTP/1.1" 404 21054 "https://s2spw.com/goods.php?detail/055009690377" "Mozilla/5.0 AppleWebKit/537.36 (KHTML, like Gecko; compatible; GPTBot/1.3; +https://openai.com/gptbot)"
74.7.227.39 - - [21/Apr/2026:20:32:46 +0000] "GET /goods.php?detail/12501021438550 HTTP/1.1" 404 21054 "https://s2spw.com/goods.php?detail/019015463256" "Mozilla/5.0 AppleWebKit/537.36 (KHTML, like Gecko; compatible; GPTBot/1.3; +https://openai.com/gptbot)"
66.249.79.195 - - [21/Apr/2026:20:32:47 +0000] "GET /?jp/294040665.html HTTP/1.1" 200 555811 "-" "Mozilla/5.0 (Linux; Android 6.0.1; Nexus 5X Build/MMB29P) AppleWebKit/537.36 (KHTML, like Gecko) Chrome/146.0.7680.177 Mobile Safari/537.36 (compatible; GoogleOther)"
74.7.227.39 - - [21/Apr/2026:20:32:49 +0000] "GET /goods.php?detail/13200131049208 HTTP/1.1" 404 21054 "https://s2spw.com/goods.php?jp/022002859.html" "Mozilla/5.0 AppleWebKit/537.36 (KHTML, like Gecko; compatible; GPTBot/1.3; +https://openai.com/gptbot)"
74.7.227.39 - - [21/Apr/2026:20:32:52 +0000] "GET /goods.php?detail/18400451584208 HTTP/1.1" 404 21054 "https://s2spw.com/goods.php?detail/045000313452" "Mozilla/5.0 AppleWebKit/537.36 (KHTML, like Gecko; compatible; GPTBot/1.3; +https://openai.com/gptbot)"
66.249.79.198 - - [21/Apr/2026:20:32:53 +0000] "GET /?detail/22301364743306 HTTP/1.1" 200 557967 "-" "Mozilla/5.0 (Linux; Android 6.0.1; Nexus 5X Build/MMB29P) AppleWebKit/537.36 (KHTML, like Gecko) Chrome/146.0.7680.177 Mobile Safari/537.36 (compatible; Googlebot/2.1; +http://www.google.com/bot.html)"
74.7.227.39 - - [21/Apr/2026:20:32:55 +0000] "GET /goods.php?detail/03700124255455 HTTP/1.1" 404 21054 "https://s2spw.com/goods.php?product/edit/motor-parts-8187f" "Mozilla/5.0 AppleWebKit/537.36 (KHTML, like Gecko; compatible; GPTBot/1.3; +https://openai.com/gptbot)"
74.7.227.39 - - [21/Apr/2026:20:32:58 +0000] "GET /goods.php?detail/07902077080545 HTTP/1.1" 404 21054 "https://s2spw.com/goods.php?detail/079043449280" "Mozilla/5.0 AppleWebKit/537.36 (KHTML, like Gecko; compatible; GPTBot/1.3; +https://openai.com/gptbot)"
74.7.227.39 - - [21/Apr/2026:20:33:00 +0000] "GET /goods.php?detail/18203100345350 HTTP/1.1" 404 21054 "https://s2spw.com/goods.php?detail/254018000090" "Mozilla/5.0 AppleWebKit/537.36 (KHTML, like Gecko; compatible; GPTBot/1.3; +https://openai.com/gptbot)"
66.249.79.195 - - [21/Apr/2026:20:33:03 +0000] "GET /?jp/270030780.html HTTP/1.1" 200 563168 "-" "Mozilla/5.0 (Linux; Android 6.0.1; Nexus 5X Build/MMB29P) AppleWebKit/537.36 (KHTML, like Gecko) Chrome/146.0.7680.177 Mobile Safari/537.36 (compatible; Googlebot/2.1; +http://www.google.com/bot.html)"
74.7.227.39 - - [21/Apr/2026:20:33:03 +0000] "GET /goods.php?detail/17100691865061 HTTP/1.1" 404 21054 "https://s2spw.com/goods.php?detail/171006025075" "Mozilla/5.0 AppleWebKit/537.36 (KHTML, like Gecko; compatible; GPTBot/1.3; +https://openai.com/gptbot)"
74.7.227.39 - - [21/Apr/2026:20:33:06 +0000] "GET /goods.php?detail/01301022523915 HTTP/1.1" 404 21054 "https://s2spw.com/goods.php?detail/013010675135" "Mozilla/5.0 AppleWebKit/537.36 (KHTML, like Gecko; compatible; GPTBot/1.3; +https://openai.com/gptbot)"
74.7.227.39 - - [21/Apr/2026:20:33:09 +0000] "GET /goods.php?detail/25001765505309 HTTP/1.1" 404 21054 "https://s2spw.com/goods.php?detail/2500172202174" "Mozilla/5.0 AppleWebKit/537.36 (KHTML, like Gecko; compatible; GPTBot/1.3; +https://openai.com/gptbot)"
74.7.227.39 - - [21/Apr/2026:20:33:12 +0000] "GET /goods.php?detail/03203973713266 HTTP/1.1" 404 21054 "https://s2spw.com/goods.php?detail/035036764307" "Mozilla/5.0 AppleWebKit/537.36 (KHTML, like Gecko; compatible; GPTBot/1.3; +https://openai.com/gptbot)"
66.249.79.195 - - [21/Apr/2026:20:33:13 +0000] "GET /?goods/081002451 HTTP/1.1" 200 557691 "-" "Mozilla/5.0 (Linux; Android 6.0.1; Nexus 5X Build/MMB29P) AppleWebKit/537.36 (KHTML, like Gecko) Chrome/146.0.7680.177 Mobile Safari/537.36 (compatible; Googlebot/2.1; +http://www.google.com/bot.html)"
74.7.227.39 - - [21/Apr/2026:20:33:15 +0000] "GET /goods.php?detail/03003152738788 HTTP/1.1" 404 21054 "https://s2spw.com/goods.php?detail/021039284031" "Mozilla/5.0 AppleWebKit/537.36 (KHTML, like Gecko; compatible; GPTBot/1.3; +https://openai.com/gptbot)"
66.249.79.195 - - [21/Apr/2026:20:33:15 +0000] "GET /pcmypage?callback=/product%2Fdetail%20250ya-ym-011g-3m-8 HTTP/1.1" 200 558804 "-" "Mozilla/5.0 (Linux; Android 6.0.1; Nexus 5X Build/MMB29P) AppleWebKit/537.36 (KHTML, like Gecko) Chrome/146.0.7680.177 Mobile Safari/537.36 (compatible; Googlebot/2.1; +http://www.google.com/bot.html)"
74.7.227.39 - - [21/Apr/2026:20:33:17 +0000] "GET /goods.php?detail/25002557598490 HTTP/1.1" 404 21054 "https://s2spw.com/goods.php?detail/023028319081" "Mozilla/5.0 AppleWebKit/537.36 (KHTML, like Gecko; compatible; GPTBot/1.3; +https://openai.com/gptbot)"
74.7.227.39 - - [21/Apr/2026:20:33:20 +0000] "GET /goods.php?detail/18804171187250 HTTP/1.1" 404 21054 "https://s2spw.com/goods.php?detail/0020182192813" "Mozilla/5.0 AppleWebKit/537.36 (KHTML, like Gecko; compatible; GPTBot/1.3; +https://openai.com/gptbot)"
66.249.79.196 - - [21/Apr/2026:20:33:23 +0000] "GET /?detail/1480318514248 HTTP/1.1" 200 558139 "-" "Mozilla/5.0 (Linux; Android 6.0.1; Nexus 5X Build/MMB29P) AppleWebKit/537.36 (KHTML, like Gecko) Chrome/146.0.7680.177 Mobile Safari/537.36 (compatible; Googlebot/2.1; +http://www.google.com/bot.html)"
74.7.227.39 - - [21/Apr/2026:20:33:23 +0000] "GET /goods.php?detail/19202485424022 HTTP/1.1" 404 21054 "https://s2spw.com/goods.php?detail/192024724018" "Mozilla/5.0 AppleWebKit/537.36 (KHTML, like Gecko; compatible; GPTBot/1.3; +https://openai.com/gptbot)"
74.7.227.39 - - [21/Apr/2026:20:33:26 +0000] "GET /goods.php?detail/27201706119511 HTTP/1.1" 404 21054 "https://s2spw.com/goods.php?detail/272016956450" "Mozilla/5.0 AppleWebKit/537.36 (KHTML, like Gecko; compatible; GPTBot/1.3; +https://openai.com/gptbot)"
74.7.227.39 - - [21/Apr/2026:20:33:29 +0000] "GET /goods.php?detail/28100648129880 HTTP/1.1" 404 21054 "https://s2spw.com/goods.php?detail/238004704945" "Mozilla/5.0 AppleWebKit/537.36 (KHTML, like Gecko; compatible; GPTBot/1.3; +https://openai.com/gptbot)"
74.7.227.39 - - [21/Apr/2026:20:33:32 +0000] "GET /goods.php?detail/05500802143421 HTTP/1.1" 404 21054 "https://s2spw.com/goods.php?detail/055007870749" "Mozilla/5.0 AppleWebKit/537.36 (KHTML, like Gecko; compatible; GPTBot/1.3; +https://openai.com/gptbot)"
66.249.79.195 - - [21/Apr/2026:20:33:33 +0000] "GET /?detail/01200494040880 HTTP/1.1" 200 554266 "-" "Mozilla/5.0 (Linux; Android 6.0.1; Nexus 5X Build/MMB29P) AppleWebKit/537.36 (KHTML, like Gecko) Chrome/146.0.7680.177 Mobile Safari/537.36 (compatible; Googlebot/2.1; +http://www.google.com/bot.html)"
74.7.227.39 - - [21/Apr/2026:20:33:35 +0000] "GET /goods.php?detail/21903272392325 HTTP/1.1" 404 21054 "https://s2spw.com/goods.php?detail/201019904892" "Mozilla/5.0 AppleWebKit/537.36 (KHTML, like Gecko; compatible; GPTBot/1.3; +https://openai.com/gptbot)"
66.249.79.195 - - [21/Apr/2026:20:33:36 +0000] "GET /?goods/199020384 HTTP/1.1" 301 - "-" "Mozilla/5.0 (Linux; Android 6.0.1; Nexus 5X Build/MMB29P) AppleWebKit/537.36 (KHTML, like Gecko) Chrome/146.0.7680.177 Mobile Safari/537.36 (compatible; GoogleOther)"
74.7.227.39 - - [21/Apr/2026:20:33:38 +0000] "GET /goods.php?detail/07403008580341 HTTP/1.1" 404 21054 "https://s2spw.com/goods.php?detail/193018001091" "Mozilla/5.0 AppleWebKit/537.36 (KHTML, like Gecko; compatible; GPTBot/1.3; +https://openai.com/gptbot)"
66.249.79.196 - - [21/Apr/2026:20:33:38 +0000] "GET /?goods/070042126 HTTP/1.1" 200 563906 "-" "Mozilla/5.0 (Linux; Android 6.0.1; Nexus 5X Build/MMB29P) AppleWebKit/537.36 (KHTML, like Gecko) Chrome/146.0.7680.177 Mobile Safari/537.36 (compatible; Googlebot/2.1; +http://www.google.com/bot.html)"
66.249.79.197 - - [21/Apr/2026:20:33:38 +0000] "GET /?goods%2F199020384 HTTP/1.1" 200 558998 "-" "Mozilla/5.0 (Linux; Android 6.0.1; Nexus 5X Build/MMB29P) AppleWebKit/537.36 (KHTML, like Gecko) Chrome/146.0.7680.177 Mobile Safari/537.36 (compatible; GoogleOther)"
74.7.227.39 - - [21/Apr/2026:20:33:41 +0000] "GET /goods.php?detail/19100196356509 HTTP/1.1" 404 21054 "https://s2spw.com/goods.php?detail/191002342198" "Mozilla/5.0 AppleWebKit/537.36 (KHTML, like Gecko; compatible; GPTBot/1.3; +https://openai.com/gptbot)"
66.249.79.198 - - [21/Apr/2026:20:33:43 +0000] "GET /?b=759931654 HTTP/1.1" 200 556354 "-" "Mozilla/5.0 (Linux; Android 6.0.1; Nexus 5X Build/MMB29P) AppleWebKit/537.36 (KHTML, like Gecko) Chrome/146.0.7680.177 Mobile Safari/537.36 (compatible; Googlebot/2.1; +http://www.google.com/bot.html)"
74.7.227.39 - - [21/Apr/2026:20:33:43 +0000] "GET /goods.php?detail/03604047737275 HTTP/1.1" 404 21054 "https://s2spw.com/goods.php?detail/036040666220" "Mozilla/5.0 AppleWebKit/537.36 (KHTML, like Gecko; compatible; GPTBot/1.3; +https://openai.com/gptbot)"
66.249.79.198 - - [21/Apr/2026:20:33:45 +0000] "GET /?detail/15403234881498 HTTP/1.1" 200 554429 "-" "Mozilla/5.0 (Linux; Android 6.0.1; Nexus 5X Build/MMB29P) AppleWebKit/537.36 (KHTML, like Gecko) Chrome/146.0.7680.177 Mobile Safari/537.36 (compatible; Googlebot/2.1; +http://www.google.com/bot.html)"
74.7.227.39 - - [21/Apr/2026:20:33:46 +0000] "GET /goods.php?detail/10103158705980 HTTP/1.1" 404 21054 "https://s2spw.com/goods.php?detail/223048992092" "Mozilla/5.0 AppleWebKit/537.36 (KHTML, like Gecko; compatible; GPTBot/1.3; +https://openai.com/gptbot)"
74.7.227.39 - - [21/Apr/2026:20:33:49 +0000] "GET /goods.php?detail/20203560097230 HTTP/1.1" 404 21054 "https://s2spw.com/goods.php?detail/2020352959924" "Mozilla/5.0 AppleWebKit/537.36 (KHTML, like Gecko; compatible; GPTBot/1.3; +https://openai.com/gptbot)"
74.7.227.39 - - [21/Apr/2026:20:33:52 +0000] "GET /goods.php?detail/12703323039147 HTTP/1.1" 404 21054 "https://s2spw.com/goods.php?detail/12703303838388" "Mozilla/5.0 AppleWebKit/537.36 (KHTML, like Gecko; compatible; GPTBot/1.3; +https://openai.com/gptbot)"
66.249.79.197 - - [21/Apr/2026:20:33:53 +0000] "GET /?goods/214021484 HTTP/1.1" 200 558592 "-" "Mozilla/5.0 (Linux; Android 6.0.1; Nexus 5X Build/MMB29P) AppleWebKit/537.36 (KHTML, like Gecko) Chrome/146.0.7680.177 Mobile Safari/537.36 (compatible; Googlebot/2.1; +http://www.google.com/bot.html)"
74.7.227.39 - - [21/Apr/2026:20:33:54 +0000] "GET /goods.php?detail/04504987447491 HTTP/1.1" 404 21054 "https://s2spw.com/goods.php?detail/045049901712" "Mozilla/5.0 AppleWebKit/537.36 (KHTML, like Gecko; compatible; GPTBot/1.3; +https://openai.com/gptbot)"
74.7.227.39 - - [21/Apr/2026:20:33:57 +0000] "GET /goods.php?detail/21500263092122 HTTP/1.1" 404 21054 "https://s2spw.com/goods.php?detail/215021312928" "Mozilla/5.0 AppleWebKit/537.36 (KHTML, like Gecko; compatible; GPTBot/1.3; +https://openai.com/gptbot)"
74.7.227.39 - - [21/Apr/2026:20:34:00 +0000] "GET /goods.php?detail/09400857586859 HTTP/1.1" 404 21054 "https://s2spw.com/goods.php?detail/2010199826425" "Mozilla/5.0 AppleWebKit/537.36 (KHTML, like Gecko; compatible; GPTBot/1.3; +https://openai.com/gptbot)"
66.249.79.196 - - [21/Apr/2026:20:34:03 +0000] "GET /?goods/185015671 HTTP/1.1" 200 558977 "-" "Mozilla/5.0 (Linux; Android 6.0.1; Nexus 5X Build/MMB29P) AppleWebKit/537.36 (KHTML, like Gecko) Chrome/146.0.7680.177 Mobile Safari/537.36 (compatible; Googlebot/2.1; +http://www.google.com/bot.html)"
74.7.227.39 - - [21/Apr/2026:20:34:03 +0000] "GET /goods.php?detail/06601980065507 HTTP/1.1" 404 21054 "https://s2spw.com/goods.php?detail/066022003534" "Mozilla/5.0 AppleWebKit/537.36 (KHTML, like Gecko; compatible; GPTBot/1.3; +https://openai.com/gptbot)"
74.7.227.39 - - [21/Apr/2026:20:34:06 +0000] "GET /goods.php?detail/06200309082054 HTTP/1.1" 404 21054 "https://s2spw.com/goods.php?detail/062002227617" "Mozilla/5.0 AppleWebKit/537.36 (KHTML, like Gecko; compatible; GPTBot/1.3; +https://openai.com/gptbot)"
74.7.227.39 - - [21/Apr/2026:20:34:09 +0000] "GET /goods.php?detail/21704011581545 HTTP/1.1" 404 21054 "https://s2spw.com/goods.php?detail/217046286941" "Mozilla/5.0 AppleWebKit/537.36 (KHTML, like Gecko; compatible; GPTBot/1.3; +https://openai.com/gptbot)"
74.7.227.39 - - [21/Apr/2026:20:34:12 +0000] "GET /goods.php?detail/10702675876677 HTTP/1.1" 404 21054 "https://s2spw.com/goods.php?detail/107026521638" "Mozilla/5.0 AppleWebKit/537.36 (KHTML, like Gecko; compatible; GPTBot/1.3; +https://openai.com/gptbot)"
66.249.79.195 - - [21/Apr/2026:20:34:13 +0000] "GET /?jp/209041358.html HTTP/1.1" 200 563318 "-" "Mozilla/5.0 (Linux; Android 6.0.1; Nexus 5X Build/MMB29P) AppleWebKit/537.36 (KHTML, like Gecko) Chrome/146.0.7680.177 Mobile Safari/537.36 (compatible; Googlebot/2.1; +http://www.google.com/bot.html)"
66.249.79.197 - - [21/Apr/2026:20:34:13 +0000] "GET /?goods/100013908 HTTP/1.1" 200 559419 "-" "Mozilla/5.0 (Linux; Android 6.0.1; Nexus 5X Build/MMB29P) AppleWebKit/537.36 (KHTML, like Gecko) Chrome/146.0.7680.177 Mobile Safari/537.36 (compatible; Googlebot/2.1; +http://www.google.com/bot.html)"
74.7.227.39 - - [21/Apr/2026:20:34:14 +0000] "GET /goods.php?detail/12201482491013 HTTP/1.1" 404 21054 "https://s2spw.com/goods.php?detail/278023122289" "Mozilla/5.0 AppleWebKit/537.36 (KHTML, like Gecko; compatible; GPTBot/1.3; +https://openai.com/gptbot)"
74.7.227.39 - - [21/Apr/2026:20:34:17 +0000] "GET /goods.php?detail/15200426992022 HTTP/1.1" 404 21054 "https://s2spw.com/goods.php?detail/1520024100951" "Mozilla/5.0 AppleWebKit/537.36 (KHTML, like Gecko; compatible; GPTBot/1.3; +https://openai.com/gptbot)"
74.7.227.39 - - [21/Apr/2026:20:34:20 +0000] "GET /goods.php?detail/01700126703052 HTTP/1.1" 404 21054 "https://s2spw.com/goods.php?detail/0170010806028" "Mozilla/5.0 AppleWebKit/537.36 (KHTML, like Gecko; compatible; GPTBot/1.3; +https://openai.com/gptbot)"
66.249.79.196 - - [21/Apr/2026:20:34:23 +0000] "GET /?jp/221036520.html HTTP/1.1" 200 553984 "-" "Mozilla/5.0 (Linux; Android 6.0.1; Nexus 5X Build/MMB29P) AppleWebKit/537.36 (KHTML, like Gecko) Chrome/146.0.7680.177 Mobile Safari/537.36 (compatible; Googlebot/2.1; +http://www.google.com/bot.html)"
74.7.227.39 - - [21/Apr/2026:20:34:23 +0000] "GET /goods.php?detail/16103714191603 HTTP/1.1" 404 21054 "https://s2spw.com/goods.php?detail/225004779922" "Mozilla/5.0 AppleWebKit/537.36 (KHTML, like Gecko; compatible; GPTBot/1.3; +https://openai.com/gptbot)"
74.7.227.39 - - [21/Apr/2026:20:34:26 +0000] "GET /goods.php?detail/19600455426040 HTTP/1.1" 404 21054 "https://s2spw.com/goods.php?detail/196004516601" "Mozilla/5.0 AppleWebKit/537.36 (KHTML, like Gecko; compatible; GPTBot/1.3; +https://openai.com/gptbot)"
74.7.227.39 - - [21/Apr/2026:20:34:29 +0000] "GET /goods.php?detail/06900255223231 HTTP/1.1" 404 21054 "https://s2spw.com/goods.php?detail/069002250241" "Mozilla/5.0 AppleWebKit/537.36 (KHTML, like Gecko; compatible; GPTBot/1.3; +https://openai.com/gptbot)"
74.7.227.39 - - [21/Apr/2026:20:34:35 +0000] "GET /goods.php?detail/29704217079820 HTTP/1.1" 404 21054 "https://s2spw.com/goods.php?detail/0330353809403" "Mozilla/5.0 AppleWebKit/537.36 (KHTML, like Gecko; compatible; GPTBot/1.3; +https://openai.com/gptbot)"
66.249.79.195 - - [21/Apr/2026:20:34:35 +0000] "GET /?jp/122047972.html HTTP/1.1" 301 - "-" "Mozilla/5.0 (Linux; Android 6.0.1; Nexus 5X Build/MMB29P) AppleWebKit/537.36 (KHTML, like Gecko) Chrome/146.0.7680.177 Mobile Safari/537.36 (compatible; Googlebot/2.1; +http://www.google.com/bot.html)"
