74.7.227.39 - - [21/Apr/2026:19:58:29 +0000] "GET /goods.php?detail/02500979534975 HTTP/1.1" 404 21054 "https://s2spw.com/goods.php?detail/070021994899" "Mozilla/5.0 AppleWebKit/537.36 (KHTML, like Gecko; compatible; GPTBot/1.3; +https://openai.com/gptbot)"
74.7.227.39 - - [21/Apr/2026:19:58:32 +0000] "GET /goods.php?detail/26200328120770 HTTP/1.1" 404 21054 "https://s2spw.com/goods.php?detail/168025552958" "Mozilla/5.0 AppleWebKit/537.36 (KHTML, like Gecko; compatible; GPTBot/1.3; +https://openai.com/gptbot)"
74.7.227.39 - - [21/Apr/2026:19:58:35 +0000] "GET /goods.php?detail/15902206579905 HTTP/1.1" 404 21054 "https://s2spw.com/goods.php?detail/1590219915117" "Mozilla/5.0 AppleWebKit/537.36 (KHTML, like Gecko; compatible; GPTBot/1.3; +https://openai.com/gptbot)"
74.7.227.39 - - [21/Apr/2026:19:58:38 +0000] "GET /goods.php?detail/10103026019298 HTTP/1.1" 404 21054 "https://s2spw.com/goods.php?detail/101027432448" "Mozilla/5.0 AppleWebKit/537.36 (KHTML, like Gecko; compatible; GPTBot/1.3; +https://openai.com/gptbot)"
74.7.227.39 - - [21/Apr/2026:19:58:40 +0000] "GET /goods.php?detail/07801210431102 HTTP/1.1" 404 21054 "https://s2spw.com/goods.php?detail/078016041341" "Mozilla/5.0 AppleWebKit/537.36 (KHTML, like Gecko; compatible; GPTBot/1.3; +https://openai.com/gptbot)"
74.7.227.39 - - [21/Apr/2026:19:58:43 +0000] "GET /goods.php?detail/00900417361770 HTTP/1.1" 404 21054 "https://s2spw.com/goods.php?detail/009004061138" "Mozilla/5.0 AppleWebKit/537.36 (KHTML, like Gecko; compatible; GPTBot/1.3; +https://openai.com/gptbot)"
74.7.227.39 - - [21/Apr/2026:19:58:46 +0000] "GET /goods.php?detail/08103908209688 HTTP/1.1" 404 21054 "https://s2spw.com/goods.php?detail/081023699582" "Mozilla/5.0 AppleWebKit/537.36 (KHTML, like Gecko; compatible; GPTBot/1.3; +https://openai.com/gptbot)"
74.7.227.39 - - [21/Apr/2026:19:58:49 +0000] "GET /goods.php?detail/13403770392371 HTTP/1.1" 404 21054 "https://s2spw.com/goods.php?jp/141009384.html" "Mozilla/5.0 AppleWebKit/537.36 (KHTML, like Gecko; compatible; GPTBot/1.3; +https://openai.com/gptbot)"
74.7.227.39 - - [21/Apr/2026:19:58:52 +0000] "GET /goods.php?detail/29502506263596 HTTP/1.1" 404 21054 "https://s2spw.com/goods.php?detail/25704554072729" "Mozilla/5.0 AppleWebKit/537.36 (KHTML, like Gecko; compatible; GPTBot/1.3; +https://openai.com/gptbot)"
70.35.205.237 - - [21/Apr/2026:19:58:53 +0000] "HEAD / HTTP/1.1" 200 - "https://s2spw.com/" "Mozilla/5.0 (Windows NT 10.0; Win64; x64) AppleWebKit/537.36 (KHTML, like Gecko) Chrome/91.0.4472.124 Safari/537.36"
70.35.205.237 - - [21/Apr/2026:19:58:53 +0000] "HEAD / HTTP/1.1" 200 - "https://s2spw.com/" "Mozilla/5.0 (Windows NT 10.0; Win64; x64) AppleWebKit/537.36 (KHTML, like Gecko) Chrome/91.0.4472.124 Safari/537.36"
70.35.205.237 - - [21/Apr/2026:19:58:54 +0000] "HEAD / HTTP/1.1" 200 - "https://s2spw.com/" "Mozilla/5.0 (Windows NT 10.0; Win64; x64) AppleWebKit/537.36 (KHTML, like Gecko) Chrome/91.0.4472.124 Safari/537.36"
70.35.205.237 - - [21/Apr/2026:19:58:54 +0000] "HEAD / HTTP/1.1" 200 - "https://s2spw.com/" "Mozilla/5.0 (Windows NT 10.0; Win64; x64) AppleWebKit/537.36 (KHTML, like Gecko) Chrome/91.0.4472.124 Safari/537.36"
70.35.205.237 - - [21/Apr/2026:19:58:54 +0000] "POST /wp-login.php HTTP/1.1" 200 4600 "https://www.google.com/" "Mozilla/5.0 (Windows NT 10.0; Win64; x64) AppleWebKit/537.36 (KHTML, like Gecko) Chrome/91.0.4472.124 Safari/537.36"
70.35.205.237 - - [21/Apr/2026:19:58:54 +0000] "POST /wp-login.php HTTP/1.1" 200 4600 "https://www.google.com/" "Mozilla/5.0 (Windows NT 10.0; Win64; x64) AppleWebKit/537.36 (KHTML, like Gecko) Chrome/91.0.4472.124 Safari/537.36"
70.35.205.237 - - [21/Apr/2026:19:58:54 +0000] "POST /wp-login.php HTTP/1.1" 200 4977 "https://s2spw.com/wp-admin/" "Mozilla/5.0 (Windows NT 10.0; Win64; x64) AppleWebKit/537.36 (KHTML, like Gecko) Chrome/90.0.4430.85 Safari/537.36"
74.7.227.39 - - [21/Apr/2026:19:58:55 +0000] "GET /goods.php?detail/13401483696133 HTTP/1.1" 404 21054 "https://s2spw.com/goods.php?detail/073046329729" "Mozilla/5.0 AppleWebKit/537.36 (KHTML, like Gecko; compatible; GPTBot/1.3; +https://openai.com/gptbot)"
70.35.205.237 - - [21/Apr/2026:19:58:55 +0000] "POST /wp-login.php HTTP/1.1" 200 4977 "https://s2spw.com/wp-admin/" "Mozilla/5.0 (Windows NT 10.0; Win64; x64) AppleWebKit/537.36 (KHTML, like Gecko) Chrome/90.0.4430.85 Safari/537.36"
70.35.205.237 - - [21/Apr/2026:19:58:55 +0000] "GET /wp-admin/ HTTP/1.1" 302 - "https://www.google.com/" "Mozilla/5.0 (Windows NT 10.0; Win64; x64) AppleWebKit/537.36 (KHTML, like Gecko) Chrome/91.0.4472.124 Safari/537.36"
70.35.205.237 - - [21/Apr/2026:19:58:55 +0000] "GET /wp-admin/ HTTP/1.1" 302 - "https://www.google.com/" "Mozilla/5.0 (Windows NT 10.0; Win64; x64) AppleWebKit/537.36 (KHTML, like Gecko) Chrome/91.0.4472.124 Safari/537.36"
70.35.205.237 - - [21/Apr/2026:19:58:55 +0000] "GET /wp-login.php?redirect_to=https%3A%2F%2Fs2spw.com%2Fwp-admin%2F&reauth=1 HTTP/1.1" 200 4600 "https://www.google.com/" "Mozilla/5.0 (Windows NT 10.0; Win64; x64) AppleWebKit/537.36 (KHTML, like Gecko) Chrome/91.0.4472.124 Safari/537.36"
70.35.205.237 - - [21/Apr/2026:19:58:55 +0000] "GET /wp-login.php?redirect_to=https%3A%2F%2Fs2spw.com%2Fwp-admin%2F&reauth=1 HTTP/1.1" 200 4600 "https://www.google.com/" "Mozilla/5.0 (Windows NT 10.0; Win64; x64) AppleWebKit/537.36 (KHTML, like Gecko) Chrome/91.0.4472.124 Safari/537.36"
70.35.205.237 - - [21/Apr/2026:19:58:55 +0000] "POST /xmlrpc.php HTTP/1.1" 403 301 "https://www.google.com/" "Mozilla/5.0 (Windows NT 10.0; Win64; x64) AppleWebKit/537.36 (KHTML, like Gecko) Chrome/91.0.4472.124 Safari/537.36"
70.35.205.237 - - [21/Apr/2026:19:58:55 +0000] "POST /xmlrpc.php HTTP/1.1" 403 301 "https://www.google.com/" "Mozilla/5.0 (Windows NT 10.0; Win64; x64) AppleWebKit/537.36 (KHTML, like Gecko) Chrome/91.0.4472.124 Safari/537.36"
70.35.205.237 - - [21/Apr/2026:19:58:56 +0000] "GET /administrator/index.php HTTP/1.1" 200 297 "https://www.google.com/" "Mozilla/5.0 (Windows NT 10.0; Win64; x64) AppleWebKit/537.36 (KHTML, like Gecko) Chrome/91.0.4472.124 Safari/537.36"
70.35.205.237 - - [21/Apr/2026:19:58:56 +0000] "GET /administrator/index.php HTTP/1.1" 200 297 "https://www.google.com/" "Mozilla/5.0 (Windows NT 10.0; Win64; x64) AppleWebKit/537.36 (KHTML, like Gecko) Chrome/91.0.4472.124 Safari/537.36"
74.7.227.39 - - [21/Apr/2026:19:58:57 +0000] "GET /goods.php?detail/04002093047495 HTTP/1.1" 404 21054 "https://s2spw.com/goods.php?detail/040022494959" "Mozilla/5.0 AppleWebKit/537.36 (KHTML, like Gecko; compatible; GPTBot/1.3; +https://openai.com/gptbot)"
74.7.227.39 - - [21/Apr/2026:19:59:00 +0000] "GET /goods.php?detail/22902068606377 HTTP/1.1" 404 21054 "https://s2spw.com/goods.php?detail/124024942603" "Mozilla/5.0 AppleWebKit/537.36 (KHTML, like Gecko; compatible; GPTBot/1.3; +https://openai.com/gptbot)"
74.7.227.39 - - [21/Apr/2026:19:59:03 +0000] "GET /goods.php?detail/16002422417460 HTTP/1.1" 404 21054 "https://s2spw.com/goods.php?detail/160048107048" "Mozilla/5.0 AppleWebKit/537.36 (KHTML, like Gecko; compatible; GPTBot/1.3; +https://openai.com/gptbot)"
74.7.227.39 - - [21/Apr/2026:19:59:06 +0000] "GET /goods.php?detail/05002926004936 HTTP/1.1" 404 21054 "https://s2spw.com/goods.php?detail/0500299220276" "Mozilla/5.0 AppleWebKit/537.36 (KHTML, like Gecko; compatible; GPTBot/1.3; +https://openai.com/gptbot)"
74.7.227.39 - - [21/Apr/2026:19:59:09 +0000] "GET /goods.php?detail/28403778837002 HTTP/1.1" 404 21054 "https://s2spw.com/goods.php?detail/284037880022" "Mozilla/5.0 AppleWebKit/537.36 (KHTML, like Gecko; compatible; GPTBot/1.3; +https://openai.com/gptbot)"
74.7.227.39 - - [21/Apr/2026:19:59:12 +0000] "GET /goods.php?detail/24303076205432 HTTP/1.1" 404 21054 "https://s2spw.com/goods.php?detail/005021552153" "Mozilla/5.0 AppleWebKit/537.36 (KHTML, like Gecko; compatible; GPTBot/1.3; +https://openai.com/gptbot)"
74.7.227.39 - - [21/Apr/2026:19:59:15 +0000] "GET /goods.php?detail/05402319954300 HTTP/1.1" 404 21054 "https://s2spw.com/goods.php?detail/054021368328" "Mozilla/5.0 AppleWebKit/537.36 (KHTML, like Gecko; compatible; GPTBot/1.3; +https://openai.com/gptbot)"
74.7.227.39 - - [21/Apr/2026:19:59:17 +0000] "GET /goods.php?detail/20404642887250 HTTP/1.1" 404 21054 "https://s2spw.com/goods.php?detail/204045128223" "Mozilla/5.0 AppleWebKit/537.36 (KHTML, like Gecko; compatible; GPTBot/1.3; +https://openai.com/gptbot)"
74.7.227.39 - - [21/Apr/2026:19:59:20 +0000] "GET /goods.php?detail/01001676692927 HTTP/1.1" 404 21054 "https://s2spw.com/goods.php?detail/0100172387701" "Mozilla/5.0 AppleWebKit/537.36 (KHTML, like Gecko; compatible; GPTBot/1.3; +https://openai.com/gptbot)"
74.7.227.39 - - [21/Apr/2026:19:59:23 +0000] "GET /goods.php?detail/00500977479264 HTTP/1.1" 404 21054 "https://s2spw.com/goods.php?detail/0050095518013" "Mozilla/5.0 AppleWebKit/537.36 (KHTML, like Gecko; compatible; GPTBot/1.3; +https://openai.com/gptbot)"
74.7.227.39 - - [21/Apr/2026:19:59:26 +0000] "GET /goods.php?detail/05200130686201 HTTP/1.1" 404 21054 "https://s2spw.com/goods.php?jp/052001306.html" "Mozilla/5.0 AppleWebKit/537.36 (KHTML, like Gecko; compatible; GPTBot/1.3; +https://openai.com/gptbot)"
66.249.79.197 - - [21/Apr/2026:19:59:27 +0000] "GET /?detail/28501064612960 HTTP/1.1" 301 - "-" "Mozilla/5.0 (Linux; Android 6.0.1; Nexus 5X Build/MMB29P) AppleWebKit/537.36 (KHTML, like Gecko) Chrome/146.0.7680.177 Mobile Safari/537.36 (compatible; GoogleOther)"
74.7.227.39 - - [21/Apr/2026:19:59:29 +0000] "GET /goods.php?detail/00400225134175 HTTP/1.1" 404 21054 "https://s2spw.com/goods.php?detail/004002912428" "Mozilla/5.0 AppleWebKit/537.36 (KHTML, like Gecko; compatible; GPTBot/1.3; +https://openai.com/gptbot)"
66.249.79.196 - - [21/Apr/2026:19:59:30 +0000] "GET /?detail%2F28501064612960 HTTP/1.1" 200 577393 "-" "Mozilla/5.0 (Linux; Android 6.0.1; Nexus 5X Build/MMB29P) AppleWebKit/537.36 (KHTML, like Gecko) Chrome/146.0.7680.177 Mobile Safari/537.36 (compatible; GoogleOther)"
74.7.227.39 - - [21/Apr/2026:19:59:32 +0000] "GET /goods.php?detail/07304348263234 HTTP/1.1" 404 21054 "https://s2spw.com/goods.php?detail/073043788837" "Mozilla/5.0 AppleWebKit/537.36 (KHTML, like Gecko; compatible; GPTBot/1.3; +https://openai.com/gptbot)"
74.7.227.39 - - [21/Apr/2026:19:59:35 +0000] "GET /goods.php?detail/24104504233418 HTTP/1.1" 404 21054 "https://s2spw.com/goods.php?detail/184014426449" "Mozilla/5.0 AppleWebKit/537.36 (KHTML, like Gecko; compatible; GPTBot/1.3; +https://openai.com/gptbot)"
74.7.227.39 - - [21/Apr/2026:19:59:37 +0000] "GET /goods.php?detail/07900801740872 HTTP/1.1" 404 21054 "https://s2spw.com/goods.php?detail/0790071181148" "Mozilla/5.0 AppleWebKit/537.36 (KHTML, like Gecko; compatible; GPTBot/1.3; +https://openai.com/gptbot)"
66.249.79.196 - - [21/Apr/2026:19:59:40 +0000] "GET /?goods/090014475 HTTP/1.1" 200 573885 "-" "Mozilla/5.0 (Linux; Android 6.0.1; Nexus 5X Build/MMB29P) AppleWebKit/537.36 (KHTML, like Gecko) Chrome/146.0.7680.177 Mobile Safari/537.36 (compatible; Googlebot/2.1; +http://www.google.com/bot.html)"
74.7.227.39 - - [21/Apr/2026:19:59:40 +0000] "GET /goods.php?detail/14002071384720 HTTP/1.1" 404 21054 "https://s2spw.com/goods.php?detail/140020140364" "Mozilla/5.0 AppleWebKit/537.36 (KHTML, like Gecko; compatible; GPTBot/1.3; +https://openai.com/gptbot)"
74.7.227.39 - - [21/Apr/2026:19:59:43 +0000] "GET /goods.php?detail/06101612188352 HTTP/1.1" 404 21054 "https://s2spw.com/goods.php?detail/061020999772" "Mozilla/5.0 AppleWebKit/537.36 (KHTML, like Gecko; compatible; GPTBot/1.3; +https://openai.com/gptbot)"
74.7.227.39 - - [21/Apr/2026:19:59:46 +0000] "GET /goods.php?detail/11003892298392 HTTP/1.1" 404 21054 "https://s2spw.com/goods.php?detail/054017578912" "Mozilla/5.0 AppleWebKit/537.36 (KHTML, like Gecko; compatible; GPTBot/1.3; +https://openai.com/gptbot)"
74.7.227.39 - - [21/Apr/2026:19:59:49 +0000] "GET /goods.php?detail/22700606808979 HTTP/1.1" 404 21054 "https://s2spw.com/goods.php?detail/005002563439" "Mozilla/5.0 AppleWebKit/537.36 (KHTML, like Gecko; compatible; GPTBot/1.3; +https://openai.com/gptbot)"
74.7.227.39 - - [21/Apr/2026:19:59:52 +0000] "GET /goods.php?detail/23003102358420 HTTP/1.1" 404 21054 "https://s2spw.com/goods.php?detail/070014332530" "Mozilla/5.0 AppleWebKit/537.36 (KHTML, like Gecko; compatible; GPTBot/1.3; +https://openai.com/gptbot)"
74.7.227.39 - - [21/Apr/2026:19:59:55 +0000] "GET /goods.php?detail/18100174819284 HTTP/1.1" 404 21054 "https://s2spw.com/goods.php?detail/181042842632" "Mozilla/5.0 AppleWebKit/537.36 (KHTML, like Gecko; compatible; GPTBot/1.3; +https://openai.com/gptbot)"
74.7.227.39 - - [21/Apr/2026:19:59:57 +0000] "GET /goods.php?detail/07503110299319 HTTP/1.1" 404 21054 "https://s2spw.com/goods.php?detail/134012827882" "Mozilla/5.0 AppleWebKit/537.36 (KHTML, like Gecko; compatible; GPTBot/1.3; +https://openai.com/gptbot)"
74.7.227.39 - - [21/Apr/2026:20:00:00 +0000] "GET /goods.php?detail/13501532413261 HTTP/1.1" 404 21054 "https://s2spw.com/goods.php?detail/199038650184" "Mozilla/5.0 AppleWebKit/537.36 (KHTML, like Gecko; compatible; GPTBot/1.3; +https://openai.com/gptbot)"
74.7.227.39 - - [21/Apr/2026:20:00:03 +0000] "GET /goods.php?detail/04400566936658 HTTP/1.1" 404 21054 "https://s2spw.com/goods.php?detail/278009351587" "Mozilla/5.0 AppleWebKit/537.36 (KHTML, like Gecko; compatible; GPTBot/1.3; +https://openai.com/gptbot)"
74.7.227.39 - - [21/Apr/2026:20:00:06 +0000] "GET /goods.php?detail/03804248585745 HTTP/1.1" 404 21054 "https://s2spw.com/goods.php?detail/038040274805" "Mozilla/5.0 AppleWebKit/537.36 (KHTML, like Gecko; compatible; GPTBot/1.3; +https://openai.com/gptbot)"
74.7.227.39 - - [21/Apr/2026:20:00:09 +0000] "GET /goods.php?detail/20302956520582 HTTP/1.1" 404 21054 "https://s2spw.com/goods.php?detail/182033795283" "Mozilla/5.0 AppleWebKit/537.36 (KHTML, like Gecko; compatible; GPTBot/1.3; +https://openai.com/gptbot)"
74.7.227.39 - - [21/Apr/2026:20:00:12 +0000] "GET /goods.php?detail/10204703624004 HTTP/1.1" 404 21054 "https://s2spw.com/goods.php?detail/1080011005499" "Mozilla/5.0 AppleWebKit/537.36 (KHTML, like Gecko; compatible; GPTBot/1.3; +https://openai.com/gptbot)"
74.7.227.39 - - [21/Apr/2026:20:00:15 +0000] "GET /goods.php?detail/21802273170801 HTTP/1.1" 404 21054 "https://s2spw.com/goods.php?detail/218024218664" "Mozilla/5.0 AppleWebKit/537.36 (KHTML, like Gecko; compatible; GPTBot/1.3; +https://openai.com/gptbot)"
74.7.227.39 - - [21/Apr/2026:20:00:17 +0000] "GET /goods.php?detail/05900549385833 HTTP/1.1" 404 21054 "https://s2spw.com/goods.php?detail/240008813095" "Mozilla/5.0 AppleWebKit/537.36 (KHTML, like Gecko; compatible; GPTBot/1.3; +https://openai.com/gptbot)"
74.7.227.39 - - [21/Apr/2026:20:00:20 +0000] "GET /goods.php?detail/07901975279121 HTTP/1.1" 404 21054 "https://s2spw.com/goods.php?detail/298046580015" "Mozilla/5.0 AppleWebKit/537.36 (KHTML, like Gecko; compatible; GPTBot/1.3; +https://openai.com/gptbot)"
74.7.227.39 - - [21/Apr/2026:20:00:23 +0000] "GET /goods.php?detail/00200563795262 HTTP/1.1" 404 21054 "https://s2spw.com/goods.php?detail/002004056058" "Mozilla/5.0 AppleWebKit/537.36 (KHTML, like Gecko; compatible; GPTBot/1.3; +https://openai.com/gptbot)"
66.249.79.195 - - [21/Apr/2026:20:00:24 +0000] "GET /shop/pg/86concerned/49436 HTTP/1.1" 200 564395 "-" "Mozilla/5.0 (Linux; Android 6.0.1; Nexus 5X Build/MMB29P) AppleWebKit/537.36 (KHTML, like Gecko) Chrome/146.0.7680.177 Mobile Safari/537.36 (compatible; Googlebot/2.1; +http://www.google.com/bot.html)"
66.249.79.197 - - [21/Apr/2026:20:00:25 +0000] "GET /?jp/153017572.html HTTP/1.1" 200 557575 "-" "Mozilla/5.0 (Linux; Android 6.0.1; Nexus 5X Build/MMB29P) AppleWebKit/537.36 (KHTML, like Gecko) Chrome/146.0.7680.177 Mobile Safari/537.36 (compatible; GoogleOther)"
74.7.227.39 - - [21/Apr/2026:20:00:26 +0000] "GET /goods.php?detail/23802233690640 HTTP/1.1" 404 21054 "https://s2spw.com/goods.php?detail/270009077473" "Mozilla/5.0 AppleWebKit/537.36 (KHTML, like Gecko; compatible; GPTBot/1.3; +https://openai.com/gptbot)"
66.249.79.196 - - [21/Apr/2026:20:00:28 +0000] "GET /special/213042574.html HTTP/1.1" 200 571055 "-" "Mozilla/5.0 (Linux; Android 6.0.1; Nexus 5X Build/MMB29P) AppleWebKit/537.36 (KHTML, like Gecko) Chrome/146.0.7680.177 Mobile Safari/537.36 (compatible; GoogleOther)"
74.7.227.39 - - [21/Apr/2026:20:00:29 +0000] "GET /goods.php?detail/00601306755185 HTTP/1.1" 404 21054 "https://s2spw.com/goods.php?detail/006025626266" "Mozilla/5.0 AppleWebKit/537.36 (KHTML, like Gecko; compatible; GPTBot/1.3; +https://openai.com/gptbot)"
74.7.227.39 - - [21/Apr/2026:20:00:32 +0000] "GET /goods.php?detail/00200872326343 HTTP/1.1" 404 21054 "https://s2spw.com/goods.php?detail/002009257527" "Mozilla/5.0 AppleWebKit/537.36 (KHTML, like Gecko; compatible; GPTBot/1.3; +https://openai.com/gptbot)"
74.7.227.39 - - [21/Apr/2026:20:00:35 +0000] "GET /goods.php?detail/28801885023412 HTTP/1.1" 404 21054 "https://s2spw.com/goods.php?detail/044049116411" "Mozilla/5.0 AppleWebKit/537.36 (KHTML, like Gecko; compatible; GPTBot/1.3; +https://openai.com/gptbot)"
74.7.227.39 - - [21/Apr/2026:20:00:37 +0000] "GET /goods.php?detail/22902772190168 HTTP/1.1" 404 21054 "https://s2spw.com/goods.php?detail/229026200195" "Mozilla/5.0 AppleWebKit/537.36 (KHTML, like Gecko; compatible; GPTBot/1.3; +https://openai.com/gptbot)"
74.7.227.39 - - [21/Apr/2026:20:00:40 +0000] "GET /goods.php?detail/06303002011285 HTTP/1.1" 404 21054 "https://s2spw.com/goods.php?detail/063030711347" "Mozilla/5.0 AppleWebKit/537.36 (KHTML, like Gecko; compatible; GPTBot/1.3; +https://openai.com/gptbot)"
74.7.227.39 - - [21/Apr/2026:20:00:43 +0000] "GET /goods.php?detail/09300158952558 HTTP/1.1" 404 21054 "https://s2spw.com/goods.php?product/edit/vie-up-ds-2489764" "Mozilla/5.0 AppleWebKit/537.36 (KHTML, like Gecko; compatible; GPTBot/1.3; +https://openai.com/gptbot)"
74.7.227.39 - - [21/Apr/2026:20:00:46 +0000] "GET /goods.php?detail/20902066250310 HTTP/1.1" 404 21054 "https://s2spw.com/goods.php?detail/108005847881" "Mozilla/5.0 AppleWebKit/537.36 (KHTML, like Gecko; compatible; GPTBot/1.3; +https://openai.com/gptbot)"
74.7.227.39 - - [21/Apr/2026:20:00:49 +0000] "GET /goods.php?detail/06303896780650 HTTP/1.1" 404 21054 "https://s2spw.com/goods.php?detail/027040283662" "Mozilla/5.0 AppleWebKit/537.36 (KHTML, like Gecko; compatible; GPTBot/1.3; +https://openai.com/gptbot)"
74.7.227.39 - - [21/Apr/2026:20:00:51 +0000] "GET /goods.php?detail/01701418450318 HTTP/1.1" 404 21054 "https://s2spw.com/goods.php?detail/017014266541" "Mozilla/5.0 AppleWebKit/537.36 (KHTML, like Gecko; compatible; GPTBot/1.3; +https://openai.com/gptbot)"
74.7.227.39 - - [21/Apr/2026:20:00:54 +0000] "GET /goods.php?detail/03903379450385 HTTP/1.1" 404 21054 "https://s2spw.com/goods.php?detail/039033962206" "Mozilla/5.0 AppleWebKit/537.36 (KHTML, like Gecko; compatible; GPTBot/1.3; +https://openai.com/gptbot)"
74.7.227.39 - - [21/Apr/2026:20:00:57 +0000] "GET /goods.php?detail/20600423238050 HTTP/1.1" 404 21054 "https://s2spw.com/goods.php?detail/208003111336" "Mozilla/5.0 AppleWebKit/537.36 (KHTML, like Gecko; compatible; GPTBot/1.3; +https://openai.com/gptbot)"
74.7.227.39 - - [21/Apr/2026:20:01:00 +0000] "GET /goods.php?detail/29204426470487 HTTP/1.1" 404 21054 "https://s2spw.com/goods.php?detail/292044495027" "Mozilla/5.0 AppleWebKit/537.36 (KHTML, like Gecko; compatible; GPTBot/1.3; +https://openai.com/gptbot)"
74.7.227.39 - - [21/Apr/2026:20:01:03 +0000] "GET /goods.php?detail/23103877558727 HTTP/1.1" 404 21054 "https://s2spw.com/goods.php?detail/2900392236829" "Mozilla/5.0 AppleWebKit/537.36 (KHTML, like Gecko; compatible; GPTBot/1.3; +https://openai.com/gptbot)"
74.7.227.39 - - [21/Apr/2026:20:01:06 +0000] "GET /goods.php?detail/16400550145527 HTTP/1.1" 404 21054 "https://s2spw.com/goods.php?jp/012009353.html" "Mozilla/5.0 AppleWebKit/537.36 (KHTML, like Gecko; compatible; GPTBot/1.3; +https://openai.com/gptbot)"
74.7.227.39 - - [21/Apr/2026:20:01:09 +0000] "GET /goods.php?detail/17002301745774 HTTP/1.1" 404 21054 "https://s2spw.com/goods.php?detail/170022831700" "Mozilla/5.0 AppleWebKit/537.36 (KHTML, like Gecko; compatible; GPTBot/1.3; +https://openai.com/gptbot)"
74.7.227.39 - - [21/Apr/2026:20:01:11 +0000] "GET /goods.php?detail/10300350159948 HTTP/1.1" 404 21054 "https://s2spw.com/goods.php?detail/103003533655" "Mozilla/5.0 AppleWebKit/537.36 (KHTML, like Gecko; compatible; GPTBot/1.3; +https://openai.com/gptbot)"
66.249.79.197 - - [21/Apr/2026:20:01:12 +0000] "GET /?detail/10300273881908 HTTP/1.1" 200 557874 "-" "Mozilla/5.0 (Linux; Android 6.0.1; Nexus 5X Build/MMB29P) AppleWebKit/537.36 (KHTML, like Gecko) Chrome/146.0.7680.177 Mobile Safari/537.36 (compatible; Googlebot/2.1; +http://www.google.com/bot.html)"
74.7.227.39 - - [21/Apr/2026:20:01:14 +0000] "GET /goods.php?detail/17504061708671 HTTP/1.1" 404 21054 "https://s2spw.com/goods.php?detail/154031354102" "Mozilla/5.0 AppleWebKit/537.36 (KHTML, like Gecko; compatible; GPTBot/1.3; +https://openai.com/gptbot)"
74.7.227.39 - - [21/Apr/2026:20:01:17 +0000] "GET /goods.php?detail/06502621550895 HTTP/1.1" 404 21054 "https://s2spw.com/goods.php?detail/065025584588" "Mozilla/5.0 AppleWebKit/537.36 (KHTML, like Gecko; compatible; GPTBot/1.3; +https://openai.com/gptbot)"
74.7.227.39 - - [21/Apr/2026:20:01:20 +0000] "GET /goods.php?detail/04802506408257 HTTP/1.1" 404 21054 "https://s2spw.com/goods.php?detail/155017460195" "Mozilla/5.0 AppleWebKit/537.36 (KHTML, like Gecko; compatible; GPTBot/1.3; +https://openai.com/gptbot)"
74.7.227.39 - - [21/Apr/2026:20:01:23 +0000] "GET /goods.php?detail/09502512861551 HTTP/1.1" 404 21054 "https://s2spw.com/goods.php?detail/114044659637" "Mozilla/5.0 AppleWebKit/537.36 (KHTML, like Gecko; compatible; GPTBot/1.3; +https://openai.com/gptbot)"
74.7.227.39 - - [21/Apr/2026:20:01:26 +0000] "GET /goods.php?detail/22802141927070 HTTP/1.1" 404 21054 "https://s2spw.com/goods.php?goods/228026012" "Mozilla/5.0 AppleWebKit/537.36 (KHTML, like Gecko; compatible; GPTBot/1.3; +https://openai.com/gptbot)"
74.7.227.39 - - [21/Apr/2026:20:01:29 +0000] "GET /goods.php?detail/00204811852206 HTTP/1.1" 404 21054 "https://s2spw.com/goods.php?detail/215003249956" "Mozilla/5.0 AppleWebKit/537.36 (KHTML, like Gecko; compatible; GPTBot/1.3; +https://openai.com/gptbot)"
74.7.227.39 - - [21/Apr/2026:20:01:32 +0000] "GET /goods.php?detail/02701290016462 HTTP/1.1" 404 21054 "https://s2spw.com/goods.php?detail/300020873244" "Mozilla/5.0 AppleWebKit/537.36 (KHTML, like Gecko; compatible; GPTBot/1.3; +https://openai.com/gptbot)"
66.249.79.196 - - [21/Apr/2026:20:01:32 +0000] "GET /?jp/180008703.html HTTP/1.1" 301 - "-" "Mozilla/5.0 (Linux; Android 6.0.1; Nexus 5X Build/MMB29P) AppleWebKit/537.36 (KHTML, like Gecko) Chrome/146.0.7680.177 Mobile Safari/537.36 (compatible; GoogleOther)"
66.249.79.195 - - [21/Apr/2026:20:01:33 +0000] "GET /?jp%2F180008703_html HTTP/1.1" 200 574453 "-" "Mozilla/5.0 (Linux; Android 6.0.1; Nexus 5X Build/MMB29P) AppleWebKit/537.36 (KHTML, like Gecko) Chrome/146.0.7680.177 Mobile Safari/537.36 (compatible; GoogleOther)"
74.7.227.39 - - [21/Apr/2026:20:01:34 +0000] "GET /goods.php?detail/23902450693933 HTTP/1.1" 404 21054 "https://s2spw.com/goods.php?detail/0030064110220" "Mozilla/5.0 AppleWebKit/537.36 (KHTML, like Gecko; compatible; GPTBot/1.3; +https://openai.com/gptbot)"
74.7.227.39 - - [21/Apr/2026:20:01:37 +0000] "GET /goods.php?detail/06600329949037 HTTP/1.1" 404 21054 "https://s2spw.com/goods.php?detail/080033027768" "Mozilla/5.0 AppleWebKit/537.36 (KHTML, like Gecko; compatible; GPTBot/1.3; +https://openai.com/gptbot)"
74.7.227.39 - - [21/Apr/2026:20:01:40 +0000] "GET /goods.php?detail/09702029586920 HTTP/1.1" 404 21054 "https://s2spw.com/goods.php?detail/002002699085" "Mozilla/5.0 AppleWebKit/537.36 (KHTML, like Gecko; compatible; GPTBot/1.3; +https://openai.com/gptbot)"
74.7.227.39 - - [21/Apr/2026:20:01:43 +0000] "GET /goods.php?detail/08201708100164 HTTP/1.1" 404 21054 "https://s2spw.com/goods.php?detail/047040163441" "Mozilla/5.0 AppleWebKit/537.36 (KHTML, like Gecko; compatible; GPTBot/1.3; +https://openai.com/gptbot)"
66.29.147.207 - - [21/Apr/2026:20:01:46 +0000] "POST /wp-cron.php?doing_wp_cron=1776801706.2608339786529541015625 HTTP/1.1" 404 21054 "-" "WordPress/6.9.4; https://s2spw.com"
74.7.227.39 - - [21/Apr/2026:20:01:45 +0000] "GET /goods.php?detail/24600390560996 HTTP/1.1" 404 21054 "https://s2spw.com/goods.php?detail/246004586918" "Mozilla/5.0 AppleWebKit/537.36 (KHTML, like Gecko; compatible; GPTBot/1.3; +https://openai.com/gptbot)"
74.7.227.39 - - [21/Apr/2026:20:01:48 +0000] "GET /goods.php?detail/09102305903038 HTTP/1.1" 404 21054 "https://s2spw.com/goods.php?detail/290001712609" "Mozilla/5.0 AppleWebKit/537.36 (KHTML, like Gecko; compatible; GPTBot/1.3; +https://openai.com/gptbot)"
74.7.227.39 - - [21/Apr/2026:20:01:51 +0000] "GET /goods.php?detail/21601332691352 HTTP/1.1" 404 21054 "https://s2spw.com/goods.php?detail/056047210552" "Mozilla/5.0 AppleWebKit/537.36 (KHTML, like Gecko; compatible; GPTBot/1.3; +https://openai.com/gptbot)"
74.7.227.39 - - [21/Apr/2026:20:01:54 +0000] "GET /goods.php?detail/23701387977922 HTTP/1.1" 404 21054 "https://s2spw.com/goods.php?goods/176033386" "Mozilla/5.0 AppleWebKit/537.36 (KHTML, like Gecko; compatible; GPTBot/1.3; +https://openai.com/gptbot)"
74.7.227.39 - - [21/Apr/2026:20:01:57 +0000] "GET /goods.php?detail/18300379198005 HTTP/1.1" 404 21054 "https://s2spw.com/goods.php?detail/020005277887" "Mozilla/5.0 AppleWebKit/537.36 (KHTML, like Gecko; compatible; GPTBot/1.3; +https://openai.com/gptbot)"
74.7.227.39 - - [21/Apr/2026:20:02:00 +0000] "GET /goods.php?detail/05100878792757 HTTP/1.1" 404 21054 "https://s2spw.com/goods.php?goods/051009333" "Mozilla/5.0 AppleWebKit/537.36 (KHTML, like Gecko; compatible; GPTBot/1.3; +https://openai.com/gptbot)"
66.249.79.195 - - [21/Apr/2026:20:02:01 +0000] "GET /?detail/14602947858260 HTTP/1.1" 200 554838 "-" "Mozilla/5.0 (Linux; Android 6.0.1; Nexus 5X Build/MMB29P) AppleWebKit/537.36 (KHTML, like Gecko) Chrome/146.0.7680.177 Mobile Safari/537.36 (compatible; GoogleOther)"
74.7.227.39 - - [21/Apr/2026:20:02:02 +0000] "GET /goods.php?detail/04301230599210 HTTP/1.1" 404 21054 "https://s2spw.com/goods.php?detail/241027389304" "Mozilla/5.0 AppleWebKit/537.36 (KHTML, like Gecko; compatible; GPTBot/1.3; +https://openai.com/gptbot)"
74.7.227.39 - - [21/Apr/2026:20:02:05 +0000] "GET /goods.php?detail/08100255005947 HTTP/1.1" 404 21054 "https://s2spw.com/goods.php?detail/081002927594" "Mozilla/5.0 AppleWebKit/537.36 (KHTML, like Gecko; compatible; GPTBot/1.3; +https://openai.com/gptbot)"
74.7.227.39 - - [21/Apr/2026:20:02:08 +0000] "GET /goods.php?detail/26201295450205 HTTP/1.1" 404 21054 "https://s2spw.com/goods.php?detail/262013243494" "Mozilla/5.0 AppleWebKit/537.36 (KHTML, like Gecko; compatible; GPTBot/1.3; +https://openai.com/gptbot)"
74.7.227.39 - - [21/Apr/2026:20:02:11 +0000] "GET /goods.php?detail/12400610031834 HTTP/1.1" 404 21054 "https://s2spw.com/goods.php?detail/096000979376" "Mozilla/5.0 AppleWebKit/537.36 (KHTML, like Gecko; compatible; GPTBot/1.3; +https://openai.com/gptbot)"
74.7.227.39 - - [21/Apr/2026:20:02:14 +0000] "GET /goods.php?detail/14501433052474 HTTP/1.1" 404 21054 "https://s2spw.com/goods.php?detail/145014864118" "Mozilla/5.0 AppleWebKit/537.36 (KHTML, like Gecko; compatible; GPTBot/1.3; +https://openai.com/gptbot)"
74.7.227.39 - - [21/Apr/2026:20:02:17 +0000] "GET /goods.php?detail/19300369389560 HTTP/1.1" 404 21054 "https://s2spw.com/goods.php?detail/135001125414" "Mozilla/5.0 AppleWebKit/537.36 (KHTML, like Gecko; compatible; GPTBot/1.3; +https://openai.com/gptbot)"
66.249.79.196 - - [21/Apr/2026:20:02:18 +0000] "GET /?goods/274036963 HTTP/1.1" 200 566634 "-" "Mozilla/5.0 (Linux; Android 6.0.1; Nexus 5X Build/MMB29P) AppleWebKit/537.36 (KHTML, like Gecko) Chrome/146.0.7680.177 Mobile Safari/537.36 (compatible; Googlebot/2.1; +http://www.google.com/bot.html)"
74.7.227.39 - - [21/Apr/2026:20:02:20 +0000] "GET /goods.php?detail/00801914717116 HTTP/1.1" 404 21054 "https://s2spw.com/goods.php?detail/207008790694" "Mozilla/5.0 AppleWebKit/537.36 (KHTML, like Gecko; compatible; GPTBot/1.3; +https://openai.com/gptbot)"
74.7.227.39 - - [21/Apr/2026:20:02:22 +0000] "GET /goods.php?detail/04804249278459 HTTP/1.1" 404 21054 "https://s2spw.com/goods.php?detail/048042446079" "Mozilla/5.0 AppleWebKit/537.36 (KHTML, like Gecko; compatible; GPTBot/1.3; +https://openai.com/gptbot)"
74.7.227.39 - - [21/Apr/2026:20:02:25 +0000] "GET /goods.php?detail/21101045918482 HTTP/1.1" 404 21054 "https://s2spw.com/goods.php?detail/005046915199" "Mozilla/5.0 AppleWebKit/537.36 (KHTML, like Gecko; compatible; GPTBot/1.3; +https://openai.com/gptbot)"
66.249.79.195 - - [21/Apr/2026:20:02:27 +0000] "GET /?detail/1130490898541 HTTP/1.1" 200 560869 "-" "Mozilla/5.0 (Linux; Android 6.0.1; Nexus 5X Build/MMB29P) AppleWebKit/537.36 (KHTML, like Gecko) Chrome/146.0.7680.177 Mobile Safari/537.36 (compatible; GoogleOther)"
74.7.227.39 - - [21/Apr/2026:20:02:28 +0000] "GET /goods.php?detail/17403179008911 HTTP/1.1" 404 21054 "https://s2spw.com/goods.php?detail/174030413713" "Mozilla/5.0 AppleWebKit/537.36 (KHTML, like Gecko; compatible; GPTBot/1.3; +https://openai.com/gptbot)"
135.181.160.215 - - [21/Apr/2026:20:02:29 +0000] "POST /wp-content/plugins/cutfdpm/index.php HTTP/1.1" 404 21054 "-" "-"
74.7.227.39 - - [21/Apr/2026:20:02:31 +0000] "GET /goods.php?detail/11901139386206 HTTP/1.1" 404 21054 "https://s2spw.com/goods.php?detail/111004129075" "Mozilla/5.0 AppleWebKit/537.36 (KHTML, like Gecko; compatible; GPTBot/1.3; +https://openai.com/gptbot)"
74.7.227.39 - - [21/Apr/2026:20:02:33 +0000] "GET /goods.php?detail/13701181980123 HTTP/1.1" 404 21054 "https://s2spw.com/goods.php?detail/051000272720" "Mozilla/5.0 AppleWebKit/537.36 (KHTML, like Gecko; compatible; GPTBot/1.3; +https://openai.com/gptbot)"
74.7.227.39 - - [21/Apr/2026:20:02:36 +0000] "GET /goods.php?detail/27500416504025 HTTP/1.1" 404 21054 "https://s2spw.com/goods.php?detail/275004180050" "Mozilla/5.0 AppleWebKit/537.36 (KHTML, like Gecko; compatible; GPTBot/1.3; +https://openai.com/gptbot)"
74.7.227.39 - - [21/Apr/2026:20:02:39 +0000] "GET /goods.php?detail/09200384439232 HTTP/1.1" 404 21054 "https://s2spw.com/goods.php?product/edit/kan-rt-jma-a360-xs" "Mozilla/5.0 AppleWebKit/537.36 (KHTML, like Gecko; compatible; GPTBot/1.3; +https://openai.com/gptbot)"
74.7.227.39 - - [21/Apr/2026:20:02:42 +0000] "GET /goods.php?detail/04804379889802 HTTP/1.1" 404 21054 "https://s2spw.com/goods.php?detail/0480430083811" "Mozilla/5.0 AppleWebKit/537.36 (KHTML, like Gecko; compatible; GPTBot/1.3; +https://openai.com/gptbot)"
74.7.227.39 - - [21/Apr/2026:20:02:45 +0000] "GET /goods.php?detail/07200101824161 HTTP/1.1" 404 21054 "https://s2spw.com/goods.php?detail/072001227286" "Mozilla/5.0 AppleWebKit/537.36 (KHTML, like Gecko; compatible; GPTBot/1.3; +https://openai.com/gptbot)"
66.249.79.196 - - [21/Apr/2026:20:02:45 +0000] "GET /?detail/07600306901090 HTTP/1.1" 301 - "-" "Mozilla/5.0 (Linux; Android 6.0.1; Nexus 5X Build/MMB29P) AppleWebKit/537.36 (KHTML, like Gecko) Chrome/146.0.7680.177 Mobile Safari/537.36 (compatible; Googlebot/2.1; +http://www.google.com/bot.html)"
66.249.79.195 - - [21/Apr/2026:20:02:46 +0000] "GET /?detail%2F07600306901090 HTTP/1.1" 200 556174 "-" "Mozilla/5.0 (Linux; Android 6.0.1; Nexus 5X Build/MMB29P) AppleWebKit/537.36 (KHTML, like Gecko) Chrome/146.0.7680.177 Mobile Safari/537.36 (compatible; Googlebot/2.1; +http://www.google.com/bot.html)"
66.29.147.207 - - [21/Apr/2026:20:02:48 +0000] "POST /wp-cron.php?doing_wp_cron=1776801768.4876921176910400390625 HTTP/1.1" 200 - "-" "WordPress/6.9.4; https://s2spw.com"
74.7.227.39 - - [21/Apr/2026:20:02:48 +0000] "GET /goods.php?detail/19101485197419 HTTP/1.1" 404 21054 "https://s2spw.com/goods.php?detail/191015601030" "Mozilla/5.0 AppleWebKit/537.36 (KHTML, like Gecko; compatible; GPTBot/1.3; +https://openai.com/gptbot)"
74.7.227.39 - - [21/Apr/2026:20:02:51 +0000] "GET /goods.php?detail/25404801210215 HTTP/1.1" 404 21054 "https://s2spw.com/goods.php?detail/101028555183" "Mozilla/5.0 AppleWebKit/537.36 (KHTML, like Gecko; compatible; GPTBot/1.3; +https://openai.com/gptbot)"
74.7.227.39 - - [21/Apr/2026:20:02:53 +0000] "GET /goods.php?detail/08401443308602 HTTP/1.1" 404 21054 "https://s2spw.com/goods.php?detail/084016082980" "Mozilla/5.0 AppleWebKit/537.36 (KHTML, like Gecko; compatible; GPTBot/1.3; +https://openai.com/gptbot)"
74.7.227.39 - - [21/Apr/2026:20:02:56 +0000] "GET /goods.php?detail/01601136904203 HTTP/1.1" 404 21054 "https://s2spw.com/goods.php?detail/016011608041" "Mozilla/5.0 AppleWebKit/537.36 (KHTML, like Gecko; compatible; GPTBot/1.3; +https://openai.com/gptbot)"
74.7.227.39 - - [21/Apr/2026:20:02:59 +0000] "GET /goods.php?detail/11702787837482 HTTP/1.1" 404 21054 "https://s2spw.com/goods.php?detail/0480078980710" "Mozilla/5.0 AppleWebKit/537.36 (KHTML, like Gecko; compatible; GPTBot/1.3; +https://openai.com/gptbot)"
74.7.227.39 - - [21/Apr/2026:20:03:02 +0000] "GET /goods.php?detail/27804909003388 HTTP/1.1" 404 21054 "https://s2spw.com/goods.php?detail/278048052365" "Mozilla/5.0 AppleWebKit/537.36 (KHTML, like Gecko; compatible; GPTBot/1.3; +https://openai.com/gptbot)"
74.7.227.39 - - [21/Apr/2026:20:03:05 +0000] "GET /goods.php?detail/04800401254312 HTTP/1.1" 404 21054 "https://s2spw.com/goods.php?detail/269012917954" "Mozilla/5.0 AppleWebKit/537.36 (KHTML, like Gecko; compatible; GPTBot/1.3; +https://openai.com/gptbot)"
74.7.227.39 - - [21/Apr/2026:20:03:08 +0000] "GET /goods.php?detail/29901522101749 HTTP/1.1" 404 21054 "https://s2spw.com/goods.php?detail/299015645470" "Mozilla/5.0 AppleWebKit/537.36 (KHTML, like Gecko; compatible; GPTBot/1.3; +https://openai.com/gptbot)"
66.249.79.196 - - [21/Apr/2026:20:03:10 +0000] "GET /?goods/075038011 HTTP/1.1" 200 554855 "-" "Mozilla/5.0 (Linux; Android 6.0.1; Nexus 5X Build/MMB29P) AppleWebKit/537.36 (KHTML, like Gecko) Chrome/146.0.7680.177 Mobile Safari/537.36 (compatible; Googlebot/2.1; +http://www.google.com/bot.html)"
74.7.227.39 - - [21/Apr/2026:20:03:10 +0000] "GET /goods.php?detail/05002151900633 HTTP/1.1" 404 21054 "https://s2spw.com/goods.php?detail/266011507191" "Mozilla/5.0 AppleWebKit/537.36 (KHTML, like Gecko; compatible; GPTBot/1.3; +https://openai.com/gptbot)"
52.167.144.221 - - [21/Apr/2026:20:03:12 +0000] "GET /?p=001889983edc268 HTTP/1.1" 200 13 "-" "Mozilla/5.0 AppleWebKit/537.36 (KHTML, like Gecko; compatible; bingbot/2.0; +http://www.bing.com/bingbot.htm) Chrome/116.0.1938.76 Safari/537.36"
74.7.227.39 - - [21/Apr/2026:20:03:13 +0000] "GET /goods.php?detail/10300877406033 HTTP/1.1" 404 21054 "https://s2spw.com/goods.php?detail/003033190299" "Mozilla/5.0 AppleWebKit/537.36 (KHTML, like Gecko; compatible; GPTBot/1.3; +https://openai.com/gptbot)"
74.7.227.39 - - [21/Apr/2026:20:03:16 +0000] "GET /goods.php?detail/27601478677627 HTTP/1.1" 404 21054 "https://s2spw.com/goods.php?product/edit/ganbariya-207-5241" "Mozilla/5.0 AppleWebKit/537.36 (KHTML, like Gecko; compatible; GPTBot/1.3; +https://openai.com/gptbot)"
74.7.227.39 - - [21/Apr/2026:20:03:19 +0000] "GET /goods.php?detail/10503556554669 HTTP/1.1" 404 21054 "https://s2spw.com/goods.php?detail/274007464473" "Mozilla/5.0 AppleWebKit/537.36 (KHTML, like Gecko; compatible; GPTBot/1.3; +https://openai.com/gptbot)"
74.7.227.39 - - [21/Apr/2026:20:03:22 +0000] "GET /goods.php?detail/05800215928284 HTTP/1.1" 404 21054 "https://s2spw.com/goods.php?detail/246035858398" "Mozilla/5.0 AppleWebKit/537.36 (KHTML, like Gecko; compatible; GPTBot/1.3; +https://openai.com/gptbot)"
74.7.227.39 - - [21/Apr/2026:20:03:25 +0000] "GET /goods.php?detail/05802703735180 HTTP/1.1" 404 21054 "https://s2spw.com/goods.php?detail/220026155021" "Mozilla/5.0 AppleWebKit/537.36 (KHTML, like Gecko; compatible; GPTBot/1.3; +https://openai.com/gptbot)"
74.7.227.39 - - [21/Apr/2026:20:03:27 +0000] "GET /goods.php?detail/05300481318453 HTTP/1.1" 404 21054 "https://s2spw.com/goods.php?detail/291002666717" "Mozilla/5.0 AppleWebKit/537.36 (KHTML, like Gecko; compatible; GPTBot/1.3; +https://openai.com/gptbot)"
74.7.227.39 - - [21/Apr/2026:20:03:30 +0000] "GET /goods.php?detail/21002139215808 HTTP/1.1" 404 21054 "https://s2spw.com/goods.php?detail/191008596740" "Mozilla/5.0 AppleWebKit/537.36 (KHTML, like Gecko; compatible; GPTBot/1.3; +https://openai.com/gptbot)"
74.7.227.39 - - [21/Apr/2026:20:03:33 +0000] "GET /goods.php?detail/07601196646003 HTTP/1.1" 404 21054 "https://s2spw.com/goods.php?detail/2530232732528" "Mozilla/5.0 AppleWebKit/537.36 (KHTML, like Gecko; compatible; GPTBot/1.3; +https://openai.com/gptbot)"
74.7.227.39 - - [21/Apr/2026:20:03:36 +0000] "GET /goods.php?detail/23501080232707 HTTP/1.1" 404 21054 "https://s2spw.com/goods.php?detail/026049609522" "Mozilla/5.0 AppleWebKit/537.36 (KHTML, like Gecko; compatible; GPTBot/1.3; +https://openai.com/gptbot)"
66.249.79.195 - - [21/Apr/2026:20:03:37 +0000] "GET /?jp/152027047.html HTTP/1.1" 200 554282 "-" "Mozilla/5.0 (Linux; Android 6.0.1; Nexus 5X Build/MMB29P) AppleWebKit/537.36 (KHTML, like Gecko) Chrome/146.0.7680.177 Mobile Safari/537.36 (compatible; GoogleOther)"
74.7.227.39 - - [21/Apr/2026:20:03:39 +0000] "GET /goods.php?detail/20404551257340 HTTP/1.1" 404 21054 "https://s2spw.com/goods.php?detail/204047129531" "Mozilla/5.0 AppleWebKit/537.36 (KHTML, like Gecko; compatible; GPTBot/1.3; +https://openai.com/gptbot)"
74.7.227.39 - - [21/Apr/2026:20:03:42 +0000] "GET /goods.php?detail/01801130218942 HTTP/1.1" 404 21054 "https://s2spw.com/goods.php?detail/018010232501" "Mozilla/5.0 AppleWebKit/537.36 (KHTML, like Gecko; compatible; GPTBot/1.3; +https://openai.com/gptbot)"
74.7.227.39 - - [21/Apr/2026:20:03:44 +0000] "GET /goods.php?detail/00404251448964 HTTP/1.1" 404 21054 "https://s2spw.com/goods.php?detail/0040432110540" "Mozilla/5.0 AppleWebKit/537.36 (KHTML, like Gecko; compatible; GPTBot/1.3; +https://openai.com/gptbot)"
74.7.227.39 - - [21/Apr/2026:20:03:47 +0000] "GET /goods.php?detail/25300779260303 HTTP/1.1" 404 21054 "https://s2spw.com/goods.php?detail/253007287954" "Mozilla/5.0 AppleWebKit/537.36 (KHTML, like Gecko; compatible; GPTBot/1.3; +https://openai.com/gptbot)"
74.7.227.39 - - [21/Apr/2026:20:03:50 +0000] "GET /goods.php?detail/18803644113988 HTTP/1.1" 404 21054 "https://s2spw.com/goods.php?detail/294024216992" "Mozilla/5.0 AppleWebKit/537.36 (KHTML, like Gecko; compatible; GPTBot/1.3; +https://openai.com/gptbot)"
74.7.227.39 - - [21/Apr/2026:20:03:53 +0000] "GET /goods.php?detail/06303083418394 HTTP/1.1" 404 21054 "https://s2spw.com/goods.php?detail/063030705856" "Mozilla/5.0 AppleWebKit/537.36 (KHTML, like Gecko; compatible; GPTBot/1.3; +https://openai.com/gptbot)"
74.7.227.39 - - [21/Apr/2026:20:03:56 +0000] "GET /goods.php?detail/28200462280943 HTTP/1.1" 404 21054 "https://s2spw.com/goods.php?detail/282005210420" "Mozilla/5.0 AppleWebKit/537.36 (KHTML, like Gecko; compatible; GPTBot/1.3; +https://openai.com/gptbot)"
74.7.227.39 - - [21/Apr/2026:20:03:59 +0000] "GET /goods.php?detail/01101047919068 HTTP/1.1" 404 21054 "https://s2spw.com/goods.php?detail/011010545982" "Mozilla/5.0 AppleWebKit/537.36 (KHTML, like Gecko; compatible; GPTBot/1.3; +https://openai.com/gptbot)"
66.249.79.195 - - [21/Apr/2026:20:03:59 +0000] "GET /?jp/001022153.html HTTP/1.1" 200 554092 "-" "Mozilla/5.0 (Linux; Android 6.0.1; Nexus 5X Build/MMB29P) AppleWebKit/537.36 (KHTML, like Gecko) Chrome/146.0.7680.177 Mobile Safari/537.36 (compatible; GoogleOther)"
74.7.227.39 - - [21/Apr/2026:20:04:01 +0000] "GET /goods.php?detail/08903564050440 HTTP/1.1" 404 21054 "https://s2spw.com/goods.php?detail/089036467081" "Mozilla/5.0 AppleWebKit/537.36 (KHTML, like Gecko; compatible; GPTBot/1.3; +https://openai.com/gptbot)"
74.7.227.39 - - [21/Apr/2026:20:04:04 +0000] "GET /goods.php?detail/04604346471565 HTTP/1.1" 404 21054 "https://s2spw.com/goods.php?detail/1610268458486" "Mozilla/5.0 AppleWebKit/537.36 (KHTML, like Gecko; compatible; GPTBot/1.3; +https://openai.com/gptbot)"
66.249.79.195 - - [21/Apr/2026:20:04:06 +0000] "GET /?goods/129033439 HTTP/1.1" 200 559206 "-" "Mozilla/5.0 (Linux; Android 6.0.1; Nexus 5X Build/MMB29P) AppleWebKit/537.36 (KHTML, like Gecko) Chrome/146.0.7680.177 Mobile Safari/537.36 (compatible; Googlebot/2.1; +http://www.google.com/bot.html)"
74.7.227.39 - - [21/Apr/2026:20:04:07 +0000] "GET /goods.php?detail/09600940471621 HTTP/1.1" 404 21054 "https://s2spw.com/goods.php?detail/096008175656" "Mozilla/5.0 AppleWebKit/537.36 (KHTML, like Gecko; compatible; GPTBot/1.3; +https://openai.com/gptbot)"
74.7.227.39 - - [21/Apr/2026:20:04:10 +0000] "GET /goods.php?detail/04001409935211 HTTP/1.1" 404 21054 "https://s2spw.com/goods.php?detail/0400139164019" "Mozilla/5.0 AppleWebKit/537.36 (KHTML, like Gecko; compatible; GPTBot/1.3; +https://openai.com/gptbot)"
74.7.227.39 - - [21/Apr/2026:20:04:13 +0000] "GET /goods.php?detail/03604027866004 HTTP/1.1" 404 21054 "https://s2spw.com/goods.php?detail/043007641678" "Mozilla/5.0 AppleWebKit/537.36 (KHTML, like Gecko; compatible; GPTBot/1.3; +https://openai.com/gptbot)"
74.7.227.39 - - [21/Apr/2026:20:04:16 +0000] "GET /goods.php?detail/02702388232601 HTTP/1.1" 404 21054 "https://s2spw.com/goods.php?detail/077029740688" "Mozilla/5.0 AppleWebKit/537.36 (KHTML, like Gecko; compatible; GPTBot/1.3; +https://openai.com/gptbot)"
74.7.227.39 - - [21/Apr/2026:20:04:18 +0000] "GET /goods.php?detail/23200752392580 HTTP/1.1" 404 21054 "https://s2spw.com/goods.php?jp/232007772.html" "Mozilla/5.0 AppleWebKit/537.36 (KHTML, like Gecko; compatible; GPTBot/1.3; +https://openai.com/gptbot)"
74.7.227.39 - - [21/Apr/2026:20:04:21 +0000] "GET /goods.php?detail/05300649763075 HTTP/1.1" 404 21054 "https://s2spw.com/goods.php?detail/007004415787" "Mozilla/5.0 AppleWebKit/537.36 (KHTML, like Gecko; compatible; GPTBot/1.3; +https://openai.com/gptbot)"
66.249.79.195 - - [21/Apr/2026:20:04:22 +0000] "GET /?jp/025035152.html HTTP/1.1" 200 559213 "-" "Mozilla/5.0 (Linux; Android 6.0.1; Nexus 5X Build/MMB29P) AppleWebKit/537.36 (KHTML, like Gecko) Chrome/146.0.7680.177 Mobile Safari/537.36 (compatible; Googlebot/2.1; +http://www.google.com/bot.html)"
204.12.208.18 - - [21/Apr/2026:20:04:21 +0000] "GET /wp-includes/br729cc5/index.php HTTP/1.1" 200 6 "https://s2spw.com/wp-includes/br729cc5/index.php" "Mozilla/5.0 (compatible; MSIE 9.0; Windows NT 6.1; WOW64; Trident/5.0; Sleipnir/2.9.8)"
74.7.227.39 - - [21/Apr/2026:20:04:24 +0000] "GET /goods.php?detail/08303072559358 HTTP/1.1" 404 21054 "https://s2spw.com/goods.php?detail/2240218801227" "Mozilla/5.0 AppleWebKit/537.36 (KHTML, like Gecko; compatible; GPTBot/1.3; +https://openai.com/gptbot)"
74.7.227.39 - - [21/Apr/2026:20:04:27 +0000] "GET /goods.php?detail/20700549945489 HTTP/1.1" 404 21054 "https://s2spw.com/goods.php?detail/022043378116" "Mozilla/5.0 AppleWebKit/537.36 (KHTML, like Gecko; compatible; GPTBot/1.3; +https://openai.com/gptbot)"
74.7.227.39 - - [21/Apr/2026:20:04:30 +0000] "GET /goods.php?detail/16602107221697 HTTP/1.1" 404 21054 "https://s2spw.com/goods.php?detail/0800388016560" "Mozilla/5.0 AppleWebKit/537.36 (KHTML, like Gecko; compatible; GPTBot/1.3; +https://openai.com/gptbot)"
74.7.227.39 - - [21/Apr/2026:20:04:32 +0000] "GET /goods.php?detail/10202906223059 HTTP/1.1" 404 21054 "https://s2spw.com/goods.php?detail/1060206032044" "Mozilla/5.0 AppleWebKit/537.36 (KHTML, like Gecko; compatible; GPTBot/1.3; +https://openai.com/gptbot)"
74.7.227.39 - - [21/Apr/2026:20:04:35 +0000] "GET /goods.php?detail/04004412543907 HTTP/1.1" 404 21054 "https://s2spw.com/goods.php?detail/078016234726" "Mozilla/5.0 AppleWebKit/537.36 (KHTML, like Gecko; compatible; GPTBot/1.3; +https://openai.com/gptbot)"
74.7.227.39 - - [21/Apr/2026:20:04:38 +0000] "GET /goods.php?detail/22803130648328 HTTP/1.1" 404 21054 "https://s2spw.com/goods.php?detail/09503799972874" "Mozilla/5.0 AppleWebKit/537.36 (KHTML, like Gecko; compatible; GPTBot/1.3; +https://openai.com/gptbot)"
74.7.227.39 - - [21/Apr/2026:20:04:41 +0000] "GET /goods.php?detail/26101430434390 HTTP/1.1" 404 21054 "https://s2spw.com/goods.php?detail/261012985426" "Mozilla/5.0 AppleWebKit/537.36 (KHTML, like Gecko; compatible; GPTBot/1.3; +https://openai.com/gptbot)"
74.7.227.39 - - [21/Apr/2026:20:04:44 +0000] "GET /goods.php?detail/11503637038088 HTTP/1.1" 404 21054 "https://s2spw.com/goods.php?detail/140044320151" "Mozilla/5.0 AppleWebKit/537.36 (KHTML, like Gecko; compatible; GPTBot/1.3; +https://openai.com/gptbot)"
66.249.79.195 - - [21/Apr/2026:20:04:44 +0000] "GET /?detail/143004532830 HTTP/1.1" 200 555235 "-" "Mozilla/5.0 (Linux; Android 6.0.1; Nexus 5X Build/MMB29P) AppleWebKit/537.36 (KHTML, like Gecko) Chrome/146.0.7680.177 Mobile Safari/537.36 (compatible; Googlebot/2.1; +http://www.google.com/bot.html)"
74.7.227.39 - - [21/Apr/2026:20:04:47 +0000] "GET /goods.php?detail/18504184849456 HTTP/1.1" 404 21054 "https://s2spw.com/goods.php?detail/004015499463" "Mozilla/5.0 AppleWebKit/537.36 (KHTML, like Gecko; compatible; GPTBot/1.3; +https://openai.com/gptbot)"
74.7.227.39 - - [21/Apr/2026:20:04:49 +0000] "GET /goods.php?detail/09204205198082 HTTP/1.1" 404 21054 "https://s2spw.com/goods.php?detail/099007374967" "Mozilla/5.0 AppleWebKit/537.36 (KHTML, like Gecko; compatible; GPTBot/1.3; +https://openai.com/gptbot)"
74.7.227.39 - - [21/Apr/2026:20:04:52 +0000] "GET /goods.php?detail/12302572520379 HTTP/1.1" 404 21054 "https://s2spw.com/goods.php?detail/12303333981333" "Mozilla/5.0 AppleWebKit/537.36 (KHTML, like Gecko; compatible; GPTBot/1.3; +https://openai.com/gptbot)"
74.7.227.39 - - [21/Apr/2026:20:04:55 +0000] "GET /goods.php?detail/13100461300569 HTTP/1.1" 404 21054 "https://s2spw.com/goods.php?detail/049000828758" "Mozilla/5.0 AppleWebKit/537.36 (KHTML, like Gecko; compatible; GPTBot/1.3; +https://openai.com/gptbot)"
74.7.227.39 - - [21/Apr/2026:20:04:58 +0000] "GET /goods.php?detail/20601794191001 HTTP/1.1" 404 21054 "https://s2spw.com/goods.php?detail/256000163548" "Mozilla/5.0 AppleWebKit/537.36 (KHTML, like Gecko; compatible; GPTBot/1.3; +https://openai.com/gptbot)"
74.7.227.39 - - [21/Apr/2026:20:05:01 +0000] "GET /goods.php?detail/00202827967763 HTTP/1.1" 404 21054 "https://s2spw.com/goods.php?detail/269006639684" "Mozilla/5.0 AppleWebKit/537.36 (KHTML, like Gecko; compatible; GPTBot/1.3; +https://openai.com/gptbot)"
74.7.227.39 - - [21/Apr/2026:20:05:03 +0000] "GET /goods.php?detail/03202328394070 HTTP/1.1" 404 21054 "https://s2spw.com/goods.php?detail/016005611026" "Mozilla/5.0 AppleWebKit/537.36 (KHTML, like Gecko; compatible; GPTBot/1.3; +https://openai.com/gptbot)"
74.7.227.39 - - [21/Apr/2026:20:05:06 +0000] "GET /goods.php?detail/10701669140103 HTTP/1.1" 404 21054 "https://s2spw.com/goods.php?detail/107014028166" "Mozilla/5.0 AppleWebKit/537.36 (KHTML, like Gecko; compatible; GPTBot/1.3; +https://openai.com/gptbot)"
74.7.227.39 - - [21/Apr/2026:20:05:09 +0000] "GET /goods.php?detail/20700370245887 HTTP/1.1" 404 21054 "https://s2spw.com/goods.php?detail/207003830061" "Mozilla/5.0 AppleWebKit/537.36 (KHTML, like Gecko; compatible; GPTBot/1.3; +https://openai.com/gptbot)"
74.7.227.39 - - [21/Apr/2026:20:05:12 +0000] "GET /goods.php?detail/00402459126120 HTTP/1.1" 404 21054 "https://s2spw.com/goods.php?detail/210021748692" "Mozilla/5.0 AppleWebKit/537.36 (KHTML, like Gecko; compatible; GPTBot/1.3; +https://openai.com/gptbot)"
74.7.227.39 - - [21/Apr/2026:20:05:14 +0000] "GET /goods.php?detail/03003388925689 HTTP/1.1" 404 21054 "https://s2spw.com/goods.php?detail/0300339219913" "Mozilla/5.0 AppleWebKit/537.36 (KHTML, like Gecko; compatible; GPTBot/1.3; +https://openai.com/gptbot)"
74.7.227.39 - - [21/Apr/2026:20:05:17 +0000] "GET /goods.php?detail/08600845289290 HTTP/1.1" 404 21054 "https://s2spw.com/goods.php?detail/012044112385" "Mozilla/5.0 AppleWebKit/537.36 (KHTML, like Gecko; compatible; GPTBot/1.3; +https://openai.com/gptbot)"
74.7.227.39 - - [21/Apr/2026:20:05:20 +0000] "GET /goods.php?detail/22600395232634 HTTP/1.1" 404 21054 "https://s2spw.com/goods.php?detail/119001744433" "Mozilla/5.0 AppleWebKit/537.36 (KHTML, like Gecko; compatible; GPTBot/1.3; +https://openai.com/gptbot)"
74.7.227.39 - - [21/Apr/2026:20:05:23 +0000] "GET /goods.php?detail/09202398098254 HTTP/1.1" 404 21054 "https://s2spw.com/goods.php?detail/004003774171" "Mozilla/5.0 AppleWebKit/537.36 (KHTML, like Gecko; compatible; GPTBot/1.3; +https://openai.com/gptbot)"
74.7.227.39 - - [21/Apr/2026:20:05:26 +0000] "GET /goods.php?detail/22801225591323 HTTP/1.1" 404 21054 "https://s2spw.com/goods.php?detail/228012587876" "Mozilla/5.0 AppleWebKit/537.36 (KHTML, like Gecko; compatible; GPTBot/1.3; +https://openai.com/gptbot)"
74.7.227.39 - - [21/Apr/2026:20:05:29 +0000] "GET /goods.php?detail/12001878757726 HTTP/1.1" 404 21054 "https://s2spw.com/goods.php?detail/1200194852521" "Mozilla/5.0 AppleWebKit/537.36 (KHTML, like Gecko; compatible; GPTBot/1.3; +https://openai.com/gptbot)"
204.12.208.18 - - [21/Apr/2026:20:04:01 +0000] "GET /wp-includes/br729cc5/index.php HTTP/1.1" 200 - "https://s2spw.com/wp-includes/br729cc5/index.php" "Mozilla/5.0 (Macintosh; Intel Mac OS X 10.7; rv:7.0.1) Gecko/20100101 Firefox/7.0.1"
74.7.227.39 - - [21/Apr/2026:20:05:31 +0000] "GET /goods.php?detail/03300542022096 HTTP/1.1" 404 21054 "https://s2spw.com/goods.php?detail/033004915420" "Mozilla/5.0 AppleWebKit/537.36 (KHTML, like Gecko; compatible; GPTBot/1.3; +https://openai.com/gptbot)"
74.7.227.39 - - [21/Apr/2026:20:05:34 +0000] "GET /goods.php?detail/16001215092113 HTTP/1.1" 404 21054 "https://s2spw.com/goods.php?detail/160010154106" "Mozilla/5.0 AppleWebKit/537.36 (KHTML, like Gecko; compatible; GPTBot/1.3; +https://openai.com/gptbot)"
74.7.227.39 - - [21/Apr/2026:20:05:37 +0000] "GET /goods.php?detail/06402504304615 HTTP/1.1" 404 21054 "https://s2spw.com/goods.php?detail/293006793653" "Mozilla/5.0 AppleWebKit/537.36 (KHTML, like Gecko; compatible; GPTBot/1.3; +https://openai.com/gptbot)"
