168.144.107.188 - - [21/Apr/2026:19:22:09 +0000] "POST /wp-login.php HTTP/1.1" 200 5010 "https://s2spw.com/wp-login.php" "Mozilla/5.0 (Macintosh; Intel Mac OS X 13_6_1) AppleWebKit/605.1.15 (KHTML, like Gecko) Version/16.6 Safari/605.1.15"
66.249.79.195 - - [21/Apr/2026:19:22:10 +0000] "GET /?detail/18502761987840 HTTP/1.1" 200 558377 "-" "Mozilla/5.0 (Linux; Android 6.0.1; Nexus 5X Build/MMB29P) AppleWebKit/537.36 (KHTML, like Gecko) Chrome/146.0.7680.177 Mobile Safari/537.36 (compatible; Googlebot/2.1; +http://www.google.com/bot.html)"
74.7.227.39 - - [21/Apr/2026:19:22:10 +0000] "GET /goods.php?detail/00202473014942 HTTP/1.1" 404 21054 "https://s2spw.com/goods.php?detail/002024851700" "Mozilla/5.0 AppleWebKit/537.36 (KHTML, like Gecko; compatible; GPTBot/1.3; +https://openai.com/gptbot)"
168.144.107.188 - - [21/Apr/2026:19:22:11 +0000] "GET /wp-admin/index.php HTTP/1.1" 302 - "https://s2spw.com/wp-login.php" "Mozilla/5.0 (X11; Ubuntu; Linux x86_64) AppleWebKit/537.36 (KHTML, like Gecko) Chrome/120.0.0.0 Safari/537.36"
168.144.107.188 - - [21/Apr/2026:19:22:13 +0000] "GET /wp-login.php?redirect_to=https%3A%2F%2Fs2spw.com%2Fwp-admin%2Findex.php&reauth=1 HTTP/1.1" 200 4609 "https://s2spw.com/wp-login.php" "Mozilla/5.0 (X11; Ubuntu; Linux x86_64) AppleWebKit/537.36 (KHTML, like Gecko) Chrome/120.0.0.0 Safari/537.36"
74.7.227.39 - - [21/Apr/2026:19:22:13 +0000] "GET /goods.php?detail/23403050940037 HTTP/1.1" 404 21054 "https://s2spw.com/goods.php?detail/039002504027" "Mozilla/5.0 AppleWebKit/537.36 (KHTML, like Gecko; compatible; GPTBot/1.3; +https://openai.com/gptbot)"
168.144.107.188 - - [21/Apr/2026:19:22:15 +0000] "POST /wp-login.php HTTP/1.1" 200 5010 "https://s2spw.com/wp-login.php" "Mozilla/5.0 (Windows NT 10.0; Win64; x64) AppleWebKit/537.36 (KHTML, like Gecko) Chrome/120.0.0.0 Safari/537.36"
74.7.227.39 - - [21/Apr/2026:19:22:16 +0000] "GET /goods.php?detail/00900422468487 HTTP/1.1" 404 21054 "https://s2spw.com/goods.php?detail/009004021949" "Mozilla/5.0 AppleWebKit/537.36 (KHTML, like Gecko; compatible; GPTBot/1.3; +https://openai.com/gptbot)"
168.144.107.188 - - [21/Apr/2026:19:22:17 +0000] "GET /wp-admin/index.php HTTP/1.1" 302 - "https://s2spw.com/wp-login.php" "Mozilla/5.0 (Windows NT 10.0; Win64; x64; rv:121.0) Gecko/20100101 Firefox/121.0"
168.144.107.188 - - [21/Apr/2026:19:22:19 +0000] "GET /wp-login.php?redirect_to=https%3A%2F%2Fs2spw.com%2Fwp-admin%2Findex.php&reauth=1 HTTP/1.1" 200 4609 "https://s2spw.com/wp-login.php" "Mozilla/5.0 (Windows NT 10.0; Win64; x64; rv:121.0) Gecko/20100101 Firefox/121.0"
74.7.227.39 - - [21/Apr/2026:19:22:19 +0000] "GET /goods.php?detail/22501180870525 HTTP/1.1" 404 21054 "https://s2spw.com/goods.php?detail/278027061285" "Mozilla/5.0 AppleWebKit/537.36 (KHTML, like Gecko; compatible; GPTBot/1.3; +https://openai.com/gptbot)"
66.249.79.195 - - [21/Apr/2026:19:22:20 +0000] "GET /?detail/1900129926137 HTTP/1.1" 200 590269 "-" "Mozilla/5.0 (Linux; Android 6.0.1; Nexus 5X Build/MMB29P) AppleWebKit/537.36 (KHTML, like Gecko) Chrome/146.0.7680.177 Mobile Safari/537.36 (compatible; Googlebot/2.1; +http://www.google.com/bot.html)"
168.144.107.188 - - [21/Apr/2026:19:22:20 +0000] "POST /wp-login.php HTTP/1.1" 200 5010 "https://s2spw.com/wp-login.php" "Mozilla/5.0 (X11; Linux x86_64) AppleWebKit/537.36 (KHTML, like Gecko) Chrome/119.0.0.0 Safari/537.36"
74.7.227.39 - - [21/Apr/2026:19:22:22 +0000] "GET /goods.php?detail/28302729284934 HTTP/1.1" 404 21054 "https://s2spw.com/goods.php?detail/233041478664" "Mozilla/5.0 AppleWebKit/537.36 (KHTML, like Gecko; compatible; GPTBot/1.3; +https://openai.com/gptbot)"
168.144.107.188 - - [21/Apr/2026:19:22:22 +0000] "GET /wp-admin/index.php HTTP/1.1" 302 - "https://s2spw.com/wp-login.php" "Mozilla/5.0 (Macintosh; Intel Mac OS X 13_6_1) AppleWebKit/537.36 (KHTML, like Gecko) Chrome/120.0.0.0 Safari/537.36"
168.144.107.188 - - [21/Apr/2026:19:22:24 +0000] "GET /wp-login.php?redirect_to=https%3A%2F%2Fs2spw.com%2Fwp-admin%2Findex.php&reauth=1 HTTP/1.1" 200 4609 "https://s2spw.com/wp-login.php" "Mozilla/5.0 (Macintosh; Intel Mac OS X 13_6_1) AppleWebKit/537.36 (KHTML, like Gecko) Chrome/120.0.0.0 Safari/537.36"
74.7.227.39 - - [21/Apr/2026:19:22:25 +0000] "GET /goods.php?detail/14203206041148 HTTP/1.1" 404 21054 "https://s2spw.com/goods.php?goods/142029247" "Mozilla/5.0 AppleWebKit/537.36 (KHTML, like Gecko; compatible; GPTBot/1.3; +https://openai.com/gptbot)"
168.144.107.188 - - [21/Apr/2026:19:22:26 +0000] "POST /wp-login.php HTTP/1.1" 200 5010 "https://s2spw.com/wp-login.php" "Mozilla/5.0 (Macintosh; Intel Mac OS X 13_6_1) AppleWebKit/537.36 (KHTML, like Gecko) Chrome/120.0.0.0 Safari/537.36"
74.7.227.39 - - [21/Apr/2026:19:22:27 +0000] "GET /goods.php?detail/01200150760554 HTTP/1.1" 404 21054 "https://s2spw.com/goods.php?pcmypage?callback=product/review/asty-shop-k0-1kje8qferu-ezlw" "Mozilla/5.0 AppleWebKit/537.36 (KHTML, like Gecko; compatible; GPTBot/1.3; +https://openai.com/gptbot)"
168.144.107.188 - - [21/Apr/2026:19:22:28 +0000] "GET /wp-admin/index.php HTTP/1.1" 302 - "https://s2spw.com/wp-login.php" "Mozilla/5.0 (Macintosh; Intel Mac OS X 10_15_7) AppleWebKit/537.36 (KHTML, like Gecko) Chrome/119.0.0.0 Safari/537.36"
74.7.227.39 - - [21/Apr/2026:19:22:30 +0000] "GET /goods.php?detail/23402377646494 HTTP/1.1" 404 21054 "https://s2spw.com/goods.php?detail/014036999252" "Mozilla/5.0 AppleWebKit/537.36 (KHTML, like Gecko; compatible; GPTBot/1.3; +https://openai.com/gptbot)"
168.144.107.188 - - [21/Apr/2026:19:22:30 +0000] "GET /wp-login.php?redirect_to=https%3A%2F%2Fs2spw.com%2Fwp-admin%2Findex.php&reauth=1 HTTP/1.1" 200 4609 "https://s2spw.com/wp-login.php" "Mozilla/5.0 (Macintosh; Intel Mac OS X 10_15_7) AppleWebKit/537.36 (KHTML, like Gecko) Chrome/119.0.0.0 Safari/537.36"
66.249.79.196 - - [21/Apr/2026:19:22:31 +0000] "GET /?detail/2720132144411 HTTP/1.1" 200 557557 "-" "Mozilla/5.0 (Linux; Android 6.0.1; Nexus 5X Build/MMB29P) AppleWebKit/537.36 (KHTML, like Gecko) Chrome/146.0.7680.177 Mobile Safari/537.36 (compatible; Googlebot/2.1; +http://www.google.com/bot.html)"
168.144.107.188 - - [21/Apr/2026:19:22:32 +0000] "POST /wp-login.php HTTP/1.1" 200 5010 "https://s2spw.com/wp-login.php" "Mozilla/5.0 (Macintosh; Intel Mac OS X 13_6_1) AppleWebKit/605.1.15 (KHTML, like Gecko) Version/17.2 Safari/605.1.15"
74.7.227.39 - - [21/Apr/2026:19:22:33 +0000] "GET /goods.php?detail/01301733198061 HTTP/1.1" 404 21054 "https://s2spw.com/goods.php?detail/0130172870927" "Mozilla/5.0 AppleWebKit/537.36 (KHTML, like Gecko; compatible; GPTBot/1.3; +https://openai.com/gptbot)"
168.144.107.188 - - [21/Apr/2026:19:22:34 +0000] "GET /wp-admin/index.php HTTP/1.1" 302 - "https://s2spw.com/wp-login.php" "Mozilla/5.0 (X11; Ubuntu; Linux x86_64) AppleWebKit/537.36 (KHTML, like Gecko) Chrome/121.0.0.0 Safari/537.36"
74.7.227.39 - - [21/Apr/2026:19:22:36 +0000] "GET /goods.php?detail/14503585231850 HTTP/1.1" 404 21054 "https://s2spw.com/goods.php?detail/136036892498" "Mozilla/5.0 AppleWebKit/537.36 (KHTML, like Gecko; compatible; GPTBot/1.3; +https://openai.com/gptbot)"
168.144.107.188 - - [21/Apr/2026:19:22:36 +0000] "GET /wp-login.php?redirect_to=https%3A%2F%2Fs2spw.com%2Fwp-admin%2Findex.php&reauth=1 HTTP/1.1" 200 4609 "https://s2spw.com/wp-login.php" "Mozilla/5.0 (X11; Ubuntu; Linux x86_64) AppleWebKit/537.36 (KHTML, like Gecko) Chrome/121.0.0.0 Safari/537.36"
168.144.107.188 - - [21/Apr/2026:19:22:38 +0000] "POST /wp-login.php HTTP/1.1" 200 4971 "https://s2spw.com/wp-login.php" "Mozilla/5.0 (X11; Linux x86_64) AppleWebKit/537.36 (KHTML, like Gecko) Chrome/121.0.0.0 Safari/537.36"
74.7.227.39 - - [21/Apr/2026:19:22:39 +0000] "GET /goods.php?detail/00600488291228 HTTP/1.1" 404 21054 "https://s2spw.com/goods.php?detail/0060038558039" "Mozilla/5.0 AppleWebKit/537.36 (KHTML, like Gecko; compatible; GPTBot/1.3; +https://openai.com/gptbot)"
66.249.79.196 - - [21/Apr/2026:19:22:40 +0000] "GET /?detail/053043672898 HTTP/1.1" 200 556840 "-" "Mozilla/5.0 (Linux; Android 6.0.1; Nexus 5X Build/MMB29P) AppleWebKit/537.36 (KHTML, like Gecko) Chrome/146.0.7680.177 Mobile Safari/537.36 (compatible; Googlebot/2.1; +http://www.google.com/bot.html)"
168.144.107.188 - - [21/Apr/2026:19:22:40 +0000] "GET /wp-admin/index.php HTTP/1.1" 302 - "https://s2spw.com/wp-login.php" "Mozilla/5.0 (Macintosh; Intel Mac OS X 10_15_7) AppleWebKit/605.1.15 (KHTML, like Gecko) Version/17.0 Safari/605.1.15"
74.7.227.39 - - [21/Apr/2026:19:22:42 +0000] "GET /goods.php?detail/06700304864839 HTTP/1.1" 404 21054 "https://s2spw.com/goods.php?product/edit/akishino-fla80210-1" "Mozilla/5.0 AppleWebKit/537.36 (KHTML, like Gecko; compatible; GPTBot/1.3; +https://openai.com/gptbot)"
168.144.107.188 - - [21/Apr/2026:19:22:42 +0000] "GET /wp-login.php?redirect_to=https%3A%2F%2Fs2spw.com%2Fwp-admin%2Findex.php&reauth=1 HTTP/1.1" 200 4609 "https://s2spw.com/wp-login.php" "Mozilla/5.0 (Macintosh; Intel Mac OS X 10_15_7) AppleWebKit/605.1.15 (KHTML, like Gecko) Version/17.0 Safari/605.1.15"
168.144.107.188 - - [21/Apr/2026:19:22:44 +0000] "POST /wp-login.php HTTP/1.1" 200 4971 "https://s2spw.com/wp-login.php" "Mozilla/5.0 (Macintosh; Intel Mac OS X 13_6_1) AppleWebKit/605.1.15 (KHTML, like Gecko) Version/17.0 Safari/605.1.15"
74.7.227.39 - - [21/Apr/2026:19:22:45 +0000] "GET /goods.php?detail/05804083528104 HTTP/1.1" 404 21054 "https://s2spw.com/goods.php?detail/151041900655" "Mozilla/5.0 AppleWebKit/537.36 (KHTML, like Gecko; compatible; GPTBot/1.3; +https://openai.com/gptbot)"
168.144.107.188 - - [21/Apr/2026:19:22:46 +0000] "GET /wp-admin/index.php HTTP/1.1" 302 - "https://s2spw.com/wp-login.php" "Mozilla/5.0 (Macintosh; Intel Mac OS X 13_6_1) AppleWebKit/605.1.15 (KHTML, like Gecko) Version/16.6 Safari/605.1.15"
74.7.227.39 - - [21/Apr/2026:19:22:47 +0000] "GET /goods.php?detail/26102247714324 HTTP/1.1" 404 21054 "https://s2spw.com/goods.php?detail/261022621638" "Mozilla/5.0 AppleWebKit/537.36 (KHTML, like Gecko; compatible; GPTBot/1.3; +https://openai.com/gptbot)"
168.144.107.188 - - [21/Apr/2026:19:22:48 +0000] "GET /wp-login.php?redirect_to=https%3A%2F%2Fs2spw.com%2Fwp-admin%2Findex.php&reauth=1 HTTP/1.1" 200 4609 "https://s2spw.com/wp-login.php" "Mozilla/5.0 (Macintosh; Intel Mac OS X 13_6_1) AppleWebKit/605.1.15 (KHTML, like Gecko) Version/16.6 Safari/605.1.15"
168.144.107.188 - - [21/Apr/2026:19:22:50 +0000] "POST /wp-login.php HTTP/1.1" 200 4971 "https://s2spw.com/wp-login.php" "Mozilla/5.0 (X11; Linux x86_64) AppleWebKit/537.36 (KHTML, like Gecko) Chrome/120.0.0.0 Safari/537.36"
74.7.227.39 - - [21/Apr/2026:19:22:50 +0000] "GET /goods.php?detail/10104688161942 HTTP/1.1" 404 21054 "https://s2spw.com/goods.php?product/edit/ebisound-fs-1set-hcjt" "Mozilla/5.0 AppleWebKit/537.36 (KHTML, like Gecko; compatible; GPTBot/1.3; +https://openai.com/gptbot)"
168.144.107.188 - - [21/Apr/2026:19:22:52 +0000] "GET /wp-admin/index.php HTTP/1.1" 302 - "https://s2spw.com/wp-login.php" "Mozilla/5.0 (Windows NT 11.0; Win64; x64) AppleWebKit/537.36 (KHTML, like Gecko) Chrome/119.0.0.0 Safari/537.36"
66.249.79.197 - - [21/Apr/2026:19:22:52 +0000] "GET /?jp/038047299.html HTTP/1.1" 200 560551 "-" "Mozilla/5.0 (Linux; Android 6.0.1; Nexus 5X Build/MMB29P) AppleWebKit/537.36 (KHTML, like Gecko) Chrome/146.0.7680.177 Mobile Safari/537.36 (compatible; Googlebot/2.1; +http://www.google.com/bot.html)"
168.144.107.188 - - [21/Apr/2026:19:22:54 +0000] "GET /wp-login.php?redirect_to=https%3A%2F%2Fs2spw.com%2Fwp-admin%2Findex.php&reauth=1 HTTP/1.1" 200 4609 "https://s2spw.com/wp-login.php" "Mozilla/5.0 (Windows NT 11.0; Win64; x64) AppleWebKit/537.36 (KHTML, like Gecko) Chrome/119.0.0.0 Safari/537.36"
74.7.227.39 - - [21/Apr/2026:19:22:54 +0000] "GET /goods.php?detail/13403117426743 HTTP/1.1" 404 21054 "https://s2spw.com/goods.php?detail/144011474029" "Mozilla/5.0 AppleWebKit/537.36 (KHTML, like Gecko; compatible; GPTBot/1.3; +https://openai.com/gptbot)"
168.144.107.188 - - [21/Apr/2026:19:22:55 +0000] "POST /wp-login.php HTTP/1.1" 200 4971 "https://s2spw.com/wp-login.php" "Mozilla/5.0 (Windows NT 11.0; Win64; x64) AppleWebKit/537.36 (KHTML, like Gecko) Chrome/119.0.0.0 Safari/537.36"
74.7.227.39 - - [21/Apr/2026:19:22:56 +0000] "GET /goods.php?detail/06900368218209 HTTP/1.1" 404 21054 "https://s2spw.com/goods.php?product/edit/first34-hszk-uvs-30a" "Mozilla/5.0 AppleWebKit/537.36 (KHTML, like Gecko; compatible; GPTBot/1.3; +https://openai.com/gptbot)"
168.144.107.188 - - [21/Apr/2026:19:22:57 +0000] "GET /wp-admin/index.php HTTP/1.1" 302 - "https://s2spw.com/wp-login.php" "Mozilla/5.0 (Macintosh; Intel Mac OS X 13_6_1) AppleWebKit/605.1.15 (KHTML, like Gecko) Version/16.6 Safari/605.1.15"
74.7.227.39 - - [21/Apr/2026:19:22:59 +0000] "GET /goods.php?detail/11300431211692 HTTP/1.1" 404 21054 "https://s2spw.com/goods.php?detail/101003003158" "Mozilla/5.0 AppleWebKit/537.36 (KHTML, like Gecko; compatible; GPTBot/1.3; +https://openai.com/gptbot)"
168.144.107.188 - - [21/Apr/2026:19:22:59 +0000] "GET /wp-login.php?redirect_to=https%3A%2F%2Fs2spw.com%2Fwp-admin%2Findex.php&reauth=1 HTTP/1.1" 200 4609 "https://s2spw.com/wp-login.php" "Mozilla/5.0 (Macintosh; Intel Mac OS X 13_6_1) AppleWebKit/605.1.15 (KHTML, like Gecko) Version/16.6 Safari/605.1.15"
74.7.227.39 - - [21/Apr/2026:19:23:01 +0000] "GET /goods.php?detail/22500679277978 HTTP/1.1" 404 21054 "https://s2spw.com/goods.php?detail/2250061181828" "Mozilla/5.0 AppleWebKit/537.36 (KHTML, like Gecko; compatible; GPTBot/1.3; +https://openai.com/gptbot)"
66.249.79.195 - - [21/Apr/2026:19:23:03 +0000] "GET /?b=1426512259 HTTP/1.1" 200 574815 "-" "Mozilla/5.0 (Linux; Android 6.0.1; Nexus 5X Build/MMB29P) AppleWebKit/537.36 (KHTML, like Gecko) Chrome/146.0.7680.177 Mobile Safari/537.36 (compatible; Googlebot/2.1; +http://www.google.com/bot.html)"
66.249.79.196 - - [21/Apr/2026:19:23:03 +0000] "GET /?jp/177040365.html HTTP/1.1" 200 555783 "-" "Mozilla/5.0 (Linux; Android 6.0.1; Nexus 5X Build/MMB29P) AppleWebKit/537.36 (KHTML, like Gecko) Chrome/146.0.7680.177 Mobile Safari/537.36 (compatible; Googlebot/2.1; +http://www.google.com/bot.html)"
74.7.227.39 - - [21/Apr/2026:19:23:04 +0000] "GET /goods.php?detail/02403772231025 HTTP/1.1" 404 21054 "https://s2spw.com/goods.php?detail/067016091622" "Mozilla/5.0 AppleWebKit/537.36 (KHTML, like Gecko; compatible; GPTBot/1.3; +https://openai.com/gptbot)"
74.7.227.39 - - [21/Apr/2026:19:23:07 +0000] "GET /goods.php?detail/28900912809235 HTTP/1.1" 404 21054 "https://s2spw.com/goods.php?detail/029041405267" "Mozilla/5.0 AppleWebKit/537.36 (KHTML, like Gecko; compatible; GPTBot/1.3; +https://openai.com/gptbot)"
74.7.227.39 - - [21/Apr/2026:19:23:10 +0000] "GET /goods.php?detail/24403346586686 HTTP/1.1" 404 21054 "https://s2spw.com/goods.php?detail/244033362201" "Mozilla/5.0 AppleWebKit/537.36 (KHTML, like Gecko; compatible; GPTBot/1.3; +https://openai.com/gptbot)"
66.249.79.195 - - [21/Apr/2026:19:23:11 +0000] "GET /?jp/028036695.html HTTP/1.1" 200 555033 "-" "Mozilla/5.0 (Linux; Android 6.0.1; Nexus 5X Build/MMB29P) AppleWebKit/537.36 (KHTML, like Gecko) Chrome/146.0.7680.177 Mobile Safari/537.36 (compatible; Googlebot/2.1; +http://www.google.com/bot.html)"
74.7.227.39 - - [21/Apr/2026:19:23:13 +0000] "GET /goods.php?detail/28002562100646 HTTP/1.1" 404 21054 "https://s2spw.com/goods.php?detail/120032025519" "Mozilla/5.0 AppleWebKit/537.36 (KHTML, like Gecko; compatible; GPTBot/1.3; +https://openai.com/gptbot)"
74.7.227.39 - - [21/Apr/2026:19:23:16 +0000] "GET /goods.php?detail/08100959487008 HTTP/1.1" 404 21054 "https://s2spw.com/goods.php?detail/062044117844" "Mozilla/5.0 AppleWebKit/537.36 (KHTML, like Gecko; compatible; GPTBot/1.3; +https://openai.com/gptbot)"
74.7.227.39 - - [21/Apr/2026:19:23:18 +0000] "GET /goods.php?detail/06102584802450 HTTP/1.1" 404 21054 "https://s2spw.com/goods.php?detail/061010545794" "Mozilla/5.0 AppleWebKit/537.36 (KHTML, like Gecko; compatible; GPTBot/1.3; +https://openai.com/gptbot)"
66.249.79.196 - - [21/Apr/2026:19:23:20 +0000] "GET /?detail/14600829654730 HTTP/1.1" 200 554107 "-" "Mozilla/5.0 (Linux; Android 6.0.1; Nexus 5X Build/MMB29P) AppleWebKit/537.36 (KHTML, like Gecko) Chrome/146.0.7680.177 Mobile Safari/537.36 (compatible; Googlebot/2.1; +http://www.google.com/bot.html)"
74.7.227.39 - - [21/Apr/2026:19:23:21 +0000] "GET /goods.php?detail/14501584271011 HTTP/1.1" 404 21054 "https://s2spw.com/goods.php?detail/145015554952" "Mozilla/5.0 AppleWebKit/537.36 (KHTML, like Gecko; compatible; GPTBot/1.3; +https://openai.com/gptbot)"
74.7.227.39 - - [21/Apr/2026:19:23:25 +0000] "GET /goods.php?detail/05901591995384 HTTP/1.1" 404 21054 "https://s2spw.com/goods.php?detail/059015971820" "Mozilla/5.0 AppleWebKit/537.36 (KHTML, like Gecko; compatible; GPTBot/1.3; +https://openai.com/gptbot)"
74.7.227.39 - - [21/Apr/2026:19:23:28 +0000] "GET /goods.php?detail/15502448525007 HTTP/1.1" 404 21054 "https://s2spw.com/goods.php?detail/155025255572" "Mozilla/5.0 AppleWebKit/537.36 (KHTML, like Gecko; compatible; GPTBot/1.3; +https://openai.com/gptbot)"
74.7.227.39 - - [21/Apr/2026:19:23:30 +0000] "GET /goods.php?detail/24402480186216 HTTP/1.1" 404 21054 "https://s2spw.com/goods.php?goods/244024946" "Mozilla/5.0 AppleWebKit/537.36 (KHTML, like Gecko; compatible; GPTBot/1.3; +https://openai.com/gptbot)"
66.249.79.196 - - [21/Apr/2026:19:23:32 +0000] "GET /?b=1882712294 HTTP/1.1" 200 554425 "-" "Mozilla/5.0 (Linux; Android 6.0.1; Nexus 5X Build/MMB29P) AppleWebKit/537.36 (KHTML, like Gecko) Chrome/146.0.7680.177 Mobile Safari/537.36 (compatible; Googlebot/2.1; +http://www.google.com/bot.html)"
74.7.227.39 - - [21/Apr/2026:19:23:33 +0000] "GET /goods.php?detail/10704041432083 HTTP/1.1" 404 21054 "https://s2spw.com/goods.php?detail/107046443314" "Mozilla/5.0 AppleWebKit/537.36 (KHTML, like Gecko; compatible; GPTBot/1.3; +https://openai.com/gptbot)"
74.7.227.39 - - [21/Apr/2026:19:23:36 +0000] "GET /goods.php?detail/12200146673612 HTTP/1.1" 404 21054 "https://s2spw.com/goods.php?detail/213028786656" "Mozilla/5.0 AppleWebKit/537.36 (KHTML, like Gecko; compatible; GPTBot/1.3; +https://openai.com/gptbot)"
74.7.227.39 - - [21/Apr/2026:19:23:39 +0000] "GET /goods.php?detail/04304568774465 HTTP/1.1" 404 21054 "https://s2spw.com/goods.php?detail/2340226892315" "Mozilla/5.0 AppleWebKit/537.36 (KHTML, like Gecko; compatible; GPTBot/1.3; +https://openai.com/gptbot)"
66.249.79.196 - - [21/Apr/2026:19:23:41 +0000] "GET /?detail/0100116062210 HTTP/1.1" 200 556253 "-" "Mozilla/5.0 (Linux; Android 6.0.1; Nexus 5X Build/MMB29P) AppleWebKit/537.36 (KHTML, like Gecko) Chrome/146.0.7680.177 Mobile Safari/537.36 (compatible; Googlebot/2.1; +http://www.google.com/bot.html)"
74.7.227.39 - - [21/Apr/2026:19:23:41 +0000] "GET /goods.php?detail/04604048695705 HTTP/1.1" 404 21054 "https://s2spw.com/goods.php?detail/046040656220" "Mozilla/5.0 AppleWebKit/537.36 (KHTML, like Gecko; compatible; GPTBot/1.3; +https://openai.com/gptbot)"
74.7.227.39 - - [21/Apr/2026:19:23:44 +0000] "GET /goods.php?detail/06600297272580 HTTP/1.1" 404 21054 "https://s2spw.com/goods.php?detail/066005224616" "Mozilla/5.0 AppleWebKit/537.36 (KHTML, like Gecko; compatible; GPTBot/1.3; +https://openai.com/gptbot)"
74.7.227.39 - - [21/Apr/2026:19:23:47 +0000] "GET /goods.php?detail/09200952731292 HTTP/1.1" 404 21054 "https://s2spw.com/goods.php?detail/092009514875" "Mozilla/5.0 AppleWebKit/537.36 (KHTML, like Gecko; compatible; GPTBot/1.3; +https://openai.com/gptbot)"
66.249.79.197 - - [21/Apr/2026:19:23:50 +0000] "GET /?goods/064033821 HTTP/1.1" 200 580924 "-" "Mozilla/5.0 (Linux; Android 6.0.1; Nexus 5X Build/MMB29P) AppleWebKit/537.36 (KHTML, like Gecko) Chrome/146.0.7680.177 Mobile Safari/537.36 (compatible; Googlebot/2.1; +http://www.google.com/bot.html)"
74.7.227.39 - - [21/Apr/2026:19:23:50 +0000] "GET /goods.php?detail/03003282430149 HTTP/1.1" 404 21054 "https://s2spw.com/goods.php?detail/060004391102" "Mozilla/5.0 AppleWebKit/537.36 (KHTML, like Gecko; compatible; GPTBot/1.3; +https://openai.com/gptbot)"
74.7.227.39 - - [21/Apr/2026:19:23:53 +0000] "GET /goods.php?detail/08601616221976 HTTP/1.1" 404 21054 "https://s2spw.com/goods.php?detail/076000587547" "Mozilla/5.0 AppleWebKit/537.36 (KHTML, like Gecko; compatible; GPTBot/1.3; +https://openai.com/gptbot)"
74.7.227.39 - - [21/Apr/2026:19:23:56 +0000] "GET /goods.php?detail/22902490894066 HTTP/1.1" 404 21054 "https://s2spw.com/goods.php?detail/2290223797207" "Mozilla/5.0 AppleWebKit/537.36 (KHTML, like Gecko; compatible; GPTBot/1.3; +https://openai.com/gptbot)"
74.7.227.39 - - [21/Apr/2026:19:23:58 +0000] "GET /goods.php?detail/03704473847426 HTTP/1.1" 404 21054 "https://s2spw.com/goods.php?detail/101004557894" "Mozilla/5.0 AppleWebKit/537.36 (KHTML, like Gecko; compatible; GPTBot/1.3; +https://openai.com/gptbot)"
66.249.79.198 - - [21/Apr/2026:19:24:00 +0000] "GET /?jp/233041126.html HTTP/1.1" 200 558406 "-" "Mozilla/5.0 (Linux; Android 6.0.1; Nexus 5X Build/MMB29P) AppleWebKit/537.36 (KHTML, like Gecko) Chrome/146.0.7680.177 Mobile Safari/537.36 (compatible; Googlebot/2.1; +http://www.google.com/bot.html)"
74.7.227.39 - - [21/Apr/2026:19:24:01 +0000] "GET /goods.php?detail/01800196610152 HTTP/1.1" 404 21054 "https://s2spw.com/goods.php?detail/018001877193" "Mozilla/5.0 AppleWebKit/537.36 (KHTML, like Gecko; compatible; GPTBot/1.3; +https://openai.com/gptbot)"
66.249.79.197 - - [21/Apr/2026:19:24:02 +0000] "GET /?detail/0340299343713 HTTP/1.1" 200 554363 "-" "Mozilla/5.0 (Linux; Android 6.0.1; Nexus 5X Build/MMB29P) AppleWebKit/537.36 (KHTML, like Gecko) Chrome/146.0.7680.177 Mobile Safari/537.36 (compatible; GoogleOther)"
74.7.227.39 - - [21/Apr/2026:19:24:04 +0000] "GET /goods.php?detail/01904990138178 HTTP/1.1" 404 21054 "https://s2spw.com/goods.php?detail/239028456284" "Mozilla/5.0 AppleWebKit/537.36 (KHTML, like Gecko; compatible; GPTBot/1.3; +https://openai.com/gptbot)"
74.7.227.39 - - [21/Apr/2026:19:24:07 +0000] "GET /goods.php?detail/23500123135104 HTTP/1.1" 404 21054 "https://s2spw.com/goods.php?detail/276023558005" "Mozilla/5.0 AppleWebKit/537.36 (KHTML, like Gecko; compatible; GPTBot/1.3; +https://openai.com/gptbot)"
74.7.227.39 - - [21/Apr/2026:19:24:10 +0000] "GET /goods.php?detail/04500416068220 HTTP/1.1" 404 21054 "https://s2spw.com/goods.php?product/edit/shopclover-kakeya-jeans-seersucker-jacket-1" "Mozilla/5.0 AppleWebKit/537.36 (KHTML, like Gecko; compatible; GPTBot/1.3; +https://openai.com/gptbot)"
66.249.79.195 - - [21/Apr/2026:19:24:12 +0000] "GET /?detail/27703825432629 HTTP/1.1" 200 555154 "-" "Mozilla/5.0 (Linux; Android 6.0.1; Nexus 5X Build/MMB29P) AppleWebKit/537.36 (KHTML, like Gecko) Chrome/146.0.7680.177 Mobile Safari/537.36 (compatible; Googlebot/2.1; +http://www.google.com/bot.html)"
74.7.227.39 - - [21/Apr/2026:19:24:13 +0000] "GET /goods.php?detail/06800602244773 HTTP/1.1" 404 21054 "https://s2spw.com/goods.php?detail/068006490509" "Mozilla/5.0 AppleWebKit/537.36 (KHTML, like Gecko; compatible; GPTBot/1.3; +https://openai.com/gptbot)"
74.7.227.39 - - [21/Apr/2026:19:24:16 +0000] "GET /goods.php?detail/03700305225117 HTTP/1.1" 404 21054 "https://s2spw.com/goods.php?detail/261030591490" "Mozilla/5.0 AppleWebKit/537.36 (KHTML, like Gecko; compatible; GPTBot/1.3; +https://openai.com/gptbot)"
74.7.227.39 - - [21/Apr/2026:19:24:19 +0000] "GET /goods.php?detail/09900924235506 HTTP/1.1" 404 21054 "https://s2spw.com/goods.php?detail/283027552237" "Mozilla/5.0 AppleWebKit/537.36 (KHTML, like Gecko; compatible; GPTBot/1.3; +https://openai.com/gptbot)"
66.249.79.196 - - [21/Apr/2026:19:24:21 +0000] "GET /?jp/296003238.html HTTP/1.1" 200 557349 "-" "Mozilla/5.0 (Linux; Android 6.0.1; Nexus 5X Build/MMB29P) AppleWebKit/537.36 (KHTML, like Gecko) Chrome/146.0.7680.177 Mobile Safari/537.36 (compatible; Googlebot/2.1; +http://www.google.com/bot.html)"
74.7.227.39 - - [21/Apr/2026:19:24:21 +0000] "GET /goods.php?detail/11500790390938 HTTP/1.1" 404 21054 "https://s2spw.com/goods.php?jp/074035060.html" "Mozilla/5.0 AppleWebKit/537.36 (KHTML, like Gecko; compatible; GPTBot/1.3; +https://openai.com/gptbot)"
74.7.227.39 - - [21/Apr/2026:19:24:24 +0000] "GET /goods.php?detail/10303831467660 HTTP/1.1" 404 21054 "https://s2spw.com/goods.php?detail/022016552207" "Mozilla/5.0 AppleWebKit/537.36 (KHTML, like Gecko; compatible; GPTBot/1.3; +https://openai.com/gptbot)"
74.7.227.39 - - [21/Apr/2026:19:24:27 +0000] "GET /goods.php?detail/18803826883426 HTTP/1.1" 404 21054 "https://s2spw.com/goods.php?detail/162046299940" "Mozilla/5.0 AppleWebKit/537.36 (KHTML, like Gecko; compatible; GPTBot/1.3; +https://openai.com/gptbot)"
74.7.227.39 - - [21/Apr/2026:19:24:30 +0000] "GET /goods.php?detail/14002182986800 HTTP/1.1" 404 21054 "https://s2spw.com/goods.php?detail/1400213024203" "Mozilla/5.0 AppleWebKit/537.36 (KHTML, like Gecko; compatible; GPTBot/1.3; +https://openai.com/gptbot)"
66.249.79.195 - - [21/Apr/2026:19:24:31 +0000] "GET /?detail/0340299292582 HTTP/1.1" 200 553594 "-" "Mozilla/5.0 (Linux; Android 6.0.1; Nexus 5X Build/MMB29P) AppleWebKit/537.36 (KHTML, like Gecko) Chrome/146.0.7680.177 Mobile Safari/537.36 (compatible; GoogleOther)"
66.249.79.195 - - [21/Apr/2026:19:24:32 +0000] "GET /?goods/117046896 HTTP/1.1" 200 555514 "-" "Mozilla/5.0 (Linux; Android 6.0.1; Nexus 5X Build/MMB29P) AppleWebKit/537.36 (KHTML, like Gecko) Chrome/146.0.7680.177 Mobile Safari/537.36 (compatible; Googlebot/2.1; +http://www.google.com/bot.html)"
74.7.227.39 - - [21/Apr/2026:19:24:33 +0000] "GET /goods.php?detail/11701132633104 HTTP/1.1" 404 21054 "https://s2spw.com/goods.php?detail/07400877008789" "Mozilla/5.0 AppleWebKit/537.36 (KHTML, like Gecko; compatible; GPTBot/1.3; +https://openai.com/gptbot)"
74.7.227.39 - - [21/Apr/2026:19:24:36 +0000] "GET /goods.php?detail/01801109740895 HTTP/1.1" 404 21054 "https://s2spw.com/goods.php?detail/202015914799" "Mozilla/5.0 AppleWebKit/537.36 (KHTML, like Gecko; compatible; GPTBot/1.3; +https://openai.com/gptbot)"
74.7.227.39 - - [21/Apr/2026:19:24:39 +0000] "GET /goods.php?detail/26404408071211 HTTP/1.1" 404 21054 "https://s2spw.com/goods.php?detail/086032424952" "Mozilla/5.0 AppleWebKit/537.36 (KHTML, like Gecko; compatible; GPTBot/1.3; +https://openai.com/gptbot)"
66.249.79.195 - - [21/Apr/2026:19:24:40 +0000] "GET /?jp/285047667.html HTTP/1.1" 200 557484 "-" "Mozilla/5.0 (Linux; Android 6.0.1; Nexus 5X Build/MMB29P) AppleWebKit/537.36 (KHTML, like Gecko) Chrome/146.0.7680.177 Mobile Safari/537.36 (compatible; Googlebot/2.1; +http://www.google.com/bot.html)"
66.249.79.195 - - [21/Apr/2026:19:24:41 +0000] "GET /?jp/209011532.html HTTP/1.1" 200 556575 "-" "Mozilla/5.0 (Linux; Android 6.0.1; Nexus 5X Build/MMB29P) AppleWebKit/537.36 (KHTML, like Gecko) Chrome/146.0.7680.177 Mobile Safari/537.36 (compatible; Googlebot/2.1; +http://www.google.com/bot.html)"
74.7.227.39 - - [21/Apr/2026:19:24:41 +0000] "GET /goods.php?detail/27104262721618 HTTP/1.1" 404 21054 "https://s2spw.com/goods.php?detail/271042747946" "Mozilla/5.0 AppleWebKit/537.36 (KHTML, like Gecko; compatible; GPTBot/1.3; +https://openai.com/gptbot)"
74.7.227.39 - - [21/Apr/2026:19:24:44 +0000] "GET /goods.php?detail/05104611751221 HTTP/1.1" 404 21054 "https://s2spw.com/goods.php?pcmypage?callback=product/review/rcmdse-hi-kamal-2025-1" "Mozilla/5.0 AppleWebKit/537.36 (KHTML, like Gecko; compatible; GPTBot/1.3; +https://openai.com/gptbot)"
74.7.227.39 - - [21/Apr/2026:19:24:47 +0000] "GET /goods.php?detail/28803748044893 HTTP/1.1" 404 21054 "https://s2spw.com/goods.php?pcmypage?callback=product/review/k-soleil-farm-93148" "Mozilla/5.0 AppleWebKit/537.36 (KHTML, like Gecko; compatible; GPTBot/1.3; +https://openai.com/gptbot)"
74.7.227.39 - - [21/Apr/2026:19:24:50 +0000] "GET /goods.php?detail/11804017828640 HTTP/1.1" 404 21054 "https://s2spw.com/goods.php?detail/118048654876" "Mozilla/5.0 AppleWebKit/537.36 (KHTML, like Gecko; compatible; GPTBot/1.3; +https://openai.com/gptbot)"
74.7.227.39 - - [21/Apr/2026:19:24:52 +0000] "GET /goods.php?detail/00700945220334 HTTP/1.1" 404 21054 "https://s2spw.com/goods.php?detail/0070097527036" "Mozilla/5.0 AppleWebKit/537.36 (KHTML, like Gecko; compatible; GPTBot/1.3; +https://openai.com/gptbot)"
66.249.79.195 - - [21/Apr/2026:19:24:52 +0000] "GET /?detail/192048678619 HTTP/1.1" 200 562199 "-" "Mozilla/5.0 (Linux; Android 6.0.1; Nexus 5X Build/MMB29P) AppleWebKit/537.36 (KHTML, like Gecko) Chrome/146.0.7680.177 Mobile Safari/537.36 (compatible; Googlebot/2.1; +http://www.google.com/bot.html)"
74.7.227.39 - - [21/Apr/2026:19:24:55 +0000] "GET /goods.php?detail/12904343396249 HTTP/1.1" 404 21054 "https://s2spw.com/goods.php?detail/285037659052" "Mozilla/5.0 AppleWebKit/537.36 (KHTML, like Gecko; compatible; GPTBot/1.3; +https://openai.com/gptbot)"
74.7.227.39 - - [21/Apr/2026:19:24:58 +0000] "GET /goods.php?detail/12102611398136 HTTP/1.1" 404 21054 "https://s2spw.com/goods.php?detail/121025410462" "Mozilla/5.0 AppleWebKit/537.36 (KHTML, like Gecko; compatible; GPTBot/1.3; +https://openai.com/gptbot)"
66.249.79.196 - - [21/Apr/2026:19:25:00 +0000] "GET /?jp/077044030.html HTTP/1.1" 200 558705 "-" "Mozilla/5.0 (Linux; Android 6.0.1; Nexus 5X Build/MMB29P) AppleWebKit/537.36 (KHTML, like Gecko) Chrome/146.0.7680.177 Mobile Safari/537.36 (compatible; Googlebot/2.1; +http://www.google.com/bot.html)"
74.7.227.39 - - [21/Apr/2026:19:25:01 +0000] "GET /goods.php?detail/09600900185878 HTTP/1.1" 404 21054 "https://s2spw.com/goods.php?detail/197049236610" "Mozilla/5.0 AppleWebKit/537.36 (KHTML, like Gecko; compatible; GPTBot/1.3; +https://openai.com/gptbot)"
74.7.227.39 - - [21/Apr/2026:19:25:03 +0000] "GET /goods.php?detail/03002516386565 HTTP/1.1" 404 21054 "https://s2spw.com/goods.php?detail/030029353302" "Mozilla/5.0 AppleWebKit/537.36 (KHTML, like Gecko; compatible; GPTBot/1.3; +https://openai.com/gptbot)"
74.7.227.39 - - [21/Apr/2026:19:25:06 +0000] "GET /goods.php?detail/06402335533259 HTTP/1.1" 404 21054 "https://s2spw.com/goods.php?detail/064023882061" "Mozilla/5.0 AppleWebKit/537.36 (KHTML, like Gecko; compatible; GPTBot/1.3; +https://openai.com/gptbot)"
74.7.227.39 - - [21/Apr/2026:19:25:09 +0000] "GET /goods.php?detail/14100899830598 HTTP/1.1" 404 21054 "https://s2spw.com/goods.php?product/edit/hirochishop-ns10443-tn" "Mozilla/5.0 AppleWebKit/537.36 (KHTML, like Gecko; compatible; GPTBot/1.3; +https://openai.com/gptbot)"
66.249.79.196 - - [21/Apr/2026:19:25:11 +0000] "GET /?jp/107032079.html HTTP/1.1" 200 555403 "-" "Mozilla/5.0 (Linux; Android 6.0.1; Nexus 5X Build/MMB29P) AppleWebKit/537.36 (KHTML, like Gecko) Chrome/146.0.7680.177 Mobile Safari/537.36 (compatible; Googlebot/2.1; +http://www.google.com/bot.html)"
74.7.227.39 - - [21/Apr/2026:19:25:12 +0000] "GET /goods.php?detail/10104384038059 HTTP/1.1" 404 21054 "https://s2spw.com/goods.php?goods/101045919" "Mozilla/5.0 AppleWebKit/537.36 (KHTML, like Gecko; compatible; GPTBot/1.3; +https://openai.com/gptbot)"
74.7.227.39 - - [21/Apr/2026:19:25:15 +0000] "GET /goods.php?detail/02003384580849 HTTP/1.1" 404 21054 "https://s2spw.com/goods.php?detail/0370343480499" "Mozilla/5.0 AppleWebKit/537.36 (KHTML, like Gecko; compatible; GPTBot/1.3; +https://openai.com/gptbot)"
74.7.227.39 - - [21/Apr/2026:19:25:18 +0000] "GET /goods.php?detail/00800459910719 HTTP/1.1" 404 21054 "https://s2spw.com/goods.php?detail/240033354153" "Mozilla/5.0 AppleWebKit/537.36 (KHTML, like Gecko; compatible; GPTBot/1.3; +https://openai.com/gptbot)"
74.7.227.39 - - [21/Apr/2026:19:25:20 +0000] "GET /goods.php?detail/07201206006343 HTTP/1.1" 404 21054 "https://s2spw.com/goods.php?detail/072022362620" "Mozilla/5.0 AppleWebKit/537.36 (KHTML, like Gecko; compatible; GPTBot/1.3; +https://openai.com/gptbot)"
66.249.79.195 - - [21/Apr/2026:19:25:20 +0000] "GET /?detail/0030443718287 HTTP/1.1" 200 573829 "-" "Mozilla/5.0 (Linux; Android 6.0.1; Nexus 5X Build/MMB29P) AppleWebKit/537.36 (KHTML, like Gecko) Chrome/146.0.7680.177 Mobile Safari/537.36 (compatible; Googlebot/2.1; +http://www.google.com/bot.html)"
74.7.227.39 - - [21/Apr/2026:19:25:23 +0000] "GET /goods.php?detail/24401452464082 HTTP/1.1" 404 21054 "https://s2spw.com/goods.php?detail/244014474880" "Mozilla/5.0 AppleWebKit/537.36 (KHTML, like Gecko; compatible; GPTBot/1.3; +https://openai.com/gptbot)"
74.7.227.39 - - [21/Apr/2026:19:25:26 +0000] "GET /goods.php?detail/16200681031515 HTTP/1.1" 404 21054 "https://s2spw.com/goods.php?detail/162006238573" "Mozilla/5.0 AppleWebKit/537.36 (KHTML, like Gecko; compatible; GPTBot/1.3; +https://openai.com/gptbot)"
74.7.227.39 - - [21/Apr/2026:19:25:29 +0000] "GET /goods.php?detail/04602442248350 HTTP/1.1" 404 21054 "https://s2spw.com/goods.php?detail/024022190870" "Mozilla/5.0 AppleWebKit/537.36 (KHTML, like Gecko; compatible; GPTBot/1.3; +https://openai.com/gptbot)"
66.249.79.195 - - [21/Apr/2026:19:25:30 +0000] "GET /?goods/211007297 HTTP/1.1" 200 555456 "-" "Mozilla/5.0 (Linux; Android 6.0.1; Nexus 5X Build/MMB29P) AppleWebKit/537.36 (KHTML, like Gecko) Chrome/146.0.7680.177 Mobile Safari/537.36 (compatible; Googlebot/2.1; +http://www.google.com/bot.html)"
74.7.227.39 - - [21/Apr/2026:19:25:32 +0000] "GET /goods.php?detail/02600195810152 HTTP/1.1" 404 21054 "https://s2spw.com/goods.php?product/edit/trmt-1-b07114lvjx" "Mozilla/5.0 AppleWebKit/537.36 (KHTML, like Gecko; compatible; GPTBot/1.3; +https://openai.com/gptbot)"
74.7.227.39 - - [21/Apr/2026:19:25:35 +0000] "GET /goods.php?detail/08004516350503 HTTP/1.1" 404 21054 "https://s2spw.com/goods.php?jp/080045790.html" "Mozilla/5.0 AppleWebKit/537.36 (KHTML, like Gecko; compatible; GPTBot/1.3; +https://openai.com/gptbot)"
74.7.227.39 - - [21/Apr/2026:19:25:37 +0000] "GET /goods.php?detail/26001022792827 HTTP/1.1" 404 21054 "https://s2spw.com/goods.php?detail/260008299081" "Mozilla/5.0 AppleWebKit/537.36 (KHTML, like Gecko; compatible; GPTBot/1.3; +https://openai.com/gptbot)"
74.7.227.39 - - [21/Apr/2026:19:25:40 +0000] "GET /goods.php?detail/03500457906036 HTTP/1.1" 404 21054 "https://s2spw.com/goods.php?detail/0350343585833" "Mozilla/5.0 AppleWebKit/537.36 (KHTML, like Gecko; compatible; GPTBot/1.3; +https://openai.com/gptbot)"
66.249.79.196 - - [21/Apr/2026:19:25:41 +0000] "GET /?detail/14904092499203 HTTP/1.1" 200 554249 "-" "Mozilla/5.0 (Linux; Android 6.0.1; Nexus 5X Build/MMB29P) AppleWebKit/537.36 (KHTML, like Gecko) Chrome/146.0.7680.177 Mobile Safari/537.36 (compatible; Googlebot/2.1; +http://www.google.com/bot.html)"
74.7.227.39 - - [21/Apr/2026:19:25:43 +0000] "GET /goods.php?detail/02602328401920 HTTP/1.1" 404 21054 "https://s2spw.com/goods.php?detail/02602313241129" "Mozilla/5.0 AppleWebKit/537.36 (KHTML, like Gecko; compatible; GPTBot/1.3; +https://openai.com/gptbot)"
66.249.79.196 - - [21/Apr/2026:19:25:45 +0000] "GET /?detail/1260205443143 HTTP/1.1" 200 561261 "-" "Mozilla/5.0 (Linux; Android 6.0.1; Nexus 5X Build/MMB29P) AppleWebKit/537.36 (KHTML, like Gecko) Chrome/146.0.7680.177 Mobile Safari/537.36 (compatible; Googlebot/2.1; +http://www.google.com/bot.html)"
74.7.227.39 - - [21/Apr/2026:19:25:46 +0000] "GET /goods.php?detail/17004977577093 HTTP/1.1" 404 21054 "https://s2spw.com/goods.php?detail/105010992603" "Mozilla/5.0 AppleWebKit/537.36 (KHTML, like Gecko; compatible; GPTBot/1.3; +https://openai.com/gptbot)"
74.7.227.39 - - [21/Apr/2026:19:25:49 +0000] "GET /goods.php?detail/20102083428620 HTTP/1.1" 404 21054 "https://s2spw.com/goods.php?detail/202006161704" "Mozilla/5.0 AppleWebKit/537.36 (KHTML, like Gecko; compatible; GPTBot/1.3; +https://openai.com/gptbot)"
66.249.79.196 - - [21/Apr/2026:19:25:51 +0000] "GET /?goods/102047703 HTTP/1.1" 200 562770 "-" "Mozilla/5.0 (Linux; Android 6.0.1; Nexus 5X Build/MMB29P) AppleWebKit/537.36 (KHTML, like Gecko) Chrome/146.0.7680.177 Mobile Safari/537.36 (compatible; Googlebot/2.1; +http://www.google.com/bot.html)"
74.7.227.39 - - [21/Apr/2026:19:25:52 +0000] "GET /goods.php?detail/00900135476404 HTTP/1.1" 404 21054 "https://s2spw.com/goods.php?detail/191025538963" "Mozilla/5.0 AppleWebKit/537.36 (KHTML, like Gecko; compatible; GPTBot/1.3; +https://openai.com/gptbot)"
74.7.227.39 - - [21/Apr/2026:19:25:55 +0000] "GET /goods.php?detail/05700544371464 HTTP/1.1" 404 21054 "https://s2spw.com/goods.php?goods/057007556" "Mozilla/5.0 AppleWebKit/537.36 (KHTML, like Gecko; compatible; GPTBot/1.3; +https://openai.com/gptbot)"
74.7.227.39 - - [21/Apr/2026:19:25:58 +0000] "GET /goods.php?detail/12901611657216 HTTP/1.1" 404 21054 "https://s2spw.com/goods.php?detail/120014117282" "Mozilla/5.0 AppleWebKit/537.36 (KHTML, like Gecko; compatible; GPTBot/1.3; +https://openai.com/gptbot)"
74.7.227.39 - - [21/Apr/2026:19:26:01 +0000] "GET /goods.php?detail/10801708336002 HTTP/1.1" 404 21054 "https://s2spw.com/goods.php?detail/051000952839" "Mozilla/5.0 AppleWebKit/537.36 (KHTML, like Gecko; compatible; GPTBot/1.3; +https://openai.com/gptbot)"
66.249.79.195 - - [21/Apr/2026:19:26:01 +0000] "GET /?detail/264031439707 HTTP/1.1" 200 563976 "-" "Mozilla/5.0 (Linux; Android 6.0.1; Nexus 5X Build/MMB29P) AppleWebKit/537.36 (KHTML, like Gecko) Chrome/146.0.7680.177 Mobile Safari/537.36 (compatible; Googlebot/2.1; +http://www.google.com/bot.html)"
74.7.227.39 - - [21/Apr/2026:19:26:03 +0000] "GET /goods.php?detail/25504242074610 HTTP/1.1" 404 21054 "https://s2spw.com/goods.php?detail/298004434334" "Mozilla/5.0 AppleWebKit/537.36 (KHTML, like Gecko; compatible; GPTBot/1.3; +https://openai.com/gptbot)"
74.7.227.39 - - [21/Apr/2026:19:26:06 +0000] "GET /goods.php?detail/07700340338653 HTTP/1.1" 404 21054 "https://s2spw.com/goods.php?detail/077002656737" "Mozilla/5.0 AppleWebKit/537.36 (KHTML, like Gecko; compatible; GPTBot/1.3; +https://openai.com/gptbot)"
66.249.79.196 - - [21/Apr/2026:19:26:07 +0000] "GET /?goods/196002529 HTTP/1.1" 301 - "-" "Mozilla/5.0 (Linux; Android 6.0.1; Nexus 5X Build/MMB29P) AppleWebKit/537.36 (KHTML, like Gecko) Chrome/146.0.7680.177 Mobile Safari/537.36 (compatible; GoogleOther)"
66.249.79.196 - - [21/Apr/2026:19:26:07 +0000] "GET /?goods%2F196002529 HTTP/1.1" 200 556417 "-" "Mozilla/5.0 (Linux; Android 6.0.1; Nexus 5X Build/MMB29P) AppleWebKit/537.36 (KHTML, like Gecko) Chrome/146.0.7680.177 Mobile Safari/537.36 (compatible; GoogleOther)"
74.7.227.39 - - [21/Apr/2026:19:26:09 +0000] "GET /goods.php?detail/06903809919014 HTTP/1.1" 404 21054 "https://s2spw.com/goods.php?detail/027022248247" "Mozilla/5.0 AppleWebKit/537.36 (KHTML, like Gecko; compatible; GPTBot/1.3; +https://openai.com/gptbot)"
74.7.227.39 - - [21/Apr/2026:19:26:12 +0000] "GET /goods.php?detail/10100148197247 HTTP/1.1" 404 21054 "https://s2spw.com/goods.php?detail/1010039179433" "Mozilla/5.0 AppleWebKit/537.36 (KHTML, like Gecko; compatible; GPTBot/1.3; +https://openai.com/gptbot)"
66.249.79.195 - - [21/Apr/2026:19:26:12 +0000] "GET /?detail/26302278864471 HTTP/1.1" 200 585966 "-" "Mozilla/5.0 (Linux; Android 6.0.1; Nexus 5X Build/MMB29P) AppleWebKit/537.36 (KHTML, like Gecko) Chrome/146.0.7680.177 Mobile Safari/537.36 (compatible; Googlebot/2.1; +http://www.google.com/bot.html)"
74.7.227.39 - - [21/Apr/2026:19:26:15 +0000] "GET /goods.php?detail/10402390646494 HTTP/1.1" 404 21054 "https://s2spw.com/goods.php?detail/1040220041206" "Mozilla/5.0 AppleWebKit/537.36 (KHTML, like Gecko; compatible; GPTBot/1.3; +https://openai.com/gptbot)"
74.7.227.39 - - [21/Apr/2026:19:26:18 +0000] "GET /goods.php?detail/21302117531833 HTTP/1.1" 404 21054 "https://s2spw.com/goods.php?detail/277002780479" "Mozilla/5.0 AppleWebKit/537.36 (KHTML, like Gecko; compatible; GPTBot/1.3; +https://openai.com/gptbot)"
74.7.227.39 - - [21/Apr/2026:19:26:21 +0000] "GET /goods.php?detail/13200780420260 HTTP/1.1" 404 21054 "https://s2spw.com/goods.php?detail/132043762435" "Mozilla/5.0 AppleWebKit/537.36 (KHTML, like Gecko; compatible; GPTBot/1.3; +https://openai.com/gptbot)"
66.249.79.195 - - [21/Apr/2026:19:26:22 +0000] "GET /?goods/088024760 HTTP/1.1" 200 557717 "-" "Mozilla/5.0 (Linux; Android 6.0.1; Nexus 5X Build/MMB29P) AppleWebKit/537.36 (KHTML, like Gecko) Chrome/146.0.7680.177 Mobile Safari/537.36 (compatible; Googlebot/2.1; +http://www.google.com/bot.html)"
74.7.227.39 - - [21/Apr/2026:19:26:23 +0000] "GET /goods.php?detail/17901979515760 HTTP/1.1" 404 21054 "https://s2spw.com/goods.php?detail/050001148818" "Mozilla/5.0 AppleWebKit/537.36 (KHTML, like Gecko; compatible; GPTBot/1.3; +https://openai.com/gptbot)"
74.7.227.39 - - [21/Apr/2026:19:26:26 +0000] "GET /goods.php?detail/04500893683608 HTTP/1.1" 404 21054 "https://s2spw.com/goods.php?detail/0450049948098" "Mozilla/5.0 AppleWebKit/537.36 (KHTML, like Gecko; compatible; GPTBot/1.3; +https://openai.com/gptbot)"
74.7.227.39 - - [21/Apr/2026:19:26:29 +0000] "GET /goods.php?detail/06500114290122 HTTP/1.1" 404 21054 "https://s2spw.com/goods.php?pcmypage?callback=product/review/e-kikai-1528589" "Mozilla/5.0 AppleWebKit/537.36 (KHTML, like Gecko; compatible; GPTBot/1.3; +https://openai.com/gptbot)"
66.249.79.195 - - [21/Apr/2026:19:26:29 +0000] "GET /?detail/146026507331 HTTP/1.1" 301 - "-" "Mozilla/5.0 (Linux; Android 6.0.1; Nexus 5X Build/MMB29P) AppleWebKit/537.36 (KHTML, like Gecko) Chrome/146.0.7680.177 Mobile Safari/537.36 (compatible; GoogleOther)"
66.249.79.196 - - [21/Apr/2026:19:26:30 +0000] "GET /?detail%2F146026507331 HTTP/1.1" 200 556466 "-" "Mozilla/5.0 (Linux; Android 6.0.1; Nexus 5X Build/MMB29P) AppleWebKit/537.36 (KHTML, like Gecko) Chrome/146.0.7680.177 Mobile Safari/537.36 (compatible; GoogleOther)"
66.249.79.196 - - [21/Apr/2026:19:26:31 +0000] "GET /?detail/231034060662 HTTP/1.1" 200 557040 "-" "Mozilla/5.0 (Linux; Android 6.0.1; Nexus 5X Build/MMB29P) AppleWebKit/537.36 (KHTML, like Gecko) Chrome/146.0.7680.177 Mobile Safari/537.36 (compatible; Googlebot/2.1; +http://www.google.com/bot.html)"
74.7.227.39 - - [21/Apr/2026:19:26:32 +0000] "GET /goods.php?detail/02701140364142 HTTP/1.1" 404 21054 "https://s2spw.com/goods.php?detail/027011370905" "Mozilla/5.0 AppleWebKit/537.36 (KHTML, like Gecko; compatible; GPTBot/1.3; +https://openai.com/gptbot)"
74.7.227.39 - - [21/Apr/2026:19:26:35 +0000] "GET /goods.php?detail/07704512094204 HTTP/1.1" 404 21054 "https://s2spw.com/goods.php?detail/005033496227" "Mozilla/5.0 AppleWebKit/537.36 (KHTML, like Gecko; compatible; GPTBot/1.3; +https://openai.com/gptbot)"
74.7.227.39 - - [21/Apr/2026:19:26:38 +0000] "GET /goods.php?detail/29901962554025 HTTP/1.1" 404 21054 "https://s2spw.com/goods.php?detail/111034958841" "Mozilla/5.0 AppleWebKit/537.36 (KHTML, like Gecko; compatible; GPTBot/1.3; +https://openai.com/gptbot)"
66.249.79.196 - - [21/Apr/2026:19:26:39 +0000] "GET /?b=980659262 HTTP/1.1" 200 571021 "-" "Mozilla/5.0 (Linux; Android 6.0.1; Nexus 5X Build/MMB29P) AppleWebKit/537.36 (KHTML, like Gecko) Chrome/146.0.7680.177 Mobile Safari/537.36 (compatible; Googlebot/2.1; +http://www.google.com/bot.html)"
74.7.227.39 - - [21/Apr/2026:19:26:40 +0000] "GET /goods.php?detail/28801472826817 HTTP/1.1" 404 21054 "https://s2spw.com/goods.php?detail/0320354550051" "Mozilla/5.0 AppleWebKit/537.36 (KHTML, like Gecko; compatible; GPTBot/1.3; +https://openai.com/gptbot)"
74.7.227.39 - - [21/Apr/2026:19:26:43 +0000] "GET /goods.php?detail/10900145353102 HTTP/1.1" 404 21054 "https://s2spw.com/goods.php?detail/090015034917" "Mozilla/5.0 AppleWebKit/537.36 (KHTML, like Gecko; compatible; GPTBot/1.3; +https://openai.com/gptbot)"
74.7.227.39 - - [21/Apr/2026:19:26:46 +0000] "GET /goods.php?detail/06600655081897 HTTP/1.1" 404 21054 "https://s2spw.com/goods.php?detail/0660065204204" "Mozilla/5.0 AppleWebKit/537.36 (KHTML, like Gecko; compatible; GPTBot/1.3; +https://openai.com/gptbot)"
74.7.227.39 - - [21/Apr/2026:19:26:49 +0000] "GET /goods.php?detail/06201179177867 HTTP/1.1" 404 21054 "https://s2spw.com/goods.php?shop/detail/speaker062011812.htm" "Mozilla/5.0 AppleWebKit/537.36 (KHTML, like Gecko; compatible; GPTBot/1.3; +https://openai.com/gptbot)"
66.249.79.198 - - [21/Apr/2026:19:26:50 +0000] "GET /?b=1236902486 HTTP/1.1" 200 561509 "-" "Mozilla/5.0 (Linux; Android 6.0.1; Nexus 5X Build/MMB29P) AppleWebKit/537.36 (KHTML, like Gecko) Chrome/146.0.7680.177 Mobile Safari/537.36 (compatible; Googlebot/2.1; +http://www.google.com/bot.html)"
74.7.227.39 - - [21/Apr/2026:19:26:52 +0000] "GET /goods.php?detail/02400155662019 HTTP/1.1" 404 21054 "https://s2spw.com/goods.php?detail/0240020262377" "Mozilla/5.0 AppleWebKit/537.36 (KHTML, like Gecko; compatible; GPTBot/1.3; +https://openai.com/gptbot)"
74.7.227.39 - - [21/Apr/2026:19:26:55 +0000] "GET /goods.php?detail/01001932310708 HTTP/1.1" 404 21054 "https://s2spw.com/goods.php?detail/0100178844388" "Mozilla/5.0 AppleWebKit/537.36 (KHTML, like Gecko; compatible; GPTBot/1.3; +https://openai.com/gptbot)"
74.7.227.39 - - [21/Apr/2026:19:26:58 +0000] "GET /goods.php?detail/05902248228421 HTTP/1.1" 404 21054 "https://s2spw.com/goods.php?detail/101000425427" "Mozilla/5.0 AppleWebKit/537.36 (KHTML, like Gecko; compatible; GPTBot/1.3; +https://openai.com/gptbot)"
74.7.227.39 - - [21/Apr/2026:19:27:00 +0000] "GET /goods.php?detail/03501290063122 HTTP/1.1" 404 21054 "https://s2spw.com/goods.php?detail/035012955260" "Mozilla/5.0 AppleWebKit/537.36 (KHTML, like Gecko; compatible; GPTBot/1.3; +https://openai.com/gptbot)"
66.249.79.195 - - [21/Apr/2026:19:27:01 +0000] "GET /?b=2281841953 HTTP/1.1" 200 567955 "-" "Mozilla/5.0 (Linux; Android 6.0.1; Nexus 5X Build/MMB29P) AppleWebKit/537.36 (KHTML, like Gecko) Chrome/146.0.7680.177 Mobile Safari/537.36 (compatible; Googlebot/2.1; +http://www.google.com/bot.html)"
74.7.227.39 - - [21/Apr/2026:19:27:03 +0000] "GET /goods.php?detail/02502749480455 HTTP/1.1" 404 21054 "https://s2spw.com/goods.php?detail/129040453145" "Mozilla/5.0 AppleWebKit/537.36 (KHTML, like Gecko; compatible; GPTBot/1.3; +https://openai.com/gptbot)"
74.7.227.39 - - [21/Apr/2026:19:27:06 +0000] "GET /goods.php?detail/25303509260366 HTTP/1.1" 404 21054 "https://s2spw.com/goods.php?detail/102008611599" "Mozilla/5.0 AppleWebKit/537.36 (KHTML, like Gecko; compatible; GPTBot/1.3; +https://openai.com/gptbot)"
74.7.227.39 - - [21/Apr/2026:19:27:09 +0000] "GET /goods.php?detail/15500880897797 HTTP/1.1" 404 21054 "https://s2spw.com/goods.php?detail/155008580638" "Mozilla/5.0 AppleWebKit/537.36 (KHTML, like Gecko; compatible; GPTBot/1.3; +https://openai.com/gptbot)"
66.249.79.196 - - [21/Apr/2026:19:27:10 +0000] "GET /?goods/177014498 HTTP/1.1" 200 557625 "-" "Mozilla/5.0 (Linux; Android 6.0.1; Nexus 5X Build/MMB29P) AppleWebKit/537.36 (KHTML, like Gecko) Chrome/146.0.7680.177 Mobile Safari/537.36 (compatible; Googlebot/2.1; +http://www.google.com/bot.html)"
66.249.79.196 - - [21/Apr/2026:19:27:11 +0000] "GET /?detail/039028370075 HTTP/1.1" 200 554278 "-" "Mozilla/5.0 (Linux; Android 6.0.1; Nexus 5X Build/MMB29P) AppleWebKit/537.36 (KHTML, like Gecko) Chrome/146.0.7680.177 Mobile Safari/537.36 (compatible; Googlebot/2.1; +http://www.google.com/bot.html)"
74.7.227.39 - - [21/Apr/2026:19:27:12 +0000] "GET /goods.php?detail/09900875645909 HTTP/1.1" 404 21054 "https://s2spw.com/goods.php?detail/099008669189" "Mozilla/5.0 AppleWebKit/537.36 (KHTML, like Gecko; compatible; GPTBot/1.3; +https://openai.com/gptbot)"
74.7.227.39 - - [21/Apr/2026:19:27:15 +0000] "GET /goods.php?detail/29401510611229 HTTP/1.1" 404 21054 "https://s2spw.com/goods.php?detail/294005728914" "Mozilla/5.0 AppleWebKit/537.36 (KHTML, like Gecko; compatible; GPTBot/1.3; +https://openai.com/gptbot)"
74.7.227.39 - - [21/Apr/2026:19:27:18 +0000] "GET /goods.php?detail/13900227800922 HTTP/1.1" 404 21054 "https://s2spw.com/goods.php?detail/139000101803" "Mozilla/5.0 AppleWebKit/537.36 (KHTML, like Gecko; compatible; GPTBot/1.3; +https://openai.com/gptbot)"
74.7.227.39 - - [21/Apr/2026:19:27:20 +0000] "GET /goods.php?detail/13701801277478 HTTP/1.1" 404 21054 "https://s2spw.com/goods.php?detail/225017531222" "Mozilla/5.0 AppleWebKit/537.36 (KHTML, like Gecko; compatible; GPTBot/1.3; +https://openai.com/gptbot)"
74.7.227.39 - - [21/Apr/2026:19:27:24 +0000] "GET /goods.php?detail/10903002289689 HTTP/1.1" 404 21054 "https://s2spw.com/goods.php?detail/109031447814" "Mozilla/5.0 AppleWebKit/537.36 (KHTML, like Gecko; compatible; GPTBot/1.3; +https://openai.com/gptbot)"
74.7.227.39 - - [21/Apr/2026:19:27:26 +0000] "GET /goods.php?detail/13102105097057 HTTP/1.1" 404 21054 "https://s2spw.com/goods.php?detail/131023478209" "Mozilla/5.0 AppleWebKit/537.36 (KHTML, like Gecko; compatible; GPTBot/1.3; +https://openai.com/gptbot)"
74.7.227.39 - - [21/Apr/2026:19:27:29 +0000] "GET /goods.php?detail/16702250767612 HTTP/1.1" 404 21054 "https://s2spw.com/goods.php?detail/003009583872" "Mozilla/5.0 AppleWebKit/537.36 (KHTML, like Gecko; compatible; GPTBot/1.3; +https://openai.com/gptbot)"
74.7.227.39 - - [21/Apr/2026:19:27:32 +0000] "GET /goods.php?detail/24301441456521 HTTP/1.1" 404 21054 "https://s2spw.com/goods.php?detail/243014159530" "Mozilla/5.0 AppleWebKit/537.36 (KHTML, like Gecko; compatible; GPTBot/1.3; +https://openai.com/gptbot)"
74.7.227.39 - - [21/Apr/2026:19:27:35 +0000] "GET /goods.php?detail/07602389276600 HTTP/1.1" 404 21054 "https://s2spw.com/goods.php?detail/076025809079" "Mozilla/5.0 AppleWebKit/537.36 (KHTML, like Gecko; compatible; GPTBot/1.3; +https://openai.com/gptbot)"
74.7.227.39 - - [21/Apr/2026:19:27:38 +0000] "GET /goods.php?detail/12404204099818 HTTP/1.1" 404 21054 "https://s2spw.com/goods.php?detail/233037683367" "Mozilla/5.0 AppleWebKit/537.36 (KHTML, like Gecko; compatible; GPTBot/1.3; +https://openai.com/gptbot)"
216.73.216.14 - - [21/Apr/2026:19:27:38 +0000] "GET / HTTP/1.1" 200 43282 "-" "Mozilla/5.0 AppleWebKit/537.36 (KHTML, like Gecko; compatible; ClaudeBot/1.0; +claudebot@anthropic.com)"
74.7.227.39 - - [21/Apr/2026:19:27:41 +0000] "GET /goods.php?detail/28101121798160 HTTP/1.1" 404 21054 "https://s2spw.com/goods.php?goods/105009429" "Mozilla/5.0 AppleWebKit/537.36 (KHTML, like Gecko; compatible; GPTBot/1.3; +https://openai.com/gptbot)"
74.7.227.39 - - [21/Apr/2026:19:27:43 +0000] "GET /goods.php?detail/20301735037267 HTTP/1.1" 404 21054 "https://s2spw.com/goods.php?detail/263014017077" "Mozilla/5.0 AppleWebKit/537.36 (KHTML, like Gecko; compatible; GPTBot/1.3; +https://openai.com/gptbot)"
