74.7.227.39 - - [21/Apr/2026:19:11:25 +0000] "GET /goods.php?detail/04001206588458 HTTP/1.1" 404 21054 "https://s2spw.com/goods.php?detail/037042412486" "Mozilla/5.0 AppleWebKit/537.36 (KHTML, like Gecko; compatible; GPTBot/1.3; +https://openai.com/gptbot)"
168.144.107.188 - - [21/Apr/2026:19:11:26 +0000] "GET /wp-admin/index.php HTTP/1.1" 302 - "https://s2spw.com/wp-login.php" "Mozilla/5.0 (Macintosh; Intel Mac OS X 10_15_7) AppleWebKit/605.1.15 (KHTML, like Gecko) Version/16.6 Safari/605.1.15"
168.144.107.188 - - [21/Apr/2026:19:11:28 +0000] "GET /wp-login.php?redirect_to=https%3A%2F%2Fs2spw.com%2Fwp-admin%2Findex.php&reauth=1 HTTP/1.1" 200 4609 "https://s2spw.com/wp-login.php" "Mozilla/5.0 (Macintosh; Intel Mac OS X 10_15_7) AppleWebKit/605.1.15 (KHTML, like Gecko) Version/16.6 Safari/605.1.15"
74.7.227.39 - - [21/Apr/2026:19:11:28 +0000] "GET /goods.php?detail/16301818896717 HTTP/1.1" 404 21054 "https://s2spw.com/goods.php?detail/2980399821199" "Mozilla/5.0 AppleWebKit/537.36 (KHTML, like Gecko; compatible; GPTBot/1.3; +https://openai.com/gptbot)"
168.144.107.188 - - [21/Apr/2026:19:11:30 +0000] "POST /wp-login.php HTTP/1.1" 200 4970 "https://s2spw.com/wp-login.php" "Mozilla/5.0 (Macintosh; Intel Mac OS X 10_15_7) AppleWebKit/537.36 (KHTML, like Gecko) Chrome/120.0.0.0 Safari/537.36"
74.7.227.39 - - [21/Apr/2026:19:11:31 +0000] "GET /goods.php?detail/06600342693500 HTTP/1.1" 404 21054 "https://s2spw.com/goods.php?detail/066010406420" "Mozilla/5.0 AppleWebKit/537.36 (KHTML, like Gecko; compatible; GPTBot/1.3; +https://openai.com/gptbot)"
168.144.107.188 - - [21/Apr/2026:19:11:33 +0000] "GET /wp-admin/index.php HTTP/1.1" 302 - "https://s2spw.com/wp-login.php" "Mozilla/5.0 (X11; Ubuntu; Linux x86_64) AppleWebKit/537.36 (KHTML, like Gecko) Chrome/121.0.0.0 Safari/537.36"
74.7.227.39 - - [21/Apr/2026:19:11:33 +0000] "GET /goods.php?detail/00102354350026 HTTP/1.1" 404 21054 "https://s2spw.com/goods.php?detail/150009750430" "Mozilla/5.0 AppleWebKit/537.36 (KHTML, like Gecko; compatible; GPTBot/1.3; +https://openai.com/gptbot)"
168.144.107.188 - - [21/Apr/2026:19:11:35 +0000] "GET /wp-login.php?redirect_to=https%3A%2F%2Fs2spw.com%2Fwp-admin%2Findex.php&reauth=1 HTTP/1.1" 200 4609 "https://s2spw.com/wp-login.php" "Mozilla/5.0 (X11; Ubuntu; Linux x86_64) AppleWebKit/537.36 (KHTML, like Gecko) Chrome/121.0.0.0 Safari/537.36"
74.7.227.39 - - [21/Apr/2026:19:11:36 +0000] "GET /goods.php?detail/07100900157478 HTTP/1.1" 404 21054 "https://s2spw.com/goods.php?detail/071008002832" "Mozilla/5.0 AppleWebKit/537.36 (KHTML, like Gecko; compatible; GPTBot/1.3; +https://openai.com/gptbot)"
168.144.107.188 - - [21/Apr/2026:19:11:37 +0000] "POST /wp-login.php HTTP/1.1" 200 4975 "https://s2spw.com/wp-login.php" "Mozilla/5.0 (Macintosh; Intel Mac OS X 13_6_1) AppleWebKit/537.36 (KHTML, like Gecko) Chrome/118.0.0.0 Safari/537.36"
74.7.227.39 - - [21/Apr/2026:19:11:39 +0000] "GET /goods.php?detail/00300159690802 HTTP/1.1" 404 21054 "https://s2spw.com/goods.php?product/edit/kys-tr-2073491" "Mozilla/5.0 AppleWebKit/537.36 (KHTML, like Gecko; compatible; GPTBot/1.3; +https://openai.com/gptbot)"
168.144.107.188 - - [21/Apr/2026:19:11:39 +0000] "GET /wp-admin/index.php HTTP/1.1" 302 - "https://s2spw.com/wp-login.php" "Mozilla/5.0 (Windows NT 10.0; Win64; x64) AppleWebKit/537.36 (KHTML, like Gecko) Chrome/118.0.0.0 Safari/537.36"
168.144.107.188 - - [21/Apr/2026:19:11:41 +0000] "GET /wp-login.php?redirect_to=https%3A%2F%2Fs2spw.com%2Fwp-admin%2Findex.php&reauth=1 HTTP/1.1" 200 4609 "https://s2spw.com/wp-login.php" "Mozilla/5.0 (Windows NT 10.0; Win64; x64) AppleWebKit/537.36 (KHTML, like Gecko) Chrome/118.0.0.0 Safari/537.36"
74.7.227.39 - - [21/Apr/2026:19:11:42 +0000] "GET /goods.php?detail/05103646648104 HTTP/1.1" 404 21054 "https://s2spw.com/goods.php?detail/010043875753" "Mozilla/5.0 AppleWebKit/537.36 (KHTML, like Gecko; compatible; GPTBot/1.3; +https://openai.com/gptbot)"
168.144.107.188 - - [21/Apr/2026:19:11:43 +0000] "POST /wp-login.php HTTP/1.1" 200 4975 "https://s2spw.com/wp-login.php" "Mozilla/5.0 (Macintosh; Intel Mac OS X 10_15_7) AppleWebKit/605.1.15 (KHTML, like Gecko) Version/17.0 Safari/605.1.15"
74.7.227.39 - - [21/Apr/2026:19:11:45 +0000] "GET /goods.php?detail/09101155309375 HTTP/1.1" 404 21054 "https://s2spw.com/goods.php?detail/091020265098" "Mozilla/5.0 AppleWebKit/537.36 (KHTML, like Gecko; compatible; GPTBot/1.3; +https://openai.com/gptbot)"
168.144.107.188 - - [21/Apr/2026:19:11:46 +0000] "GET /wp-admin/index.php HTTP/1.1" 302 - "https://s2spw.com/wp-login.php" "Mozilla/5.0 (Windows NT 10.0; Win64; x64) AppleWebKit/537.36 (KHTML, like Gecko) Chrome/118.0.0.0 Safari/537.36"
168.144.107.188 - - [21/Apr/2026:19:11:48 +0000] "GET /wp-login.php?redirect_to=https%3A%2F%2Fs2spw.com%2Fwp-admin%2Findex.php&reauth=1 HTTP/1.1" 200 4609 "https://s2spw.com/wp-login.php" "Mozilla/5.0 (Windows NT 10.0; Win64; x64) AppleWebKit/537.36 (KHTML, like Gecko) Chrome/118.0.0.0 Safari/537.36"
74.7.227.39 - - [21/Apr/2026:19:11:48 +0000] "GET /goods.php?detail/10104602682182 HTTP/1.1" 404 21054 "https://s2spw.com/goods.php?detail/101046874794" "Mozilla/5.0 AppleWebKit/537.36 (KHTML, like Gecko; compatible; GPTBot/1.3; +https://openai.com/gptbot)"
168.144.107.188 - - [21/Apr/2026:19:11:50 +0000] "POST /wp-login.php HTTP/1.1" 200 4971 "https://s2spw.com/wp-login.php" "Mozilla/5.0 (Windows NT 11.0; Win64; x64) AppleWebKit/537.36 (KHTML, like Gecko) Chrome/121.0.0.0 Safari/537.36"
74.7.227.39 - - [21/Apr/2026:19:11:51 +0000] "GET /goods.php?detail/04200921342254 HTTP/1.1" 404 21054 "https://s2spw.com/goods.php?detail/010024754289" "Mozilla/5.0 AppleWebKit/537.36 (KHTML, like Gecko; compatible; GPTBot/1.3; +https://openai.com/gptbot)"
168.144.107.188 - - [21/Apr/2026:19:11:52 +0000] "GET /wp-admin/index.php HTTP/1.1" 302 - "https://s2spw.com/wp-login.php" "Mozilla/5.0 (Macintosh; Intel Mac OS X 13_6_1; rv:118.0) Gecko/20100101 Firefox/118.0"
74.7.227.39 - - [21/Apr/2026:19:11:53 +0000] "GET /goods.php?detail/22402420317119 HTTP/1.1" 404 21054 "https://s2spw.com/goods.php?detail/224029918885" "Mozilla/5.0 AppleWebKit/537.36 (KHTML, like Gecko; compatible; GPTBot/1.3; +https://openai.com/gptbot)"
168.144.107.188 - - [21/Apr/2026:19:11:55 +0000] "GET /wp-login.php?redirect_to=https%3A%2F%2Fs2spw.com%2Fwp-admin%2Findex.php&reauth=1 HTTP/1.1" 200 4609 "https://s2spw.com/wp-login.php" "Mozilla/5.0 (Macintosh; Intel Mac OS X 13_6_1; rv:118.0) Gecko/20100101 Firefox/118.0"
74.7.227.39 - - [21/Apr/2026:19:11:56 +0000] "GET /goods.php?detail/17402065445541 HTTP/1.1" 404 21054 "https://s2spw.com/goods.php?detail/174020702818" "Mozilla/5.0 AppleWebKit/537.36 (KHTML, like Gecko; compatible; GPTBot/1.3; +https://openai.com/gptbot)"
168.144.107.188 - - [21/Apr/2026:19:11:57 +0000] "POST /wp-login.php HTTP/1.1" 200 4973 "https://s2spw.com/wp-login.php" "Mozilla/5.0 (Macintosh; Intel Mac OS X 13_6_1; rv:121.0) Gecko/20100101 Firefox/121.0"
66.249.79.197 - - [21/Apr/2026:19:11:58 +0000] "GET /?detail/29404047062750 HTTP/1.1" 200 558393 "-" "Mozilla/5.0 (Linux; Android 6.0.1; Nexus 5X Build/MMB29P) AppleWebKit/537.36 (KHTML, like Gecko) Chrome/146.0.7680.177 Mobile Safari/537.36 (compatible; Googlebot/2.1; +http://www.google.com/bot.html)"
74.7.227.39 - - [21/Apr/2026:19:11:59 +0000] "GET /goods.php?detail/15901715597649 HTTP/1.1" 404 21054 "https://s2spw.com/goods.php?detail/017009358006" "Mozilla/5.0 AppleWebKit/537.36 (KHTML, like Gecko; compatible; GPTBot/1.3; +https://openai.com/gptbot)"
168.144.107.188 - - [21/Apr/2026:19:11:59 +0000] "GET /wp-admin/index.php HTTP/1.1" 302 - "https://s2spw.com/wp-login.php" "Mozilla/5.0 (Windows NT 10.0; Win64; x64) AppleWebKit/537.36 (KHTML, like Gecko) Chrome/118.0.0.0 Safari/537.36"
168.144.107.188 - - [21/Apr/2026:19:12:02 +0000] "GET /wp-login.php?redirect_to=https%3A%2F%2Fs2spw.com%2Fwp-admin%2Findex.php&reauth=1 HTTP/1.1" 200 4609 "https://s2spw.com/wp-login.php" "Mozilla/5.0 (Windows NT 10.0; Win64; x64) AppleWebKit/537.36 (KHTML, like Gecko) Chrome/118.0.0.0 Safari/537.36"
74.7.227.39 - - [21/Apr/2026:19:12:02 +0000] "GET /goods.php?detail/20304211970412 HTTP/1.1" 404 21054 "https://s2spw.com/goods.php?detail/203039256352" "Mozilla/5.0 AppleWebKit/537.36 (KHTML, like Gecko; compatible; GPTBot/1.3; +https://openai.com/gptbot)"
74.7.227.39 - - [21/Apr/2026:19:12:05 +0000] "GET /goods.php?detail/03503805442570 HTTP/1.1" 404 21054 "https://s2spw.com/goods.php?detail/035037925450" "Mozilla/5.0 AppleWebKit/537.36 (KHTML, like Gecko; compatible; GPTBot/1.3; +https://openai.com/gptbot)"
168.144.107.188 - - [21/Apr/2026:19:12:05 +0000] "POST /wp-login.php HTTP/1.1" 200 4974 "https://s2spw.com/wp-login.php" "Mozilla/5.0 (Macintosh; Intel Mac OS X 13_6_1) AppleWebKit/537.36 (KHTML, like Gecko) Chrome/121.0.0.0 Safari/537.36"
66.249.79.197 - - [21/Apr/2026:19:12:05 +0000] "GET /?jp/058036364.html HTTP/1.1" 200 567460 "-" "Mozilla/5.0 (Linux; Android 6.0.1; Nexus 5X Build/MMB29P) AppleWebKit/537.36 (KHTML, like Gecko) Chrome/146.0.7680.177 Mobile Safari/537.36 (compatible; Googlebot/2.1; +http://www.google.com/bot.html)"
168.144.107.188 - - [21/Apr/2026:19:12:07 +0000] "GET /wp-admin/index.php HTTP/1.1" 302 - "https://s2spw.com/wp-login.php" "Mozilla/5.0 (Windows NT 11.0; Win64; x64) AppleWebKit/537.36 (KHTML, like Gecko) Chrome/119.0.0.0 Safari/537.36"
74.7.227.39 - - [21/Apr/2026:19:12:08 +0000] "GET /goods.php?detail/18204980171809 HTTP/1.1" 404 21054 "https://s2spw.com/goods.php?detail/182048588983" "Mozilla/5.0 AppleWebKit/537.36 (KHTML, like Gecko; compatible; GPTBot/1.3; +https://openai.com/gptbot)"
168.144.107.188 - - [21/Apr/2026:19:12:09 +0000] "GET /wp-login.php?redirect_to=https%3A%2F%2Fs2spw.com%2Fwp-admin%2Findex.php&reauth=1 HTTP/1.1" 200 4609 "https://s2spw.com/wp-login.php" "Mozilla/5.0 (Windows NT 11.0; Win64; x64) AppleWebKit/537.36 (KHTML, like Gecko) Chrome/119.0.0.0 Safari/537.36"
74.7.227.39 - - [21/Apr/2026:19:12:10 +0000] "GET /goods.php?detail/02500840821264 HTTP/1.1" 404 21054 "https://s2spw.com/goods.php?product/edit/crazy-shop88-chris198" "Mozilla/5.0 AppleWebKit/537.36 (KHTML, like Gecko; compatible; GPTBot/1.3; +https://openai.com/gptbot)"
168.144.107.188 - - [21/Apr/2026:19:12:11 +0000] "POST /wp-login.php HTTP/1.1" 200 4974 "https://s2spw.com/wp-login.php" "Mozilla/5.0 (X11; Linux x86_64) AppleWebKit/537.36 (KHTML, like Gecko) Chrome/118.0.0.0 Safari/537.36"
49.51.183.220 - - [21/Apr/2026:19:12:12 +0000] "GET / HTTP/1.1" 200 43282 "http://www.s2spw.com" "Mozilla/5.0 (iPhone; CPU iPhone OS 13_2_3 like Mac OS X) AppleWebKit/605.1.15 (KHTML, like Gecko) Version/13.0.3 Mobile/15E148 Safari/604.1"
168.144.107.188 - - [21/Apr/2026:19:12:13 +0000] "GET /wp-admin/index.php HTTP/1.1" 302 - "https://s2spw.com/wp-login.php" "Mozilla/5.0 (Macintosh; Intel Mac OS X 13_6_1) AppleWebKit/537.36 (KHTML, like Gecko) Chrome/121.0.0.0 Safari/537.36"
74.7.227.39 - - [21/Apr/2026:19:12:13 +0000] "GET /goods.php?detail/20702397642002 HTTP/1.1" 404 21054 "https://s2spw.com/goods.php?detail/208008544601" "Mozilla/5.0 AppleWebKit/537.36 (KHTML, like Gecko; compatible; GPTBot/1.3; +https://openai.com/gptbot)"
168.144.107.188 - - [21/Apr/2026:19:12:14 +0000] "GET /wp-login.php?redirect_to=https%3A%2F%2Fs2spw.com%2Fwp-admin%2Findex.php&reauth=1 HTTP/1.1" 200 4609 "https://s2spw.com/wp-login.php" "Mozilla/5.0 (Macintosh; Intel Mac OS X 13_6_1) AppleWebKit/537.36 (KHTML, like Gecko) Chrome/121.0.0.0 Safari/537.36"
74.7.227.39 - - [21/Apr/2026:19:12:16 +0000] "GET /goods.php?detail/08404907812072 HTTP/1.1" 404 21054 "https://s2spw.com/goods.php?detail/003010094152" "Mozilla/5.0 AppleWebKit/537.36 (KHTML, like Gecko; compatible; GPTBot/1.3; +https://openai.com/gptbot)"
168.144.107.188 - - [21/Apr/2026:19:12:16 +0000] "POST /wp-login.php HTTP/1.1" 200 4973 "https://s2spw.com/wp-login.php" "Mozilla/5.0 (Macintosh; Intel Mac OS X 10_15_7; rv:120.0) Gecko/20100101 Firefox/120.0"
168.144.107.188 - - [21/Apr/2026:19:12:18 +0000] "GET /wp-admin/index.php HTTP/1.1" 302 - "https://s2spw.com/wp-login.php" "Mozilla/5.0 (Windows NT 10.0; Win64; x64; rv:120.0) Gecko/20100101 Firefox/120.0"
74.7.227.39 - - [21/Apr/2026:19:12:19 +0000] "GET /goods.php?detail/17101008940209 HTTP/1.1" 404 21054 "https://s2spw.com/goods.php?detail/171010600864" "Mozilla/5.0 AppleWebKit/537.36 (KHTML, like Gecko; compatible; GPTBot/1.3; +https://openai.com/gptbot)"
168.144.107.188 - - [21/Apr/2026:19:12:20 +0000] "GET /wp-login.php?redirect_to=https%3A%2F%2Fs2spw.com%2Fwp-admin%2Findex.php&reauth=1 HTTP/1.1" 200 4609 "https://s2spw.com/wp-login.php" "Mozilla/5.0 (Windows NT 10.0; Win64; x64; rv:120.0) Gecko/20100101 Firefox/120.0"
74.7.227.39 - - [21/Apr/2026:19:12:22 +0000] "GET /goods.php?detail/19001581471081 HTTP/1.1" 404 21054 "https://s2spw.com/goods.php?detail/0450184756275" "Mozilla/5.0 AppleWebKit/537.36 (KHTML, like Gecko; compatible; GPTBot/1.3; +https://openai.com/gptbot)"
168.144.107.188 - - [21/Apr/2026:19:12:22 +0000] "POST /wp-login.php HTTP/1.1" 200 4979 "https://s2spw.com/wp-login.php" "Mozilla/5.0 (Macintosh; Intel Mac OS X 13_6_1) AppleWebKit/605.1.15 (KHTML, like Gecko) Version/17.2 Safari/605.1.15"
168.144.107.188 - - [21/Apr/2026:19:12:24 +0000] "GET /wp-admin/index.php HTTP/1.1" 302 - "https://s2spw.com/wp-login.php" "Mozilla/5.0 (Macintosh; Intel Mac OS X 13_6_1) AppleWebKit/537.36 (KHTML, like Gecko) Chrome/120.0.0.0 Safari/537.36"
74.7.227.39 - - [21/Apr/2026:19:12:24 +0000] "GET /goods.php?detail/04504930970371 HTTP/1.1" 404 21054 "https://s2spw.com/goods.php?detail/045049532461" "Mozilla/5.0 AppleWebKit/537.36 (KHTML, like Gecko; compatible; GPTBot/1.3; +https://openai.com/gptbot)"
168.144.107.188 - - [21/Apr/2026:19:12:25 +0000] "GET /wp-login.php?redirect_to=https%3A%2F%2Fs2spw.com%2Fwp-admin%2Findex.php&reauth=1 HTTP/1.1" 200 4609 "https://s2spw.com/wp-login.php" "Mozilla/5.0 (Macintosh; Intel Mac OS X 13_6_1) AppleWebKit/537.36 (KHTML, like Gecko) Chrome/120.0.0.0 Safari/537.36"
74.7.227.39 - - [21/Apr/2026:19:12:27 +0000] "GET /goods.php?detail/04003431318079 HTTP/1.1" 404 21054 "https://s2spw.com/goods.php?detail/033012890347" "Mozilla/5.0 AppleWebKit/537.36 (KHTML, like Gecko; compatible; GPTBot/1.3; +https://openai.com/gptbot)"
168.144.107.188 - - [21/Apr/2026:19:12:27 +0000] "POST /wp-login.php HTTP/1.1" 200 4974 "https://s2spw.com/wp-login.php" "Mozilla/5.0 (X11; Linux x86_64) AppleWebKit/537.36 (KHTML, like Gecko) Chrome/118.0.0.0 Safari/537.36"
168.144.107.188 - - [21/Apr/2026:19:12:29 +0000] "GET /wp-admin/index.php HTTP/1.1" 302 - "https://s2spw.com/wp-login.php" "Mozilla/5.0 (Macintosh; Intel Mac OS X 10_15_7) AppleWebKit/605.1.15 (KHTML, like Gecko) Version/17.0 Safari/605.1.15"
74.7.227.39 - - [21/Apr/2026:19:12:30 +0000] "GET /goods.php?detail/20201911809448 HTTP/1.1" 404 21054 "https://s2spw.com/goods.php?detail/056006797976" "Mozilla/5.0 AppleWebKit/537.36 (KHTML, like Gecko; compatible; GPTBot/1.3; +https://openai.com/gptbot)"
168.144.107.188 - - [21/Apr/2026:19:12:32 +0000] "GET /wp-login.php?redirect_to=https%3A%2F%2Fs2spw.com%2Fwp-admin%2Findex.php&reauth=1 HTTP/1.1" 200 4609 "https://s2spw.com/wp-login.php" "Mozilla/5.0 (Macintosh; Intel Mac OS X 10_15_7) AppleWebKit/605.1.15 (KHTML, like Gecko) Version/17.0 Safari/605.1.15"
74.7.227.39 - - [21/Apr/2026:19:12:33 +0000] "GET /goods.php?detail/05300159715440 HTTP/1.1" 404 21054 "https://s2spw.com/goods.php?detail/053001631112" "Mozilla/5.0 AppleWebKit/537.36 (KHTML, like Gecko; compatible; GPTBot/1.3; +https://openai.com/gptbot)"
168.144.107.188 - - [21/Apr/2026:19:12:33 +0000] "POST /wp-login.php HTTP/1.1" 200 4974 "https://s2spw.com/wp-login.php" "Mozilla/5.0 (Windows NT 10.0; Win64; x64) AppleWebKit/537.36 (KHTML, like Gecko) Chrome/121.0.0.0 Safari/537.36"
168.144.107.188 - - [21/Apr/2026:19:12:35 +0000] "GET /wp-admin/index.php HTTP/1.1" 302 - "https://s2spw.com/wp-login.php" "Mozilla/5.0 (X11; Linux x86_64) AppleWebKit/537.36 (KHTML, like Gecko) Chrome/121.0.0.0 Safari/537.36"
74.7.227.39 - - [21/Apr/2026:19:12:36 +0000] "GET /goods.php?detail/23702241254454 HTTP/1.1" 404 21054 "https://s2spw.com/goods.php?jp/238031931.html" "Mozilla/5.0 AppleWebKit/537.36 (KHTML, like Gecko; compatible; GPTBot/1.3; +https://openai.com/gptbot)"
168.144.107.188 - - [21/Apr/2026:19:12:37 +0000] "GET /wp-login.php?redirect_to=https%3A%2F%2Fs2spw.com%2Fwp-admin%2Findex.php&reauth=1 HTTP/1.1" 200 4609 "https://s2spw.com/wp-login.php" "Mozilla/5.0 (X11; Linux x86_64) AppleWebKit/537.36 (KHTML, like Gecko) Chrome/121.0.0.0 Safari/537.36"
74.7.227.39 - - [21/Apr/2026:19:12:39 +0000] "GET /goods.php?detail/00800980749275 HTTP/1.1" 404 21054 "https://s2spw.com/goods.php?detail/008008782639" "Mozilla/5.0 AppleWebKit/537.36 (KHTML, like Gecko; compatible; GPTBot/1.3; +https://openai.com/gptbot)"
168.144.107.188 - - [21/Apr/2026:19:12:39 +0000] "POST /wp-login.php HTTP/1.1" 200 4975 "https://s2spw.com/wp-login.php" "Mozilla/5.0 (Windows NT 10.0; Win64; x64) AppleWebKit/537.36 (KHTML, like Gecko) Chrome/119.0.0.0 Safari/537.36"
168.144.107.188 - - [21/Apr/2026:19:12:41 +0000] "GET /wp-admin/index.php HTTP/1.1" 302 - "https://s2spw.com/wp-login.php" "Mozilla/5.0 (X11; Ubuntu; Linux x86_64) AppleWebKit/537.36 (KHTML, like Gecko) Chrome/118.0.0.0 Safari/537.36"
74.7.227.39 - - [21/Apr/2026:19:12:41 +0000] "GET /goods.php?detail/01001369390812 HTTP/1.1" 404 21054 "https://s2spw.com/goods.php?detail/010013182127" "Mozilla/5.0 AppleWebKit/537.36 (KHTML, like Gecko; compatible; GPTBot/1.3; +https://openai.com/gptbot)"
168.144.107.188 - - [21/Apr/2026:19:12:43 +0000] "GET /wp-login.php?redirect_to=https%3A%2F%2Fs2spw.com%2Fwp-admin%2Findex.php&reauth=1 HTTP/1.1" 200 4609 "https://s2spw.com/wp-login.php" "Mozilla/5.0 (X11; Ubuntu; Linux x86_64) AppleWebKit/537.36 (KHTML, like Gecko) Chrome/118.0.0.0 Safari/537.36"
74.7.227.39 - - [21/Apr/2026:19:12:44 +0000] "GET /goods.php?detail/26600530938553 HTTP/1.1" 404 21054 "https://s2spw.com/goods.php?detail/266003646376" "Mozilla/5.0 AppleWebKit/537.36 (KHTML, like Gecko; compatible; GPTBot/1.3; +https://openai.com/gptbot)"
168.144.107.188 - - [21/Apr/2026:19:12:45 +0000] "POST /wp-login.php HTTP/1.1" 200 4978 "https://s2spw.com/wp-login.php" "Mozilla/5.0 (Windows NT 11.0; Win64; x64) AppleWebKit/537.36 (KHTML, like Gecko) Chrome/121.0.0.0 Safari/537.36"
168.144.107.188 - - [21/Apr/2026:19:12:47 +0000] "GET /wp-admin/index.php HTTP/1.1" 302 - "https://s2spw.com/wp-login.php" "Mozilla/5.0 (Macintosh; Intel Mac OS X 13_6_1) AppleWebKit/537.36 (KHTML, like Gecko) Chrome/121.0.0.0 Safari/537.36"
74.7.227.39 - - [21/Apr/2026:19:12:47 +0000] "GET /goods.php?detail/12102214486643 HTTP/1.1" 404 21054 "https://s2spw.com/goods.php?jp/121020469.html" "Mozilla/5.0 AppleWebKit/537.36 (KHTML, like Gecko; compatible; GPTBot/1.3; +https://openai.com/gptbot)"
168.144.107.188 - - [21/Apr/2026:19:12:49 +0000] "GET /wp-login.php?redirect_to=https%3A%2F%2Fs2spw.com%2Fwp-admin%2Findex.php&reauth=1 HTTP/1.1" 200 4609 "https://s2spw.com/wp-login.php" "Mozilla/5.0 (Macintosh; Intel Mac OS X 13_6_1) AppleWebKit/537.36 (KHTML, like Gecko) Chrome/121.0.0.0 Safari/537.36"
74.7.227.39 - - [21/Apr/2026:19:12:50 +0000] "GET /goods.php?detail/14001175364751 HTTP/1.1" 404 21054 "https://s2spw.com/goods.php?detail/1400112004282" "Mozilla/5.0 AppleWebKit/537.36 (KHTML, like Gecko; compatible; GPTBot/1.3; +https://openai.com/gptbot)"
168.144.107.188 - - [21/Apr/2026:19:12:51 +0000] "POST /wp-login.php HTTP/1.1" 200 4975 "https://s2spw.com/wp-login.php" "Mozilla/5.0 (X11; Ubuntu; Linux x86_64) AppleWebKit/537.36 (KHTML, like Gecko) Chrome/119.0.0.0 Safari/537.36"
168.144.107.188 - - [21/Apr/2026:19:12:53 +0000] "GET /wp-admin/index.php HTTP/1.1" 302 - "https://s2spw.com/wp-login.php" "Mozilla/5.0 (Macintosh; Intel Mac OS X 13_6_1) AppleWebKit/605.1.15 (KHTML, like Gecko) Version/17.1 Safari/605.1.15"
74.7.227.39 - - [21/Apr/2026:19:12:53 +0000] "GET /goods.php?detail/23402112365265 HTTP/1.1" 404 21054 "https://s2spw.com/goods.php?detail/1910229294921" "Mozilla/5.0 AppleWebKit/537.36 (KHTML, like Gecko; compatible; GPTBot/1.3; +https://openai.com/gptbot)"
168.144.107.188 - - [21/Apr/2026:19:12:55 +0000] "GET /wp-login.php?redirect_to=https%3A%2F%2Fs2spw.com%2Fwp-admin%2Findex.php&reauth=1 HTTP/1.1" 200 4609 "https://s2spw.com/wp-login.php" "Mozilla/5.0 (Macintosh; Intel Mac OS X 13_6_1) AppleWebKit/605.1.15 (KHTML, like Gecko) Version/17.1 Safari/605.1.15"
74.7.227.39 - - [21/Apr/2026:19:12:56 +0000] "GET /goods.php?detail/08404074602541 HTTP/1.1" 404 21054 "https://s2spw.com/goods.php?detail/1450105865855" "Mozilla/5.0 AppleWebKit/537.36 (KHTML, like Gecko; compatible; GPTBot/1.3; +https://openai.com/gptbot)"
168.144.107.188 - - [21/Apr/2026:19:12:56 +0000] "POST /wp-login.php HTTP/1.1" 200 4971 "https://s2spw.com/wp-login.php" "Mozilla/5.0 (Macintosh; Intel Mac OS X 10_15_7; rv:118.0) Gecko/20100101 Firefox/118.0"
168.144.107.188 - - [21/Apr/2026:19:12:58 +0000] "GET /wp-admin/index.php HTTP/1.1" 302 - "https://s2spw.com/wp-login.php" "Mozilla/5.0 (Windows NT 10.0; Win64; x64) AppleWebKit/537.36 (KHTML, like Gecko) Chrome/118.0.0.0 Safari/537.36"
74.7.227.39 - - [21/Apr/2026:19:12:59 +0000] "GET /goods.php?detail/11804891680286 HTTP/1.1" 404 21054 "https://s2spw.com/goods.php?detail/092006971009" "Mozilla/5.0 AppleWebKit/537.36 (KHTML, like Gecko; compatible; GPTBot/1.3; +https://openai.com/gptbot)"
168.144.107.188 - - [21/Apr/2026:19:13:00 +0000] "GET /wp-login.php?redirect_to=https%3A%2F%2Fs2spw.com%2Fwp-admin%2Findex.php&reauth=1 HTTP/1.1" 200 4609 "https://s2spw.com/wp-login.php" "Mozilla/5.0 (Windows NT 10.0; Win64; x64) AppleWebKit/537.36 (KHTML, like Gecko) Chrome/118.0.0.0 Safari/537.36"
74.7.227.39 - - [21/Apr/2026:19:13:01 +0000] "GET /goods.php?detail/12404002247623 HTTP/1.1" 404 21054 "https://s2spw.com/goods.php?detail/124040742365" "Mozilla/5.0 AppleWebKit/537.36 (KHTML, like Gecko; compatible; GPTBot/1.3; +https://openai.com/gptbot)"
168.144.107.188 - - [21/Apr/2026:19:13:02 +0000] "POST /wp-login.php HTTP/1.1" 200 4972 "https://s2spw.com/wp-login.php" "Mozilla/5.0 (Macintosh; Intel Mac OS X 13_6_1) AppleWebKit/605.1.15 (KHTML, like Gecko) Version/17.2 Safari/605.1.15"
168.144.107.188 - - [21/Apr/2026:19:13:04 +0000] "GET /wp-admin/index.php HTTP/1.1" 302 - "https://s2spw.com/wp-login.php" "Mozilla/5.0 (X11; Ubuntu; Linux x86_64) AppleWebKit/537.36 (KHTML, like Gecko) Chrome/121.0.0.0 Safari/537.36"
74.7.227.39 - - [21/Apr/2026:19:13:04 +0000] "GET /goods.php?detail/01200416632634 HTTP/1.1" 404 21054 "https://s2spw.com/goods.php?detail/017026057013" "Mozilla/5.0 AppleWebKit/537.36 (KHTML, like Gecko; compatible; GPTBot/1.3; +https://openai.com/gptbot)"
168.144.107.188 - - [21/Apr/2026:19:13:06 +0000] "GET /wp-login.php?redirect_to=https%3A%2F%2Fs2spw.com%2Fwp-admin%2Findex.php&reauth=1 HTTP/1.1" 200 4609 "https://s2spw.com/wp-login.php" "Mozilla/5.0 (X11; Ubuntu; Linux x86_64) AppleWebKit/537.36 (KHTML, like Gecko) Chrome/121.0.0.0 Safari/537.36"
74.7.227.39 - - [21/Apr/2026:19:13:07 +0000] "GET /goods.php?detail/22702343483379 HTTP/1.1" 404 21054 "https://s2spw.com/goods.php?detail/028040041293" "Mozilla/5.0 AppleWebKit/537.36 (KHTML, like Gecko; compatible; GPTBot/1.3; +https://openai.com/gptbot)"
168.144.107.188 - - [21/Apr/2026:19:13:08 +0000] "POST /wp-login.php HTTP/1.1" 200 4977 "https://s2spw.com/wp-login.php" "Mozilla/5.0 (Macintosh; Intel Mac OS X 13_6_1; rv:120.0) Gecko/20100101 Firefox/120.0"
168.144.107.188 - - [21/Apr/2026:19:13:10 +0000] "GET /wp-admin/index.php HTTP/1.1" 302 - "https://s2spw.com/wp-login.php" "Mozilla/5.0 (X11; Linux x86_64) AppleWebKit/537.36 (KHTML, like Gecko) Chrome/118.0.0.0 Safari/537.36"
74.7.227.39 - - [21/Apr/2026:19:13:10 +0000] "GET /goods.php?detail/02902308961610 HTTP/1.1" 404 21054 "https://s2spw.com/goods.php?detail/029023273903" "Mozilla/5.0 AppleWebKit/537.36 (KHTML, like Gecko; compatible; GPTBot/1.3; +https://openai.com/gptbot)"
168.144.107.188 - - [21/Apr/2026:19:13:11 +0000] "GET /wp-login.php?redirect_to=https%3A%2F%2Fs2spw.com%2Fwp-admin%2Findex.php&reauth=1 HTTP/1.1" 200 4609 "https://s2spw.com/wp-login.php" "Mozilla/5.0 (X11; Linux x86_64) AppleWebKit/537.36 (KHTML, like Gecko) Chrome/118.0.0.0 Safari/537.36"
74.7.227.39 - - [21/Apr/2026:19:13:13 +0000] "GET /goods.php?detail/29902375679267 HTTP/1.1" 404 21054 "https://s2spw.com/goods.php?detail/130013756373" "Mozilla/5.0 AppleWebKit/537.36 (KHTML, like Gecko; compatible; GPTBot/1.3; +https://openai.com/gptbot)"
168.144.107.188 - - [21/Apr/2026:19:13:13 +0000] "POST /wp-login.php HTTP/1.1" 200 4972 "https://s2spw.com/wp-login.php" "Mozilla/5.0 (Windows NT 10.0; Win64; x64) AppleWebKit/537.36 (KHTML, like Gecko) Chrome/118.0.0.0 Safari/537.36"
168.144.107.188 - - [21/Apr/2026:19:13:15 +0000] "GET /wp-admin/index.php HTTP/1.1" 302 - "https://s2spw.com/wp-login.php" "Mozilla/5.0 (Windows NT 10.0; Win64; x64; rv:121.0) Gecko/20100101 Firefox/121.0"
74.7.227.39 - - [21/Apr/2026:19:13:16 +0000] "GET /goods.php?detail/11603387437037 HTTP/1.1" 404 21054 "https://s2spw.com/goods.php?detail/290012429580" "Mozilla/5.0 AppleWebKit/537.36 (KHTML, like Gecko; compatible; GPTBot/1.3; +https://openai.com/gptbot)"
168.144.107.188 - - [21/Apr/2026:19:13:17 +0000] "GET /wp-login.php?redirect_to=https%3A%2F%2Fs2spw.com%2Fwp-admin%2Findex.php&reauth=1 HTTP/1.1" 200 4609 "https://s2spw.com/wp-login.php" "Mozilla/5.0 (Windows NT 10.0; Win64; x64; rv:121.0) Gecko/20100101 Firefox/121.0"
74.7.227.39 - - [21/Apr/2026:19:13:18 +0000] "GET /goods.php?detail/25201225989039 HTTP/1.1" 404 21054 "https://s2spw.com/goods.php?detail/15001387019854" "Mozilla/5.0 AppleWebKit/537.36 (KHTML, like Gecko; compatible; GPTBot/1.3; +https://openai.com/gptbot)"
168.144.107.188 - - [21/Apr/2026:19:13:19 +0000] "POST /wp-login.php HTTP/1.1" 200 4970 "https://s2spw.com/wp-login.php" "Mozilla/5.0 (Macintosh; Intel Mac OS X 13_6_1) AppleWebKit/605.1.15 (KHTML, like Gecko) Version/17.2 Safari/605.1.15"
74.7.227.39 - - [21/Apr/2026:19:13:21 +0000] "GET /goods.php?detail/25603569068069 HTTP/1.1" 404 21054 "https://s2spw.com/goods.php?detail/295002917178" "Mozilla/5.0 AppleWebKit/537.36 (KHTML, like Gecko; compatible; GPTBot/1.3; +https://openai.com/gptbot)"
168.144.107.188 - - [21/Apr/2026:19:13:21 +0000] "GET /wp-admin/index.php HTTP/1.1" 302 - "https://s2spw.com/wp-login.php" "Mozilla/5.0 (Macintosh; Intel Mac OS X 13_6_1) AppleWebKit/605.1.15 (KHTML, like Gecko) Version/17.1 Safari/605.1.15"
168.144.107.188 - - [21/Apr/2026:19:13:23 +0000] "GET /wp-login.php?redirect_to=https%3A%2F%2Fs2spw.com%2Fwp-admin%2Findex.php&reauth=1 HTTP/1.1" 200 4609 "https://s2spw.com/wp-login.php" "Mozilla/5.0 (Macintosh; Intel Mac OS X 13_6_1) AppleWebKit/605.1.15 (KHTML, like Gecko) Version/17.1 Safari/605.1.15"
74.7.227.39 - - [21/Apr/2026:19:13:24 +0000] "GET /goods.php?detail/06300200511564 HTTP/1.1" 404 21054 "https://s2spw.com/goods.php?pcmypage?callback=product/review/stylife-qd7478-1" "Mozilla/5.0 AppleWebKit/537.36 (KHTML, like Gecko; compatible; GPTBot/1.3; +https://openai.com/gptbot)"
168.144.107.188 - - [21/Apr/2026:19:13:25 +0000] "POST /wp-login.php HTTP/1.1" 200 4971 "https://s2spw.com/wp-login.php" "Mozilla/5.0 (Windows NT 11.0; Win64; x64; rv:121.0) Gecko/20100101 Firefox/121.0"
74.7.227.39 - - [21/Apr/2026:19:13:27 +0000] "GET /goods.php?detail/00701657210731 HTTP/1.1" 404 21054 "https://s2spw.com/goods.php?detail/128042899113" "Mozilla/5.0 AppleWebKit/537.36 (KHTML, like Gecko; compatible; GPTBot/1.3; +https://openai.com/gptbot)"
168.144.107.188 - - [21/Apr/2026:19:13:27 +0000] "GET /wp-admin/index.php HTTP/1.1" 302 - "https://s2spw.com/wp-login.php" "Mozilla/5.0 (Macintosh; Intel Mac OS X 13_6_1) AppleWebKit/605.1.15 (KHTML, like Gecko) Version/17.0 Safari/605.1.15"
168.144.107.188 - - [21/Apr/2026:19:13:28 +0000] "GET /wp-login.php?redirect_to=https%3A%2F%2Fs2spw.com%2Fwp-admin%2Findex.php&reauth=1 HTTP/1.1" 200 4609 "https://s2spw.com/wp-login.php" "Mozilla/5.0 (Macintosh; Intel Mac OS X 13_6_1) AppleWebKit/605.1.15 (KHTML, like Gecko) Version/17.0 Safari/605.1.15"
168.144.107.188 - - [21/Apr/2026:19:13:29 +0000] "POST /wp-login.php HTTP/1.1" 200 4978 "https://s2spw.com/wp-login.php" "Mozilla/5.0 (Windows NT 11.0; Win64; x64; rv:121.0) Gecko/20100101 Firefox/121.0"
168.144.107.188 - - [21/Apr/2026:19:13:29 +0000] "GET /wp-admin/index.php HTTP/1.1" 302 - "https://s2spw.com/wp-login.php" "Mozilla/5.0 (Macintosh; Intel Mac OS X 10_15_7) AppleWebKit/605.1.15 (KHTML, like Gecko) Version/17.0 Safari/605.1.15"
74.7.227.39 - - [21/Apr/2026:19:13:30 +0000] "GET /goods.php?detail/12200156795050 HTTP/1.1" 404 21054 "https://s2spw.com/goods.php?detail/148015825559" "Mozilla/5.0 AppleWebKit/537.36 (KHTML, like Gecko; compatible; GPTBot/1.3; +https://openai.com/gptbot)"
168.144.107.188 - - [21/Apr/2026:19:13:30 +0000] "GET /wp-login.php?redirect_to=https%3A%2F%2Fs2spw.com%2Fwp-admin%2Findex.php&reauth=1 HTTP/1.1" 200 4609 "https://s2spw.com/wp-login.php" "Mozilla/5.0 (Macintosh; Intel Mac OS X 10_15_7) AppleWebKit/605.1.15 (KHTML, like Gecko) Version/17.0 Safari/605.1.15"
168.144.107.188 - - [21/Apr/2026:19:13:31 +0000] "POST /wp-login.php HTTP/1.1" 200 4979 "https://s2spw.com/wp-login.php" "Mozilla/5.0 (Macintosh; Intel Mac OS X 13_6_1) AppleWebKit/537.36 (KHTML, like Gecko) Chrome/120.0.0.0 Safari/537.36"
168.144.107.188 - - [21/Apr/2026:19:13:33 +0000] "GET /wp-admin/index.php HTTP/1.1" 302 - "https://s2spw.com/wp-login.php" "Mozilla/5.0 (Macintosh; Intel Mac OS X 13_6_1) AppleWebKit/605.1.15 (KHTML, like Gecko) Version/17.0 Safari/605.1.15"
74.7.227.39 - - [21/Apr/2026:19:13:33 +0000] "GET /goods.php?detail/02801075852854 HTTP/1.1" 404 21054 "https://s2spw.com/goods.php?detail/274022251904" "Mozilla/5.0 AppleWebKit/537.36 (KHTML, like Gecko; compatible; GPTBot/1.3; +https://openai.com/gptbot)"
168.144.107.188 - - [21/Apr/2026:19:13:33 +0000] "GET /wp-login.php?redirect_to=https%3A%2F%2Fs2spw.com%2Fwp-admin%2Findex.php&reauth=1 HTTP/1.1" 200 4609 "https://s2spw.com/wp-login.php" "Mozilla/5.0 (Macintosh; Intel Mac OS X 13_6_1) AppleWebKit/605.1.15 (KHTML, like Gecko) Version/17.0 Safari/605.1.15"
168.144.107.188 - - [21/Apr/2026:19:13:34 +0000] "POST /wp-login.php HTTP/1.1" 200 4855 "https://s2spw.com/wp-login.php" "Mozilla/5.0 (Macintosh; Intel Mac OS X 10_15_7) AppleWebKit/537.36 (KHTML, like Gecko) Chrome/118.0.0.0 Safari/537.36"
168.144.107.188 - - [21/Apr/2026:19:13:35 +0000] "GET /wp-admin/index.php HTTP/1.1" 302 - "https://s2spw.com/wp-login.php" "Mozilla/5.0 (X11; Ubuntu; Linux x86_64) AppleWebKit/537.36 (KHTML, like Gecko) Chrome/120.0.0.0 Safari/537.36"
74.7.227.39 - - [21/Apr/2026:19:13:35 +0000] "GET /goods.php?detail/07800325073248 HTTP/1.1" 404 21054 "https://s2spw.com/goods.php?detail/078007451174" "Mozilla/5.0 AppleWebKit/537.36 (KHTML, like Gecko; compatible; GPTBot/1.3; +https://openai.com/gptbot)"
168.144.107.188 - - [21/Apr/2026:19:13:36 +0000] "GET /wp-login.php?redirect_to=https%3A%2F%2Fs2spw.com%2Fwp-admin%2Findex.php&reauth=1 HTTP/1.1" 200 4609 "https://s2spw.com/wp-login.php" "Mozilla/5.0 (X11; Ubuntu; Linux x86_64) AppleWebKit/537.36 (KHTML, like Gecko) Chrome/120.0.0.0 Safari/537.36"
66.249.79.196 - - [21/Apr/2026:19:13:37 +0000] "GET /?jp/198018556.html HTTP/1.1" 301 - "-" "Mozilla/5.0 (Linux; Android 6.0.1; Nexus 5X Build/MMB29P) AppleWebKit/537.36 (KHTML, like Gecko) Chrome/146.0.7680.177 Mobile Safari/537.36 (compatible; GoogleOther)"
168.144.107.188 - - [21/Apr/2026:19:13:38 +0000] "POST /wp-login.php HTTP/1.1" 200 4971 "https://s2spw.com/wp-login.php" "Mozilla/5.0 (X11; Ubuntu; Linux x86_64) AppleWebKit/537.36 (KHTML, like Gecko) Chrome/120.0.0.0 Safari/537.36"
66.249.79.197 - - [21/Apr/2026:19:13:38 +0000] "GET /?jp%2F198018556_html HTTP/1.1" 200 591853 "-" "Mozilla/5.0 (Linux; Android 6.0.1; Nexus 5X Build/MMB29P) AppleWebKit/537.36 (KHTML, like Gecko) Chrome/146.0.7680.177 Mobile Safari/537.36 (compatible; GoogleOther)"
74.7.227.39 - - [21/Apr/2026:19:13:38 +0000] "GET /goods.php?detail/04403829413341 HTTP/1.1" 404 21054 "https://s2spw.com/goods.php?detail/0920398980943" "Mozilla/5.0 AppleWebKit/537.36 (KHTML, like Gecko; compatible; GPTBot/1.3; +https://openai.com/gptbot)"
66.249.79.196 - - [21/Apr/2026:19:13:39 +0000] "GET /?jp/118004339.html HTTP/1.1" 200 553939 "-" "Mozilla/5.0 (Linux; Android 6.0.1; Nexus 5X Build/MMB29P) AppleWebKit/537.36 (KHTML, like Gecko) Chrome/146.0.7680.177 Mobile Safari/537.36 (compatible; Googlebot/2.1; +http://www.google.com/bot.html)"
168.144.107.188 - - [21/Apr/2026:19:13:39 +0000] "GET /wp-admin/index.php HTTP/1.1" 302 - "https://s2spw.com/wp-login.php" "Mozilla/5.0 (Macintosh; Intel Mac OS X 13_6_1; rv:118.0) Gecko/20100101 Firefox/118.0"
74.7.227.39 - - [21/Apr/2026:19:13:41 +0000] "GET /goods.php?detail/04700970868307 HTTP/1.1" 404 21054 "https://s2spw.com/goods.php?detail/048004571818" "Mozilla/5.0 AppleWebKit/537.36 (KHTML, like Gecko; compatible; GPTBot/1.3; +https://openai.com/gptbot)"
168.144.107.188 - - [21/Apr/2026:19:13:41 +0000] "GET /wp-login.php?redirect_to=https%3A%2F%2Fs2spw.com%2Fwp-admin%2Findex.php&reauth=1 HTTP/1.1" 200 4609 "https://s2spw.com/wp-login.php" "Mozilla/5.0 (Macintosh; Intel Mac OS X 13_6_1; rv:118.0) Gecko/20100101 Firefox/118.0"
168.144.107.188 - - [21/Apr/2026:19:13:43 +0000] "POST /wp-login.php HTTP/1.1" 200 4972 "https://s2spw.com/wp-login.php" "Mozilla/5.0 (Windows NT 11.0; Win64; x64) AppleWebKit/537.36 (KHTML, like Gecko) Chrome/119.0.0.0 Safari/537.36"
66.249.79.195 - - [21/Apr/2026:19:13:44 +0000] "GET /?detail/04003515125769 HTTP/1.1" 200 556493 "-" "Mozilla/5.0 (Linux; Android 6.0.1; Nexus 5X Build/MMB29P) AppleWebKit/537.36 (KHTML, like Gecko) Chrome/146.0.7680.177 Mobile Safari/537.36 (compatible; Googlebot/2.1; +http://www.google.com/bot.html)"
74.7.227.39 - - [21/Apr/2026:19:13:44 +0000] "GET /goods.php?detail/29503325151495 HTTP/1.1" 404 21054 "https://s2spw.com/goods.php?detail/295033526050" "Mozilla/5.0 AppleWebKit/537.36 (KHTML, like Gecko; compatible; GPTBot/1.3; +https://openai.com/gptbot)"
168.144.107.188 - - [21/Apr/2026:19:13:44 +0000] "GET /wp-admin/index.php HTTP/1.1" 302 - "https://s2spw.com/wp-login.php" "Mozilla/5.0 (Windows NT 11.0; Win64; x64; rv:118.0) Gecko/20100101 Firefox/118.0"
168.144.107.188 - - [21/Apr/2026:19:13:46 +0000] "GET /wp-login.php?redirect_to=https%3A%2F%2Fs2spw.com%2Fwp-admin%2Findex.php&reauth=1 HTTP/1.1" 200 4609 "https://s2spw.com/wp-login.php" "Mozilla/5.0 (Windows NT 11.0; Win64; x64; rv:118.0) Gecko/20100101 Firefox/118.0"
74.7.227.39 - - [21/Apr/2026:19:13:47 +0000] "GET /goods.php?detail/10104150180947 HTTP/1.1" 404 21054 "https://s2spw.com/goods.php?detail/2990060905150" "Mozilla/5.0 AppleWebKit/537.36 (KHTML, like Gecko; compatible; GPTBot/1.3; +https://openai.com/gptbot)"
168.144.107.188 - - [21/Apr/2026:19:13:48 +0000] "POST /wp-login.php HTTP/1.1" 200 4981 "https://s2spw.com/wp-login.php" "Mozilla/5.0 (Macintosh; Intel Mac OS X 10_15_7) AppleWebKit/605.1.15 (KHTML, like Gecko) Version/17.2 Safari/605.1.15"
168.144.107.188 - - [21/Apr/2026:19:13:50 +0000] "GET /wp-admin/index.php HTTP/1.1" 302 - "https://s2spw.com/wp-login.php" "Mozilla/5.0 (Windows NT 11.0; Win64; x64; rv:118.0) Gecko/20100101 Firefox/118.0"
74.7.227.39 - - [21/Apr/2026:19:13:50 +0000] "GET /goods.php?detail/29300253193563 HTTP/1.1" 404 21054 "https://s2spw.com/goods.php?detail/01601897018512" "Mozilla/5.0 AppleWebKit/537.36 (KHTML, like Gecko; compatible; GPTBot/1.3; +https://openai.com/gptbot)"
168.144.107.188 - - [21/Apr/2026:19:13:52 +0000] "GET /wp-login.php?redirect_to=https%3A%2F%2Fs2spw.com%2Fwp-admin%2Findex.php&reauth=1 HTTP/1.1" 200 4609 "https://s2spw.com/wp-login.php" "Mozilla/5.0 (Windows NT 11.0; Win64; x64; rv:118.0) Gecko/20100101 Firefox/118.0"
74.7.227.39 - - [21/Apr/2026:19:13:53 +0000] "GET /goods.php?detail/20101173481872 HTTP/1.1" 404 21054 "https://s2spw.com/goods.php?detail/2440070042841" "Mozilla/5.0 AppleWebKit/537.36 (KHTML, like Gecko; compatible; GPTBot/1.3; +https://openai.com/gptbot)"
168.144.107.188 - - [21/Apr/2026:19:13:53 +0000] "POST /wp-login.php HTTP/1.1" 200 4974 "https://s2spw.com/wp-login.php" "Mozilla/5.0 (Macintosh; Intel Mac OS X 10_15_7) AppleWebKit/605.1.15 (KHTML, like Gecko) Version/16.6 Safari/605.1.15"
168.144.107.188 - - [21/Apr/2026:19:13:55 +0000] "GET /wp-admin/index.php HTTP/1.1" 302 - "https://s2spw.com/wp-login.php" "Mozilla/5.0 (Macintosh; Intel Mac OS X 10_15_7; rv:119.0) Gecko/20100101 Firefox/119.0"
74.7.227.39 - - [21/Apr/2026:19:13:55 +0000] "GET /goods.php?detail/20201867112152 HTTP/1.1" 404 21054 "https://s2spw.com/goods.php?detail/212000814808" "Mozilla/5.0 AppleWebKit/537.36 (KHTML, like Gecko; compatible; GPTBot/1.3; +https://openai.com/gptbot)"
168.144.107.188 - - [21/Apr/2026:19:13:57 +0000] "GET /wp-login.php?redirect_to=https%3A%2F%2Fs2spw.com%2Fwp-admin%2Findex.php&reauth=1 HTTP/1.1" 200 4609 "https://s2spw.com/wp-login.php" "Mozilla/5.0 (Macintosh; Intel Mac OS X 10_15_7; rv:119.0) Gecko/20100101 Firefox/119.0"
74.7.227.39 - - [21/Apr/2026:19:13:58 +0000] "GET /goods.php?detail/03804747063739 HTTP/1.1" 404 21054 "https://s2spw.com/goods.php?detail/283003301162" "Mozilla/5.0 AppleWebKit/537.36 (KHTML, like Gecko; compatible; GPTBot/1.3; +https://openai.com/gptbot)"
168.144.107.188 - - [21/Apr/2026:19:13:59 +0000] "POST /wp-login.php HTTP/1.1" 200 4855 "https://s2spw.com/wp-login.php" "Mozilla/5.0 (X11; Ubuntu; Linux x86_64) AppleWebKit/537.36 (KHTML, like Gecko) Chrome/121.0.0.0 Safari/537.36"
168.144.107.188 - - [21/Apr/2026:19:14:01 +0000] "GET /wp-admin/index.php HTTP/1.1" 302 - "https://s2spw.com/wp-login.php" "Mozilla/5.0 (Windows NT 11.0; Win64; x64) AppleWebKit/537.36 (KHTML, like Gecko) Chrome/118.0.0.0 Safari/537.36"
74.7.227.39 - - [21/Apr/2026:19:14:01 +0000] "GET /goods.php?detail/05602554785405 HTTP/1.1" 404 21054 "https://s2spw.com/goods.php?detail/164019418484" "Mozilla/5.0 AppleWebKit/537.36 (KHTML, like Gecko; compatible; GPTBot/1.3; +https://openai.com/gptbot)"
168.144.107.188 - - [21/Apr/2026:19:14:03 +0000] "GET /wp-login.php?redirect_to=https%3A%2F%2Fs2spw.com%2Fwp-admin%2Findex.php&reauth=1 HTTP/1.1" 200 4609 "https://s2spw.com/wp-login.php" "Mozilla/5.0 (Windows NT 11.0; Win64; x64) AppleWebKit/537.36 (KHTML, like Gecko) Chrome/118.0.0.0 Safari/537.36"
74.7.227.39 - - [21/Apr/2026:19:14:04 +0000] "GET /goods.php?detail/05101457201801 HTTP/1.1" 404 21054 "https://s2spw.com/goods.php?detail/19403490656398" "Mozilla/5.0 AppleWebKit/537.36 (KHTML, like Gecko; compatible; GPTBot/1.3; +https://openai.com/gptbot)"
168.144.107.188 - - [21/Apr/2026:19:14:05 +0000] "POST /wp-login.php HTTP/1.1" 200 4980 "https://s2spw.com/wp-login.php" "Mozilla/5.0 (Windows NT 11.0; Win64; x64; rv:121.0) Gecko/20100101 Firefox/121.0"
168.144.107.188 - - [21/Apr/2026:19:14:06 +0000] "GET /wp-admin/index.php HTTP/1.1" 302 - "https://s2spw.com/wp-login.php" "Mozilla/5.0 (Windows NT 10.0; Win64; x64; rv:121.0) Gecko/20100101 Firefox/121.0"
74.7.227.39 - - [21/Apr/2026:19:14:07 +0000] "GET /goods.php?detail/14900228140172 HTTP/1.1" 404 21054 "https://s2spw.com/goods.php?product/edit/clair-kobe-m60528471" "Mozilla/5.0 AppleWebKit/537.36 (KHTML, like Gecko; compatible; GPTBot/1.3; +https://openai.com/gptbot)"
168.144.107.188 - - [21/Apr/2026:19:14:08 +0000] "GET /wp-login.php?redirect_to=https%3A%2F%2Fs2spw.com%2Fwp-admin%2Findex.php&reauth=1 HTTP/1.1" 200 4609 "https://s2spw.com/wp-login.php" "Mozilla/5.0 (Windows NT 10.0; Win64; x64; rv:121.0) Gecko/20100101 Firefox/121.0"
74.7.227.39 - - [21/Apr/2026:19:14:09 +0000] "GET /goods.php?detail/10503971560313 HTTP/1.1" 404 21054 "https://s2spw.com/goods.php?detail/105039639978" "Mozilla/5.0 AppleWebKit/537.36 (KHTML, like Gecko; compatible; GPTBot/1.3; +https://openai.com/gptbot)"
168.144.107.188 - - [21/Apr/2026:19:14:10 +0000] "POST /wp-login.php HTTP/1.1" 200 5010 "https://s2spw.com/wp-login.php" "Mozilla/5.0 (X11; Linux x86_64) AppleWebKit/537.36 (KHTML, like Gecko) Chrome/120.0.0.0 Safari/537.36"
168.144.107.188 - - [21/Apr/2026:19:14:11 +0000] "GET /wp-admin/index.php HTTP/1.1" 302 - "https://s2spw.com/wp-login.php" "Mozilla/5.0 (Macintosh; Intel Mac OS X 10_15_7; rv:120.0) Gecko/20100101 Firefox/120.0"
74.7.227.39 - - [21/Apr/2026:19:14:12 +0000] "GET /goods.php?detail/05902860561560 HTTP/1.1" 404 21054 "https://s2spw.com/goods.php?detail/2770137201401" "Mozilla/5.0 AppleWebKit/537.36 (KHTML, like Gecko; compatible; GPTBot/1.3; +https://openai.com/gptbot)"
168.144.107.188 - - [21/Apr/2026:19:14:13 +0000] "GET /wp-login.php?redirect_to=https%3A%2F%2Fs2spw.com%2Fwp-admin%2Findex.php&reauth=1 HTTP/1.1" 200 4609 "https://s2spw.com/wp-login.php" "Mozilla/5.0 (Macintosh; Intel Mac OS X 10_15_7; rv:120.0) Gecko/20100101 Firefox/120.0"
74.7.227.39 - - [21/Apr/2026:19:14:15 +0000] "GET /goods.php?detail/20900959180702 HTTP/1.1" 404 21054 "https://s2spw.com/goods.php?detail/270001729699" "Mozilla/5.0 AppleWebKit/537.36 (KHTML, like Gecko; compatible; GPTBot/1.3; +https://openai.com/gptbot)"
168.144.107.188 - - [21/Apr/2026:19:14:15 +0000] "POST /wp-login.php HTTP/1.1" 200 4973 "https://s2spw.com/wp-login.php" "Mozilla/5.0 (Windows NT 11.0; Win64; x64) AppleWebKit/537.36 (KHTML, like Gecko) Chrome/121.0.0.0 Safari/537.36"
168.144.107.188 - - [21/Apr/2026:19:14:17 +0000] "GET /wp-admin/index.php HTTP/1.1" 302 - "https://s2spw.com/wp-login.php" "Mozilla/5.0 (Macintosh; Intel Mac OS X 13_6_1) AppleWebKit/537.36 (KHTML, like Gecko) Chrome/119.0.0.0 Safari/537.36"
74.7.227.39 - - [21/Apr/2026:19:14:18 +0000] "GET /goods.php?detail/05700127879878 HTTP/1.1" 404 21054 "https://s2spw.com/goods.php?product/edit/interior-palette-489820set" "Mozilla/5.0 AppleWebKit/537.36 (KHTML, like Gecko; compatible; GPTBot/1.3; +https://openai.com/gptbot)"
168.144.107.188 - - [21/Apr/2026:19:14:19 +0000] "GET /wp-login.php?redirect_to=https%3A%2F%2Fs2spw.com%2Fwp-admin%2Findex.php&reauth=1 HTTP/1.1" 200 4609 "https://s2spw.com/wp-login.php" "Mozilla/5.0 (Macintosh; Intel Mac OS X 13_6_1) AppleWebKit/537.36 (KHTML, like Gecko) Chrome/119.0.0.0 Safari/537.36"
74.7.227.39 - - [21/Apr/2026:19:14:21 +0000] "GET /goods.php?detail/00803593509786 HTTP/1.1" 404 21054 "https://s2spw.com/goods.php?detail/008036104535" "Mozilla/5.0 AppleWebKit/537.36 (KHTML, like Gecko; compatible; GPTBot/1.3; +https://openai.com/gptbot)"
168.144.107.188 - - [21/Apr/2026:19:14:21 +0000] "POST /wp-login.php HTTP/1.1" 200 4977 "https://s2spw.com/wp-login.php" "Mozilla/5.0 (Macintosh; Intel Mac OS X 10_15_7) AppleWebKit/537.36 (KHTML, like Gecko) Chrome/121.0.0.0 Safari/537.36"
168.144.107.188 - - [21/Apr/2026:19:14:23 +0000] "GET /wp-admin/index.php HTTP/1.1" 302 - "https://s2spw.com/wp-login.php" "Mozilla/5.0 (X11; Linux x86_64) AppleWebKit/537.36 (KHTML, like Gecko) Chrome/121.0.0.0 Safari/537.36"
74.7.227.39 - - [21/Apr/2026:19:14:23 +0000] "GET /goods.php?detail/03303934951849 HTTP/1.1" 404 21054 "https://s2spw.com/goods.php?detail/0330387224424" "Mozilla/5.0 AppleWebKit/537.36 (KHTML, like Gecko; compatible; GPTBot/1.3; +https://openai.com/gptbot)"
168.144.107.188 - - [21/Apr/2026:19:14:25 +0000] "GET /wp-login.php?redirect_to=https%3A%2F%2Fs2spw.com%2Fwp-admin%2Findex.php&reauth=1 HTTP/1.1" 200 4609 "https://s2spw.com/wp-login.php" "Mozilla/5.0 (X11; Linux x86_64) AppleWebKit/537.36 (KHTML, like Gecko) Chrome/121.0.0.0 Safari/537.36"
74.7.227.39 - - [21/Apr/2026:19:14:26 +0000] "GET /goods.php?detail/13600906133971 HTTP/1.1" 404 21054 "https://s2spw.com/goods.php?detail/163023232680" "Mozilla/5.0 AppleWebKit/537.36 (KHTML, like Gecko; compatible; GPTBot/1.3; +https://openai.com/gptbot)"
168.144.107.188 - - [21/Apr/2026:19:14:27 +0000] "POST /wp-login.php HTTP/1.1" 200 4975 "https://s2spw.com/wp-login.php" "Mozilla/5.0 (Windows NT 11.0; Win64; x64; rv:120.0) Gecko/20100101 Firefox/120.0"
168.144.107.188 - - [21/Apr/2026:19:14:29 +0000] "GET /wp-admin/index.php HTTP/1.1" 302 - "https://s2spw.com/wp-login.php" "Mozilla/5.0 (Windows NT 11.0; Win64; x64; rv:121.0) Gecko/20100101 Firefox/121.0"
74.7.227.39 - - [21/Apr/2026:19:14:29 +0000] "GET /goods.php?detail/22300415149214 HTTP/1.1" 404 21054 "https://s2spw.com/goods.php?detail/223003541237" "Mozilla/5.0 AppleWebKit/537.36 (KHTML, like Gecko; compatible; GPTBot/1.3; +https://openai.com/gptbot)"
168.144.107.188 - - [21/Apr/2026:19:14:31 +0000] "GET /wp-login.php?redirect_to=https%3A%2F%2Fs2spw.com%2Fwp-admin%2Findex.php&reauth=1 HTTP/1.1" 200 4609 "https://s2spw.com/wp-login.php" "Mozilla/5.0 (Windows NT 11.0; Win64; x64; rv:121.0) Gecko/20100101 Firefox/121.0"
74.7.227.39 - - [21/Apr/2026:19:14:32 +0000] "GET /goods.php?detail/23002042857283 HTTP/1.1" 404 21054 "https://s2spw.com/goods.php?goods/230020543" "Mozilla/5.0 AppleWebKit/537.36 (KHTML, like Gecko; compatible; GPTBot/1.3; +https://openai.com/gptbot)"
168.144.107.188 - - [21/Apr/2026:19:14:33 +0000] "POST /wp-login.php HTTP/1.1" 200 4973 "https://s2spw.com/wp-login.php" "Mozilla/5.0 (Macintosh; Intel Mac OS X 13_6_1) AppleWebKit/605.1.15 (KHTML, like Gecko) Version/17.1 Safari/605.1.15"
168.144.107.188 - - [21/Apr/2026:19:14:35 +0000] "GET /wp-admin/index.php HTTP/1.1" 302 - "https://s2spw.com/wp-login.php" "Mozilla/5.0 (Macintosh; Intel Mac OS X 13_6_1; rv:121.0) Gecko/20100101 Firefox/121.0"
74.7.227.39 - - [21/Apr/2026:19:14:35 +0000] "GET /goods.php?detail/13502934113431 HTTP/1.1" 404 21054 "https://s2spw.com/goods.php?detail/207007661850" "Mozilla/5.0 AppleWebKit/537.36 (KHTML, like Gecko; compatible; GPTBot/1.3; +https://openai.com/gptbot)"
168.144.107.188 - - [21/Apr/2026:19:14:37 +0000] "GET /wp-login.php?redirect_to=https%3A%2F%2Fs2spw.com%2Fwp-admin%2Findex.php&reauth=1 HTTP/1.1" 200 4609 "https://s2spw.com/wp-login.php" "Mozilla/5.0 (Macintosh; Intel Mac OS X 13_6_1; rv:121.0) Gecko/20100101 Firefox/121.0"
74.7.227.39 - - [21/Apr/2026:19:14:38 +0000] "GET /goods.php?detail/08701049377387 HTTP/1.1" 404 21054 "https://s2spw.com/goods.php?goods/087010642" "Mozilla/5.0 AppleWebKit/537.36 (KHTML, like Gecko; compatible; GPTBot/1.3; +https://openai.com/gptbot)"
66.249.79.195 - - [21/Apr/2026:19:14:39 +0000] "GET /?detail/2630007325335 HTTP/1.1" 200 559649 "-" "Mozilla/5.0 (Linux; Android 6.0.1; Nexus 5X Build/MMB29P) AppleWebKit/537.36 (KHTML, like Gecko) Chrome/146.0.7680.177 Mobile Safari/537.36 (compatible; GoogleOther)"
168.144.107.188 - - [21/Apr/2026:19:14:39 +0000] "POST /wp-login.php HTTP/1.1" 200 4855 "https://s2spw.com/wp-login.php" "Mozilla/5.0 (Macintosh; Intel Mac OS X 10_15_7; rv:118.0) Gecko/20100101 Firefox/118.0"
74.7.227.39 - - [21/Apr/2026:19:14:41 +0000] "GET /goods.php?detail/17502027443422 HTTP/1.1" 404 21054 "https://s2spw.com/goods.php?goods/175021407" "Mozilla/5.0 AppleWebKit/537.36 (KHTML, like Gecko; compatible; GPTBot/1.3; +https://openai.com/gptbot)"
168.144.107.188 - - [21/Apr/2026:19:14:41 +0000] "GET /wp-admin/index.php HTTP/1.1" 302 - "https://s2spw.com/wp-login.php" "Mozilla/5.0 (X11; Ubuntu; Linux x86_64) AppleWebKit/537.36 (KHTML, like Gecko) Chrome/119.0.0.0 Safari/537.36"
168.144.107.188 - - [21/Apr/2026:19:14:43 +0000] "GET /wp-login.php?redirect_to=https%3A%2F%2Fs2spw.com%2Fwp-admin%2Findex.php&reauth=1 HTTP/1.1" 200 4609 "https://s2spw.com/wp-login.php" "Mozilla/5.0 (X11; Ubuntu; Linux x86_64) AppleWebKit/537.36 (KHTML, like Gecko) Chrome/119.0.0.0 Safari/537.36"
74.7.227.39 - - [21/Apr/2026:19:14:44 +0000] "GET /goods.php?detail/10404159696094 HTTP/1.1" 404 21054 "https://s2spw.com/goods.php?detail/1040415398932" "Mozilla/5.0 AppleWebKit/537.36 (KHTML, like Gecko; compatible; GPTBot/1.3; +https://openai.com/gptbot)"
168.144.107.188 - - [21/Apr/2026:19:14:45 +0000] "POST /wp-login.php HTTP/1.1" 200 4978 "https://s2spw.com/wp-login.php" "Mozilla/5.0 (Windows NT 10.0; Win64; x64; rv:121.0) Gecko/20100101 Firefox/121.0"
74.7.227.39 - - [21/Apr/2026:19:14:47 +0000] "GET /goods.php?detail/28701070874241 HTTP/1.1" 404 21054 "https://s2spw.com/goods.php?detail/212024929654" "Mozilla/5.0 AppleWebKit/537.36 (KHTML, like Gecko; compatible; GPTBot/1.3; +https://openai.com/gptbot)"
168.144.107.188 - - [21/Apr/2026:19:14:48 +0000] "GET /wp-admin/index.php HTTP/1.1" 302 - "https://s2spw.com/wp-login.php" "Mozilla/5.0 (X11; Linux x86_64) AppleWebKit/537.36 (KHTML, like Gecko) Chrome/121.0.0.0 Safari/537.36"
66.249.79.195 - - [21/Apr/2026:19:14:49 +0000] "GET /?goods/236030586 HTTP/1.1" 301 - "-" "Mozilla/5.0 (Linux; Android 6.0.1; Nexus 5X Build/MMB29P) AppleWebKit/537.36 (KHTML, like Gecko) Chrome/146.0.7680.177 Mobile Safari/537.36 (compatible; Googlebot/2.1; +http://www.google.com/bot.html)"
74.7.227.39 - - [21/Apr/2026:19:14:49 +0000] "GET /goods.php?detail/22701891123412 HTTP/1.1" 404 21054 "https://s2spw.com/goods.php?detail/0030331863844" "Mozilla/5.0 AppleWebKit/537.36 (KHTML, like Gecko; compatible; GPTBot/1.3; +https://openai.com/gptbot)"
168.144.107.188 - - [21/Apr/2026:19:14:50 +0000] "GET /wp-login.php?redirect_to=https%3A%2F%2Fs2spw.com%2Fwp-admin%2Findex.php&reauth=1 HTTP/1.1" 200 4609 "https://s2spw.com/wp-login.php" "Mozilla/5.0 (X11; Linux x86_64) AppleWebKit/537.36 (KHTML, like Gecko) Chrome/121.0.0.0 Safari/537.36"
66.249.79.197 - - [21/Apr/2026:19:14:50 +0000] "GET /?goods%2F236030586 HTTP/1.1" 200 558857 "-" "Mozilla/5.0 (Linux; Android 6.0.1; Nexus 5X Build/MMB29P) AppleWebKit/537.36 (KHTML, like Gecko) Chrome/146.0.7680.177 Mobile Safari/537.36 (compatible; Googlebot/2.1; +http://www.google.com/bot.html)"
168.144.107.188 - - [21/Apr/2026:19:14:52 +0000] "POST /wp-login.php HTTP/1.1" 200 4970 "https://s2spw.com/wp-login.php" "Mozilla/5.0 (X11; Linux x86_64) AppleWebKit/537.36 (KHTML, like Gecko) Chrome/121.0.0.0 Safari/537.36"
74.7.227.39 - - [21/Apr/2026:19:14:52 +0000] "GET /goods.php?detail/16603044544190 HTTP/1.1" 404 21054 "https://s2spw.com/goods.php?detail/260008067382" "Mozilla/5.0 AppleWebKit/537.36 (KHTML, like Gecko; compatible; GPTBot/1.3; +https://openai.com/gptbot)"
