66.249.79.195 - - [21/Apr/2026:18:47:05 +0000] "GET /?goods%2F018021706 HTTP/1.1" 200 43282 "-" "Mozilla/5.0 (Linux; Android 6.0.1; Nexus 5X Build/MMB29P) AppleWebKit/537.36 (KHTML, like Gecko) Chrome/146.0.7680.177 Mobile Safari/537.36 (compatible; Googlebot/2.1; +http://www.google.com/bot.html)"
74.7.227.39 - - [21/Apr/2026:18:47:08 +0000] "GET /goods.php?detail/02001996008252 HTTP/1.1" 404 21054 "https://s2spw.com/goods.php?pcmypage?callback=product/review/r-kanda-16c070" "Mozilla/5.0 AppleWebKit/537.36 (KHTML, like Gecko; compatible; GPTBot/1.3; +https://openai.com/gptbot)"
66.249.79.195 - - [21/Apr/2026:18:47:08 +0000] "GET /?jp/142026818.html HTTP/1.1" 200 568216 "-" "Mozilla/5.0 (Linux; Android 6.0.1; Nexus 5X Build/MMB29P) AppleWebKit/537.36 (KHTML, like Gecko) Chrome/146.0.7680.177 Mobile Safari/537.36 (compatible; Googlebot/2.1; +http://www.google.com/bot.html)"
74.7.227.39 - - [21/Apr/2026:18:47:10 +0000] "GET /goods.php?detail/24904043906241 HTTP/1.1" 404 21054 "https://s2spw.com/goods.php?detail/229022193797" "Mozilla/5.0 AppleWebKit/537.36 (KHTML, like Gecko; compatible; GPTBot/1.3; +https://openai.com/gptbot)"
66.249.79.195 - - [21/Apr/2026:18:47:12 +0000] "GET /?goods/142005098 HTTP/1.1" 200 555876 "-" "Mozilla/5.0 (Linux; Android 6.0.1; Nexus 5X Build/MMB29P) AppleWebKit/537.36 (KHTML, like Gecko) Chrome/146.0.7680.177 Mobile Safari/537.36 (compatible; Googlebot/2.1; +http://www.google.com/bot.html)"
74.7.227.39 - - [21/Apr/2026:18:47:13 +0000] "GET /goods.php?detail/26302370446338 HTTP/1.1" 404 21054 "https://s2spw.com/goods.php?detail/004016324329" "Mozilla/5.0 AppleWebKit/537.36 (KHTML, like Gecko; compatible; GPTBot/1.3; +https://openai.com/gptbot)"
66.249.79.195 - - [21/Apr/2026:18:47:13 +0000] "GET /?jp/013029492.html HTTP/1.1" 200 555258 "-" "Mozilla/5.0 (Linux; Android 6.0.1; Nexus 5X Build/MMB29P) AppleWebKit/537.36 (KHTML, like Gecko) Chrome/146.0.7680.177 Mobile Safari/537.36 (compatible; Googlebot/2.1; +http://www.google.com/bot.html)"
74.7.227.39 - - [21/Apr/2026:18:47:16 +0000] "GET /goods.php?detail/10701579365150 HTTP/1.1" 404 21054 "https://s2spw.com/goods.php?detail/107028404470" "Mozilla/5.0 AppleWebKit/537.36 (KHTML, like Gecko; compatible; GPTBot/1.3; +https://openai.com/gptbot)"
66.249.79.195 - - [21/Apr/2026:18:47:16 +0000] "GET /?b=2477130579 HTTP/1.1" 200 43282 "-" "Mozilla/5.0 (Linux; Android 6.0.1; Nexus 5X Build/MMB29P) AppleWebKit/537.36 (KHTML, like Gecko) Chrome/146.0.7680.177 Mobile Safari/537.36 (compatible; Googlebot/2.1; +http://www.google.com/bot.html)"
74.7.227.39 - - [21/Apr/2026:18:47:19 +0000] "GET /goods.php?detail/22104225504635 HTTP/1.1" 404 21054 "https://s2spw.com/goods.php?detail/221033531088" "Mozilla/5.0 AppleWebKit/537.36 (KHTML, like Gecko; compatible; GPTBot/1.3; +https://openai.com/gptbot)"
66.249.79.195 - - [21/Apr/2026:18:47:20 +0000] "GET /?b=2973016634 HTTP/1.1" 200 571541 "-" "Mozilla/5.0 (Linux; Android 6.0.1; Nexus 5X Build/MMB29P) AppleWebKit/537.36 (KHTML, like Gecko) Chrome/146.0.7680.177 Mobile Safari/537.36 (compatible; Googlebot/2.1; +http://www.google.com/bot.html)"
74.7.227.39 - - [21/Apr/2026:18:47:22 +0000] "GET /goods.php?detail/15501647627116 HTTP/1.1" 404 21054 "https://s2spw.com/goods.php?detail/155016363599" "Mozilla/5.0 AppleWebKit/537.36 (KHTML, like Gecko; compatible; GPTBot/1.3; +https://openai.com/gptbot)"
66.249.79.195 - - [21/Apr/2026:18:47:24 +0000] "GET /?b=821239792 HTTP/1.1" 200 556495 "-" "Mozilla/5.0 (Linux; Android 6.0.1; Nexus 5X Build/MMB29P) AppleWebKit/537.36 (KHTML, like Gecko) Chrome/146.0.7680.177 Mobile Safari/537.36 (compatible; Googlebot/2.1; +http://www.google.com/bot.html)"
74.7.227.39 - - [21/Apr/2026:18:47:25 +0000] "GET /goods.php?detail/18701086464746 HTTP/1.1" 404 21054 "https://s2spw.com/goods.php?detail/235030673030" "Mozilla/5.0 AppleWebKit/537.36 (KHTML, like Gecko; compatible; GPTBot/1.3; +https://openai.com/gptbot)"
74.7.227.39 - - [21/Apr/2026:18:47:28 +0000] "GET /goods.php?detail/11400383600890 HTTP/1.1" 404 21054 "https://s2spw.com/goods.php?detail/114003664171" "Mozilla/5.0 AppleWebKit/537.36 (KHTML, like Gecko; compatible; GPTBot/1.3; +https://openai.com/gptbot)"
66.249.79.196 - - [21/Apr/2026:18:47:28 +0000] "GET /?goods/027014218 HTTP/1.1" 301 - "-" "Mozilla/5.0 (Linux; Android 6.0.1; Nexus 5X Build/MMB29P) AppleWebKit/537.36 (KHTML, like Gecko) Chrome/146.0.7680.177 Mobile Safari/537.36 (compatible; Googlebot/2.1; +http://www.google.com/bot.html)"
66.249.79.197 - - [21/Apr/2026:18:47:29 +0000] "GET /?goods%2F027014218 HTTP/1.1" 200 559371 "-" "Mozilla/5.0 (Linux; Android 6.0.1; Nexus 5X Build/MMB29P) AppleWebKit/537.36 (KHTML, like Gecko) Chrome/146.0.7680.177 Mobile Safari/537.36 (compatible; Googlebot/2.1; +http://www.google.com/bot.html)"
66.249.79.195 - - [21/Apr/2026:18:47:30 +0000] "GET /?goods/051000584 HTTP/1.1" 200 571337 "-" "Mozilla/5.0 (Linux; Android 6.0.1; Nexus 5X Build/MMB29P) AppleWebKit/537.36 (KHTML, like Gecko) Chrome/146.0.7680.177 Mobile Safari/537.36 (compatible; GoogleOther)"
74.7.227.39 - - [21/Apr/2026:18:47:31 +0000] "GET /goods.php?detail/16900140084134 HTTP/1.1" 404 21054 "https://s2spw.com/goods.php?detail/169000309855" "Mozilla/5.0 AppleWebKit/537.36 (KHTML, like Gecko; compatible; GPTBot/1.3; +https://openai.com/gptbot)"
66.249.79.196 - - [21/Apr/2026:18:47:32 +0000] "GET /?jp/055036301.html HTTP/1.1" 200 556756 "-" "Mozilla/5.0 (Linux; Android 6.0.1; Nexus 5X Build/MMB29P) AppleWebKit/537.36 (KHTML, like Gecko) Chrome/146.0.7680.177 Mobile Safari/537.36 (compatible; Googlebot/2.1; +http://www.google.com/bot.html)"
74.7.227.39 - - [21/Apr/2026:18:47:34 +0000] "GET /goods.php?detail/17700961156415 HTTP/1.1" 404 21054 "https://s2spw.com/goods.php?detail/177011996126" "Mozilla/5.0 AppleWebKit/537.36 (KHTML, like Gecko; compatible; GPTBot/1.3; +https://openai.com/gptbot)"
74.7.227.39 - - [21/Apr/2026:18:47:36 +0000] "GET /goods.php?detail/20403307406221 HTTP/1.1" 404 21054 "https://s2spw.com/goods.php?detail/171001212689" "Mozilla/5.0 AppleWebKit/537.36 (KHTML, like Gecko; compatible; GPTBot/1.3; +https://openai.com/gptbot)"
66.249.79.197 - - [21/Apr/2026:18:47:36 +0000] "GET /?goods/033000568 HTTP/1.1" 200 564633 "-" "Mozilla/5.0 (Linux; Android 6.0.1; Nexus 5X Build/MMB29P) AppleWebKit/537.36 (KHTML, like Gecko) Chrome/146.0.7680.177 Mobile Safari/537.36 (compatible; Googlebot/2.1; +http://www.google.com/bot.html)"
74.7.227.39 - - [21/Apr/2026:18:47:39 +0000] "GET /goods.php?detail/16800550170504 HTTP/1.1" 404 21054 "https://s2spw.com/goods.php?detail/168005478537" "Mozilla/5.0 AppleWebKit/537.36 (KHTML, like Gecko; compatible; GPTBot/1.3; +https://openai.com/gptbot)"
74.7.227.39 - - [21/Apr/2026:18:47:42 +0000] "GET /goods.php?detail/19803181775187 HTTP/1.1" 404 21054 "https://s2spw.com/goods.php?detail/198031010148" "Mozilla/5.0 AppleWebKit/537.36 (KHTML, like Gecko; compatible; GPTBot/1.3; +https://openai.com/gptbot)"
74.7.227.39 - - [21/Apr/2026:18:47:45 +0000] "GET /goods.php?detail/03004483042536 HTTP/1.1" 404 21054 "https://s2spw.com/goods.php?detail/149000387812" "Mozilla/5.0 AppleWebKit/537.36 (KHTML, like Gecko; compatible; GPTBot/1.3; +https://openai.com/gptbot)"
74.7.227.39 - - [21/Apr/2026:18:47:48 +0000] "GET /goods.php?detail/09102902669398 HTTP/1.1" 404 21054 "https://s2spw.com/goods.php?goods/044016705" "Mozilla/5.0 AppleWebKit/537.36 (KHTML, like Gecko; compatible; GPTBot/1.3; +https://openai.com/gptbot)"
74.7.227.39 - - [21/Apr/2026:18:47:51 +0000] "GET /goods.php?detail/18003189728128 HTTP/1.1" 404 21054 "https://s2spw.com/goods.php?detail/1800318870077" "Mozilla/5.0 AppleWebKit/537.36 (KHTML, like Gecko; compatible; GPTBot/1.3; +https://openai.com/gptbot)"
74.7.227.39 - - [21/Apr/2026:18:47:53 +0000] "GET /goods.php?detail/18500776656520 HTTP/1.1" 404 21054 "https://s2spw.com/goods.php?detail/109000829392" "Mozilla/5.0 AppleWebKit/537.36 (KHTML, like Gecko; compatible; GPTBot/1.3; +https://openai.com/gptbot)"
74.7.227.39 - - [21/Apr/2026:18:47:56 +0000] "GET /goods.php?detail/08801659219901 HTTP/1.1" 404 21054 "https://s2spw.com/goods.php?detail/039035086284" "Mozilla/5.0 AppleWebKit/537.36 (KHTML, like Gecko; compatible; GPTBot/1.3; +https://openai.com/gptbot)"
135.181.160.215 - - [21/Apr/2026:18:47:56 +0000] "POST /wp-content/plugins/cutfdpm/index.php HTTP/1.1" 404 21054 "-" "-"
74.7.227.39 - - [21/Apr/2026:18:47:59 +0000] "GET /goods.php?detail/09800930553787 HTTP/1.1" 404 21054 "https://s2spw.com/goods.php?jp/098009182.html" "Mozilla/5.0 AppleWebKit/537.36 (KHTML, like Gecko; compatible; GPTBot/1.3; +https://openai.com/gptbot)"
74.7.227.39 - - [21/Apr/2026:18:48:02 +0000] "GET /goods.php?detail/09003699047102 HTTP/1.1" 404 21054 "https://s2spw.com/goods.php?detail/049014469285" "Mozilla/5.0 AppleWebKit/537.36 (KHTML, like Gecko; compatible; GPTBot/1.3; +https://openai.com/gptbot)"
193.24.211.76 - - [21/Apr/2026:18:48:02 +0000] "POST / HTTP/1.1" 200 43282 "-" "Mozilla/5.0 (Macintosh; Intel Mac OS X 10.15; rv:135.0) Gecko/20100101 Firefox/135.0"
74.7.227.39 - - [21/Apr/2026:18:48:05 +0000] "GET /goods.php?detail/06601127356212 HTTP/1.1" 404 21054 "https://s2spw.com/goods.php?detail/047027854393" "Mozilla/5.0 AppleWebKit/537.36 (KHTML, like Gecko; compatible; GPTBot/1.3; +https://openai.com/gptbot)"
74.7.227.39 - - [21/Apr/2026:18:48:08 +0000] "GET /goods.php?detail/10800824121772 HTTP/1.1" 404 21054 "https://s2spw.com/goods.php?detail/1080077048737" "Mozilla/5.0 AppleWebKit/537.36 (KHTML, like Gecko; compatible; GPTBot/1.3; +https://openai.com/gptbot)"
66.249.79.197 - - [21/Apr/2026:18:48:10 +0000] "GET /?jp/050023786.html HTTP/1.1" 200 581136 "-" "Mozilla/5.0 (Linux; Android 6.0.1; Nexus 5X Build/MMB29P) AppleWebKit/537.36 (KHTML, like Gecko) Chrome/146.0.7680.177 Mobile Safari/537.36 (compatible; Googlebot/2.1; +http://www.google.com/bot.html)"
74.7.227.39 - - [21/Apr/2026:18:48:10 +0000] "GET /goods.php?detail/12203021266274 HTTP/1.1" 404 21054 "https://s2spw.com/goods.php?detail/122029832109" "Mozilla/5.0 AppleWebKit/537.36 (KHTML, like Gecko; compatible; GPTBot/1.3; +https://openai.com/gptbot)"
74.7.227.39 - - [21/Apr/2026:18:48:13 +0000] "GET /goods.php?detail/21800545170504 HTTP/1.1" 404 21054 "https://s2spw.com/goods.php?detail/218005422178" "Mozilla/5.0 AppleWebKit/537.36 (KHTML, like Gecko; compatible; GPTBot/1.3; +https://openai.com/gptbot)"
74.7.227.39 - - [21/Apr/2026:18:48:16 +0000] "GET /goods.php?detail/00104531539381 HTTP/1.1" 404 21054 "https://s2spw.com/goods.php?detail/101017312295" "Mozilla/5.0 AppleWebKit/537.36 (KHTML, like Gecko; compatible; GPTBot/1.3; +https://openai.com/gptbot)"
74.7.227.39 - - [21/Apr/2026:18:48:19 +0000] "GET /goods.php?detail/24301507045040 HTTP/1.1" 404 21054 "https://s2spw.com/goods.php?detail/243038442921" "Mozilla/5.0 AppleWebKit/537.36 (KHTML, like Gecko; compatible; GPTBot/1.3; +https://openai.com/gptbot)"
74.7.227.39 - - [21/Apr/2026:18:48:22 +0000] "GET /goods.php?detail/02602184926800 HTTP/1.1" 404 21054 "https://s2spw.com/goods.php?detail/0260219541689" "Mozilla/5.0 AppleWebKit/537.36 (KHTML, like Gecko; compatible; GPTBot/1.3; +https://openai.com/gptbot)"
74.7.227.39 - - [21/Apr/2026:18:48:25 +0000] "GET /goods.php?detail/23200492160132 HTTP/1.1" 404 21054 "https://s2spw.com/goods.php?detail/2320072693737" "Mozilla/5.0 AppleWebKit/537.36 (KHTML, like Gecko; compatible; GPTBot/1.3; +https://openai.com/gptbot)"
74.7.227.39 - - [21/Apr/2026:18:48:28 +0000] "GET /goods.php?detail/23401282121707 HTTP/1.1" 404 21054 "https://s2spw.com/goods.php?detail/284019439941" "Mozilla/5.0 AppleWebKit/537.36 (KHTML, like Gecko; compatible; GPTBot/1.3; +https://openai.com/gptbot)"
74.7.227.39 - - [21/Apr/2026:18:48:30 +0000] "GET /goods.php?detail/01601169074269 HTTP/1.1" 404 21054 "https://s2spw.com/goods.php?detail/271049632916" "Mozilla/5.0 AppleWebKit/537.36 (KHTML, like Gecko; compatible; GPTBot/1.3; +https://openai.com/gptbot)"
74.7.227.39 - - [21/Apr/2026:18:48:34 +0000] "GET /goods.php?detail/06400140235104 HTTP/1.1" 404 21054 "https://s2spw.com/goods.php?pcmypage?callback=product/review/asty-shop-e2-6w6j3mqzek-59ca" "Mozilla/5.0 AppleWebKit/537.36 (KHTML, like Gecko; compatible; GPTBot/1.3; +https://openai.com/gptbot)"
74.7.227.39 - - [21/Apr/2026:18:48:36 +0000] "GET /goods.php?detail/10702404469447 HTTP/1.1" 404 21054 "https://s2spw.com/goods.php?detail/210003451645" "Mozilla/5.0 AppleWebKit/537.36 (KHTML, like Gecko; compatible; GPTBot/1.3; +https://openai.com/gptbot)"
74.7.227.39 - - [21/Apr/2026:18:48:39 +0000] "GET /goods.php?detail/17204567027627 HTTP/1.1" 404 21054 "https://s2spw.com/goods.php?detail/078049627324" "Mozilla/5.0 AppleWebKit/537.36 (KHTML, like Gecko; compatible; GPTBot/1.3; +https://openai.com/gptbot)"
74.7.227.39 - - [21/Apr/2026:18:48:42 +0000] "GET /goods.php?detail/17603996977650 HTTP/1.1" 404 21054 "https://s2spw.com/goods.php?detail/176039145657" "Mozilla/5.0 AppleWebKit/537.36 (KHTML, like Gecko; compatible; GPTBot/1.3; +https://openai.com/gptbot)"
66.249.79.197 - - [21/Apr/2026:18:48:43 +0000] "GET /?detail/19203435187607 HTTP/1.1" 200 553521 "-" "Mozilla/5.0 (Linux; Android 6.0.1; Nexus 5X Build/MMB29P) AppleWebKit/537.36 (KHTML, like Gecko) Chrome/146.0.7680.177 Mobile Safari/537.36 (compatible; Googlebot/2.1; +http://www.google.com/bot.html)"
74.7.227.39 - - [21/Apr/2026:18:48:45 +0000] "GET /goods.php?detail/02502114287275 HTTP/1.1" 404 21054 "https://s2spw.com/goods.php?detail/025020375472" "Mozilla/5.0 AppleWebKit/537.36 (KHTML, like Gecko; compatible; GPTBot/1.3; +https://openai.com/gptbot)"
74.7.227.39 - - [21/Apr/2026:18:48:47 +0000] "GET /goods.php?detail/06604156148147 HTTP/1.1" 404 21054 "https://s2spw.com/goods.php?detail/066041669822" "Mozilla/5.0 AppleWebKit/537.36 (KHTML, like Gecko; compatible; GPTBot/1.3; +https://openai.com/gptbot)"
66.249.79.195 - - [21/Apr/2026:18:48:49 +0000] "GET /?jp/258026678.html HTTP/1.1" 200 573632 "-" "Mozilla/5.0 (Linux; Android 6.0.1; Nexus 5X Build/MMB29P) AppleWebKit/537.36 (KHTML, like Gecko) Chrome/146.0.7680.177 Mobile Safari/537.36 (compatible; GoogleOther)"
74.7.227.39 - - [21/Apr/2026:18:48:50 +0000] "GET /goods.php?detail/25302770812512 HTTP/1.1" 404 21054 "https://s2spw.com/goods.php?detail/124019458484" "Mozilla/5.0 AppleWebKit/537.36 (KHTML, like Gecko; compatible; GPTBot/1.3; +https://openai.com/gptbot)"
74.7.227.39 - - [21/Apr/2026:18:48:53 +0000] "GET /goods.php?detail/03800151042014 HTTP/1.1" 404 21054 "https://s2spw.com/goods.php?detail/053001054110" "Mozilla/5.0 AppleWebKit/537.36 (KHTML, like Gecko; compatible; GPTBot/1.3; +https://openai.com/gptbot)"
66.249.79.196 - - [21/Apr/2026:18:48:55 +0000] "GET /?detail/2830483516399 HTTP/1.1" 200 553476 "-" "Mozilla/5.0 (Linux; Android 6.0.1; Nexus 5X Build/MMB29P) AppleWebKit/537.36 (KHTML, like Gecko) Chrome/146.0.7680.177 Mobile Safari/537.36 (compatible; Googlebot/2.1; +http://www.google.com/bot.html)"
74.7.227.39 - - [21/Apr/2026:18:48:56 +0000] "GET /goods.php?detail/24400359325909 HTTP/1.1" 404 21054 "https://s2spw.com/goods.php?detail/002037280137" "Mozilla/5.0 AppleWebKit/537.36 (KHTML, like Gecko; compatible; GPTBot/1.3; +https://openai.com/gptbot)"
74.7.227.39 - - [21/Apr/2026:18:48:59 +0000] "GET /goods.php?detail/16401560806036 HTTP/1.1" 404 21054 "https://s2spw.com/goods.php?detail/164015633410" "Mozilla/5.0 AppleWebKit/537.36 (KHTML, like Gecko; compatible; GPTBot/1.3; +https://openai.com/gptbot)"
66.249.79.195 - - [21/Apr/2026:18:48:59 +0000] "GET /?jp/234040415.html HTTP/1.1" 200 554741 "-" "Mozilla/5.0 (Linux; Android 6.0.1; Nexus 5X Build/MMB29P) AppleWebKit/537.36 (KHTML, like Gecko) Chrome/146.0.7680.177 Mobile Safari/537.36 (compatible; GoogleOther)"
74.7.227.39 - - [21/Apr/2026:18:49:02 +0000] "GET /goods.php?detail/09900885414390 HTTP/1.1" 404 21054 "https://s2spw.com/goods.php?detail/099008902695" "Mozilla/5.0 AppleWebKit/537.36 (KHTML, like Gecko; compatible; GPTBot/1.3; +https://openai.com/gptbot)"
74.7.227.39 - - [21/Apr/2026:18:49:05 +0000] "GET /goods.php?detail/25503203051268 HTTP/1.1" 404 21054 "https://s2spw.com/goods.php?jp/004006814.html" "Mozilla/5.0 AppleWebKit/537.36 (KHTML, like Gecko; compatible; GPTBot/1.3; +https://openai.com/gptbot)"
74.7.227.39 - - [21/Apr/2026:18:49:08 +0000] "GET /goods.php?detail/07002095434254 HTTP/1.1" 404 21054 "https://s2spw.com/goods.php?product/edit/auc-rehomestore-wj51-1313-s" "Mozilla/5.0 AppleWebKit/537.36 (KHTML, like Gecko; compatible; GPTBot/1.3; +https://openai.com/gptbot)"
74.7.227.39 - - [21/Apr/2026:18:49:10 +0000] "GET /goods.php?detail/05002926392554 HTTP/1.1" 404 21054 "https://s2spw.com/goods.php?detail/0500299220276" "Mozilla/5.0 AppleWebKit/537.36 (KHTML, like Gecko; compatible; GPTBot/1.3; +https://openai.com/gptbot)"
74.7.227.39 - - [21/Apr/2026:18:49:13 +0000] "GET /goods.php?detail/27304925725209 HTTP/1.1" 404 21054 "https://s2spw.com/goods.php?detail/030026822129" "Mozilla/5.0 AppleWebKit/537.36 (KHTML, like Gecko; compatible; GPTBot/1.3; +https://openai.com/gptbot)"
74.7.227.39 - - [21/Apr/2026:18:49:16 +0000] "GET /goods.php?detail/01900669728069 HTTP/1.1" 404 21054 "https://s2spw.com/goods.php?detail/0760393722564" "Mozilla/5.0 AppleWebKit/537.36 (KHTML, like Gecko; compatible; GPTBot/1.3; +https://openai.com/gptbot)"
74.7.227.39 - - [21/Apr/2026:18:49:19 +0000] "GET /goods.php?detail/25101241651184 HTTP/1.1" 404 21054 "https://s2spw.com/goods.php?product/edit/tuzukiya-o300-8264" "Mozilla/5.0 AppleWebKit/537.36 (KHTML, like Gecko; compatible; GPTBot/1.3; +https://openai.com/gptbot)"
74.7.227.39 - - [21/Apr/2026:18:49:22 +0000] "GET /goods.php?detail/04601106025099 HTTP/1.1" 404 21054 "https://s2spw.com/goods.php?detail/243014159530" "Mozilla/5.0 AppleWebKit/537.36 (KHTML, like Gecko; compatible; GPTBot/1.3; +https://openai.com/gptbot)"
74.7.227.39 - - [21/Apr/2026:18:49:25 +0000] "GET /goods.php?detail/27401889844049 HTTP/1.1" 404 21054 "https://s2spw.com/goods.php?detail/206000782306" "Mozilla/5.0 AppleWebKit/537.36 (KHTML, like Gecko; compatible; GPTBot/1.3; +https://openai.com/gptbot)"
74.7.227.39 - - [21/Apr/2026:18:49:27 +0000] "GET /goods.php?detail/06404032283642 HTTP/1.1" 404 21054 "https://s2spw.com/goods.php?goods/064039728" "Mozilla/5.0 AppleWebKit/537.36 (KHTML, like Gecko; compatible; GPTBot/1.3; +https://openai.com/gptbot)"
74.7.227.39 - - [21/Apr/2026:18:49:30 +0000] "GET /goods.php?detail/23903296196791 HTTP/1.1" 404 21054 "https://s2spw.com/goods.php?detail/239030156090" "Mozilla/5.0 AppleWebKit/537.36 (KHTML, like Gecko; compatible; GPTBot/1.3; +https://openai.com/gptbot)"
74.7.227.39 - - [21/Apr/2026:18:49:46 +0000] "GET /goods.php?detail/13100459042343 HTTP/1.1" 404 21054 "https://s2spw.com/goods.php?detail/2490010193683" "Mozilla/5.0 AppleWebKit/537.36 (KHTML, like Gecko; compatible; GPTBot/1.3; +https://openai.com/gptbot)"
74.7.227.39 - - [21/Apr/2026:18:49:54 +0000] "GET /goods.php?detail/02202423068278 HTTP/1.1" 404 21054 "https://s2spw.com/goods.php?detail/022025273194" "Mozilla/5.0 AppleWebKit/537.36 (KHTML, like Gecko; compatible; GPTBot/1.3; +https://openai.com/gptbot)"
74.7.227.39 - - [21/Apr/2026:18:49:56 +0000] "GET /goods.php?detail/16104841162054 HTTP/1.1" 404 21054 "https://s2spw.com/goods.php?detail/173002715190" "Mozilla/5.0 AppleWebKit/537.36 (KHTML, like Gecko; compatible; GPTBot/1.3; +https://openai.com/gptbot)"
74.7.227.39 - - [21/Apr/2026:18:49:58 +0000] "GET /goods.php?detail/26002326759255 HTTP/1.1" 404 21054 "https://s2spw.com/goods.php?detail/2520020505972" "Mozilla/5.0 AppleWebKit/537.36 (KHTML, like Gecko; compatible; GPTBot/1.3; +https://openai.com/gptbot)"
74.7.227.39 - - [21/Apr/2026:18:50:01 +0000] "GET /goods.php?detail/02301456252321 HTTP/1.1" 404 21054 "https://s2spw.com/goods.php?detail/032033437910" "Mozilla/5.0 AppleWebKit/537.36 (KHTML, like Gecko; compatible; GPTBot/1.3; +https://openai.com/gptbot)"
74.7.227.39 - - [21/Apr/2026:18:50:03 +0000] "GET /goods.php?detail/03404870878902 HTTP/1.1" 404 21054 "https://s2spw.com/goods.php?detail/002030733574" "Mozilla/5.0 AppleWebKit/537.36 (KHTML, like Gecko; compatible; GPTBot/1.3; +https://openai.com/gptbot)"
74.7.227.39 - - [21/Apr/2026:18:50:06 +0000] "GET /goods.php?detail/12904090148070 HTTP/1.1" 404 21054 "https://s2spw.com/goods.php?detail/129040750950" "Mozilla/5.0 AppleWebKit/537.36 (KHTML, like Gecko; compatible; GPTBot/1.3; +https://openai.com/gptbot)"
74.7.227.39 - - [21/Apr/2026:18:50:09 +0000] "GET /goods.php?detail/04404978710290 HTTP/1.1" 404 21054 "https://s2spw.com/goods.php?detail/044048629286" "Mozilla/5.0 AppleWebKit/537.36 (KHTML, like Gecko; compatible; GPTBot/1.3; +https://openai.com/gptbot)"
74.7.227.39 - - [21/Apr/2026:18:50:12 +0000] "GET /goods.php?detail/29103016290181 HTTP/1.1" 404 21054 "https://s2spw.com/goods.php?detail/035011056813" "Mozilla/5.0 AppleWebKit/537.36 (KHTML, like Gecko; compatible; GPTBot/1.3; +https://openai.com/gptbot)"
74.7.227.39 - - [21/Apr/2026:18:50:15 +0000] "GET /goods.php?detail/05800100311293 HTTP/1.1" 404 21054 "https://s2spw.com/goods.php?detail/058000915440" "Mozilla/5.0 AppleWebKit/537.36 (KHTML, like Gecko; compatible; GPTBot/1.3; +https://openai.com/gptbot)"
74.7.227.39 - - [21/Apr/2026:18:50:18 +0000] "GET /goods.php?detail/03003688646558 HTTP/1.1" 404 21054 "https://s2spw.com/goods.php?detail/204021529046" "Mozilla/5.0 AppleWebKit/537.36 (KHTML, like Gecko; compatible; GPTBot/1.3; +https://openai.com/gptbot)"
74.7.227.39 - - [21/Apr/2026:18:50:20 +0000] "GET /goods.php?detail/02600271243770 HTTP/1.1" 404 21054 "https://s2spw.com/goods.php?detail/026002562043" "Mozilla/5.0 AppleWebKit/537.36 (KHTML, like Gecko; compatible; GPTBot/1.3; +https://openai.com/gptbot)"
74.7.227.39 - - [21/Apr/2026:18:50:23 +0000] "GET /goods.php?detail/03003863089264 HTTP/1.1" 404 21054 "https://s2spw.com/goods.php?detail/030035593825" "Mozilla/5.0 AppleWebKit/537.36 (KHTML, like Gecko; compatible; GPTBot/1.3; +https://openai.com/gptbot)"
74.7.227.39 - - [21/Apr/2026:18:50:26 +0000] "GET /goods.php?detail/17903532931331 HTTP/1.1" 404 21054 "https://s2spw.com/goods.php?detail/111013562136" "Mozilla/5.0 AppleWebKit/537.36 (KHTML, like Gecko; compatible; GPTBot/1.3; +https://openai.com/gptbot)"
74.7.227.39 - - [21/Apr/2026:18:50:29 +0000] "GET /goods.php?detail/20400123294732 HTTP/1.1" 404 21054 "https://s2spw.com/goods.php?jp/244030337.html" "Mozilla/5.0 AppleWebKit/537.36 (KHTML, like Gecko; compatible; GPTBot/1.3; +https://openai.com/gptbot)"
74.7.227.39 - - [21/Apr/2026:18:50:32 +0000] "GET /goods.php?detail/02102699009687 HTTP/1.1" 404 21054 "https://s2spw.com/goods.php?detail/021028682954" "Mozilla/5.0 AppleWebKit/537.36 (KHTML, like Gecko; compatible; GPTBot/1.3; +https://openai.com/gptbot)"
74.7.227.39 - - [21/Apr/2026:18:50:34 +0000] "GET /goods.php?detail/03704506877303 HTTP/1.1" 404 21054 "https://s2spw.com/goods.php?detail/2290011881852" "Mozilla/5.0 AppleWebKit/537.36 (KHTML, like Gecko; compatible; GPTBot/1.3; +https://openai.com/gptbot)"
74.7.227.39 - - [21/Apr/2026:18:50:37 +0000] "GET /goods.php?detail/00301459591759 HTTP/1.1" 404 21054 "https://s2spw.com/goods.php?detail/1740091705614" "Mozilla/5.0 AppleWebKit/537.36 (KHTML, like Gecko; compatible; GPTBot/1.3; +https://openai.com/gptbot)"
66.249.79.197 - - [21/Apr/2026:18:50:39 +0000] "GET /?goods/143006001 HTTP/1.1" 200 553682 "-" "Mozilla/5.0 (Linux; Android 6.0.1; Nexus 5X Build/MMB29P) AppleWebKit/537.36 (KHTML, like Gecko) Chrome/146.0.7680.177 Mobile Safari/537.36 (compatible; Googlebot/2.1; +http://www.google.com/bot.html)"
74.7.227.39 - - [21/Apr/2026:18:50:40 +0000] "GET /goods.php?detail/13704114937724 HTTP/1.1" 404 21054 "https://s2spw.com/goods.php?detail/174036464016" "Mozilla/5.0 AppleWebKit/537.36 (KHTML, like Gecko; compatible; GPTBot/1.3; +https://openai.com/gptbot)"
74.7.227.39 - - [21/Apr/2026:18:50:43 +0000] "GET /goods.php?detail/05202203594572 HTTP/1.1" 404 21054 "https://s2spw.com/goods.php?detail/053005820103" "Mozilla/5.0 AppleWebKit/537.36 (KHTML, like Gecko; compatible; GPTBot/1.3; +https://openai.com/gptbot)"
74.7.227.39 - - [21/Apr/2026:18:50:46 +0000] "GET /goods.php?detail/10301027335561 HTTP/1.1" 404 21054 "https://s2spw.com/goods.php?detail/103010442826" "Mozilla/5.0 AppleWebKit/537.36 (KHTML, like Gecko; compatible; GPTBot/1.3; +https://openai.com/gptbot)"
66.249.79.196 - - [21/Apr/2026:18:50:53 +0000] "GET /?detail/0690173313425 HTTP/1.1" 301 - "-" "Mozilla/5.0 (Linux; Android 6.0.1; Nexus 5X Build/MMB29P) AppleWebKit/537.36 (KHTML, like Gecko) Chrome/146.0.7680.177 Mobile Safari/537.36 (compatible; GoogleOther)"
74.7.227.39 - - [21/Apr/2026:18:50:53 +0000] "GET /goods.php?detail/24501780714577 HTTP/1.1" 404 21054 "https://s2spw.com/goods.php?detail/061000032883" "Mozilla/5.0 AppleWebKit/537.36 (KHTML, like Gecko; compatible; GPTBot/1.3; +https://openai.com/gptbot)"
74.7.227.39 - - [21/Apr/2026:18:50:53 +0000] "GET /goods.php?detail/10303806773480 HTTP/1.1" 404 21054 "https://s2spw.com/goods.php?detail/103035454248" "Mozilla/5.0 AppleWebKit/537.36 (KHTML, like Gecko; compatible; GPTBot/1.3; +https://openai.com/gptbot)"
66.249.79.195 - - [21/Apr/2026:18:50:54 +0000] "GET /?detail%2F0690173313425 HTTP/1.1" 200 559621 "-" "Mozilla/5.0 (Linux; Android 6.0.1; Nexus 5X Build/MMB29P) AppleWebKit/537.36 (KHTML, like Gecko) Chrome/146.0.7680.177 Mobile Safari/537.36 (compatible; GoogleOther)"
74.7.227.39 - - [21/Apr/2026:18:50:56 +0000] "GET /goods.php?detail/01100134786201 HTTP/1.1" 404 21054 "https://s2spw.com/goods.php?detail/161048768299" "Mozilla/5.0 AppleWebKit/537.36 (KHTML, like Gecko; compatible; GPTBot/1.3; +https://openai.com/gptbot)"
74.7.227.39 - - [21/Apr/2026:18:50:59 +0000] "GET /goods.php?detail/10502721325328 HTTP/1.1" 404 21054 "https://s2spw.com/goods.php?goods/105023651" "Mozilla/5.0 AppleWebKit/537.36 (KHTML, like Gecko; compatible; GPTBot/1.3; +https://openai.com/gptbot)"
66.249.79.195 - - [21/Apr/2026:18:50:59 +0000] "GET /?detail/141023109734 HTTP/1.1" 200 555472 "-" "Mozilla/5.0 (Linux; Android 6.0.1; Nexus 5X Build/MMB29P) AppleWebKit/537.36 (KHTML, like Gecko) Chrome/146.0.7680.177 Mobile Safari/537.36 (compatible; GoogleOther)"
74.7.227.39 - - [21/Apr/2026:18:51:02 +0000] "GET /goods.php?detail/12704002804126 HTTP/1.1" 404 21054 "https://s2spw.com/goods.php?detail/007007204594" "Mozilla/5.0 AppleWebKit/537.36 (KHTML, like Gecko; compatible; GPTBot/1.3; +https://openai.com/gptbot)"
74.7.227.39 - - [21/Apr/2026:18:51:05 +0000] "GET /goods.php?detail/20203219232954 HTTP/1.1" 404 21054 "https://s2spw.com/goods.php?detail/223000765306" "Mozilla/5.0 AppleWebKit/537.36 (KHTML, like Gecko; compatible; GPTBot/1.3; +https://openai.com/gptbot)"
74.7.227.39 - - [21/Apr/2026:18:51:08 +0000] "GET /goods.php?detail/29803080565806 HTTP/1.1" 404 21054 "https://s2spw.com/goods.php?detail/298028056779" "Mozilla/5.0 AppleWebKit/537.36 (KHTML, like Gecko; compatible; GPTBot/1.3; +https://openai.com/gptbot)"
74.7.227.39 - - [21/Apr/2026:18:51:10 +0000] "GET /goods.php?detail/27800377484857 HTTP/1.1" 404 21054 "https://s2spw.com/goods.php?detail/080031360007" "Mozilla/5.0 AppleWebKit/537.36 (KHTML, like Gecko; compatible; GPTBot/1.3; +https://openai.com/gptbot)"
74.7.227.39 - - [21/Apr/2026:18:51:13 +0000] "GET /goods.php?detail/01801177536133 HTTP/1.1" 404 21054 "https://s2spw.com/goods.php?detail/018010975479" "Mozilla/5.0 AppleWebKit/537.36 (KHTML, like Gecko; compatible; GPTBot/1.3; +https://openai.com/gptbot)"
74.7.227.39 - - [21/Apr/2026:18:51:16 +0000] "GET /goods.php?detail/07900407391163 HTTP/1.1" 404 21054 "https://s2spw.com/goods.php?detail/079003965658" "Mozilla/5.0 AppleWebKit/537.36 (KHTML, like Gecko; compatible; GPTBot/1.3; +https://openai.com/gptbot)"
74.7.227.39 - - [21/Apr/2026:18:51:19 +0000] "GET /goods.php?detail/10400489177898 HTTP/1.1" 404 21054 "https://s2spw.com/goods.php?detail/104004920768" "Mozilla/5.0 AppleWebKit/537.36 (KHTML, like Gecko; compatible; GPTBot/1.3; +https://openai.com/gptbot)"
74.7.227.39 - - [21/Apr/2026:18:51:22 +0000] "GET /goods.php?detail/23203833257443 HTTP/1.1" 404 21054 "https://s2spw.com/goods.php?shop/detail/fair232037214.htm" "Mozilla/5.0 AppleWebKit/537.36 (KHTML, like Gecko; compatible; GPTBot/1.3; +https://openai.com/gptbot)"
74.7.227.39 - - [21/Apr/2026:18:51:25 +0000] "GET /goods.php?detail/27602407620980 HTTP/1.1" 404 21054 "https://s2spw.com/goods.php?detail/2760440545460" "Mozilla/5.0 AppleWebKit/537.36 (KHTML, like Gecko; compatible; GPTBot/1.3; +https://openai.com/gptbot)"
74.7.227.39 - - [21/Apr/2026:18:51:28 +0000] "GET /goods.php?detail/11801414896331 HTTP/1.1" 404 21054 "https://s2spw.com/goods.php?detail/0840081848213" "Mozilla/5.0 AppleWebKit/537.36 (KHTML, like Gecko; compatible; GPTBot/1.3; +https://openai.com/gptbot)"
74.7.227.39 - - [21/Apr/2026:18:51:31 +0000] "GET /goods.php?detail/00100231982971 HTTP/1.1" 404 21054 "https://s2spw.com/goods.php?detail/001001573490" "Mozilla/5.0 AppleWebKit/537.36 (KHTML, like Gecko; compatible; GPTBot/1.3; +https://openai.com/gptbot)"
74.7.227.39 - - [21/Apr/2026:18:51:33 +0000] "GET /goods.php?detail/20204656860610 HTTP/1.1" 404 21054 "https://s2spw.com/goods.php?detail/087001201325" "Mozilla/5.0 AppleWebKit/537.36 (KHTML, like Gecko; compatible; GPTBot/1.3; +https://openai.com/gptbot)"
74.7.227.39 - - [21/Apr/2026:18:51:36 +0000] "GET /goods.php?detail/04101074552854 HTTP/1.1" 404 21054 "https://s2spw.com/goods.php?detail/041047208387" "Mozilla/5.0 AppleWebKit/537.36 (KHTML, like Gecko; compatible; GPTBot/1.3; +https://openai.com/gptbot)"
74.7.227.39 - - [21/Apr/2026:18:51:39 +0000] "GET /goods.php?detail/01101203344536 HTTP/1.1" 404 21054 "https://s2spw.com/goods.php?shop/detail/episode109037097.htm" "Mozilla/5.0 AppleWebKit/537.36 (KHTML, like Gecko; compatible; GPTBot/1.3; +https://openai.com/gptbot)"
74.7.227.39 - - [21/Apr/2026:18:51:42 +0000] "GET /goods.php?detail/03203131439623 HTTP/1.1" 404 21054 "https://s2spw.com/goods.php?detail/158023509217" "Mozilla/5.0 AppleWebKit/537.36 (KHTML, like Gecko; compatible; GPTBot/1.3; +https://openai.com/gptbot)"
74.7.227.39 - - [21/Apr/2026:18:51:45 +0000] "GET /goods.php?detail/20400463506568 HTTP/1.1" 404 21054 "https://s2spw.com/goods.php?detail/250040206447" "Mozilla/5.0 AppleWebKit/537.36 (KHTML, like Gecko; compatible; GPTBot/1.3; +https://openai.com/gptbot)"
74.7.227.39 - - [21/Apr/2026:18:51:48 +0000] "GET /goods.php?detail/24901439839133 HTTP/1.1" 404 21054 "https://s2spw.com/goods.php?goods/249021283" "Mozilla/5.0 AppleWebKit/537.36 (KHTML, like Gecko; compatible; GPTBot/1.3; +https://openai.com/gptbot)"
74.7.227.39 - - [21/Apr/2026:18:51:51 +0000] "GET /goods.php?detail/18202084520447 HTTP/1.1" 404 21054 "https://s2spw.com/goods.php?detail/182020678893" "Mozilla/5.0 AppleWebKit/537.36 (KHTML, like Gecko; compatible; GPTBot/1.3; +https://openai.com/gptbot)"
74.7.227.39 - - [21/Apr/2026:18:51:53 +0000] "GET /goods.php?detail/12500145131365 HTTP/1.1" 404 21054 "https://s2spw.com/goods.php?detail/125001286424" "Mozilla/5.0 AppleWebKit/537.36 (KHTML, like Gecko; compatible; GPTBot/1.3; +https://openai.com/gptbot)"
74.7.227.39 - - [21/Apr/2026:18:51:56 +0000] "GET /goods.php?detail/03003159001738 HTTP/1.1" 404 21054 "https://s2spw.com/goods.php?pcmypage?callback=product/review/doriem-sb00chw33y4" "Mozilla/5.0 AppleWebKit/537.36 (KHTML, like Gecko; compatible; GPTBot/1.3; +https://openai.com/gptbot)"
74.7.227.39 - - [21/Apr/2026:18:51:59 +0000] "GET /goods.php?detail/00100315940167 HTTP/1.1" 404 21054 "https://s2spw.com/goods.php?detail/0200327322997" "Mozilla/5.0 AppleWebKit/537.36 (KHTML, like Gecko; compatible; GPTBot/1.3; +https://openai.com/gptbot)"
74.7.227.39 - - [21/Apr/2026:18:52:02 +0000] "GET /goods.php?detail/18202298827587 HTTP/1.1" 404 21054 "https://s2spw.com/goods.php?detail/1820230730119" "Mozilla/5.0 AppleWebKit/537.36 (KHTML, like Gecko; compatible; GPTBot/1.3; +https://openai.com/gptbot)"
74.7.227.39 - - [21/Apr/2026:18:52:05 +0000] "GET /goods.php?detail/04901101020796 HTTP/1.1" 404 21054 "https://s2spw.com/goods.php?detail/170032234156" "Mozilla/5.0 AppleWebKit/537.36 (KHTML, like Gecko; compatible; GPTBot/1.3; +https://openai.com/gptbot)"
74.7.227.39 - - [21/Apr/2026:18:52:08 +0000] "GET /goods.php?detail/28102329300248 HTTP/1.1" 404 21054 "https://s2spw.com/goods.php?jp/281023298.html" "Mozilla/5.0 AppleWebKit/537.36 (KHTML, like Gecko; compatible; GPTBot/1.3; +https://openai.com/gptbot)"
74.7.227.39 - - [21/Apr/2026:18:52:10 +0000] "GET /goods.php?detail/03303812534120 HTTP/1.1" 404 21054 "https://s2spw.com/goods.php?detail/0160012718741" "Mozilla/5.0 AppleWebKit/537.36 (KHTML, like Gecko; compatible; GPTBot/1.3; +https://openai.com/gptbot)"
74.7.227.39 - - [21/Apr/2026:18:52:13 +0000] "GET /goods.php?detail/02202088127532 HTTP/1.1" 404 21054 "https://s2spw.com/goods.php?detail/135017350087" "Mozilla/5.0 AppleWebKit/537.36 (KHTML, like Gecko; compatible; GPTBot/1.3; +https://openai.com/gptbot)"
74.7.227.39 - - [21/Apr/2026:18:52:16 +0000] "GET /goods.php?detail/00301011404597 HTTP/1.1" 404 21054 "https://s2spw.com/goods.php?detail/066004940916" "Mozilla/5.0 AppleWebKit/537.36 (KHTML, like Gecko; compatible; GPTBot/1.3; +https://openai.com/gptbot)"
74.7.227.39 - - [21/Apr/2026:18:52:19 +0000] "GET /goods.php?detail/02402532047345 HTTP/1.1" 404 21054 "https://s2spw.com/goods.php?shop/detail/diary008006304.htm" "Mozilla/5.0 AppleWebKit/537.36 (KHTML, like Gecko; compatible; GPTBot/1.3; +https://openai.com/gptbot)"
66.249.79.196 - - [21/Apr/2026:18:52:20 +0000] "GET /?goods/004044081 HTTP/1.1" 200 554886 "-" "Mozilla/5.0 (Linux; Android 6.0.1; Nexus 5X Build/MMB29P) AppleWebKit/537.36 (KHTML, like Gecko) Chrome/146.0.7680.177 Mobile Safari/537.36 (compatible; Googlebot/2.1; +http://www.google.com/bot.html)"
74.7.227.39 - - [21/Apr/2026:18:52:22 +0000] "GET /goods.php?detail/11301015809192 HTTP/1.1" 404 21054 "https://s2spw.com/goods.php?detail/113010201106" "Mozilla/5.0 AppleWebKit/537.36 (KHTML, like Gecko; compatible; GPTBot/1.3; +https://openai.com/gptbot)"
74.7.227.39 - - [21/Apr/2026:18:52:25 +0000] "GET /goods.php?detail/26303682643214 HTTP/1.1" 404 21054 "https://s2spw.com/goods.php?product/edit/luxboy-wiz3322937-1" "Mozilla/5.0 AppleWebKit/537.36 (KHTML, like Gecko; compatible; GPTBot/1.3; +https://openai.com/gptbot)"
74.7.227.39 - - [21/Apr/2026:18:52:27 +0000] "GET /goods.php?detail/00101461764082 HTTP/1.1" 404 21054 "https://s2spw.com/goods.php?detail/138049912550" "Mozilla/5.0 AppleWebKit/537.36 (KHTML, like Gecko; compatible; GPTBot/1.3; +https://openai.com/gptbot)"
74.7.227.39 - - [21/Apr/2026:18:52:30 +0000] "GET /goods.php?detail/18202298827587 HTTP/1.1" 404 21054 "https://s2spw.com/goods.php?detail/1820230730119" "Mozilla/5.0 AppleWebKit/537.36 (KHTML, like Gecko; compatible; GPTBot/1.3; +https://openai.com/gptbot)"
74.7.227.39 - - [21/Apr/2026:18:52:33 +0000] "GET /goods.php?detail/22302425161160 HTTP/1.1" 404 21054 "https://s2spw.com/goods.php?detail/244001100494" "Mozilla/5.0 AppleWebKit/537.36 (KHTML, like Gecko; compatible; GPTBot/1.3; +https://openai.com/gptbot)"
74.7.227.39 - - [21/Apr/2026:18:52:36 +0000] "GET /goods.php?detail/16202127759727 HTTP/1.1" 404 21054 "https://s2spw.com/goods.php?detail/162021090025" "Mozilla/5.0 AppleWebKit/537.36 (KHTML, like Gecko; compatible; GPTBot/1.3; +https://openai.com/gptbot)"
74.7.227.39 - - [21/Apr/2026:18:52:39 +0000] "GET /goods.php?detail/03900319886820 HTTP/1.1" 404 21054 "https://s2spw.com/goods.php?detail/039000850147" "Mozilla/5.0 AppleWebKit/537.36 (KHTML, like Gecko; compatible; GPTBot/1.3; +https://openai.com/gptbot)"
74.7.227.39 - - [21/Apr/2026:18:52:41 +0000] "GET /goods.php?detail/28403800282511 HTTP/1.1" 404 21054 "https://s2spw.com/goods.php?detail/0810021200785" "Mozilla/5.0 AppleWebKit/537.36 (KHTML, like Gecko; compatible; GPTBot/1.3; +https://openai.com/gptbot)"
74.7.227.39 - - [21/Apr/2026:18:52:44 +0000] "GET /goods.php?detail/08603798637002 HTTP/1.1" 404 21054 "https://s2spw.com/goods.php?detail/209040521450" "Mozilla/5.0 AppleWebKit/537.36 (KHTML, like Gecko; compatible; GPTBot/1.3; +https://openai.com/gptbot)"
74.7.227.39 - - [21/Apr/2026:18:52:47 +0000] "GET /goods.php?detail/23002337414008 HTTP/1.1" 404 21054 "https://s2spw.com/goods.php?detail/230023470425" "Mozilla/5.0 AppleWebKit/537.36 (KHTML, like Gecko; compatible; GPTBot/1.3; +https://openai.com/gptbot)"
74.7.227.39 - - [21/Apr/2026:18:52:50 +0000] "GET /goods.php?detail/00900487991228 HTTP/1.1" 404 21054 "https://s2spw.com/goods.php?goods/009004215" "Mozilla/5.0 AppleWebKit/537.36 (KHTML, like Gecko; compatible; GPTBot/1.3; +https://openai.com/gptbot)"
74.7.227.39 - - [21/Apr/2026:18:52:53 +0000] "GET /goods.php?detail/05100294829940 HTTP/1.1" 404 21054 "https://s2spw.com/goods.php?product/edit/rcmd-tm-2506004" "Mozilla/5.0 AppleWebKit/537.36 (KHTML, like Gecko; compatible; GPTBot/1.3; +https://openai.com/gptbot)"
66.249.79.195 - - [21/Apr/2026:18:52:55 +0000] "GET /?jp/173034607.html HTTP/1.1" 200 555056 "-" "Mozilla/5.0 (Linux; Android 6.0.1; Nexus 5X Build/MMB29P) AppleWebKit/537.36 (KHTML, like Gecko) Chrome/146.0.7680.177 Mobile Safari/537.36 (compatible; GoogleOther)"
74.7.227.39 - - [21/Apr/2026:18:52:56 +0000] "GET /goods.php?detail/06004487429929 HTTP/1.1" 404 21054 "https://s2spw.com/goods.php?detail/270008642641" "Mozilla/5.0 AppleWebKit/537.36 (KHTML, like Gecko; compatible; GPTBot/1.3; +https://openai.com/gptbot)"
74.7.227.39 - - [21/Apr/2026:18:52:58 +0000] "GET /goods.php?detail/19202213841224 HTTP/1.1" 404 21054 "https://s2spw.com/goods.php?detail/101004350102" "Mozilla/5.0 AppleWebKit/537.36 (KHTML, like Gecko; compatible; GPTBot/1.3; +https://openai.com/gptbot)"
74.7.227.39 - - [21/Apr/2026:18:53:01 +0000] "GET /goods.php?detail/18304163118550 HTTP/1.1" 404 21054 "https://s2spw.com/goods.php?detail/07400877008789" "Mozilla/5.0 AppleWebKit/537.36 (KHTML, like Gecko; compatible; GPTBot/1.3; +https://openai.com/gptbot)"
74.7.227.39 - - [21/Apr/2026:18:53:04 +0000] "GET /goods.php?detail/09300525092434 HTTP/1.1" 404 21054 "https://s2spw.com/goods.php?goods/093004267" "Mozilla/5.0 AppleWebKit/537.36 (KHTML, like Gecko; compatible; GPTBot/1.3; +https://openai.com/gptbot)"
74.7.227.39 - - [21/Apr/2026:18:53:07 +0000] "GET /goods.php?detail/01704202094913 HTTP/1.1" 404 21054 "https://s2spw.com/goods.php?goods/017042494" "Mozilla/5.0 AppleWebKit/537.36 (KHTML, like Gecko; compatible; GPTBot/1.3; +https://openai.com/gptbot)"
74.7.227.39 - - [21/Apr/2026:18:53:10 +0000] "GET /goods.php?detail/00700361577446 HTTP/1.1" 404 21054 "https://s2spw.com/goods.php?detail/007003229938" "Mozilla/5.0 AppleWebKit/537.36 (KHTML, like Gecko; compatible; GPTBot/1.3; +https://openai.com/gptbot)"
74.7.227.39 - - [21/Apr/2026:18:53:14 +0000] "GET /goods.php?detail/27302828867486 HTTP/1.1" 404 21054 "https://s2spw.com/goods.php?jp/273028922.html" "Mozilla/5.0 AppleWebKit/537.36 (KHTML, like Gecko; compatible; GPTBot/1.3; +https://openai.com/gptbot)"
74.7.227.39 - - [21/Apr/2026:18:53:16 +0000] "GET /goods.php?detail/01701004865757 HTTP/1.1" 404 21054 "https://s2spw.com/goods.php?detail/017011147878" "Mozilla/5.0 AppleWebKit/537.36 (KHTML, like Gecko; compatible; GPTBot/1.3; +https://openai.com/gptbot)"
74.7.227.39 - - [21/Apr/2026:18:53:19 +0000] "GET /goods.php?detail/10104640734791 HTTP/1.1" 404 21054 "https://s2spw.com/goods.php?detail/101047161503" "Mozilla/5.0 AppleWebKit/537.36 (KHTML, like Gecko; compatible; GPTBot/1.3; +https://openai.com/gptbot)"
74.7.227.39 - - [21/Apr/2026:18:53:21 +0000] "GET /goods.php?detail/00901893979774 HTTP/1.1" 404 21054 "https://s2spw.com/goods.php?jp/009021493.html" "Mozilla/5.0 AppleWebKit/537.36 (KHTML, like Gecko; compatible; GPTBot/1.3; +https://openai.com/gptbot)"
74.7.227.39 - - [21/Apr/2026:18:53:24 +0000] "GET /goods.php?detail/03004045214477 HTTP/1.1" 404 21054 "https://s2spw.com/goods.php?detail/0300408031847" "Mozilla/5.0 AppleWebKit/537.36 (KHTML, like Gecko; compatible; GPTBot/1.3; +https://openai.com/gptbot)"
74.7.227.39 - - [21/Apr/2026:18:53:27 +0000] "GET /goods.php?detail/07401188280123 HTTP/1.1" 404 21054 "https://s2spw.com/goods.php?jp/074011736.html" "Mozilla/5.0 AppleWebKit/537.36 (KHTML, like Gecko; compatible; GPTBot/1.3; +https://openai.com/gptbot)"
74.7.227.39 - - [21/Apr/2026:18:53:30 +0000] "GET /goods.php?detail/19304151308019 HTTP/1.1" 404 21054 "https://s2spw.com/goods.php?item/060000235" "Mozilla/5.0 AppleWebKit/537.36 (KHTML, like Gecko; compatible; GPTBot/1.3; +https://openai.com/gptbot)"
74.7.227.39 - - [21/Apr/2026:18:53:33 +0000] "GET /goods.php?detail/20700329121470 HTTP/1.1" 404 21054 "https://s2spw.com/goods.php?detail/034038241020" "Mozilla/5.0 AppleWebKit/537.36 (KHTML, like Gecko; compatible; GPTBot/1.3; +https://openai.com/gptbot)"
74.7.227.39 - - [21/Apr/2026:18:53:36 +0000] "GET /goods.php?detail/00600379420959 HTTP/1.1" 404 21054 "https://s2spw.com/goods.php?goods/006012257" "Mozilla/5.0 AppleWebKit/537.36 (KHTML, like Gecko; compatible; GPTBot/1.3; +https://openai.com/gptbot)"
74.7.227.39 - - [21/Apr/2026:18:53:38 +0000] "GET /goods.php?detail/24004508241253 HTTP/1.1" 404 21054 "https://s2spw.com/goods.php?detail/101006703263" "Mozilla/5.0 AppleWebKit/537.36 (KHTML, like Gecko; compatible; GPTBot/1.3; +https://openai.com/gptbot)"
74.7.227.39 - - [21/Apr/2026:18:53:41 +0000] "GET /goods.php?detail/04804034093051 HTTP/1.1" 404 21054 "https://s2spw.com/goods.php?detail/048042185251" "Mozilla/5.0 AppleWebKit/537.36 (KHTML, like Gecko; compatible; GPTBot/1.3; +https://openai.com/gptbot)"
74.7.227.39 - - [21/Apr/2026:18:53:44 +0000] "GET /goods.php?detail/14904698500808 HTTP/1.1" 404 21054 "https://s2spw.com/goods.php?detail/183031805896" "Mozilla/5.0 AppleWebKit/537.36 (KHTML, like Gecko; compatible; GPTBot/1.3; +https://openai.com/gptbot)"
74.7.227.39 - - [21/Apr/2026:18:53:47 +0000] "GET /goods.php?detail/22900323295843 HTTP/1.1" 404 21054 "https://s2spw.com/goods.php?detail/120018218177" "Mozilla/5.0 AppleWebKit/537.36 (KHTML, like Gecko; compatible; GPTBot/1.3; +https://openai.com/gptbot)"
74.7.227.39 - - [21/Apr/2026:18:53:50 +0000] "GET /goods.php?detail/06203304147230 HTTP/1.1" 404 21054 "https://s2spw.com/goods.php?detail/0620331558379" "Mozilla/5.0 AppleWebKit/537.36 (KHTML, like Gecko; compatible; GPTBot/1.3; +https://openai.com/gptbot)"
74.7.227.39 - - [21/Apr/2026:18:53:53 +0000] "GET /goods.php?detail/01601432017446 HTTP/1.1" 404 21054 "https://s2spw.com/goods.php?detail/016015867428" "Mozilla/5.0 AppleWebKit/537.36 (KHTML, like Gecko; compatible; GPTBot/1.3; +https://openai.com/gptbot)"
74.7.227.39 - - [21/Apr/2026:18:53:56 +0000] "GET /goods.php?detail/00800967614699 HTTP/1.1" 404 21054 "https://s2spw.com/goods.php?product/edit/cometostore-hb009npaen6" "Mozilla/5.0 AppleWebKit/537.36 (KHTML, like Gecko; compatible; GPTBot/1.3; +https://openai.com/gptbot)"
74.7.227.39 - - [21/Apr/2026:18:53:59 +0000] "GET /goods.php?detail/08003347520842 HTTP/1.1" 404 21054 "https://s2spw.com/goods.php?jp/080033130.html" "Mozilla/5.0 AppleWebKit/537.36 (KHTML, like Gecko; compatible; GPTBot/1.3; +https://openai.com/gptbot)"
74.7.227.39 - - [21/Apr/2026:18:54:01 +0000] "GET /goods.php?detail/01101470524116 HTTP/1.1" 404 21054 "https://s2spw.com/goods.php?detail/011014524272" "Mozilla/5.0 AppleWebKit/537.36 (KHTML, like Gecko; compatible; GPTBot/1.3; +https://openai.com/gptbot)"
66.249.79.195 - - [21/Apr/2026:18:54:02 +0000] "GET /?detail/285038994888 HTTP/1.1" 200 560200 "-" "Mozilla/5.0 (Linux; Android 6.0.1; Nexus 5X Build/MMB29P) AppleWebKit/537.36 (KHTML, like Gecko) Chrome/146.0.7680.177 Mobile Safari/537.36 (compatible; Googlebot/2.1; +http://www.google.com/bot.html)"
74.7.227.39 - - [21/Apr/2026:18:54:04 +0000] "GET /goods.php?detail/00202347340649 HTTP/1.1" 404 21054 "https://s2spw.com/goods.php?detail/002023160451" "Mozilla/5.0 AppleWebKit/537.36 (KHTML, like Gecko; compatible; GPTBot/1.3; +https://openai.com/gptbot)"
204.12.208.18 - - [21/Apr/2026:18:54:06 +0000] "GET /wp-includes/br729cc5/index.php HTTP/1.1" 200 6 "https://s2spw.com/wp-includes/br729cc5/index.php" "Mozilla/5.0 (Macintosh; U; Intel Mac OS X 10_6_3; ja-jp) AppleWebKit/531.21.11 (KHTML, like Gecko) Version/4.0.4 Safari/531.21.10"
74.7.227.39 - - [21/Apr/2026:18:54:07 +0000] "GET /goods.php?detail/07202740267465 HTTP/1.1" 404 21054 "https://s2spw.com/goods.php?detail/034004800664" "Mozilla/5.0 AppleWebKit/537.36 (KHTML, like Gecko; compatible; GPTBot/1.3; +https://openai.com/gptbot)"
74.7.227.39 - - [21/Apr/2026:18:54:10 +0000] "GET /goods.php?detail/12104628232144 HTTP/1.1" 404 21054 "https://s2spw.com/goods.php?detail/121042394224" "Mozilla/5.0 AppleWebKit/537.36 (KHTML, like Gecko; compatible; GPTBot/1.3; +https://openai.com/gptbot)"
74.7.227.39 - - [21/Apr/2026:18:54:12 +0000] "GET /goods.php?detail/13700270892122 HTTP/1.1" 404 21054 "https://s2spw.com/goods.php?detail/199015620692" "Mozilla/5.0 AppleWebKit/537.36 (KHTML, like Gecko; compatible; GPTBot/1.3; +https://openai.com/gptbot)"
74.7.227.39 - - [21/Apr/2026:18:54:15 +0000] "GET /goods.php?detail/28102276516816 HTTP/1.1" 404 21054 "https://s2spw.com/goods.php?detail/089024174167" "Mozilla/5.0 AppleWebKit/537.36 (KHTML, like Gecko; compatible; GPTBot/1.3; +https://openai.com/gptbot)"
74.7.227.39 - - [21/Apr/2026:18:54:18 +0000] "GET /goods.php?detail/00600706845483 HTTP/1.1" 404 21054 "https://s2spw.com/goods.php?detail/006005213968" "Mozilla/5.0 AppleWebKit/537.36 (KHTML, like Gecko; compatible; GPTBot/1.3; +https://openai.com/gptbot)"
74.7.227.39 - - [21/Apr/2026:18:54:21 +0000] "GET /goods.php?detail/00400887950012 HTTP/1.1" 404 21054 "https://s2spw.com/goods.php?goods/004008879" "Mozilla/5.0 AppleWebKit/537.36 (KHTML, like Gecko; compatible; GPTBot/1.3; +https://openai.com/gptbot)"
74.7.227.39 - - [21/Apr/2026:18:54:23 +0000] "GET /goods.php?detail/02502095919442 HTTP/1.1" 404 21054 "https://s2spw.com/goods.php?goods/120018415" "Mozilla/5.0 AppleWebKit/537.36 (KHTML, like Gecko; compatible; GPTBot/1.3; +https://openai.com/gptbot)"
74.7.227.39 - - [21/Apr/2026:18:54:26 +0000] "GET /goods.php?detail/19602180223826 HTTP/1.1" 404 21054 "https://s2spw.com/goods.php?detail/196020236184" "Mozilla/5.0 AppleWebKit/537.36 (KHTML, like Gecko; compatible; GPTBot/1.3; +https://openai.com/gptbot)"
74.7.227.39 - - [21/Apr/2026:18:54:29 +0000] "GET /goods.php?detail/00600412130638 HTTP/1.1" 404 21054 "https://s2spw.com/goods.php?detail/006003668602" "Mozilla/5.0 AppleWebKit/537.36 (KHTML, like Gecko; compatible; GPTBot/1.3; +https://openai.com/gptbot)"
74.7.227.39 - - [21/Apr/2026:18:54:32 +0000] "GET /goods.php?detail/20502115982420 HTTP/1.1" 404 21054 "https://s2spw.com/goods.php?detail/120007450713" "Mozilla/5.0 AppleWebKit/537.36 (KHTML, like Gecko; compatible; GPTBot/1.3; +https://openai.com/gptbot)"
74.7.227.39 - - [21/Apr/2026:18:54:35 +0000] "GET /goods.php?detail/00600707148663 HTTP/1.1" 404 21054 "https://s2spw.com/goods.php?detail/006005213968" "Mozilla/5.0 AppleWebKit/537.36 (KHTML, like Gecko; compatible; GPTBot/1.3; +https://openai.com/gptbot)"
74.7.227.39 - - [21/Apr/2026:18:54:38 +0000] "GET /goods.php?detail/05203038632244 HTTP/1.1" 404 21054 "https://s2spw.com/goods.php?goods/125022047" "Mozilla/5.0 AppleWebKit/537.36 (KHTML, like Gecko; compatible; GPTBot/1.3; +https://openai.com/gptbot)"
74.7.227.39 - - [21/Apr/2026:18:54:41 +0000] "GET /goods.php?detail/03903450660420 HTTP/1.1" 404 21054 "https://s2spw.com/goods.php?detail/159016319300" "Mozilla/5.0 AppleWebKit/537.36 (KHTML, like Gecko; compatible; GPTBot/1.3; +https://openai.com/gptbot)"
74.7.227.39 - - [21/Apr/2026:18:54:43 +0000] "GET /goods.php?detail/18704160481476 HTTP/1.1" 404 21054 "https://s2spw.com/goods.php?goods/117032989" "Mozilla/5.0 AppleWebKit/537.36 (KHTML, like Gecko; compatible; GPTBot/1.3; +https://openai.com/gptbot)"
74.7.227.39 - - [21/Apr/2026:18:54:46 +0000] "GET /goods.php?detail/21202010480598 HTTP/1.1" 404 21054 "https://s2spw.com/goods.php?detail/1790210201971" "Mozilla/5.0 AppleWebKit/537.36 (KHTML, like Gecko; compatible; GPTBot/1.3; +https://openai.com/gptbot)"
74.7.227.39 - - [21/Apr/2026:18:54:49 +0000] "GET /goods.php?detail/02702661540625 HTTP/1.1" 404 21054 "https://s2spw.com/goods.php?goods/170003335" "Mozilla/5.0 AppleWebKit/537.36 (KHTML, like Gecko; compatible; GPTBot/1.3; +https://openai.com/gptbot)"
74.7.227.39 - - [21/Apr/2026:18:54:52 +0000] "GET /goods.php?detail/19300293492699 HTTP/1.1" 404 21054 "https://s2spw.com/goods.php?detail/193002898445" "Mozilla/5.0 AppleWebKit/537.36 (KHTML, like Gecko; compatible; GPTBot/1.3; +https://openai.com/gptbot)"
66.249.79.195 - - [21/Apr/2026:18:54:55 +0000] "GET /?jp/081033135.html HTTP/1.1" 200 566800 "-" "Mozilla/5.0 (Linux; Android 6.0.1; Nexus 5X Build/MMB29P) AppleWebKit/537.36 (KHTML, like Gecko) Chrome/146.0.7680.177 Mobile Safari/537.36 (compatible; GoogleOther)"
74.7.227.39 - - [21/Apr/2026:18:54:55 +0000] "GET /goods.php?detail/09603515759393 HTTP/1.1" 404 21054 "https://s2spw.com/goods.php?detail/300025395900" "Mozilla/5.0 AppleWebKit/537.36 (KHTML, like Gecko; compatible; GPTBot/1.3; +https://openai.com/gptbot)"
74.7.227.39 - - [21/Apr/2026:18:54:58 +0000] "GET /goods.php?detail/07304807055798 HTTP/1.1" 404 21054 "https://s2spw.com/goods.php?detail/073045431403" "Mozilla/5.0 AppleWebKit/537.36 (KHTML, like Gecko; compatible; GPTBot/1.3; +https://openai.com/gptbot)"
66.249.79.196 - - [21/Apr/2026:18:54:59 +0000] "GET /?detail/1570192125674 HTTP/1.1" 200 572401 "-" "Mozilla/5.0 (Linux; Android 6.0.1; Nexus 5X Build/MMB29P) AppleWebKit/537.36 (KHTML, like Gecko) Chrome/146.0.7680.177 Mobile Safari/537.36 (compatible; GoogleOther)"
74.7.227.39 - - [21/Apr/2026:18:55:01 +0000] "GET /goods.php?detail/04904397670676 HTTP/1.1" 404 21054 "https://s2spw.com/goods.php?detail/113045874505" "Mozilla/5.0 AppleWebKit/537.36 (KHTML, like Gecko; compatible; GPTBot/1.3; +https://openai.com/gptbot)"
