66.249.79.196 - - [21/Apr/2026:18:23:21 +0000] "GET /?jp/255004592.html HTTP/1.1" 200 556427 "-" "Mozilla/5.0 (Linux; Android 6.0.1; Nexus 5X Build/MMB29P) AppleWebKit/537.36 (KHTML, like Gecko) Chrome/146.0.7680.177 Mobile Safari/537.36 (compatible; GoogleOther)"
74.7.227.39 - - [21/Apr/2026:18:23:22 +0000] "GET /goods.php?detail/10404606451221 HTTP/1.1" 404 21054 "https://s2spw.com/goods.php?detail/104046058227" "Mozilla/5.0 AppleWebKit/537.36 (KHTML, like Gecko; compatible; GPTBot/1.3; +https://openai.com/gptbot)"
66.249.79.196 - - [21/Apr/2026:18:23:23 +0000] "GET /?b=3909085117 HTTP/1.1" 200 583261 "-" "Mozilla/5.0 (Linux; Android 6.0.1; Nexus 5X Build/MMB29P) AppleWebKit/537.36 (KHTML, like Gecko) Chrome/146.0.7680.177 Mobile Safari/537.36 (compatible; Googlebot/2.1; +http://www.google.com/bot.html)"
66.249.79.195 - - [21/Apr/2026:18:23:25 +0000] "GET /?goods/195020496 HTTP/1.1" 301 - "-" "Mozilla/5.0 (Linux; Android 6.0.1; Nexus 5X Build/MMB29P) AppleWebKit/537.36 (KHTML, like Gecko) Chrome/146.0.7680.177 Mobile Safari/537.36 (compatible; Googlebot/2.1; +http://www.google.com/bot.html)"
74.7.227.39 - - [21/Apr/2026:18:23:25 +0000] "GET /goods.php?detail/00600544722096 HTTP/1.1" 404 21054 "https://s2spw.com/goods.php?detail/006035041111" "Mozilla/5.0 AppleWebKit/537.36 (KHTML, like Gecko; compatible; GPTBot/1.3; +https://openai.com/gptbot)"
66.249.79.197 - - [21/Apr/2026:18:23:26 +0000] "GET /?b=4048589475 HTTP/1.1" 200 558169 "-" "Mozilla/5.0 (Linux; Android 6.0.1; Nexus 5X Build/MMB29P) AppleWebKit/537.36 (KHTML, like Gecko) Chrome/146.0.7680.177 Mobile Safari/537.36 (compatible; Googlebot/2.1; +http://www.google.com/bot.html)"
66.249.79.196 - - [21/Apr/2026:18:23:28 +0000] "GET /?goods%2F195020496 HTTP/1.1" 200 555914 "-" "Mozilla/5.0 (Linux; Android 6.0.1; Nexus 5X Build/MMB29P) AppleWebKit/537.36 (KHTML, like Gecko) Chrome/146.0.7680.177 Mobile Safari/537.36 (compatible; Googlebot/2.1; +http://www.google.com/bot.html)"
74.7.227.39 - - [21/Apr/2026:18:23:28 +0000] "GET /goods.php?detail/18104049710317 HTTP/1.1" 404 21054 "https://s2spw.com/goods.php?detail/284039397403" "Mozilla/5.0 AppleWebKit/537.36 (KHTML, like Gecko; compatible; GPTBot/1.3; +https://openai.com/gptbot)"
66.249.79.197 - - [21/Apr/2026:18:23:30 +0000] "GET /?b=2459326475 HTTP/1.1" 200 558811 "-" "Mozilla/5.0 (Linux; Android 6.0.1; Nexus 5X Build/MMB29P) AppleWebKit/537.36 (KHTML, like Gecko) Chrome/146.0.7680.177 Mobile Safari/537.36 (compatible; Googlebot/2.1; +http://www.google.com/bot.html)"
74.7.227.39 - - [21/Apr/2026:18:23:31 +0000] "GET /goods.php?detail/02300997098680 HTTP/1.1" 404 21054 "https://s2spw.com/goods.php?detail/023009568297" "Mozilla/5.0 AppleWebKit/537.36 (KHTML, like Gecko; compatible; GPTBot/1.3; +https://openai.com/gptbot)"
66.249.79.197 - - [21/Apr/2026:18:23:33 +0000] "GET /?b=825200781 HTTP/1.1" 200 555355 "-" "Mozilla/5.0 (Linux; Android 6.0.1; Nexus 5X Build/MMB29P) AppleWebKit/537.36 (KHTML, like Gecko) Chrome/146.0.7680.177 Mobile Safari/537.36 (compatible; Googlebot/2.1; +http://www.google.com/bot.html)"
74.7.227.39 - - [21/Apr/2026:18:23:34 +0000] "GET /goods.php?detail/15701653873553 HTTP/1.1" 404 21054 "https://s2spw.com/goods.php?jp/157016709.html" "Mozilla/5.0 AppleWebKit/537.36 (KHTML, like Gecko; compatible; GPTBot/1.3; +https://openai.com/gptbot)"
74.7.227.39 - - [21/Apr/2026:18:23:37 +0000] "GET /goods.php?detail/14601331321454 HTTP/1.1" 404 21054 "https://s2spw.com/goods.php?detail/146014556659" "Mozilla/5.0 AppleWebKit/537.36 (KHTML, like Gecko; compatible; GPTBot/1.3; +https://openai.com/gptbot)"
66.249.79.196 - - [21/Apr/2026:18:23:37 +0000] "GET /?b=789531255 HTTP/1.1" 200 560175 "-" "Mozilla/5.0 (Linux; Android 6.0.1; Nexus 5X Build/MMB29P) AppleWebKit/537.36 (KHTML, like Gecko) Chrome/146.0.7680.177 Mobile Safari/537.36 (compatible; Googlebot/2.1; +http://www.google.com/bot.html)"
74.7.227.39 - - [21/Apr/2026:18:23:40 +0000] "GET /goods.php?detail/21901234214371 HTTP/1.1" 404 21054 "https://s2spw.com/goods.php?detail/219010571946" "Mozilla/5.0 AppleWebKit/537.36 (KHTML, like Gecko; compatible; GPTBot/1.3; +https://openai.com/gptbot)"
66.249.79.195 - - [21/Apr/2026:18:23:40 +0000] "GET /?b=2853674677 HTTP/1.1" 200 572277 "-" "Mozilla/5.0 (Linux; Android 6.0.1; Nexus 5X Build/MMB29P) AppleWebKit/537.36 (KHTML, like Gecko) Chrome/146.0.7680.177 Mobile Safari/537.36 (compatible; Googlebot/2.1; +http://www.google.com/bot.html)"
74.7.227.39 - - [21/Apr/2026:18:23:42 +0000] "GET /goods.php?detail/26201779171223 HTTP/1.1" 404 21054 "https://s2spw.com/goods.php?detail/236017407811" "Mozilla/5.0 AppleWebKit/537.36 (KHTML, like Gecko; compatible; GPTBot/1.3; +https://openai.com/gptbot)"
74.7.227.39 - - [21/Apr/2026:18:23:45 +0000] "GET /goods.php?detail/10100179906240 HTTP/1.1" 404 21054 "https://s2spw.com/goods.php?goods/101001903" "Mozilla/5.0 AppleWebKit/537.36 (KHTML, like Gecko; compatible; GPTBot/1.3; +https://openai.com/gptbot)"
66.249.79.196 - - [21/Apr/2026:18:23:45 +0000] "GET /?b=678796530 HTTP/1.1" 200 558502 "-" "Mozilla/5.0 (Linux; Android 6.0.1; Nexus 5X Build/MMB29P) AppleWebKit/537.36 (KHTML, like Gecko) Chrome/146.0.7680.177 Mobile Safari/537.36 (compatible; Googlebot/2.1; +http://www.google.com/bot.html)"
74.7.227.39 - - [21/Apr/2026:18:23:48 +0000] "GET /goods.php?detail/08300847106637 HTTP/1.1" 404 21054 "https://s2spw.com/goods.php?detail/111010808621" "Mozilla/5.0 AppleWebKit/537.36 (KHTML, like Gecko; compatible; GPTBot/1.3; +https://openai.com/gptbot)"
66.249.79.197 - - [21/Apr/2026:18:23:48 +0000] "GET /?b=3706280949 HTTP/1.1" 200 43282 "-" "Mozilla/5.0 (Linux; Android 6.0.1; Nexus 5X Build/MMB29P) AppleWebKit/537.36 (KHTML, like Gecko) Chrome/146.0.7680.177 Mobile Safari/537.36 (compatible; Googlebot/2.1; +http://www.google.com/bot.html)"
74.7.227.39 - - [21/Apr/2026:18:23:51 +0000] "GET /goods.php?detail/07702061899027 HTTP/1.1" 404 21054 "https://s2spw.com/goods.php?detail/276045413267" "Mozilla/5.0 AppleWebKit/537.36 (KHTML, like Gecko; compatible; GPTBot/1.3; +https://openai.com/gptbot)"
66.249.79.199 - - [21/Apr/2026:18:23:52 +0000] "GET /?b=161595758 HTTP/1.1" 200 557415 "-" "Mozilla/5.0 (Linux; Android 6.0.1; Nexus 5X Build/MMB29P) AppleWebKit/537.36 (KHTML, like Gecko) Chrome/146.0.7680.177 Mobile Safari/537.36 (compatible; Googlebot/2.1; +http://www.google.com/bot.html)"
74.7.227.39 - - [21/Apr/2026:18:23:54 +0000] "GET /goods.php?detail/10702032054272 HTTP/1.1" 404 21054 "https://s2spw.com/goods.php?detail/274035327965" "Mozilla/5.0 AppleWebKit/537.36 (KHTML, like Gecko; compatible; GPTBot/1.3; +https://openai.com/gptbot)"
74.7.227.39 - - [21/Apr/2026:18:23:57 +0000] "GET /goods.php?detail/11804813235133 HTTP/1.1" 404 21054 "https://s2spw.com/goods.php?detail/118047249608" "Mozilla/5.0 AppleWebKit/537.36 (KHTML, like Gecko; compatible; GPTBot/1.3; +https://openai.com/gptbot)"
66.249.79.197 - - [21/Apr/2026:18:23:56 +0000] "GET /?b=3761493958 HTTP/1.1" 200 567115 "-" "Mozilla/5.0 (Linux; Android 6.0.1; Nexus 5X Build/MMB29P) AppleWebKit/537.36 (KHTML, like Gecko) Chrome/146.0.7680.177 Mobile Safari/537.36 (compatible; Googlebot/2.1; +http://www.google.com/bot.html)"
74.7.227.39 - - [21/Apr/2026:18:23:59 +0000] "GET /goods.php?detail/10102011294788 HTTP/1.1" 404 21054 "https://s2spw.com/goods.php?detail/1010088591912" "Mozilla/5.0 AppleWebKit/537.36 (KHTML, like Gecko; compatible; GPTBot/1.3; +https://openai.com/gptbot)"
74.7.227.39 - - [21/Apr/2026:18:24:02 +0000] "GET /goods.php?detail/01200944720334 HTTP/1.1" 404 21054 "https://s2spw.com/goods.php?jp/012009353.html" "Mozilla/5.0 AppleWebKit/537.36 (KHTML, like Gecko; compatible; GPTBot/1.3; +https://openai.com/gptbot)"
66.249.79.199 - - [21/Apr/2026:18:24:04 +0000] "GET /?b=3477880497 HTTP/1.1" 200 556825 "-" "Mozilla/5.0 (Linux; Android 6.0.1; Nexus 5X Build/MMB29P) AppleWebKit/537.36 (KHTML, like Gecko) Chrome/146.0.7680.177 Mobile Safari/537.36 (compatible; Googlebot/2.1; +http://www.google.com/bot.html)"
74.7.227.39 - - [21/Apr/2026:18:24:05 +0000] "GET /goods.php?detail/17101745385578 HTTP/1.1" 404 21054 "https://s2spw.com/goods.php?detail/1710172692882" "Mozilla/5.0 AppleWebKit/537.36 (KHTML, like Gecko; compatible; GPTBot/1.3; +https://openai.com/gptbot)"
66.249.79.199 - - [21/Apr/2026:18:24:06 +0000] "GET /?b=2290624425 HTTP/1.1" 200 563343 "-" "Mozilla/5.0 (Linux; Android 6.0.1; Nexus 5X Build/MMB29P) AppleWebKit/537.36 (KHTML, like Gecko) Chrome/146.0.7680.177 Mobile Safari/537.36 (compatible; Googlebot/2.1; +http://www.google.com/bot.html)"
74.7.227.39 - - [21/Apr/2026:18:24:08 +0000] "GET /goods.php?detail/17401731475857 HTTP/1.1" 404 21054 "https://s2spw.com/goods.php?detail/174017391348" "Mozilla/5.0 AppleWebKit/537.36 (KHTML, like Gecko; compatible; GPTBot/1.3; +https://openai.com/gptbot)"
66.249.79.196 - - [21/Apr/2026:18:24:09 +0000] "GET /?b=3778000203 HTTP/1.1" 200 553572 "-" "Mozilla/5.0 (Linux; Android 6.0.1; Nexus 5X Build/MMB29P) AppleWebKit/537.36 (KHTML, like Gecko) Chrome/146.0.7680.177 Mobile Safari/537.36 (compatible; Googlebot/2.1; +http://www.google.com/bot.html)"
74.7.227.39 - - [21/Apr/2026:18:24:10 +0000] "GET /goods.php?detail/05004116687118 HTTP/1.1" 404 21054 "https://s2spw.com/goods.php?detail/125010831911" "Mozilla/5.0 AppleWebKit/537.36 (KHTML, like Gecko; compatible; GPTBot/1.3; +https://openai.com/gptbot)"
66.249.79.195 - - [21/Apr/2026:18:24:11 +0000] "GET /?detail/092045865134 HTTP/1.1" 200 564765 "-" "Mozilla/5.0 (Linux; Android 6.0.1; Nexus 5X Build/MMB29P) AppleWebKit/537.36 (KHTML, like Gecko) Chrome/146.0.7680.177 Mobile Safari/537.36 (compatible; GoogleOther)"
66.249.79.196 - - [21/Apr/2026:18:24:13 +0000] "GET /?b=1293059005 HTTP/1.1" 200 566618 "-" "Mozilla/5.0 (Linux; Android 6.0.1; Nexus 5X Build/MMB29P) AppleWebKit/537.36 (KHTML, like Gecko) Chrome/146.0.7680.177 Mobile Safari/537.36 (compatible; Googlebot/2.1; +http://www.google.com/bot.html)"
74.7.227.39 - - [21/Apr/2026:18:24:13 +0000] "GET /goods.php?detail/18502197819129 HTTP/1.1" 404 21054 "https://s2spw.com/goods.php?detail/185024859548" "Mozilla/5.0 AppleWebKit/537.36 (KHTML, like Gecko; compatible; GPTBot/1.3; +https://openai.com/gptbot)"
66.249.79.197 - - [21/Apr/2026:18:24:16 +0000] "GET /?b=2937844322 HTTP/1.1" 200 556435 "-" "Mozilla/5.0 (Linux; Android 6.0.1; Nexus 5X Build/MMB29P) AppleWebKit/537.36 (KHTML, like Gecko) Chrome/146.0.7680.177 Mobile Safari/537.36 (compatible; Googlebot/2.1; +http://www.google.com/bot.html)"
74.7.227.39 - - [21/Apr/2026:18:24:16 +0000] "GET /goods.php?detail/08400679260044 HTTP/1.1" 404 21054 "https://s2spw.com/goods.php?jp/178032250.html" "Mozilla/5.0 AppleWebKit/537.36 (KHTML, like Gecko; compatible; GPTBot/1.3; +https://openai.com/gptbot)"
74.7.227.39 - - [21/Apr/2026:18:24:19 +0000] "GET /goods.php?detail/11204213618125 HTTP/1.1" 404 21054 "https://s2spw.com/goods.php?detail/235003632565" "Mozilla/5.0 AppleWebKit/537.36 (KHTML, like Gecko; compatible; GPTBot/1.3; +https://openai.com/gptbot)"
74.7.227.39 - - [21/Apr/2026:18:24:22 +0000] "GET /goods.php?detail/11704001149630 HTTP/1.1" 404 21054 "https://s2spw.com/goods.php?detail/1170272754121" "Mozilla/5.0 AppleWebKit/537.36 (KHTML, like Gecko; compatible; GPTBot/1.3; +https://openai.com/gptbot)"
66.249.79.196 - - [21/Apr/2026:18:24:22 +0000] "GET /?b=465600391 HTTP/1.1" 200 43282 "-" "Mozilla/5.0 (Linux; Android 6.0.1; Nexus 5X Build/MMB29P) AppleWebKit/537.36 (KHTML, like Gecko) Chrome/146.0.7680.177 Mobile Safari/537.36 (compatible; Googlebot/2.1; +http://www.google.com/bot.html)"
66.249.79.195 - - [21/Apr/2026:18:24:24 +0000] "GET /?b=3137487072 HTTP/1.1" 200 555903 "-" "Mozilla/5.0 (Linux; Android 6.0.1; Nexus 5X Build/MMB29P) AppleWebKit/537.36 (KHTML, like Gecko) Chrome/146.0.7680.177 Mobile Safari/537.36 (compatible; Googlebot/2.1; +http://www.google.com/bot.html)"
74.7.227.39 - - [21/Apr/2026:18:24:25 +0000] "GET /goods.php?detail/06601208075880 HTTP/1.1" 404 21054 "https://s2spw.com/goods.php?detail/066006116636" "Mozilla/5.0 AppleWebKit/537.36 (KHTML, like Gecko; compatible; GPTBot/1.3; +https://openai.com/gptbot)"
74.7.227.39 - - [21/Apr/2026:18:24:28 +0000] "GET /goods.php?detail/03802504065804 HTTP/1.1" 404 21054 "https://s2spw.com/goods.php?detail/049046603991" "Mozilla/5.0 AppleWebKit/537.36 (KHTML, like Gecko; compatible; GPTBot/1.3; +https://openai.com/gptbot)"
66.249.79.196 - - [21/Apr/2026:18:24:29 +0000] "GET /?b=1289545266 HTTP/1.1" 200 556176 "-" "Mozilla/5.0 (Linux; Android 6.0.1; Nexus 5X Build/MMB29P) AppleWebKit/537.36 (KHTML, like Gecko) Chrome/146.0.7680.177 Mobile Safari/537.36 (compatible; Googlebot/2.1; +http://www.google.com/bot.html)"
74.7.227.39 - - [21/Apr/2026:18:24:31 +0000] "GET /goods.php?detail/05502919304022 HTTP/1.1" 404 21054 "https://s2spw.com/goods.php?detail/202044237173" "Mozilla/5.0 AppleWebKit/537.36 (KHTML, like Gecko; compatible; GPTBot/1.3; +https://openai.com/gptbot)"
66.249.79.196 - - [21/Apr/2026:18:24:32 +0000] "GET /?b=1781967121 HTTP/1.1" 200 568146 "-" "Mozilla/5.0 (Linux; Android 6.0.1; Nexus 5X Build/MMB29P) AppleWebKit/537.36 (KHTML, like Gecko) Chrome/146.0.7680.177 Mobile Safari/537.36 (compatible; Googlebot/2.1; +http://www.google.com/bot.html)"
74.7.227.39 - - [21/Apr/2026:18:24:34 +0000] "GET /goods.php?detail/07500147143571 HTTP/1.1" 404 21054 "https://s2spw.com/goods.php?safe_search/config?return_url=%2Fproduct%2Fdetail%2Ftrmt-1-b00nstjq7s" "Mozilla/5.0 AppleWebKit/537.36 (KHTML, like Gecko; compatible; GPTBot/1.3; +https://openai.com/gptbot)"
216.73.216.14 - - [21/Apr/2026:18:24:36 +0000] "GET / HTTP/1.1" 200 43282 "-" "Mozilla/5.0 AppleWebKit/537.36 (KHTML, like Gecko; compatible; ClaudeBot/1.0; +claudebot@anthropic.com)"
74.7.227.39 - - [21/Apr/2026:18:24:36 +0000] "GET /goods.php?detail/09800426590019 HTTP/1.1" 404 21054 "https://s2spw.com/goods.php?detail/0980041900841" "Mozilla/5.0 AppleWebKit/537.36 (KHTML, like Gecko; compatible; GPTBot/1.3; +https://openai.com/gptbot)"
66.249.79.197 - - [21/Apr/2026:18:24:36 +0000] "GET /?jp/261041490.html HTTP/1.1" 200 563751 "-" "Mozilla/5.0 (Linux; Android 6.0.1; Nexus 5X Build/MMB29P) AppleWebKit/537.36 (KHTML, like Gecko) Chrome/146.0.7680.177 Mobile Safari/537.36 (compatible; Googlebot/2.1; +http://www.google.com/bot.html)"
74.7.227.39 - - [21/Apr/2026:18:24:39 +0000] "GET /goods.php?detail/02902509702632 HTTP/1.1" 404 21054 "https://s2spw.com/goods.php?detail/097046344844" "Mozilla/5.0 AppleWebKit/537.36 (KHTML, like Gecko; compatible; GPTBot/1.3; +https://openai.com/gptbot)"
74.7.227.39 - - [21/Apr/2026:18:24:42 +0000] "GET /goods.php?detail/01201101733892 HTTP/1.1" 404 21054 "https://s2spw.com/goods.php?detail/012009386592" "Mozilla/5.0 AppleWebKit/537.36 (KHTML, like Gecko; compatible; GPTBot/1.3; +https://openai.com/gptbot)"
91.132.49.157 - - [21/Apr/2026:18:24:43 +0000] "GET / HTTP/1.1" 200 43282 "-" "Mozilla/5.0"
66.249.79.195 - - [21/Apr/2026:18:24:44 +0000] "GET /?b=1077203922 HTTP/1.1" 200 557337 "-" "Mozilla/5.0 (Linux; Android 6.0.1; Nexus 5X Build/MMB29P) AppleWebKit/537.36 (KHTML, like Gecko) Chrome/146.0.7680.177 Mobile Safari/537.36 (compatible; Googlebot/2.1; +http://www.google.com/bot.html)"
74.7.227.39 - - [21/Apr/2026:18:24:45 +0000] "GET /goods.php?detail/08603613003473 HTTP/1.1" 404 21054 "https://s2spw.com/goods.php?detail/086032424952" "Mozilla/5.0 AppleWebKit/537.36 (KHTML, like Gecko; compatible; GPTBot/1.3; +https://openai.com/gptbot)"
74.7.227.39 - - [21/Apr/2026:18:24:48 +0000] "GET /goods.php?detail/15302257021293 HTTP/1.1" 404 21054 "https://s2spw.com/goods.php?detail/201024292666" "Mozilla/5.0 AppleWebKit/537.36 (KHTML, like Gecko; compatible; GPTBot/1.3; +https://openai.com/gptbot)"
66.249.79.199 - - [21/Apr/2026:18:24:49 +0000] "GET /?b=2962109013 HTTP/1.1" 200 555316 "-" "Mozilla/5.0 (Linux; Android 6.0.1; Nexus 5X Build/MMB29P) AppleWebKit/537.36 (KHTML, like Gecko) Chrome/146.0.7680.177 Mobile Safari/537.36 (compatible; Googlebot/2.1; +http://www.google.com/bot.html)"
74.7.227.39 - - [21/Apr/2026:18:24:50 +0000] "GET /goods.php?detail/28101035161805 HTTP/1.1" 404 21054 "https://s2spw.com/goods.php?detail/132000682410" "Mozilla/5.0 AppleWebKit/537.36 (KHTML, like Gecko; compatible; GPTBot/1.3; +https://openai.com/gptbot)"
74.7.227.39 - - [21/Apr/2026:18:24:53 +0000] "GET /goods.php?detail/08703456503500 HTTP/1.1" 404 21054 "https://s2spw.com/goods.php?detail/0870340237003" "Mozilla/5.0 AppleWebKit/537.36 (KHTML, like Gecko; compatible; GPTBot/1.3; +https://openai.com/gptbot)"
66.249.79.199 - - [21/Apr/2026:18:24:54 +0000] "GET /?goods/259005167 HTTP/1.1" 200 558768 "-" "Mozilla/5.0 (Linux; Android 6.0.1; Nexus 5X Build/MMB29P) AppleWebKit/537.36 (KHTML, like Gecko) Chrome/146.0.7680.177 Mobile Safari/537.36 (compatible; Googlebot/2.1; +http://www.google.com/bot.html)"
66.249.79.196 - - [21/Apr/2026:18:24:54 +0000] "GET /?b=2251329577 HTTP/1.1" 200 556586 "-" "Mozilla/5.0 (Linux; Android 6.0.1; Nexus 5X Build/MMB29P) AppleWebKit/537.36 (KHTML, like Gecko) Chrome/146.0.7680.177 Mobile Safari/537.36 (compatible; Googlebot/2.1; +http://www.google.com/bot.html)"
74.7.227.39 - - [21/Apr/2026:18:24:56 +0000] "GET /goods.php?detail/04303109115096 HTTP/1.1" 404 21054 "https://s2spw.com/goods.php?detail/179018047477" "Mozilla/5.0 AppleWebKit/537.36 (KHTML, like Gecko; compatible; GPTBot/1.3; +https://openai.com/gptbot)"
66.249.79.195 - - [21/Apr/2026:18:24:56 +0000] "GET /?b=2855549591 HTTP/1.1" 200 557347 "-" "Mozilla/5.0 (Linux; Android 6.0.1; Nexus 5X Build/MMB29P) AppleWebKit/537.36 (KHTML, like Gecko) Chrome/146.0.7680.177 Mobile Safari/537.36 (compatible; Googlebot/2.1; +http://www.google.com/bot.html)"
74.7.227.39 - - [21/Apr/2026:18:24:59 +0000] "GET /goods.php?detail/04301640824604 HTTP/1.1" 404 21054 "https://s2spw.com/goods.php?detail/043018349825" "Mozilla/5.0 AppleWebKit/537.36 (KHTML, like Gecko; compatible; GPTBot/1.3; +https://openai.com/gptbot)"
66.249.79.196 - - [21/Apr/2026:18:24:59 +0000] "GET /?b=2679126231 HTTP/1.1" 200 561435 "-" "Mozilla/5.0 (Linux; Android 6.0.1; Nexus 5X Build/MMB29P) AppleWebKit/537.36 (KHTML, like Gecko) Chrome/146.0.7680.177 Mobile Safari/537.36 (compatible; Googlebot/2.1; +http://www.google.com/bot.html)"
74.7.227.39 - - [21/Apr/2026:18:25:02 +0000] "GET /goods.php?detail/25400251232437 HTTP/1.1" 404 21054 "https://s2spw.com/goods.php?detail/254002569825" "Mozilla/5.0 AppleWebKit/537.36 (KHTML, like Gecko; compatible; GPTBot/1.3; +https://openai.com/gptbot)"
66.249.79.196 - - [21/Apr/2026:18:25:03 +0000] "GET /?b=1651081228 HTTP/1.1" 200 554453 "-" "Mozilla/5.0 (Linux; Android 6.0.1; Nexus 5X Build/MMB29P) AppleWebKit/537.36 (KHTML, like Gecko) Chrome/146.0.7680.177 Mobile Safari/537.36 (compatible; Googlebot/2.1; +http://www.google.com/bot.html)"
66.249.79.195 - - [21/Apr/2026:18:25:03 +0000] "GET /?jp/070000310.html HTTP/1.1" 200 555409 "-" "Mozilla/5.0 (Linux; Android 6.0.1; Nexus 5X Build/MMB29P) AppleWebKit/537.36 (KHTML, like Gecko) Chrome/146.0.7680.177 Mobile Safari/537.36 (compatible; Googlebot/2.1; +http://www.google.com/bot.html)"
74.7.227.39 - - [21/Apr/2026:18:25:05 +0000] "GET /goods.php?detail/14804349104533 HTTP/1.1" 404 21054 "https://s2spw.com/goods.php?detail/014038255145" "Mozilla/5.0 AppleWebKit/537.36 (KHTML, like Gecko; compatible; GPTBot/1.3; +https://openai.com/gptbot)"
74.7.227.39 - - [21/Apr/2026:18:25:07 +0000] "GET /goods.php?detail/21702529177254 HTTP/1.1" 404 21054 "https://s2spw.com/goods.php?detail/127026988222" "Mozilla/5.0 AppleWebKit/537.36 (KHTML, like Gecko; compatible; GPTBot/1.3; +https://openai.com/gptbot)"
66.249.79.200 - - [21/Apr/2026:18:25:07 +0000] "GET /?b=3122433472 HTTP/1.1" 200 558994 "-" "Mozilla/5.0 (Linux; Android 6.0.1; Nexus 5X Build/MMB29P) AppleWebKit/537.36 (KHTML, like Gecko) Chrome/146.0.7680.177 Mobile Safari/537.36 (compatible; Googlebot/2.1; +http://www.google.com/bot.html)"
74.7.227.39 - - [21/Apr/2026:18:25:10 +0000] "GET /goods.php?detail/26303181428128 HTTP/1.1" 404 21054 "https://s2spw.com/goods.php?detail/2630326882413" "Mozilla/5.0 AppleWebKit/537.36 (KHTML, like Gecko; compatible; GPTBot/1.3; +https://openai.com/gptbot)"
66.249.79.196 - - [21/Apr/2026:18:25:11 +0000] "GET /?detail/07102803624771 HTTP/1.1" 200 561535 "-" "Mozilla/5.0 (Linux; Android 6.0.1; Nexus 5X Build/MMB29P) AppleWebKit/537.36 (KHTML, like Gecko) Chrome/146.0.7680.177 Mobile Safari/537.36 (compatible; Googlebot/2.1; +http://www.google.com/bot.html)"
74.7.227.39 - - [21/Apr/2026:18:25:13 +0000] "GET /goods.php?detail/25800802038693 HTTP/1.1" 404 21054 "https://s2spw.com/goods.php?detail/159044767067" "Mozilla/5.0 AppleWebKit/537.36 (KHTML, like Gecko; compatible; GPTBot/1.3; +https://openai.com/gptbot)"
66.249.79.196 - - [21/Apr/2026:18:25:15 +0000] "GET /?detail/272028105719 HTTP/1.1" 200 555867 "-" "Mozilla/5.0 (Linux; Android 6.0.1; Nexus 5X Build/MMB29P) AppleWebKit/537.36 (KHTML, like Gecko) Chrome/146.0.7680.177 Mobile Safari/537.36 (compatible; Googlebot/2.1; +http://www.google.com/bot.html)"
74.7.227.39 - - [21/Apr/2026:18:25:16 +0000] "GET /goods.php?detail/20700877202469 HTTP/1.1" 404 21054 "https://s2spw.com/goods.php?detail/207008709915" "Mozilla/5.0 AppleWebKit/537.36 (KHTML, like Gecko; compatible; GPTBot/1.3; +https://openai.com/gptbot)"
74.7.227.39 - - [21/Apr/2026:18:25:19 +0000] "GET /goods.php?detail/25704005696600 HTTP/1.1" 404 21054 "https://s2spw.com/goods.php?detail/165016480013" "Mozilla/5.0 AppleWebKit/537.36 (KHTML, like Gecko; compatible; GPTBot/1.3; +https://openai.com/gptbot)"
66.249.79.198 - - [21/Apr/2026:18:25:19 +0000] "GET /?b=200199965 HTTP/1.1" 200 43282 "-" "Mozilla/5.0 (Linux; Android 6.0.1; Nexus 5X Build/MMB29P) AppleWebKit/537.36 (KHTML, like Gecko) Chrome/146.0.7680.177 Mobile Safari/537.36 (compatible; Googlebot/2.1; +http://www.google.com/bot.html)"
74.7.227.39 - - [21/Apr/2026:18:25:21 +0000] "GET /goods.php?detail/11604224219043 HTTP/1.1" 404 21054 "https://s2spw.com/goods.php?detail/0150100520704" "Mozilla/5.0 AppleWebKit/537.36 (KHTML, like Gecko; compatible; GPTBot/1.3; +https://openai.com/gptbot)"
66.249.79.196 - - [21/Apr/2026:18:25:23 +0000] "GET /?b=1082840424 HTTP/1.1" 200 558291 "-" "Mozilla/5.0 (Linux; Android 6.0.1; Nexus 5X Build/MMB29P) AppleWebKit/537.36 (KHTML, like Gecko) Chrome/146.0.7680.177 Mobile Safari/537.36 (compatible; Googlebot/2.1; +http://www.google.com/bot.html)"
74.7.227.39 - - [21/Apr/2026:18:25:24 +0000] "GET /goods.php?detail/08504540143614 HTTP/1.1" 404 21054 "https://s2spw.com/goods.php?detail/085044550357" "Mozilla/5.0 AppleWebKit/537.36 (KHTML, like Gecko; compatible; GPTBot/1.3; +https://openai.com/gptbot)"
74.7.227.39 - - [21/Apr/2026:18:25:30 +0000] "GET /goods.php?detail/04303437502212 HTTP/1.1" 404 21054 "https://s2spw.com/goods.php?detail/043034306856" "Mozilla/5.0 AppleWebKit/537.36 (KHTML, like Gecko; compatible; GPTBot/1.3; +https://openai.com/gptbot)"
66.249.79.196 - - [21/Apr/2026:18:25:30 +0000] "GET /?detail/07502563785800 HTTP/1.1" 301 - "-" "Mozilla/5.0 (Linux; Android 6.0.1; Nexus 5X Build/MMB29P) AppleWebKit/537.36 (KHTML, like Gecko) Chrome/146.0.7680.177 Mobile Safari/537.36 (compatible; GoogleOther)"
66.249.79.198 - - [21/Apr/2026:18:25:30 +0000] "GET /?jp/258024059.html HTTP/1.1" 200 558489 "-" "Mozilla/5.0 (Linux; Android 6.0.1; Nexus 5X Build/MMB29P) AppleWebKit/537.36 (KHTML, like Gecko) Chrome/146.0.7680.177 Mobile Safari/537.36 (compatible; Googlebot/2.1; +http://www.google.com/bot.html)"
74.7.227.39 - - [21/Apr/2026:18:25:30 +0000] "GET /goods.php?detail/17500595454076 HTTP/1.1" 404 21054 "https://s2spw.com/goods.php?detail/175017784866" "Mozilla/5.0 AppleWebKit/537.36 (KHTML, like Gecko; compatible; GPTBot/1.3; +https://openai.com/gptbot)"
66.249.79.198 - - [21/Apr/2026:18:25:31 +0000] "GET /?goods/206006841 HTTP/1.1" 200 559984 "-" "Mozilla/5.0 (Linux; Android 6.0.1; Nexus 5X Build/MMB29P) AppleWebKit/537.36 (KHTML, like Gecko) Chrome/146.0.7680.177 Mobile Safari/537.36 (compatible; Googlebot/2.1; +http://www.google.com/bot.html)"
74.7.227.39 - - [21/Apr/2026:18:25:33 +0000] "GET /goods.php?detail/15504361500716 HTTP/1.1" 404 21054 "https://s2spw.com/goods.php?detail/128042899113" "Mozilla/5.0 AppleWebKit/537.36 (KHTML, like Gecko; compatible; GPTBot/1.3; +https://openai.com/gptbot)"
66.249.79.197 - - [21/Apr/2026:18:25:35 +0000] "GET /?goods/259020327 HTTP/1.1" 200 558065 "-" "Mozilla/5.0 (Linux; Android 6.0.1; Nexus 5X Build/MMB29P) AppleWebKit/537.36 (KHTML, like Gecko) Chrome/146.0.7680.177 Mobile Safari/537.36 (compatible; Googlebot/2.1; +http://www.google.com/bot.html)"
66.249.79.196 - - [21/Apr/2026:18:25:35 +0000] "GET /?detail%2F07502563785800 HTTP/1.1" 200 560458 "-" "Mozilla/5.0 (Linux; Android 6.0.1; Nexus 5X Build/MMB29P) AppleWebKit/537.36 (KHTML, like Gecko) Chrome/146.0.7680.177 Mobile Safari/537.36 (compatible; GoogleOther)"
74.7.227.39 - - [21/Apr/2026:18:25:36 +0000] "GET /goods.php?detail/00200522466291 HTTP/1.1" 404 21054 "https://s2spw.com/goods.php?detail/002005148340" "Mozilla/5.0 AppleWebKit/537.36 (KHTML, like Gecko; compatible; GPTBot/1.3; +https://openai.com/gptbot)"
74.7.227.39 - - [21/Apr/2026:18:25:39 +0000] "GET /goods.php?detail/24900110064265 HTTP/1.1" 404 21054 "https://s2spw.com/goods.php?detail/249001794290" "Mozilla/5.0 AppleWebKit/537.36 (KHTML, like Gecko; compatible; GPTBot/1.3; +https://openai.com/gptbot)"
66.249.79.197 - - [21/Apr/2026:18:25:39 +0000] "GET /?jp/253014219.html HTTP/1.1" 200 554929 "-" "Mozilla/5.0 (Linux; Android 6.0.1; Nexus 5X Build/MMB29P) AppleWebKit/537.36 (KHTML, like Gecko) Chrome/146.0.7680.177 Mobile Safari/537.36 (compatible; Googlebot/2.1; +http://www.google.com/bot.html)"
74.7.227.39 - - [21/Apr/2026:18:25:42 +0000] "GET /goods.php?detail/11502508862851 HTTP/1.1" 404 21054 "https://s2spw.com/goods.php?detail/1150151224354" "Mozilla/5.0 AppleWebKit/537.36 (KHTML, like Gecko; compatible; GPTBot/1.3; +https://openai.com/gptbot)"
66.249.79.199 - - [21/Apr/2026:18:25:43 +0000] "GET /?jp/271009515.html HTTP/1.1" 200 556012 "-" "Mozilla/5.0 (Linux; Android 6.0.1; Nexus 5X Build/MMB29P) AppleWebKit/537.36 (KHTML, like Gecko) Chrome/146.0.7680.177 Mobile Safari/537.36 (compatible; Googlebot/2.1; +http://www.google.com/bot.html)"
74.7.227.39 - - [21/Apr/2026:18:25:44 +0000] "GET /goods.php?detail/20101962071703 HTTP/1.1" 404 21054 "https://s2spw.com/goods.php?detail/201020042553" "Mozilla/5.0 AppleWebKit/537.36 (KHTML, like Gecko; compatible; GPTBot/1.3; +https://openai.com/gptbot)"
66.249.79.197 - - [21/Apr/2026:18:25:47 +0000] "GET /?goods/104026391 HTTP/1.1" 200 580896 "-" "Mozilla/5.0 (Linux; Android 6.0.1; Nexus 5X Build/MMB29P) AppleWebKit/537.36 (KHTML, like Gecko) Chrome/146.0.7680.177 Mobile Safari/537.36 (compatible; Googlebot/2.1; +http://www.google.com/bot.html)"
74.7.227.39 - - [21/Apr/2026:18:25:47 +0000] "GET /goods.php?detail/17101045340564 HTTP/1.1" 404 21054 "https://s2spw.com/goods.php?detail/1710103709121" "Mozilla/5.0 AppleWebKit/537.36 (KHTML, like Gecko; compatible; GPTBot/1.3; +https://openai.com/gptbot)"
74.7.227.39 - - [21/Apr/2026:18:25:50 +0000] "GET /goods.php?detail/11202451621273 HTTP/1.1" 404 21054 "https://s2spw.com/goods.php?detail/2020166035329" "Mozilla/5.0 AppleWebKit/537.36 (KHTML, like Gecko; compatible; GPTBot/1.3; +https://openai.com/gptbot)"
66.249.79.196 - - [21/Apr/2026:18:25:51 +0000] "GET /?jp/210049206.html HTTP/1.1" 200 593381 "-" "Mozilla/5.0 (Linux; Android 6.0.1; Nexus 5X Build/MMB29P) AppleWebKit/537.36 (KHTML, like Gecko) Chrome/146.0.7680.177 Mobile Safari/537.36 (compatible; Googlebot/2.1; +http://www.google.com/bot.html)"
74.7.227.39 - - [21/Apr/2026:18:25:53 +0000] "GET /goods.php?detail/09003760839537 HTTP/1.1" 404 21054 "https://s2spw.com/goods.php?detail/255047047794" "Mozilla/5.0 AppleWebKit/537.36 (KHTML, like Gecko; compatible; GPTBot/1.3; +https://openai.com/gptbot)"
66.249.79.201 - - [21/Apr/2026:18:25:55 +0000] "GET /?detail/1410143799320 HTTP/1.1" 200 558326 "-" "Mozilla/5.0 (Linux; Android 6.0.1; Nexus 5X Build/MMB29P) AppleWebKit/537.36 (KHTML, like Gecko) Chrome/146.0.7680.177 Mobile Safari/537.36 (compatible; Googlebot/2.1; +http://www.google.com/bot.html)"
74.7.227.39 - - [21/Apr/2026:18:25:56 +0000] "GET /goods.php?detail/02500787538872 HTTP/1.1" 404 21054 "https://s2spw.com/goods.php?detail/203047160307" "Mozilla/5.0 AppleWebKit/537.36 (KHTML, like Gecko; compatible; GPTBot/1.3; +https://openai.com/gptbot)"
74.7.227.39 - - [21/Apr/2026:18:26:00 +0000] "GET /goods.php?detail/01001344921454 HTTP/1.1" 404 21054 "https://s2spw.com/goods.php?detail/010013180230" "Mozilla/5.0 AppleWebKit/537.36 (KHTML, like Gecko; compatible; GPTBot/1.3; +https://openai.com/gptbot)"
74.7.227.39 - - [21/Apr/2026:18:26:01 +0000] "GET /goods.php?detail/23903424218141 HTTP/1.1" 404 21054 "https://s2spw.com/goods.php?detail/2390336533700" "Mozilla/5.0 AppleWebKit/537.36 (KHTML, like Gecko; compatible; GPTBot/1.3; +https://openai.com/gptbot)"
66.249.79.196 - - [21/Apr/2026:18:26:02 +0000] "GET /?goods/042021615 HTTP/1.1" 200 560499 "-" "Mozilla/5.0 (Linux; Android 6.0.1; Nexus 5X Build/MMB29P) AppleWebKit/537.36 (KHTML, like Gecko) Chrome/146.0.7680.177 Mobile Safari/537.36 (compatible; Googlebot/2.1; +http://www.google.com/bot.html)"
74.7.227.39 - - [21/Apr/2026:18:26:04 +0000] "GET /goods.php?detail/04300440732789 HTTP/1.1" 404 21054 "https://s2spw.com/goods.php?detail/043003332314" "Mozilla/5.0 AppleWebKit/537.36 (KHTML, like Gecko; compatible; GPTBot/1.3; +https://openai.com/gptbot)"
66.249.79.199 - - [21/Apr/2026:18:26:06 +0000] "GET /?jp/036005939.html HTTP/1.1" 200 559288 "-" "Mozilla/5.0 (Linux; Android 6.0.1; Nexus 5X Build/MMB29P) AppleWebKit/537.36 (KHTML, like Gecko) Chrome/146.0.7680.177 Mobile Safari/537.36 (compatible; Googlebot/2.1; +http://www.google.com/bot.html)"
74.7.227.39 - - [21/Apr/2026:18:26:07 +0000] "GET /goods.php?detail/25901179944717 HTTP/1.1" 404 21054 "https://s2spw.com/goods.php?detail/259005400684" "Mozilla/5.0 AppleWebKit/537.36 (KHTML, like Gecko; compatible; GPTBot/1.3; +https://openai.com/gptbot)"
74.7.227.39 - - [21/Apr/2026:18:26:10 +0000] "GET /goods.php?detail/20704049830045 HTTP/1.1" 404 21054 "https://s2spw.com/goods.php?detail/122007947966" "Mozilla/5.0 AppleWebKit/537.36 (KHTML, like Gecko; compatible; GPTBot/1.3; +https://openai.com/gptbot)"
66.249.79.199 - - [21/Apr/2026:18:26:10 +0000] "GET /?jp/213022144.html HTTP/1.1" 301 - "-" "Mozilla/5.0 (Linux; Android 6.0.1; Nexus 5X Build/MMB29P) AppleWebKit/537.36 (KHTML, like Gecko) Chrome/146.0.7680.177 Mobile Safari/537.36 (compatible; Googlebot/2.1; +http://www.google.com/bot.html)"
66.249.79.196 - - [21/Apr/2026:18:26:11 +0000] "GET /?jp%2F213022144_html HTTP/1.1" 200 555040 "-" "Mozilla/5.0 (Linux; Android 6.0.1; Nexus 5X Build/MMB29P) AppleWebKit/537.36 (KHTML, like Gecko) Chrome/146.0.7680.177 Mobile Safari/537.36 (compatible; Googlebot/2.1; +http://www.google.com/bot.html)"
66.249.79.198 - - [21/Apr/2026:18:26:13 +0000] "GET /?detail/1070268038792 HTTP/1.1" 200 558594 "-" "Mozilla/5.0 (Linux; Android 6.0.1; Nexus 5X Build/MMB29P) AppleWebKit/537.36 (KHTML, like Gecko) Chrome/146.0.7680.177 Mobile Safari/537.36 (compatible; GoogleOther)"
74.7.227.39 - - [21/Apr/2026:18:26:13 +0000] "GET /goods.php?detail/18802005209399 HTTP/1.1" 404 21054 "https://s2spw.com/goods.php?detail/1880199838994" "Mozilla/5.0 AppleWebKit/537.36 (KHTML, like Gecko; compatible; GPTBot/1.3; +https://openai.com/gptbot)"
66.249.79.196 - - [21/Apr/2026:18:26:14 +0000] "GET /?goods/026033904 HTTP/1.1" 200 582297 "-" "Mozilla/5.0 (Linux; Android 6.0.1; Nexus 5X Build/MMB29P) AppleWebKit/537.36 (KHTML, like Gecko) Chrome/146.0.7680.177 Mobile Safari/537.36 (compatible; Googlebot/2.1; +http://www.google.com/bot.html)"
74.7.227.39 - - [21/Apr/2026:18:26:16 +0000] "GET /goods.php?detail/08401420328438 HTTP/1.1" 404 21054 "https://s2spw.com/goods.php?detail/0840137085523" "Mozilla/5.0 AppleWebKit/537.36 (KHTML, like Gecko; compatible; GPTBot/1.3; +https://openai.com/gptbot)"
74.7.227.39 - - [21/Apr/2026:18:26:19 +0000] "GET /goods.php?detail/12204546206055 HTTP/1.1" 404 21054 "https://s2spw.com/goods.php?jp/122047172.html" "Mozilla/5.0 AppleWebKit/537.36 (KHTML, like Gecko; compatible; GPTBot/1.3; +https://openai.com/gptbot)"
66.249.79.196 - - [21/Apr/2026:18:26:20 +0000] "GET /?goods/299041129 HTTP/1.1" 200 553549 "-" "Mozilla/5.0 (Linux; Android 6.0.1; Nexus 5X Build/MMB29P) AppleWebKit/537.36 (KHTML, like Gecko) Chrome/146.0.7680.177 Mobile Safari/537.36 (compatible; Googlebot/2.1; +http://www.google.com/bot.html)"
74.7.227.39 - - [21/Apr/2026:18:26:22 +0000] "GET /goods.php?detail/04500754804152 HTTP/1.1" 404 21054 "https://s2spw.com/goods.php?detail/0450074507549" "Mozilla/5.0 AppleWebKit/537.36 (KHTML, like Gecko; compatible; GPTBot/1.3; +https://openai.com/gptbot)"
66.249.79.196 - - [21/Apr/2026:18:26:22 +0000] "GET /?detail/11604982570747 HTTP/1.1" 200 557719 "-" "Mozilla/5.0 (Linux; Android 6.0.1; Nexus 5X Build/MMB29P) AppleWebKit/537.36 (KHTML, like Gecko) Chrome/146.0.7680.177 Mobile Safari/537.36 (compatible; Googlebot/2.1; +http://www.google.com/bot.html)"
74.7.227.39 - - [21/Apr/2026:18:26:24 +0000] "GET /goods.php?detail/03603011090522 HTTP/1.1" 404 21054 "https://s2spw.com/goods.php?detail/0360326402230" "Mozilla/5.0 AppleWebKit/537.36 (KHTML, like Gecko; compatible; GPTBot/1.3; +https://openai.com/gptbot)"
66.249.79.195 - - [21/Apr/2026:18:26:26 +0000] "GET /?detail/11902432635841 HTTP/1.1" 200 555983 "-" "Mozilla/5.0 (Linux; Android 6.0.1; Nexus 5X Build/MMB29P) AppleWebKit/537.36 (KHTML, like Gecko) Chrome/146.0.7680.177 Mobile Safari/537.36 (compatible; Googlebot/2.1; +http://www.google.com/bot.html)"
74.7.227.39 - - [21/Apr/2026:18:26:27 +0000] "GET /goods.php?detail/27602457661667 HTTP/1.1" 404 21054 "https://s2spw.com/goods.php?detail/230044833914" "Mozilla/5.0 AppleWebKit/537.36 (KHTML, like Gecko; compatible; GPTBot/1.3; +https://openai.com/gptbot)"
74.7.227.39 - - [21/Apr/2026:18:26:30 +0000] "GET /goods.php?detail/19704416636316 HTTP/1.1" 404 21054 "https://s2spw.com/goods.php?detail/197043638360" "Mozilla/5.0 AppleWebKit/537.36 (KHTML, like Gecko; compatible; GPTBot/1.3; +https://openai.com/gptbot)"
74.7.227.39 - - [21/Apr/2026:18:26:33 +0000] "GET /goods.php?detail/29702149921134 HTTP/1.1" 404 21054 "https://s2spw.com/goods.php?detail/297041981110" "Mozilla/5.0 AppleWebKit/537.36 (KHTML, like Gecko; compatible; GPTBot/1.3; +https://openai.com/gptbot)"
66.249.79.198 - - [21/Apr/2026:18:26:32 +0000] "GET /?detail/044044859046 HTTP/1.1" 200 554384 "-" "Mozilla/5.0 (Linux; Android 6.0.1; Nexus 5X Build/MMB29P) AppleWebKit/537.36 (KHTML, like Gecko) Chrome/146.0.7680.177 Mobile Safari/537.36 (compatible; Googlebot/2.1; +http://www.google.com/bot.html)"
66.249.79.196 - - [21/Apr/2026:18:26:34 +0000] "GET /?jp/044044832.html HTTP/1.1" 200 554375 "-" "Mozilla/5.0 (Linux; Android 6.0.1; Nexus 5X Build/MMB29P) AppleWebKit/537.36 (KHTML, like Gecko) Chrome/146.0.7680.177 Mobile Safari/537.36 (compatible; Googlebot/2.1; +http://www.google.com/bot.html)"
74.7.227.39 - - [21/Apr/2026:18:26:36 +0000] "GET /goods.php?detail/21302903504022 HTTP/1.1" 404 21054 "https://s2spw.com/goods.php?detail/226029026564" "Mozilla/5.0 AppleWebKit/537.36 (KHTML, like Gecko; compatible; GPTBot/1.3; +https://openai.com/gptbot)"
74.7.227.39 - - [21/Apr/2026:18:26:38 +0000] "GET /goods.php?detail/02400190519284 HTTP/1.1" 404 21054 "https://s2spw.com/goods.php?detail/024004288201" "Mozilla/5.0 AppleWebKit/537.36 (KHTML, like Gecko; compatible; GPTBot/1.3; +https://openai.com/gptbot)"
66.249.79.195 - - [21/Apr/2026:18:26:39 +0000] "GET /?b=2155296621 HTTP/1.1" 200 556772 "-" "Mozilla/5.0 (Linux; Android 6.0.1; Nexus 5X Build/MMB29P) AppleWebKit/537.36 (KHTML, like Gecko) Chrome/146.0.7680.177 Mobile Safari/537.36 (compatible; Googlebot/2.1; +http://www.google.com/bot.html)"
74.7.227.39 - - [21/Apr/2026:18:26:41 +0000] "GET /goods.php?detail/23703714101600 HTTP/1.1" 404 21054 "https://s2spw.com/goods.php?detail/007002684577" "Mozilla/5.0 AppleWebKit/537.36 (KHTML, like Gecko; compatible; GPTBot/1.3; +https://openai.com/gptbot)"
66.249.79.199 - - [21/Apr/2026:18:26:43 +0000] "GET /?goods/108006378 HTTP/1.1" 200 559036 "-" "Mozilla/5.0 (Linux; Android 6.0.1; Nexus 5X Build/MMB29P) AppleWebKit/537.36 (KHTML, like Gecko) Chrome/146.0.7680.177 Mobile Safari/537.36 (compatible; Googlebot/2.1; +http://www.google.com/bot.html)"
74.7.227.39 - - [21/Apr/2026:18:26:44 +0000] "GET /goods.php?detail/02700101922068 HTTP/1.1" 404 21054 "https://s2spw.com/goods.php?pcmypage?callback=/product%2Fdetail%2kaimori-guirat113" "Mozilla/5.0 AppleWebKit/537.36 (KHTML, like Gecko; compatible; GPTBot/1.3; +https://openai.com/gptbot)"
66.249.79.196 - - [21/Apr/2026:18:26:46 +0000] "GET /?b=3605200051 HTTP/1.1" 200 558162 "-" "Mozilla/5.0 (Linux; Android 6.0.1; Nexus 5X Build/MMB29P) AppleWebKit/537.36 (KHTML, like Gecko) Chrome/146.0.7680.177 Mobile Safari/537.36 (compatible; Googlebot/2.1; +http://www.google.com/bot.html)"
74.7.227.39 - - [21/Apr/2026:18:26:47 +0000] "GET /goods.php?detail/06502250742043 HTTP/1.1" 404 21054 "https://s2spw.com/goods.php?goods/285035796" "Mozilla/5.0 AppleWebKit/537.36 (KHTML, like Gecko; compatible; GPTBot/1.3; +https://openai.com/gptbot)"
66.249.79.197 - - [21/Apr/2026:18:26:48 +0000] "GET /?jp/194023467.html HTTP/1.1" 200 568023 "-" "Mozilla/5.0 (Linux; Android 6.0.1; Nexus 5X Build/MMB29P) AppleWebKit/537.36 (KHTML, like Gecko) Chrome/146.0.7680.177 Mobile Safari/537.36 (compatible; Googlebot/2.1; +http://www.google.com/bot.html)"
74.7.227.39 - - [21/Apr/2026:18:26:50 +0000] "GET /goods.php?detail/04204012131864 HTTP/1.1" 404 21054 "https://s2spw.com/goods.php?detail/042040212083" "Mozilla/5.0 AppleWebKit/537.36 (KHTML, like Gecko; compatible; GPTBot/1.3; +https://openai.com/gptbot)"
66.249.79.201 - - [21/Apr/2026:18:26:51 +0000] "GET /?goods/027013964 HTTP/1.1" 200 554207 "-" "Mozilla/5.0 (Linux; Android 6.0.1; Nexus 5X Build/MMB29P) AppleWebKit/537.36 (KHTML, like Gecko) Chrome/146.0.7680.177 Mobile Safari/537.36 (compatible; Googlebot/2.1; +http://www.google.com/bot.html)"
74.7.227.39 - - [21/Apr/2026:18:26:53 +0000] "GET /goods.php?detail/08303266324766 HTTP/1.1" 404 21054 "https://s2spw.com/goods.php?detail/08303265190163" "Mozilla/5.0 AppleWebKit/537.36 (KHTML, like Gecko; compatible; GPTBot/1.3; +https://openai.com/gptbot)"
66.249.79.199 - - [21/Apr/2026:18:26:54 +0000] "GET /?detail/24301271597799 HTTP/1.1" 200 560386 "-" "Mozilla/5.0 (Linux; Android 6.0.1; Nexus 5X Build/MMB29P) AppleWebKit/537.36 (KHTML, like Gecko) Chrome/146.0.7680.177 Mobile Safari/537.36 (compatible; Googlebot/2.1; +http://www.google.com/bot.html)"
74.7.227.39 - - [21/Apr/2026:18:26:55 +0000] "GET /goods.php?detail/05602601209594 HTTP/1.1" 404 21054 "https://s2spw.com/goods.php?detail/058046196405" "Mozilla/5.0 AppleWebKit/537.36 (KHTML, like Gecko; compatible; GPTBot/1.3; +https://openai.com/gptbot)"
66.249.79.199 - - [21/Apr/2026:18:26:58 +0000] "GET /?goods/160001620 HTTP/1.1" 200 586802 "-" "Mozilla/5.0 (Linux; Android 6.0.1; Nexus 5X Build/MMB29P) AppleWebKit/537.36 (KHTML, like Gecko) Chrome/146.0.7680.177 Mobile Safari/537.36 (compatible; Googlebot/2.1; +http://www.google.com/bot.html)"
74.7.227.39 - - [21/Apr/2026:18:26:58 +0000] "GET /goods.php?detail/06602359796090 HTTP/1.1" 404 21054 "https://s2spw.com/goods.php?detail/0660242462105" "Mozilla/5.0 AppleWebKit/537.36 (KHTML, like Gecko; compatible; GPTBot/1.3; +https://openai.com/gptbot)"
74.7.227.39 - - [21/Apr/2026:18:27:01 +0000] "GET /goods.php?detail/12904929524589 HTTP/1.1" 404 21054 "https://s2spw.com/goods.php?detail/2680028380183" "Mozilla/5.0 AppleWebKit/537.36 (KHTML, like Gecko; compatible; GPTBot/1.3; +https://openai.com/gptbot)"
66.249.79.198 - - [21/Apr/2026:18:27:03 +0000] "GET /?goods/177029479 HTTP/1.1" 200 555987 "-" "Mozilla/5.0 (Linux; Android 6.0.1; Nexus 5X Build/MMB29P) AppleWebKit/537.36 (KHTML, like Gecko) Chrome/146.0.7680.177 Mobile Safari/537.36 (compatible; Googlebot/2.1; +http://www.google.com/bot.html)"
74.7.227.39 - - [21/Apr/2026:18:27:04 +0000] "GET /goods.php?detail/24600778427624 HTTP/1.1" 404 21054 "https://s2spw.com/goods.php?detail/014009909723" "Mozilla/5.0 AppleWebKit/537.36 (KHTML, like Gecko; compatible; GPTBot/1.3; +https://openai.com/gptbot)"
74.7.227.39 - - [21/Apr/2026:18:27:07 +0000] "GET /goods.php?detail/00604889266083 HTTP/1.1" 404 21054 "https://s2spw.com/goods.php?detail/245043940432" "Mozilla/5.0 AppleWebKit/537.36 (KHTML, like Gecko; compatible; GPTBot/1.3; +https://openai.com/gptbot)"
66.249.79.198 - - [21/Apr/2026:18:27:08 +0000] "GET /?detail/207006234525 HTTP/1.1" 200 562416 "-" "Mozilla/5.0 (Linux; Android 6.0.1; Nexus 5X Build/MMB29P) AppleWebKit/537.36 (KHTML, like Gecko) Chrome/146.0.7680.177 Mobile Safari/537.36 (compatible; Googlebot/2.1; +http://www.google.com/bot.html)"
74.7.227.39 - - [21/Apr/2026:18:27:10 +0000] "GET /goods.php?detail/09003954431600 HTTP/1.1" 404 21054 "https://s2spw.com/goods.php?detail/0900399115211" "Mozilla/5.0 AppleWebKit/537.36 (KHTML, like Gecko; compatible; GPTBot/1.3; +https://openai.com/gptbot)"
66.249.79.198 - - [21/Apr/2026:18:27:10 +0000] "GET /?jp/156008187.html HTTP/1.1" 200 572260 "-" "Mozilla/5.0 (Linux; Android 6.0.1; Nexus 5X Build/MMB29P) AppleWebKit/537.36 (KHTML, like Gecko) Chrome/146.0.7680.177 Mobile Safari/537.36 (compatible; Googlebot/2.1; +http://www.google.com/bot.html)"
74.7.227.39 - - [21/Apr/2026:18:27:13 +0000] "GET /goods.php?detail/17001775797256 HTTP/1.1" 404 21054 "https://s2spw.com/goods.php?detail/170017393878" "Mozilla/5.0 AppleWebKit/537.36 (KHTML, like Gecko; compatible; GPTBot/1.3; +https://openai.com/gptbot)"
66.249.79.195 - - [21/Apr/2026:18:27:13 +0000] "GET /?jp/099028401.html HTTP/1.1" 200 554682 "-" "Mozilla/5.0 (Linux; Android 6.0.1; Nexus 5X Build/MMB29P) AppleWebKit/537.36 (KHTML, like Gecko) Chrome/146.0.7680.177 Mobile Safari/537.36 (compatible; Googlebot/2.1; +http://www.google.com/bot.html)"
74.7.227.39 - - [21/Apr/2026:18:27:16 +0000] "GET /goods.php?detail/16001019775729 HTTP/1.1" 404 21054 "https://s2spw.com/goods.php?detail/160010117043" "Mozilla/5.0 AppleWebKit/537.36 (KHTML, like Gecko; compatible; GPTBot/1.3; +https://openai.com/gptbot)"
216.73.216.14 - - [21/Apr/2026:18:27:16 +0000] "GET /buy.php HTTP/1.1" 200 423417 "-" "Mozilla/5.0 AppleWebKit/537.36 (KHTML, like Gecko; compatible; ClaudeBot/1.0; +claudebot@anthropic.com)"
66.249.79.196 - - [21/Apr/2026:18:27:17 +0000] "GET /?detail/04603503610619 HTTP/1.1" 200 558060 "-" "Mozilla/5.0 (Linux; Android 6.0.1; Nexus 5X Build/MMB29P) AppleWebKit/537.36 (KHTML, like Gecko) Chrome/146.0.7680.177 Mobile Safari/537.36 (compatible; GoogleOther)"
66.249.79.195 - - [21/Apr/2026:18:27:17 +0000] "GET /?detail/2130192297580 HTTP/1.1" 200 557681 "-" "Mozilla/5.0 (Linux; Android 6.0.1; Nexus 5X Build/MMB29P) AppleWebKit/537.36 (KHTML, like Gecko) Chrome/146.0.7680.177 Mobile Safari/537.36 (compatible; Googlebot/2.1; +http://www.google.com/bot.html)"
74.7.227.39 - - [21/Apr/2026:18:27:19 +0000] "GET /goods.php?detail/17002554414434 HTTP/1.1" 404 21054 "https://s2spw.com/goods.php?detail/049010003880" "Mozilla/5.0 AppleWebKit/537.36 (KHTML, like Gecko; compatible; GPTBot/1.3; +https://openai.com/gptbot)"
74.7.227.39 - - [21/Apr/2026:18:27:21 +0000] "GET /goods.php?detail/02303299124241 HTTP/1.1" 404 21054 "https://s2spw.com/goods.php?detail/0230330546080" "Mozilla/5.0 AppleWebKit/537.36 (KHTML, like Gecko; compatible; GPTBot/1.3; +https://openai.com/gptbot)"
66.249.79.196 - - [21/Apr/2026:18:27:21 +0000] "GET /?detail/00301218958424 HTTP/1.1" 200 553459 "-" "Mozilla/5.0 (Linux; Android 6.0.1; Nexus 5X Build/MMB29P) AppleWebKit/537.36 (KHTML, like Gecko) Chrome/146.0.7680.177 Mobile Safari/537.36 (compatible; Googlebot/2.1; +http://www.google.com/bot.html)"
74.7.227.39 - - [21/Apr/2026:18:27:24 +0000] "GET /goods.php?detail/24002420947676 HTTP/1.1" 404 21054 "https://s2spw.com/goods.php?detail/240024818218" "Mozilla/5.0 AppleWebKit/537.36 (KHTML, like Gecko; compatible; GPTBot/1.3; +https://openai.com/gptbot)"
66.249.79.195 - - [21/Apr/2026:18:27:26 +0000] "GET /?goods/293003754 HTTP/1.1" 200 560974 "-" "Mozilla/5.0 (Linux; Android 6.0.1; Nexus 5X Build/MMB29P) AppleWebKit/537.36 (KHTML, like Gecko) Chrome/146.0.7680.177 Mobile Safari/537.36 (compatible; Googlebot/2.1; +http://www.google.com/bot.html)"
74.7.227.39 - - [21/Apr/2026:18:27:27 +0000] "GET /goods.php?detail/20504550589071 HTTP/1.1" 404 21054 "https://s2spw.com/goods.php?detail/237013487891" "Mozilla/5.0 AppleWebKit/537.36 (KHTML, like Gecko; compatible; GPTBot/1.3; +https://openai.com/gptbot)"
66.249.79.195 - - [21/Apr/2026:18:27:29 +0000] "GET /?detail/184038451647 HTTP/1.1" 200 557051 "-" "Mozilla/5.0 (Linux; Android 6.0.1; Nexus 5X Build/MMB29P) AppleWebKit/537.36 (KHTML, like Gecko) Chrome/146.0.7680.177 Mobile Safari/537.36 (compatible; Googlebot/2.1; +http://www.google.com/bot.html)"
74.7.227.39 - - [21/Apr/2026:18:27:30 +0000] "GET /goods.php?detail/05201959193779 HTTP/1.1" 404 21054 "https://s2spw.com/goods.php?detail/032004529908" "Mozilla/5.0 AppleWebKit/537.36 (KHTML, like Gecko; compatible; GPTBot/1.3; +https://openai.com/gptbot)"
74.7.227.39 - - [21/Apr/2026:18:27:33 +0000] "GET /goods.php?detail/04700190619816 HTTP/1.1" 404 21054 "https://s2spw.com/goods.php?detail/047004795970" "Mozilla/5.0 AppleWebKit/537.36 (KHTML, like Gecko; compatible; GPTBot/1.3; +https://openai.com/gptbot)"
66.249.79.196 - - [21/Apr/2026:18:27:33 +0000] "GET /?detail/014035084917 HTTP/1.1" 301 - "-" "Mozilla/5.0 (Linux; Android 6.0.1; Nexus 5X Build/MMB29P) AppleWebKit/537.36 (KHTML, like Gecko) Chrome/146.0.7680.177 Mobile Safari/537.36 (compatible; Googlebot/2.1; +http://www.google.com/bot.html)"
66.249.79.198 - - [21/Apr/2026:18:27:34 +0000] "GET /?detail%2F014035084917 HTTP/1.1" 200 555089 "-" "Mozilla/5.0 (Linux; Android 6.0.1; Nexus 5X Build/MMB29P) AppleWebKit/537.36 (KHTML, like Gecko) Chrome/146.0.7680.177 Mobile Safari/537.36 (compatible; Googlebot/2.1; +http://www.google.com/bot.html)"
74.7.227.39 - - [21/Apr/2026:18:27:36 +0000] "GET /goods.php?detail/22902939558260 HTTP/1.1" 404 21054 "https://s2spw.com/goods.php?detail/229027393325" "Mozilla/5.0 AppleWebKit/537.36 (KHTML, like Gecko; compatible; GPTBot/1.3; +https://openai.com/gptbot)"
66.249.79.199 - - [21/Apr/2026:18:27:37 +0000] "GET /?detail/229009285435 HTTP/1.1" 200 557576 "-" "Mozilla/5.0 (Linux; Android 6.0.1; Nexus 5X Build/MMB29P) AppleWebKit/537.36 (KHTML, like Gecko) Chrome/146.0.7680.177 Mobile Safari/537.36 (compatible; Googlebot/2.1; +http://www.google.com/bot.html)"
74.7.227.39 - - [21/Apr/2026:18:27:39 +0000] "GET /goods.php?detail/24904201843220 HTTP/1.1" 404 21054 "https://s2spw.com/goods.php?goods/249001359" "Mozilla/5.0 AppleWebKit/537.36 (KHTML, like Gecko; compatible; GPTBot/1.3; +https://openai.com/gptbot)"
66.249.79.200 - - [21/Apr/2026:18:27:41 +0000] "GET /?jp/214043353.html HTTP/1.1" 200 559003 "-" "Mozilla/5.0 (Linux; Android 6.0.1; Nexus 5X Build/MMB29P) AppleWebKit/537.36 (KHTML, like Gecko) Chrome/146.0.7680.177 Mobile Safari/537.36 (compatible; Googlebot/2.1; +http://www.google.com/bot.html)"
74.7.227.39 - - [21/Apr/2026:18:27:42 +0000] "GET /goods.php?detail/04701573250303 HTTP/1.1" 404 21054 "https://s2spw.com/goods.php?detail/021022313742" "Mozilla/5.0 AppleWebKit/537.36 (KHTML, like Gecko; compatible; GPTBot/1.3; +https://openai.com/gptbot)"
74.7.227.39 - - [21/Apr/2026:18:27:44 +0000] "GET /goods.php?detail/02804789323802 HTTP/1.1" 404 21054 "https://s2spw.com/goods.php?jp/284047003.html" "Mozilla/5.0 AppleWebKit/537.36 (KHTML, like Gecko; compatible; GPTBot/1.3; +https://openai.com/gptbot)"
66.249.79.196 - - [21/Apr/2026:18:27:45 +0000] "GET /?goods/001002357 HTTP/1.1" 200 557284 "-" "Mozilla/5.0 (Linux; Android 6.0.1; Nexus 5X Build/MMB29P) AppleWebKit/537.36 (KHTML, like Gecko) Chrome/146.0.7680.177 Mobile Safari/537.36 (compatible; Googlebot/2.1; +http://www.google.com/bot.html)"
74.7.227.39 - - [21/Apr/2026:18:27:47 +0000] "GET /goods.php?detail/03003320185690 HTTP/1.1" 404 21054 "https://s2spw.com/goods.php?detail/030033435888" "Mozilla/5.0 AppleWebKit/537.36 (KHTML, like Gecko; compatible; GPTBot/1.3; +https://openai.com/gptbot)"
66.249.79.196 - - [21/Apr/2026:18:27:49 +0000] "GET /?goods/243040301 HTTP/1.1" 200 558555 "-" "Mozilla/5.0 (Linux; Android 6.0.1; Nexus 5X Build/MMB29P) AppleWebKit/537.36 (KHTML, like Gecko) Chrome/146.0.7680.177 Mobile Safari/537.36 (compatible; Googlebot/2.1; +http://www.google.com/bot.html)"
74.7.227.39 - - [21/Apr/2026:18:27:50 +0000] "GET /goods.php?detail/27001995519517 HTTP/1.1" 404 21054 "https://s2spw.com/goods.php?detail/220007193119" "Mozilla/5.0 AppleWebKit/537.36 (KHTML, like Gecko; compatible; GPTBot/1.3; +https://openai.com/gptbot)"
74.7.227.39 - - [21/Apr/2026:18:27:53 +0000] "GET /goods.php?detail/05303529260366 HTTP/1.1" 404 21054 "https://s2spw.com/goods.php?product/edit/starstore-dt-b0282oxp-szn-1" "Mozilla/5.0 AppleWebKit/537.36 (KHTML, like Gecko; compatible; GPTBot/1.3; +https://openai.com/gptbot)"
66.249.79.195 - - [21/Apr/2026:18:27:53 +0000] "GET /?jp/258008907.html HTTP/1.1" 200 558148 "-" "Mozilla/5.0 (Linux; Android 6.0.1; Nexus 5X Build/MMB29P) AppleWebKit/537.36 (KHTML, like Gecko) Chrome/146.0.7680.177 Mobile Safari/537.36 (compatible; Googlebot/2.1; +http://www.google.com/bot.html)"
74.7.227.39 - - [21/Apr/2026:18:27:55 +0000] "GET /goods.php?detail/22302276215966 HTTP/1.1" 404 21054 "https://s2spw.com/goods.php?detail/1940057050520" "Mozilla/5.0 AppleWebKit/537.36 (KHTML, like Gecko; compatible; GPTBot/1.3; +https://openai.com/gptbot)"
66.249.79.198 - - [21/Apr/2026:18:27:57 +0000] "GET /?detail/29401899570103 HTTP/1.1" 200 557357 "-" "Mozilla/5.0 (Linux; Android 6.0.1; Nexus 5X Build/MMB29P) AppleWebKit/537.36 (KHTML, like Gecko) Chrome/146.0.7680.177 Mobile Safari/537.36 (compatible; Googlebot/2.1; +http://www.google.com/bot.html)"
