74.7.227.39 - - [21/Apr/2026:20:34:36 +0000] "GET /goods.php?detail/21201451728205 HTTP/1.1" 404 21054 "https://s2spw.com/goods.php?detail/212015580030" "Mozilla/5.0 AppleWebKit/537.36 (KHTML, like Gecko; compatible; GPTBot/1.3; +https://openai.com/gptbot)"
66.249.79.195 - - [21/Apr/2026:20:34:35 +0000] "GET /?jp%2F122047972_html HTTP/1.1" 200 555225 "-" "Mozilla/5.0 (Linux; Android 6.0.1; Nexus 5X Build/MMB29P) AppleWebKit/537.36 (KHTML, like Gecko) Chrome/146.0.7680.177 Mobile Safari/537.36 (compatible; Googlebot/2.1; +http://www.google.com/bot.html)"
74.7.227.39 - - [21/Apr/2026:20:34:38 +0000] "GET /goods.php?detail/02004270464573 HTTP/1.1" 404 21054 "https://s2spw.com/goods.php?detail/0200428035480" "Mozilla/5.0 AppleWebKit/537.36 (KHTML, like Gecko; compatible; GPTBot/1.3; +https://openai.com/gptbot)"
74.7.227.39 - - [21/Apr/2026:20:34:41 +0000] "GET /goods.php?detail/01803010967383 HTTP/1.1" 404 21054 "https://s2spw.com/goods.php?detail/089000232284" "Mozilla/5.0 AppleWebKit/537.36 (KHTML, like Gecko; compatible; GPTBot/1.3; +https://openai.com/gptbot)"
74.7.227.39 - - [21/Apr/2026:20:34:43 +0000] "GET /goods.php?detail/21403293938029 HTTP/1.1" 404 21054 "https://s2spw.com/goods.php?detail/281045662107" "Mozilla/5.0 AppleWebKit/537.36 (KHTML, like Gecko; compatible; GPTBot/1.3; +https://openai.com/gptbot)"
66.249.79.196 - - [21/Apr/2026:20:34:45 +0000] "GET /?jp/027043406.html HTTP/1.1" 200 557092 "-" "Mozilla/5.0 (Linux; Android 6.0.1; Nexus 5X Build/MMB29P) AppleWebKit/537.36 (KHTML, like Gecko) Chrome/146.0.7680.177 Mobile Safari/537.36 (compatible; Googlebot/2.1; +http://www.google.com/bot.html)"
74.7.227.39 - - [21/Apr/2026:20:34:46 +0000] "GET /goods.php?detail/17402313434460 HTTP/1.1" 404 21054 "https://s2spw.com/goods.php?detail/174007673460" "Mozilla/5.0 AppleWebKit/537.36 (KHTML, like Gecko; compatible; GPTBot/1.3; +https://openai.com/gptbot)"
74.7.227.39 - - [21/Apr/2026:20:34:49 +0000] "GET /goods.php?detail/26404735570700 HTTP/1.1" 404 21054 "https://s2spw.com/goods.php?detail/264046831045" "Mozilla/5.0 AppleWebKit/537.36 (KHTML, like Gecko; compatible; GPTBot/1.3; +https://openai.com/gptbot)"
66.249.79.197 - - [21/Apr/2026:20:34:51 +0000] "GET /special/151024440.html HTTP/1.1" 200 561922 "-" "Mozilla/5.0 (Linux; Android 6.0.1; Nexus 5X Build/MMB29P) AppleWebKit/537.36 (KHTML, like Gecko) Chrome/146.0.7680.177 Mobile Safari/537.36 (compatible; Googlebot/2.1; +http://www.google.com/bot.html)"
66.249.79.195 - - [21/Apr/2026:20:34:52 +0000] "GET /?detail/152005511773 HTTP/1.1" 200 558903 "-" "Mozilla/5.0 (Linux; Android 6.0.1; Nexus 5X Build/MMB29P) AppleWebKit/537.36 (KHTML, like Gecko) Chrome/146.0.7680.177 Mobile Safari/537.36 (compatible; GoogleOther)"
74.7.227.39 - - [21/Apr/2026:20:34:52 +0000] "GET /goods.php?detail/07501386115055 HTTP/1.1" 404 21054 "https://s2spw.com/goods.php?detail/046048108208" "Mozilla/5.0 AppleWebKit/537.36 (KHTML, like Gecko; compatible; GPTBot/1.3; +https://openai.com/gptbot)"
66.249.79.197 - - [21/Apr/2026:20:34:53 +0000] "GET /?goods/207012650 HTTP/1.1" 200 558366 "-" "Mozilla/5.0 (Linux; Android 6.0.1; Nexus 5X Build/MMB29P) AppleWebKit/537.36 (KHTML, like Gecko) Chrome/146.0.7680.177 Mobile Safari/537.36 (compatible; Googlebot/2.1; +http://www.google.com/bot.html)"
74.7.227.39 - - [21/Apr/2026:20:34:55 +0000] "GET /goods.php?detail/06600456651708 HTTP/1.1" 404 21054 "https://s2spw.com/goods.php?detail/252020007793" "Mozilla/5.0 AppleWebKit/537.36 (KHTML, like Gecko; compatible; GPTBot/1.3; +https://openai.com/gptbot)"
74.7.227.39 - - [21/Apr/2026:20:34:57 +0000] "GET /goods.php?detail/26204667726197 HTTP/1.1" 404 21054 "https://s2spw.com/goods.php?detail/262045864170" "Mozilla/5.0 AppleWebKit/537.36 (KHTML, like Gecko; compatible; GPTBot/1.3; +https://openai.com/gptbot)"
74.7.227.39 - - [21/Apr/2026:20:35:00 +0000] "GET /goods.php?detail/06700161552558 HTTP/1.1" 404 21054 "https://s2spw.com/goods.php?product/edit/goodlifestore-hb00dhydcp6" "Mozilla/5.0 AppleWebKit/537.36 (KHTML, like Gecko; compatible; GPTBot/1.3; +https://openai.com/gptbot)"
74.7.227.39 - - [21/Apr/2026:20:35:03 +0000] "GET /goods.php?detail/18401890044686 HTTP/1.1" 404 21054 "https://s2spw.com/goods.php?jp/131002223.html" "Mozilla/5.0 AppleWebKit/537.36 (KHTML, like Gecko; compatible; GPTBot/1.3; +https://openai.com/gptbot)"
66.249.79.195 - - [21/Apr/2026:20:35:05 +0000] "GET /?detail/128028006810 HTTP/1.1" 200 556704 "-" "Mozilla/5.0 (Linux; Android 6.0.1; Nexus 5X Build/MMB29P) AppleWebKit/537.36 (KHTML, like Gecko) Chrome/146.0.7680.177 Mobile Safari/537.36 (compatible; Googlebot/2.1; +http://www.google.com/bot.html)"
74.7.227.39 - - [21/Apr/2026:20:35:06 +0000] "GET /goods.php?detail/18101269184192 HTTP/1.1" 404 21054 "https://s2spw.com/goods.php?product/edit/mois-kger078" "Mozilla/5.0 AppleWebKit/537.36 (KHTML, like Gecko; compatible; GPTBot/1.3; +https://openai.com/gptbot)"
74.7.227.39 - - [21/Apr/2026:20:35:09 +0000] "GET /goods.php?detail/02002625179670 HTTP/1.1" 404 21054 "https://s2spw.com/goods.php?detail/158000861577" "Mozilla/5.0 AppleWebKit/537.36 (KHTML, like Gecko; compatible; GPTBot/1.3; +https://openai.com/gptbot)"
66.249.79.195 - - [21/Apr/2026:20:35:11 +0000] "GET /?goods/141037964 HTTP/1.1" 200 555598 "-" "Mozilla/5.0 (Linux; Android 6.0.1; Nexus 5X Build/MMB29P) AppleWebKit/537.36 (KHTML, like Gecko) Chrome/146.0.7680.177 Mobile Safari/537.36 (compatible; Googlebot/2.1; +http://www.google.com/bot.html)"
74.7.227.39 - - [21/Apr/2026:20:35:12 +0000] "GET /goods.php?detail/00903384600818 HTTP/1.1" 404 21054 "https://s2spw.com/goods.php?detail/090001489683" "Mozilla/5.0 AppleWebKit/537.36 (KHTML, like Gecko; compatible; GPTBot/1.3; +https://openai.com/gptbot)"
66.249.79.196 - - [21/Apr/2026:20:35:13 +0000] "GET /?goods/025002178 HTTP/1.1" 200 560846 "-" "Mozilla/5.0 (Linux; Android 6.0.1; Nexus 5X Build/MMB29P) AppleWebKit/537.36 (KHTML, like Gecko) Chrome/146.0.7680.177 Mobile Safari/537.36 (compatible; Googlebot/2.1; +http://www.google.com/bot.html)"
74.7.227.39 - - [21/Apr/2026:20:35:14 +0000] "GET /goods.php?detail/19802582020849 HTTP/1.1" 404 21054 "https://s2spw.com/goods.php?detail/2740263226603" "Mozilla/5.0 AppleWebKit/537.36 (KHTML, like Gecko; compatible; GPTBot/1.3; +https://openai.com/gptbot)"
74.7.227.39 - - [21/Apr/2026:20:35:17 +0000] "GET /goods.php?detail/07800452801051 HTTP/1.1" 404 21054 "https://s2spw.com/goods.php?detail/078003778235" "Mozilla/5.0 AppleWebKit/537.36 (KHTML, like Gecko; compatible; GPTBot/1.3; +https://openai.com/gptbot)"
66.249.79.196 - - [21/Apr/2026:20:35:18 +0000] "GET /?jp/098004855.html HTTP/1.1" 200 571006 "-" "Mozilla/5.0 (Linux; Android 6.0.1; Nexus 5X Build/MMB29P) AppleWebKit/537.36 (KHTML, like Gecko) Chrome/146.0.7680.177 Mobile Safari/537.36 (compatible; Googlebot/2.1; +http://www.google.com/bot.html)"
74.7.227.39 - - [21/Apr/2026:20:35:20 +0000] "GET /goods.php?detail/11902193630226 HTTP/1.1" 404 21054 "https://s2spw.com/goods.php?detail/119048104946" "Mozilla/5.0 AppleWebKit/537.36 (KHTML, like Gecko; compatible; GPTBot/1.3; +https://openai.com/gptbot)"
74.7.227.39 - - [21/Apr/2026:20:35:23 +0000] "GET /goods.php?detail/14901842497181 HTTP/1.1" 404 21054 "https://s2spw.com/goods.php?detail/149018459944" "Mozilla/5.0 AppleWebKit/537.36 (KHTML, like Gecko; compatible; GPTBot/1.3; +https://openai.com/gptbot)"
66.249.79.195 - - [21/Apr/2026:20:35:23 +0000] "GET /?goods/106013430 HTTP/1.1" 200 555256 "-" "Mozilla/5.0 (Linux; Android 6.0.1; Nexus 5X Build/MMB29P) AppleWebKit/537.36 (KHTML, like Gecko) Chrome/146.0.7680.177 Mobile Safari/537.36 (compatible; Googlebot/2.1; +http://www.google.com/bot.html)"
74.7.227.39 - - [21/Apr/2026:20:35:26 +0000] "GET /goods.php?detail/02202127851985 HTTP/1.1" 404 21054 "https://s2spw.com/goods.php?detail/022020816747" "Mozilla/5.0 AppleWebKit/537.36 (KHTML, like Gecko; compatible; GPTBot/1.3; +https://openai.com/gptbot)"
74.7.227.39 - - [21/Apr/2026:20:35:29 +0000] "GET /goods.php?detail/21201242378410 HTTP/1.1" 404 21054 "https://s2spw.com/goods.php?detail/075000835290" "Mozilla/5.0 AppleWebKit/537.36 (KHTML, like Gecko; compatible; GPTBot/1.3; +https://openai.com/gptbot)"
74.7.227.39 - - [21/Apr/2026:20:35:31 +0000] "GET /goods.php?detail/10200243881043 HTTP/1.1" 404 21054 "https://s2spw.com/goods.php?detail/102019297622" "Mozilla/5.0 AppleWebKit/537.36 (KHTML, like Gecko; compatible; GPTBot/1.3; +https://openai.com/gptbot)"
66.249.79.196 - - [21/Apr/2026:20:35:33 +0000] "GET /?jp/124030525.html HTTP/1.1" 200 570997 "-" "Mozilla/5.0 (Linux; Android 6.0.1; Nexus 5X Build/MMB29P) AppleWebKit/537.36 (KHTML, like Gecko) Chrome/146.0.7680.177 Mobile Safari/537.36 (compatible; Googlebot/2.1; +http://www.google.com/bot.html)"
40.77.167.243 - - [21/Apr/2026:20:35:33 +0000] "GET /?h=214052721 HTTP/1.1" 200 13 "-" "Mozilla/5.0 AppleWebKit/537.36 (KHTML, like Gecko; compatible; bingbot/2.0; +http://www.bing.com/bingbot.htm) Chrome/116.0.1938.76 Safari/537.36"
66.249.79.197 - - [21/Apr/2026:20:35:34 +0000] "GET /?goods/034029941 HTTP/1.1" 200 553587 "-" "Mozilla/5.0 (Linux; Android 6.0.1; Nexus 5X Build/MMB29P) AppleWebKit/537.36 (KHTML, like Gecko) Chrome/146.0.7680.177 Mobile Safari/537.36 (compatible; GoogleOther)"
74.7.227.39 - - [21/Apr/2026:20:35:34 +0000] "GET /goods.php?detail/04503483508599 HTTP/1.1" 404 21054 "https://s2spw.com/goods.php?detail/127042500921" "Mozilla/5.0 AppleWebKit/537.36 (KHTML, like Gecko; compatible; GPTBot/1.3; +https://openai.com/gptbot)"
74.7.227.39 - - [21/Apr/2026:20:35:37 +0000] "GET /goods.php?detail/26200343125131 HTTP/1.1" 404 21054 "https://s2spw.com/goods.php?detail/222042825599" "Mozilla/5.0 AppleWebKit/537.36 (KHTML, like Gecko; compatible; GPTBot/1.3; +https://openai.com/gptbot)"
74.7.227.39 - - [21/Apr/2026:20:35:40 +0000] "GET /goods.php?detail/06901753973733 HTTP/1.1" 404 21054 "https://s2spw.com/goods.php?detail/069017373691" "Mozilla/5.0 AppleWebKit/537.36 (KHTML, like Gecko; compatible; GPTBot/1.3; +https://openai.com/gptbot)"
74.7.227.39 - - [21/Apr/2026:20:35:43 +0000] "GET /goods.php?detail/19500912543959 HTTP/1.1" 404 21054 "https://s2spw.com/goods.php?detail/054001640436" "Mozilla/5.0 AppleWebKit/537.36 (KHTML, like Gecko; compatible; GPTBot/1.3; +https://openai.com/gptbot)"
66.249.79.197 - - [21/Apr/2026:20:35:43 +0000] "GET /?goods/068011995 HTTP/1.1" 301 - "-" "Mozilla/5.0 (Linux; Android 6.0.1; Nexus 5X Build/MMB29P) AppleWebKit/537.36 (KHTML, like Gecko) Chrome/146.0.7680.177 Mobile Safari/537.36 (compatible; Googlebot/2.1; +http://www.google.com/bot.html)"
66.249.79.195 - - [21/Apr/2026:20:35:43 +0000] "GET /?goods%2F068011995 HTTP/1.1" 200 43282 "-" "Mozilla/5.0 (Linux; Android 6.0.1; Nexus 5X Build/MMB29P) AppleWebKit/537.36 (KHTML, like Gecko) Chrome/146.0.7680.177 Mobile Safari/537.36 (compatible; Googlebot/2.1; +http://www.google.com/bot.html)"
66.249.79.197 - - [21/Apr/2026:20:35:43 +0000] "GET /?detail/209041610789 HTTP/1.1" 301 - "-" "Mozilla/5.0 (Linux; Android 6.0.1; Nexus 5X Build/MMB29P) AppleWebKit/537.36 (KHTML, like Gecko) Chrome/146.0.7680.177 Mobile Safari/537.36 (compatible; Googlebot/2.1; +http://www.google.com/bot.html)"
66.249.79.196 - - [21/Apr/2026:20:35:44 +0000] "GET /?detail%2F209041610789 HTTP/1.1" 200 558369 "-" "Mozilla/5.0 (Linux; Android 6.0.1; Nexus 5X Build/MMB29P) AppleWebKit/537.36 (KHTML, like Gecko) Chrome/146.0.7680.177 Mobile Safari/537.36 (compatible; Googlebot/2.1; +http://www.google.com/bot.html)"
74.7.227.39 - - [21/Apr/2026:20:35:45 +0000] "GET /goods.php?detail/29800859578100 HTTP/1.1" 404 21054 "https://s2spw.com/goods.php?detail/298009616529" "Mozilla/5.0 AppleWebKit/537.36 (KHTML, like Gecko; compatible; GPTBot/1.3; +https://openai.com/gptbot)"
74.7.227.39 - - [21/Apr/2026:20:35:48 +0000] "GET /goods.php?detail/00903180606418 HTTP/1.1" 404 21054 "https://s2spw.com/goods.php?detail/009032842082" "Mozilla/5.0 AppleWebKit/537.36 (KHTML, like Gecko; compatible; GPTBot/1.3; +https://openai.com/gptbot)"
74.7.227.39 - - [21/Apr/2026:20:35:51 +0000] "GET /goods.php?detail/00703309345451 HTTP/1.1" 404 21054 "https://s2spw.com/goods.php?detail/276006778170" "Mozilla/5.0 AppleWebKit/537.36 (KHTML, like Gecko; compatible; GPTBot/1.3; +https://openai.com/gptbot)"
66.249.79.197 - - [21/Apr/2026:20:35:53 +0000] "GET /?detail/28604637930500 HTTP/1.1" 200 591327 "-" "Mozilla/5.0 (Linux; Android 6.0.1; Nexus 5X Build/MMB29P) AppleWebKit/537.36 (KHTML, like Gecko) Chrome/146.0.7680.177 Mobile Safari/537.36 (compatible; Googlebot/2.1; +http://www.google.com/bot.html)"
74.7.227.39 - - [21/Apr/2026:20:35:54 +0000] "GET /goods.php?detail/04004678365644 HTTP/1.1" 404 21054 "https://s2spw.com/goods.php?detail/040046631085" "Mozilla/5.0 AppleWebKit/537.36 (KHTML, like Gecko; compatible; GPTBot/1.3; +https://openai.com/gptbot)"
74.7.227.39 - - [21/Apr/2026:20:35:57 +0000] "GET /goods.php?detail/20200146628360 HTTP/1.1" 404 21054 "https://s2spw.com/goods.php?pcmypage?callback=product/review/tuzukiya-k227-245555" "Mozilla/5.0 AppleWebKit/537.36 (KHTML, like Gecko; compatible; GPTBot/1.3; +https://openai.com/gptbot)"
74.7.227.39 - - [21/Apr/2026:20:36:00 +0000] "GET /goods.php?detail/23902424878238 HTTP/1.1" 404 21054 "https://s2spw.com/goods.php?detail/239024190663" "Mozilla/5.0 AppleWebKit/537.36 (KHTML, like Gecko; compatible; GPTBot/1.3; +https://openai.com/gptbot)"
66.249.79.195 - - [21/Apr/2026:20:36:01 +0000] "GET /?detail/0990107973523 HTTP/1.1" 200 554699 "-" "Mozilla/5.0 (Linux; Android 6.0.1; Nexus 5X Build/MMB29P) AppleWebKit/537.36 (KHTML, like Gecko) Chrome/146.0.7680.177 Mobile Safari/537.36 (compatible; Googlebot/2.1; +http://www.google.com/bot.html)"
74.7.227.39 - - [21/Apr/2026:20:36:02 +0000] "GET /goods.php?detail/00700872915211 HTTP/1.1" 404 21054 "https://s2spw.com/goods.php?detail/007004772822" "Mozilla/5.0 AppleWebKit/537.36 (KHTML, like Gecko; compatible; GPTBot/1.3; +https://openai.com/gptbot)"
66.249.79.195 - - [21/Apr/2026:20:36:02 +0000] "GET /?jp/275014993.html HTTP/1.1" 301 - "-" "Mozilla/5.0 (Linux; Android 6.0.1; Nexus 5X Build/MMB29P) AppleWebKit/537.36 (KHTML, like Gecko) Chrome/146.0.7680.177 Mobile Safari/537.36 (compatible; Googlebot/2.1; +http://www.google.com/bot.html)"
66.249.79.197 - - [21/Apr/2026:20:36:03 +0000] "GET /?jp%2F275014993_html HTTP/1.1" 200 555827 "-" "Mozilla/5.0 (Linux; Android 6.0.1; Nexus 5X Build/MMB29P) AppleWebKit/537.36 (KHTML, like Gecko) Chrome/146.0.7680.177 Mobile Safari/537.36 (compatible; Googlebot/2.1; +http://www.google.com/bot.html)"
74.7.227.39 - - [21/Apr/2026:20:36:05 +0000] "GET /goods.php?detail/25104313023402 HTTP/1.1" 404 21054 "https://s2spw.com/goods.php?goods/251043130" "Mozilla/5.0 AppleWebKit/537.36 (KHTML, like Gecko; compatible; GPTBot/1.3; +https://openai.com/gptbot)"
74.7.227.39 - - [21/Apr/2026:20:36:08 +0000] "GET /goods.php?detail/08801335488780 HTTP/1.1" 404 21054 "https://s2spw.com/goods.php?detail/088013353455" "Mozilla/5.0 AppleWebKit/537.36 (KHTML, like Gecko; compatible; GPTBot/1.3; +https://openai.com/gptbot)"
74.7.227.39 - - [21/Apr/2026:20:36:11 +0000] "GET /goods.php?detail/01203528202488 HTTP/1.1" 404 21054 "https://s2spw.com/goods.php?detail/012035477194" "Mozilla/5.0 AppleWebKit/537.36 (KHTML, like Gecko; compatible; GPTBot/1.3; +https://openai.com/gptbot)"
66.249.79.195 - - [21/Apr/2026:20:36:13 +0000] "GET /?jp/270029697.html HTTP/1.1" 200 556034 "-" "Mozilla/5.0 (Linux; Android 6.0.1; Nexus 5X Build/MMB29P) AppleWebKit/537.36 (KHTML, like Gecko) Chrome/146.0.7680.177 Mobile Safari/537.36 (compatible; Googlebot/2.1; +http://www.google.com/bot.html)"
74.7.227.39 - - [21/Apr/2026:20:36:14 +0000] "GET /goods.php?detail/15903223532954 HTTP/1.1" 404 21054 "https://s2spw.com/goods.php?detail/204001940044" "Mozilla/5.0 AppleWebKit/537.36 (KHTML, like Gecko; compatible; GPTBot/1.3; +https://openai.com/gptbot)"
74.7.227.39 - - [21/Apr/2026:20:36:17 +0000] "GET /goods.php?detail/12103785123815 HTTP/1.1" 404 21054 "https://s2spw.com/goods.php?detail/1210429049244" "Mozilla/5.0 AppleWebKit/537.36 (KHTML, like Gecko; compatible; GPTBot/1.3; +https://openai.com/gptbot)"
74.7.227.39 - - [21/Apr/2026:20:36:20 +0000] "GET /goods.php?detail/27204650807287 HTTP/1.1" 404 21054 "https://s2spw.com/goods.php?detail/272047120154" "Mozilla/5.0 AppleWebKit/537.36 (KHTML, like Gecko; compatible; GPTBot/1.3; +https://openai.com/gptbot)"
66.249.79.195 - - [21/Apr/2026:20:36:22 +0000] "GET /?b=2941461421 HTTP/1.1" 200 555619 "-" "Mozilla/5.0 (Linux; Android 6.0.1; Nexus 5X Build/MMB29P) AppleWebKit/537.36 (KHTML, like Gecko) Chrome/146.0.7680.177 Mobile Safari/537.36 (compatible; Googlebot/2.1; +http://www.google.com/bot.html)"
74.7.227.39 - - [21/Apr/2026:20:36:22 +0000] "GET /goods.php?detail/26702709204599 HTTP/1.1" 404 21054 "https://s2spw.com/goods.php?detail/218021865831" "Mozilla/5.0 AppleWebKit/537.36 (KHTML, like Gecko; compatible; GPTBot/1.3; +https://openai.com/gptbot)"
66.249.79.196 - - [21/Apr/2026:20:36:23 +0000] "GET /?goods/221038488 HTTP/1.1" 301 - "-" "Mozilla/5.0 (Linux; Android 6.0.1; Nexus 5X Build/MMB29P) AppleWebKit/537.36 (KHTML, like Gecko) Chrome/146.0.7680.177 Mobile Safari/537.36 (compatible; Googlebot/2.1; +http://www.google.com/bot.html)"
66.249.79.195 - - [21/Apr/2026:20:36:23 +0000] "GET /?goods%2F221038488 HTTP/1.1" 200 43282 "-" "Mozilla/5.0 (Linux; Android 6.0.1; Nexus 5X Build/MMB29P) AppleWebKit/537.36 (KHTML, like Gecko) Chrome/146.0.7680.177 Mobile Safari/537.36 (compatible; Googlebot/2.1; +http://www.google.com/bot.html)"
74.7.227.39 - - [21/Apr/2026:20:36:25 +0000] "GET /goods.php?detail/27403263440284 HTTP/1.1" 404 21054 "https://s2spw.com/goods.php?detail/271010587450" "Mozilla/5.0 AppleWebKit/537.36 (KHTML, like Gecko; compatible; GPTBot/1.3; +https://openai.com/gptbot)"
74.7.227.39 - - [21/Apr/2026:20:36:28 +0000] "GET /goods.php?detail/04300472607086 HTTP/1.1" 404 21054 "https://s2spw.com/goods.php?detail/275015288554" "Mozilla/5.0 AppleWebKit/537.36 (KHTML, like Gecko; compatible; GPTBot/1.3; +https://openai.com/gptbot)"
74.7.227.39 - - [21/Apr/2026:20:36:31 +0000] "GET /goods.php?detail/04104219791016 HTTP/1.1" 404 21054 "https://s2spw.com/goods.php?detail/011001317463" "Mozilla/5.0 AppleWebKit/537.36 (KHTML, like Gecko; compatible; GPTBot/1.3; +https://openai.com/gptbot)"
74.7.227.39 - - [21/Apr/2026:20:36:34 +0000] "GET /goods.php?detail/01601266773733 HTTP/1.1" 404 21054 "https://s2spw.com/goods.php?detail/235007293187" "Mozilla/5.0 AppleWebKit/537.36 (KHTML, like Gecko; compatible; GPTBot/1.3; +https://openai.com/gptbot)"
74.7.227.39 - - [21/Apr/2026:20:36:37 +0000] "GET /goods.php?detail/21802250521293 HTTP/1.1" 404 21054 "https://s2spw.com/goods.php?detail/162046299940" "Mozilla/5.0 AppleWebKit/537.36 (KHTML, like Gecko; compatible; GPTBot/1.3; +https://openai.com/gptbot)"
74.7.227.39 - - [21/Apr/2026:20:36:39 +0000] "GET /goods.php?detail/01001710449338 HTTP/1.1" 404 21054 "https://s2spw.com/goods.php?detail/010017700826" "Mozilla/5.0 AppleWebKit/537.36 (KHTML, like Gecko; compatible; GPTBot/1.3; +https://openai.com/gptbot)"
74.7.227.39 - - [21/Apr/2026:20:36:42 +0000] "GET /goods.php?detail/26404240879929 HTTP/1.1" 404 21054 "https://s2spw.com/goods.php?detail/067006122107" "Mozilla/5.0 AppleWebKit/537.36 (KHTML, like Gecko; compatible; GPTBot/1.3; +https://openai.com/gptbot)"
66.249.79.196 - - [21/Apr/2026:20:36:43 +0000] "GET /?goods/201048101 HTTP/1.1" 200 554481 "-" "Mozilla/5.0 (Linux; Android 6.0.1; Nexus 5X Build/MMB29P) AppleWebKit/537.36 (KHTML, like Gecko) Chrome/146.0.7680.177 Mobile Safari/537.36 (compatible; Googlebot/2.1; +http://www.google.com/bot.html)"
66.249.79.195 - - [21/Apr/2026:20:36:44 +0000] "GET /?goods/151000262 HTTP/1.1" 200 556804 "-" "Mozilla/5.0 (Linux; Android 6.0.1; Nexus 5X Build/MMB29P) AppleWebKit/537.36 (KHTML, like Gecko) Chrome/146.0.7680.177 Mobile Safari/537.36 (compatible; Googlebot/2.1; +http://www.google.com/bot.html)"
74.7.227.39 - - [21/Apr/2026:20:36:45 +0000] "GET /goods.php?detail/02202502386216 HTTP/1.1" 404 21054 "https://s2spw.com/goods.php?detail/022025275578" "Mozilla/5.0 AppleWebKit/537.36 (KHTML, like Gecko; compatible; GPTBot/1.3; +https://openai.com/gptbot)"
74.7.227.39 - - [21/Apr/2026:20:36:48 +0000] "GET /goods.php?detail/07101484318409 HTTP/1.1" 404 21054 "https://s2spw.com/goods.php?detail/071014370188" "Mozilla/5.0 AppleWebKit/537.36 (KHTML, like Gecko; compatible; GPTBot/1.3; +https://openai.com/gptbot)"
74.7.227.39 - - [21/Apr/2026:20:36:51 +0000] "GET /goods.php?detail/11302360933051 HTTP/1.1" 404 21054 "https://s2spw.com/goods.php?detail/1130186427694" "Mozilla/5.0 AppleWebKit/537.36 (KHTML, like Gecko; compatible; GPTBot/1.3; +https://openai.com/gptbot)"
66.249.79.196 - - [21/Apr/2026:20:36:51 +0000] "GET /?detail/128031590690 HTTP/1.1" 301 - "-" "Mozilla/5.0 (Linux; Android 6.0.1; Nexus 5X Build/MMB29P) AppleWebKit/537.36 (KHTML, like Gecko) Chrome/146.0.7680.177 Mobile Safari/537.36 (compatible; Googlebot/2.1; +http://www.google.com/bot.html)"
66.249.79.196 - - [21/Apr/2026:20:36:51 +0000] "GET /?detail%2F128031590690 HTTP/1.1" 200 558238 "-" "Mozilla/5.0 (Linux; Android 6.0.1; Nexus 5X Build/MMB29P) AppleWebKit/537.36 (KHTML, like Gecko) Chrome/146.0.7680.177 Mobile Safari/537.36 (compatible; Googlebot/2.1; +http://www.google.com/bot.html)"
66.249.79.197 - - [21/Apr/2026:20:36:52 +0000] "GET /?goods/045037011 HTTP/1.1" 200 562531 "-" "Mozilla/5.0 (Linux; Android 6.0.1; Nexus 5X Build/MMB29P) AppleWebKit/537.36 (KHTML, like Gecko) Chrome/146.0.7680.177 Mobile Safari/537.36 (compatible; Googlebot/2.1; +http://www.google.com/bot.html)"
74.7.227.39 - - [21/Apr/2026:20:36:53 +0000] "GET /goods.php?detail/28801717881685 HTTP/1.1" 404 21054 "https://s2spw.com/goods.php?detail/28801449884032" "Mozilla/5.0 AppleWebKit/537.36 (KHTML, like Gecko; compatible; GPTBot/1.3; +https://openai.com/gptbot)"
74.7.227.39 - - [21/Apr/2026:20:36:56 +0000] "GET /goods.php?detail/14500484462043 HTTP/1.1" 404 21054 "https://s2spw.com/goods.php?detail/0650096080830" "Mozilla/5.0 AppleWebKit/537.36 (KHTML, like Gecko; compatible; GPTBot/1.3; +https://openai.com/gptbot)"
66.249.79.197 - - [21/Apr/2026:20:36:57 +0000] "GET /?jp/070000310.html HTTP/1.1" 200 555458 "-" "Mozilla/5.0 (Linux; Android 6.0.1; Nexus 5X Build/MMB29P) AppleWebKit/537.36 (KHTML, like Gecko) Chrome/146.0.7680.177 Mobile Safari/537.36 (compatible; GoogleOther)"
74.7.227.39 - - [21/Apr/2026:20:36:59 +0000] "GET /goods.php?detail/02200195498191 HTTP/1.1" 404 21054 "https://s2spw.com/goods.php?detail/022001542032" "Mozilla/5.0 AppleWebKit/537.36 (KHTML, like Gecko; compatible; GPTBot/1.3; +https://openai.com/gptbot)"
74.7.227.39 - - [21/Apr/2026:20:37:02 +0000] "GET /goods.php?detail/07603834167660 HTTP/1.1" 404 21054 "https://s2spw.com/goods.php?detail/1670102552601" "Mozilla/5.0 AppleWebKit/537.36 (KHTML, like Gecko; compatible; GPTBot/1.3; +https://openai.com/gptbot)"
66.249.79.197 - - [21/Apr/2026:20:37:03 +0000] "GET /?goods/258012919 HTTP/1.1" 200 575462 "-" "Mozilla/5.0 (Linux; Android 6.0.1; Nexus 5X Build/MMB29P) AppleWebKit/537.36 (KHTML, like Gecko) Chrome/146.0.7680.177 Mobile Safari/537.36 (compatible; Googlebot/2.1; +http://www.google.com/bot.html)"
74.7.227.39 - - [21/Apr/2026:20:37:04 +0000] "GET /goods.php?detail/06604609979958 HTTP/1.1" 404 21054 "https://s2spw.com/goods.php?detail/128039650508" "Mozilla/5.0 AppleWebKit/537.36 (KHTML, like Gecko; compatible; GPTBot/1.3; +https://openai.com/gptbot)"
74.7.227.39 - - [21/Apr/2026:20:37:07 +0000] "GET /goods.php?detail/00900110356451 HTTP/1.1" 404 21054 "https://s2spw.com/goods.php?detail/009001794683" "Mozilla/5.0 AppleWebKit/537.36 (KHTML, like Gecko; compatible; GPTBot/1.3; +https://openai.com/gptbot)"
74.7.227.39 - - [21/Apr/2026:20:37:10 +0000] "GET /goods.php?detail/14900714749960 HTTP/1.1" 404 21054 "https://s2spw.com/goods.php?detail/149007298754" "Mozilla/5.0 AppleWebKit/537.36 (KHTML, like Gecko; compatible; GPTBot/1.3; +https://openai.com/gptbot)"
66.249.79.196 - - [21/Apr/2026:20:37:12 +0000] "GET /?detail/24403201183591 HTTP/1.1" 200 555670 "-" "Mozilla/5.0 (Linux; Android 6.0.1; Nexus 5X Build/MMB29P) AppleWebKit/537.36 (KHTML, like Gecko) Chrome/146.0.7680.177 Mobile Safari/537.36 (compatible; Googlebot/2.1; +http://www.google.com/bot.html)"
74.7.227.39 - - [21/Apr/2026:20:37:13 +0000] "GET /goods.php?detail/02502955498223 HTTP/1.1" 404 21054 "https://s2spw.com/goods.php?detail/025029841803" "Mozilla/5.0 AppleWebKit/537.36 (KHTML, like Gecko; compatible; GPTBot/1.3; +https://openai.com/gptbot)"
74.7.227.39 - - [21/Apr/2026:20:37:16 +0000] "GET /goods.php?detail/18100330059343 HTTP/1.1" 404 21054 "https://s2spw.com/goods.php?detail/181002972963" "Mozilla/5.0 AppleWebKit/537.36 (KHTML, like Gecko; compatible; GPTBot/1.3; +https://openai.com/gptbot)"
66.249.79.195 - - [21/Apr/2026:20:37:17 +0000] "GET /?jp/294041806.html HTTP/1.1" 200 557298 "-" "Mozilla/5.0 (Linux; Android 6.0.1; Nexus 5X Build/MMB29P) AppleWebKit/537.36 (KHTML, like Gecko) Chrome/146.0.7680.177 Mobile Safari/537.36 (compatible; Googlebot/2.1; +http://www.google.com/bot.html)"
74.7.227.39 - - [21/Apr/2026:20:37:19 +0000] "GET /goods.php?detail/08502438012201 HTTP/1.1" 404 21054 "https://s2spw.com/goods.php?detail/085019588195" "Mozilla/5.0 AppleWebKit/537.36 (KHTML, like Gecko; compatible; GPTBot/1.3; +https://openai.com/gptbot)"
74.7.227.39 - - [21/Apr/2026:20:37:22 +0000] "GET /goods.php?detail/16403355467334 HTTP/1.1" 404 21054 "https://s2spw.com/goods.php?detail/023027623682" "Mozilla/5.0 AppleWebKit/537.36 (KHTML, like Gecko; compatible; GPTBot/1.3; +https://openai.com/gptbot)"
66.249.79.195 - - [21/Apr/2026:20:37:23 +0000] "GET /?jp/156020542.html HTTP/1.1" 200 561597 "-" "Mozilla/5.0 (Linux; Android 6.0.1; Nexus 5X Build/MMB29P) AppleWebKit/537.36 (KHTML, like Gecko) Chrome/146.0.7680.177 Mobile Safari/537.36 (compatible; Googlebot/2.1; +http://www.google.com/bot.html)"
74.7.227.39 - - [21/Apr/2026:20:37:25 +0000] "GET /goods.php?detail/05503448054659 HTTP/1.1" 404 21054 "https://s2spw.com/goods.php?detail/055035686837" "Mozilla/5.0 AppleWebKit/537.36 (KHTML, like Gecko; compatible; GPTBot/1.3; +https://openai.com/gptbot)"
74.7.227.39 - - [21/Apr/2026:20:37:27 +0000] "GET /goods.php?detail/03202768106702 HTTP/1.1" 404 21054 "https://s2spw.com/goods.php?detail/130013626837" "Mozilla/5.0 AppleWebKit/537.36 (KHTML, like Gecko; compatible; GPTBot/1.3; +https://openai.com/gptbot)"
74.7.227.39 - - [21/Apr/2026:20:37:30 +0000] "GET /goods.php?detail/14102993146912 HTTP/1.1" 404 21054 "https://s2spw.com/goods.php?detail/109012610580" "Mozilla/5.0 AppleWebKit/537.36 (KHTML, like Gecko; compatible; GPTBot/1.3; +https://openai.com/gptbot)"
66.249.79.195 - - [21/Apr/2026:20:37:32 +0000] "GET /?detail/143009746913 HTTP/1.1" 200 562306 "-" "Mozilla/5.0 (Linux; Android 6.0.1; Nexus 5X Build/MMB29P) AppleWebKit/537.36 (KHTML, like Gecko) Chrome/146.0.7680.177 Mobile Safari/537.36 (compatible; Googlebot/2.1; +http://www.google.com/bot.html)"
66.249.79.196 - - [21/Apr/2026:20:37:33 +0000] "GET /?goods/125009871 HTTP/1.1" 200 568366 "-" "Mozilla/5.0 (Linux; Android 6.0.1; Nexus 5X Build/MMB29P) AppleWebKit/537.36 (KHTML, like Gecko) Chrome/146.0.7680.177 Mobile Safari/537.36 (compatible; GoogleOther)"
74.7.227.39 - - [21/Apr/2026:20:37:33 +0000] "GET /goods.php?detail/21604262883142 HTTP/1.1" 404 21054 "https://s2spw.com/goods.php?detail/216043219695" "Mozilla/5.0 AppleWebKit/537.36 (KHTML, like Gecko; compatible; GPTBot/1.3; +https://openai.com/gptbot)"
74.7.227.39 - - [21/Apr/2026:20:37:36 +0000] "GET /goods.php?detail/12904182868226 HTTP/1.1" 404 21054 "https://s2spw.com/goods.php?detail/129041726690" "Mozilla/5.0 AppleWebKit/537.36 (KHTML, like Gecko; compatible; GPTBot/1.3; +https://openai.com/gptbot)"
74.7.227.39 - - [21/Apr/2026:20:37:39 +0000] "GET /goods.php?detail/06700504533501 HTTP/1.1" 404 21054 "https://s2spw.com/goods.php?detail/0070023917313" "Mozilla/5.0 AppleWebKit/537.36 (KHTML, like Gecko; compatible; GPTBot/1.3; +https://openai.com/gptbot)"
74.7.227.39 - - [21/Apr/2026:20:37:42 +0000] "GET /goods.php?detail/21601227822313 HTTP/1.1" 404 21054 "https://s2spw.com/goods.php?detail/2160172801458" "Mozilla/5.0 AppleWebKit/537.36 (KHTML, like Gecko; compatible; GPTBot/1.3; +https://openai.com/gptbot)"
74.7.227.39 - - [21/Apr/2026:20:37:44 +0000] "GET /goods.php?detail/18800779686805 HTTP/1.1" 404 21054 "https://s2spw.com/goods.php?detail/188007718708" "Mozilla/5.0 AppleWebKit/537.36 (KHTML, like Gecko; compatible; GPTBot/1.3; +https://openai.com/gptbot)"
74.7.227.39 - - [21/Apr/2026:20:37:47 +0000] "GET /goods.php?detail/10201375360110 HTTP/1.1" 404 21054 "https://s2spw.com/goods.php?detail/046048789009" "Mozilla/5.0 AppleWebKit/537.36 (KHTML, like Gecko; compatible; GPTBot/1.3; +https://openai.com/gptbot)"
74.7.227.39 - - [21/Apr/2026:20:37:50 +0000] "GET /goods.php?detail/00504138014938 HTTP/1.1" 404 21054 "https://s2spw.com/goods.php?detail/225010394565" "Mozilla/5.0 AppleWebKit/537.36 (KHTML, like Gecko; compatible; GPTBot/1.3; +https://openai.com/gptbot)"
74.7.227.39 - - [21/Apr/2026:20:37:53 +0000] "GET /goods.php?detail/22500569884224 HTTP/1.1" 404 21054 "https://s2spw.com/goods.php?goods/225006041" "Mozilla/5.0 AppleWebKit/537.36 (KHTML, like Gecko; compatible; GPTBot/1.3; +https://openai.com/gptbot)"
66.249.79.195 - - [21/Apr/2026:20:37:54 +0000] "GET /?jp/133031740.html HTTP/1.1" 200 555314 "-" "Mozilla/5.0 (Linux; Android 6.0.1; Nexus 5X Build/MMB29P) AppleWebKit/537.36 (KHTML, like Gecko) Chrome/146.0.7680.177 Mobile Safari/537.36 (compatible; Googlebot/2.1; +http://www.google.com/bot.html)"
74.7.227.39 - - [21/Apr/2026:20:37:56 +0000] "GET /goods.php?detail/01001451930292 HTTP/1.1" 404 21054 "https://s2spw.com/goods.php?detail/0100156226092" "Mozilla/5.0 AppleWebKit/537.36 (KHTML, like Gecko; compatible; GPTBot/1.3; +https://openai.com/gptbot)"
74.7.227.39 - - [21/Apr/2026:20:37:59 +0000] "GET /goods.php?detail/00403323281731 HTTP/1.1" 404 21054 "https://s2spw.com/goods.php?detail/103015551113" "Mozilla/5.0 AppleWebKit/537.36 (KHTML, like Gecko; compatible; GPTBot/1.3; +https://openai.com/gptbot)"
74.7.227.39 - - [21/Apr/2026:20:38:01 +0000] "GET /goods.php?detail/06800109569210 HTTP/1.1" 404 21054 "https://s2spw.com/goods.php?jp/068000049.html" "Mozilla/5.0 AppleWebKit/537.36 (KHTML, like Gecko; compatible; GPTBot/1.3; +https://openai.com/gptbot)"
74.7.227.39 - - [21/Apr/2026:20:38:04 +0000] "GET /goods.php?detail/01800253898012 HTTP/1.1" 404 21054 "https://s2spw.com/goods.php?detail/0180027101190" "Mozilla/5.0 AppleWebKit/537.36 (KHTML, like Gecko; compatible; GPTBot/1.3; +https://openai.com/gptbot)"
66.249.79.197 - - [21/Apr/2026:20:38:06 +0000] "GET /?detail/13701552395594 HTTP/1.1" 200 558912 "-" "Mozilla/5.0 (Linux; Android 6.0.1; Nexus 5X Build/MMB29P) AppleWebKit/537.36 (KHTML, like Gecko) Chrome/146.0.7680.177 Mobile Safari/537.36 (compatible; Googlebot/2.1; +http://www.google.com/bot.html)"
74.7.227.39 - - [21/Apr/2026:20:38:07 +0000] "GET /goods.php?detail/16701086096775 HTTP/1.1" 404 21054 "https://s2spw.com/goods.php?detail/167010978161" "Mozilla/5.0 AppleWebKit/537.36 (KHTML, like Gecko; compatible; GPTBot/1.3; +https://openai.com/gptbot)"
74.7.227.39 - - [21/Apr/2026:20:38:10 +0000] "GET /goods.php?detail/09402380724707 HTTP/1.1" 404 21054 "https://s2spw.com/goods.php?detail/012013996629" "Mozilla/5.0 AppleWebKit/537.36 (KHTML, like Gecko; compatible; GPTBot/1.3; +https://openai.com/gptbot)"
66.249.79.195 - - [21/Apr/2026:20:38:12 +0000] "GET /?goods/055023474 HTTP/1.1" 200 555679 "-" "Mozilla/5.0 (Linux; Android 6.0.1; Nexus 5X Build/MMB29P) AppleWebKit/537.36 (KHTML, like Gecko) Chrome/146.0.7680.177 Mobile Safari/537.36 (compatible; Googlebot/2.1; +http://www.google.com/bot.html)"
74.7.227.39 - - [21/Apr/2026:20:38:13 +0000] "GET /goods.php?detail/10104002979228 HTTP/1.1" 404 21054 "https://s2spw.com/goods.php?detail/101040110034" "Mozilla/5.0 AppleWebKit/537.36 (KHTML, like Gecko; compatible; GPTBot/1.3; +https://openai.com/gptbot)"
66.249.79.196 - - [21/Apr/2026:20:38:14 +0000] "GET /?goods/108021613 HTTP/1.1" 200 574787 "-" "Mozilla/5.0 (Linux; Android 6.0.1; Nexus 5X Build/MMB29P) AppleWebKit/537.36 (KHTML, like Gecko) Chrome/146.0.7680.177 Mobile Safari/537.36 (compatible; Googlebot/2.1; +http://www.google.com/bot.html)"
74.7.227.39 - - [21/Apr/2026:20:38:16 +0000] "GET /goods.php?detail/20200486907279 HTTP/1.1" 404 21054 "https://s2spw.com/goods.php?goods/202004599" "Mozilla/5.0 AppleWebKit/537.36 (KHTML, like Gecko; compatible; GPTBot/1.3; +https://openai.com/gptbot)"
74.7.227.39 - - [21/Apr/2026:20:38:18 +0000] "GET /goods.php?detail/12800653380605 HTTP/1.1" 404 21054 "https://s2spw.com/goods.php?jp/274045712.html" "Mozilla/5.0 AppleWebKit/537.36 (KHTML, like Gecko; compatible; GPTBot/1.3; +https://openai.com/gptbot)"
74.7.227.39 - - [21/Apr/2026:20:38:21 +0000] "GET /goods.php?detail/23203095036324 HTTP/1.1" 404 21054 "https://s2spw.com/goods.php?detail/232031420066" "Mozilla/5.0 AppleWebKit/537.36 (KHTML, like Gecko; compatible; GPTBot/1.3; +https://openai.com/gptbot)"
66.249.79.195 - - [21/Apr/2026:20:38:22 +0000] "GET /?jp/103036284.html HTTP/1.1" 200 559867 "-" "Mozilla/5.0 (Linux; Android 6.0.1; Nexus 5X Build/MMB29P) AppleWebKit/537.36 (KHTML, like Gecko) Chrome/146.0.7680.177 Mobile Safari/537.36 (compatible; Googlebot/2.1; +http://www.google.com/bot.html)"
66.249.79.195 - - [21/Apr/2026:20:38:23 +0000] "GET /?jp/260039720.html HTTP/1.1" 200 556830 "-" "Mozilla/5.0 (Linux; Android 6.0.1; Nexus 5X Build/MMB29P) AppleWebKit/537.36 (KHTML, like Gecko) Chrome/146.0.7680.177 Mobile Safari/537.36 (compatible; Googlebot/2.1; +http://www.google.com/bot.html)"
74.7.227.39 - - [21/Apr/2026:20:38:24 +0000] "GET /goods.php?detail/12703490103344 HTTP/1.1" 404 21054 "https://s2spw.com/goods.php?detail/205023249685" "Mozilla/5.0 AppleWebKit/537.36 (KHTML, like Gecko; compatible; GPTBot/1.3; +https://openai.com/gptbot)"
74.7.227.39 - - [21/Apr/2026:20:38:27 +0000] "GET /goods.php?detail/00400227370192 HTTP/1.1" 404 21054 "https://s2spw.com/goods.php?detail/004002805789" "Mozilla/5.0 AppleWebKit/537.36 (KHTML, like Gecko; compatible; GPTBot/1.3; +https://openai.com/gptbot)"
74.7.227.39 - - [21/Apr/2026:20:38:29 +0000] "GET /goods.php?detail/22904954239129 HTTP/1.1" 404 21054 "https://s2spw.com/goods.php?detail/060017609385" "Mozilla/5.0 AppleWebKit/537.36 (KHTML, like Gecko; compatible; GPTBot/1.3; +https://openai.com/gptbot)"
74.7.227.39 - - [21/Apr/2026:20:38:32 +0000] "GET /goods.php?detail/09200382735238 HTTP/1.1" 404 21054 "https://s2spw.com/goods.php?detail/092002396606" "Mozilla/5.0 AppleWebKit/537.36 (KHTML, like Gecko; compatible; GPTBot/1.3; +https://openai.com/gptbot)"
66.249.79.195 - - [21/Apr/2026:20:38:32 +0000] "GET /?jp/292028640.html HTTP/1.1" 200 573044 "-" "Mozilla/5.0 (Linux; Android 6.0.1; Nexus 5X Build/MMB29P) AppleWebKit/537.36 (KHTML, like Gecko) Chrome/146.0.7680.177 Mobile Safari/537.36 (compatible; Googlebot/2.1; +http://www.google.com/bot.html)"
74.7.227.39 - - [21/Apr/2026:20:38:35 +0000] "GET /goods.php?detail/10102310495314 HTTP/1.1" 404 21054 "https://s2spw.com/goods.php?detail/101023089595" "Mozilla/5.0 AppleWebKit/537.36 (KHTML, like Gecko; compatible; GPTBot/1.3; +https://openai.com/gptbot)"
66.249.79.196 - - [21/Apr/2026:20:38:37 +0000] "GET /?jp/135033799.html HTTP/1.1" 200 578298 "-" "Mozilla/5.0 (Linux; Android 6.0.1; Nexus 5X Build/MMB29P) AppleWebKit/537.36 (KHTML, like Gecko) Chrome/146.0.7680.177 Mobile Safari/537.36 (compatible; Googlebot/2.1; +http://www.google.com/bot.html)"
74.7.227.39 - - [21/Apr/2026:20:38:38 +0000] "GET /goods.php?detail/04400403571653 HTTP/1.1" 404 21054 "https://s2spw.com/goods.php?pcmypage?callback=product/review/rcmd-tm-2426133" "Mozilla/5.0 AppleWebKit/537.36 (KHTML, like Gecko; compatible; GPTBot/1.3; +https://openai.com/gptbot)"
70.35.205.237 - - [21/Apr/2026:20:38:41 +0000] "HEAD / HTTP/1.1" 200 - "https://s2spw.com/" "Mozilla/5.0 (Windows NT 10.0; Win64; x64) AppleWebKit/537.36 (KHTML, like Gecko) Chrome/91.0.4472.124 Safari/537.36"
70.35.205.237 - - [21/Apr/2026:20:38:41 +0000] "HEAD / HTTP/1.1" 200 - "https://s2spw.com/" "Mozilla/5.0 (Windows NT 10.0; Win64; x64) AppleWebKit/537.36 (KHTML, like Gecko) Chrome/91.0.4472.124 Safari/537.36"
74.7.227.39 - - [21/Apr/2026:20:38:41 +0000] "GET /goods.php?detail/28703306283503 HTTP/1.1" 404 21054 "https://s2spw.com/goods.php?detail/180036637589" "Mozilla/5.0 AppleWebKit/537.36 (KHTML, like Gecko; compatible; GPTBot/1.3; +https://openai.com/gptbot)"
70.35.205.237 - - [21/Apr/2026:20:38:41 +0000] "HEAD / HTTP/1.1" 200 - "https://s2spw.com/" "Mozilla/5.0 (Windows NT 10.0; Win64; x64) AppleWebKit/537.36 (KHTML, like Gecko) Chrome/91.0.4472.124 Safari/537.36"
70.35.205.237 - - [21/Apr/2026:20:38:41 +0000] "HEAD / HTTP/1.1" 200 - "https://s2spw.com/" "Mozilla/5.0 (Windows NT 10.0; Win64; x64) AppleWebKit/537.36 (KHTML, like Gecko) Chrome/91.0.4472.124 Safari/537.36"
70.35.205.237 - - [21/Apr/2026:20:38:42 +0000] "POST /wp-login.php HTTP/1.1" 200 4600 "https://www.google.com/" "Mozilla/5.0 (Windows NT 10.0; Win64; x64) AppleWebKit/537.36 (KHTML, like Gecko) Chrome/91.0.4472.124 Safari/537.36"
70.35.205.237 - - [21/Apr/2026:20:38:42 +0000] "POST /wp-login.php HTTP/1.1" 200 4600 "https://www.google.com/" "Mozilla/5.0 (Windows NT 10.0; Win64; x64) AppleWebKit/537.36 (KHTML, like Gecko) Chrome/91.0.4472.124 Safari/537.36"
70.35.205.237 - - [21/Apr/2026:20:38:42 +0000] "POST /wp-login.php HTTP/1.1" 302 - "https://s2spw.com/wp-admin/" "Mozilla/5.0 (Windows NT 10.0; Win64; x64) AppleWebKit/537.36 (KHTML, like Gecko) Chrome/90.0.4430.85 Safari/537.36"
70.35.205.237 - - [21/Apr/2026:20:38:42 +0000] "POST /wp-login.php HTTP/1.1" 302 - "https://s2spw.com/wp-admin/" "Mozilla/5.0 (Windows NT 10.0; Win64; x64) AppleWebKit/537.36 (KHTML, like Gecko) Chrome/90.0.4430.85 Safari/537.36"
66.249.79.195 - - [21/Apr/2026:20:38:42 +0000] "GET /?jp/104010580.html HTTP/1.1" 301 - "-" "Mozilla/5.0 (Linux; Android 6.0.1; Nexus 5X Build/MMB29P) AppleWebKit/537.36 (KHTML, like Gecko) Chrome/146.0.7680.177 Mobile Safari/537.36 (compatible; Googlebot/2.1; +http://www.google.com/bot.html)"
70.35.205.237 - - [21/Apr/2026:20:38:43 +0000] "GET /wp-admin/ HTTP/1.1" 200 75117 "https://s2spw.com/wp-admin/" "Mozilla/5.0 (Windows NT 10.0; Win64; x64) AppleWebKit/537.36 (KHTML, like Gecko) Chrome/90.0.4430.85 Safari/537.36"
70.35.205.237 - - [21/Apr/2026:20:38:42 +0000] "GET /wp-admin/ HTTP/1.1" 200 75117 "https://s2spw.com/wp-admin/" "Mozilla/5.0 (Windows NT 10.0; Win64; x64) AppleWebKit/537.36 (KHTML, like Gecko) Chrome/90.0.4430.85 Safari/537.36"
66.249.79.195 - - [21/Apr/2026:20:38:43 +0000] "GET /?jp%2F104010580_html HTTP/1.1" 200 555235 "-" "Mozilla/5.0 (Linux; Android 6.0.1; Nexus 5X Build/MMB29P) AppleWebKit/537.36 (KHTML, like Gecko) Chrome/146.0.7680.177 Mobile Safari/537.36 (compatible; Googlebot/2.1; +http://www.google.com/bot.html)"
70.35.205.237 - - [21/Apr/2026:20:38:43 +0000] "GET /wp-admin/ HTTP/1.1" 200 75117 "https://www.google.com/" "Mozilla/5.0 (Windows NT 10.0; Win64; x64) AppleWebKit/537.36 (KHTML, like Gecko) Chrome/91.0.4472.124 Safari/537.36"
70.35.205.237 - - [21/Apr/2026:20:38:43 +0000] "GET /wp-admin/ HTTP/1.1" 200 75117 "https://www.google.com/" "Mozilla/5.0 (Windows NT 10.0; Win64; x64) AppleWebKit/537.36 (KHTML, like Gecko) Chrome/91.0.4472.124 Safari/537.36"
70.35.205.237 - - [21/Apr/2026:20:38:44 +0000] "GET /wp-admin/plugin-install.php?tab=upload HTTP/1.1" 200 49479 "https://www.google.com/" "Mozilla/5.0 (Windows NT 10.0; Win64; x64) AppleWebKit/537.36 (KHTML, like Gecko) Chrome/91.0.4472.124 Safari/537.36"
70.35.205.237 - - [21/Apr/2026:20:38:44 +0000] "GET /wp-admin/plugin-install.php?tab=upload HTTP/1.1" 200 49479 "https://www.google.com/" "Mozilla/5.0 (Windows NT 10.0; Win64; x64) AppleWebKit/537.36 (KHTML, like Gecko) Chrome/91.0.4472.124 Safari/537.36"
74.7.227.39 - - [21/Apr/2026:20:38:44 +0000] "GET /goods.php?detail/11502145501337 HTTP/1.1" 404 21054 "https://s2spw.com/goods.php?detail/228005460290" "Mozilla/5.0 AppleWebKit/537.36 (KHTML, like Gecko; compatible; GPTBot/1.3; +https://openai.com/gptbot)"
70.35.205.237 - - [21/Apr/2026:20:38:44 +0000] "POST /wp-admin/update.php?action=upload-plugin HTTP/1.1" 404 28516 "https://s2spw.com/wp-admin/plugin-install.php" "Mozilla/5.0 (Windows NT 10.0; Win64; x64) AppleWebKit/537.36 (KHTML, like Gecko) Chrome/132.0.0.0 Safari/537.36"
70.35.205.237 - - [21/Apr/2026:20:38:45 +0000] "GET /wp-content/plugins/kxemh/index.php HTTP/1.1" 301 - "-" "python-requests/2.32.3"
70.35.205.237 - - [21/Apr/2026:20:38:45 +0000] "GET /wp-content/plugins/kxemh/ HTTP/1.1" 404 21054 "-" "python-requests/2.32.3"
70.35.205.237 - - [21/Apr/2026:20:38:44 +0000] "POST /wp-admin/update.php?action=upload-plugin HTTP/1.1" 200 42136 "https://s2spw.com/wp-admin/plugin-install.php" "Mozilla/5.0 (Windows NT 10.0; Win64; x64) AppleWebKit/537.36 (KHTML, like Gecko) Chrome/132.0.0.0 Safari/537.36"
70.35.205.237 - - [21/Apr/2026:20:38:46 +0000] "GET /wp-content/plugins/kpjhf/index.php HTTP/1.1" 200 25149 "-" "python-requests/2.32.3"
70.35.205.237 - - [21/Apr/2026:20:38:46 +0000] "GET /wp-admin/ HTTP/1.1" 200 74192 "-" "Mozilla/5.0 (Windows NT 10.0; Win64; x64) AppleWebKit/537.36 (KHTML, like Gecko) Chrome/133.0.0.0 Safari/537.36"
70.35.205.237 - - [21/Apr/2026:20:38:46 +0000] "POST /wp-admin/admin-ajax.php HTTP/1.1" 404 28495 "-" "Mozilla/5.0 (Windows NT 10.0; Win64; x64) AppleWebKit/537.36 (KHTML, like Gecko) Chrome/133.0.0.0 Safari/537.36"
74.7.227.39 - - [21/Apr/2026:20:38:47 +0000] "GET /goods.php?detail/19801041951353 HTTP/1.1" 404 21054 "https://s2spw.com/goods.php?detail/0090240151212" "Mozilla/5.0 AppleWebKit/537.36 (KHTML, like Gecko; compatible; GPTBot/1.3; +https://openai.com/gptbot)"
70.35.205.237 - - [21/Apr/2026:20:38:47 +0000] "POST /wp-admin/admin-ajax.php HTTP/1.1" 200 181 "-" "Mozilla/5.0 (Windows NT 10.0; Win64; x64) AppleWebKit/537.36 (KHTML, like Gecko) Chrome/133.0.0.0 Safari/537.36"
70.35.205.237 - - [21/Apr/2026:20:38:47 +0000] "GET /wp-admin/plugins.php HTTP/1.1" 200 259882 "-" "Mozilla/5.0 (Windows NT 10.0; Win64; x64) AppleWebKit/537.36 (KHTML, like Gecko) Chrome/133.0.0.0 Safari/537.36"
70.35.205.237 - - [21/Apr/2026:20:38:48 +0000] "GET /wp-admin/admin.php?page=wp_file_manager HTTP/1.1" 200 68421 "https://www.google.com/" "Mozilla/5.0 (Windows NT 10.0; Win64; x64) AppleWebKit/537.36 (KHTML, like Gecko) Chrome/91.0.4472.124 Safari/537.36"
70.35.205.237 - - [21/Apr/2026:20:38:48 +0000] "POST /wp-admin/admin-ajax.php HTTP/1.1" 404 28495 "https://s2spw.com/wp-admin/admin.php?ssd" "Mozilla/5.0 (Windows NT 10.0; Win64; x64) AppleWebKit/537.36 (KHTML, like Gecko) Chrome/133.0.0.0 Safari/537.36"
70.35.205.237 - - [21/Apr/2026:20:38:49 +0000] "GET /bhzpc.php HTTP/1.1" 404 21054 "https://www.google.com/" "Mozilla/5.0 (Windows NT 10.0; Win64; x64) AppleWebKit/537.36 (KHTML, like Gecko) Chrome/91.0.4472.124 Safari/537.36"
74.7.227.39 - - [21/Apr/2026:20:38:49 +0000] "GET /goods.php?detail/05801570579765 HTTP/1.1" 404 21054 "https://s2spw.com/goods.php?detail/058015480593" "Mozilla/5.0 AppleWebKit/537.36 (KHTML, like Gecko; compatible; GPTBot/1.3; +https://openai.com/gptbot)"
70.35.205.237 - - [21/Apr/2026:20:38:49 +0000] "GET /wp-admin/theme-install.php?tab=upload HTTP/1.1" 200 64492 "https://www.google.com/" "Mozilla/5.0 (Windows NT 10.0; Win64; x64) AppleWebKit/537.36 (KHTML, like Gecko) Chrome/91.0.4472.124 Safari/537.36"
66.249.79.196 - - [21/Apr/2026:20:38:51 +0000] "GET /?goods/093033038 HTTP/1.1" 200 573286 "-" "Mozilla/5.0 (Linux; Android 6.0.1; Nexus 5X Build/MMB29P) AppleWebKit/537.36 (KHTML, like Gecko) Chrome/146.0.7680.177 Mobile Safari/537.36 (compatible; Googlebot/2.1; +http://www.google.com/bot.html)"
70.35.205.237 - - [21/Apr/2026:20:38:50 +0000] "POST /wp-admin/update.php?action=upload-theme HTTP/1.1" 200 42163 "https://s2spw.com/wp-admin/theme-install.php" "Mozilla/5.0 (Windows NT 10.0; Win64; x64) AppleWebKit/537.36 (KHTML, like Gecko) Chrome/132.0.0.0 Safari/537.36"
70.35.205.237 - - [21/Apr/2026:20:38:52 +0000] "GET /wp-content/themes/pbhxr/index.php HTTP/1.1" 200 19226 "https://www.google.com/" "Mozilla/5.0 (Windows NT 10.0; Win64; x64) AppleWebKit/537.36 (KHTML, like Gecko) Chrome/91.0.4472.124 Safari/537.36"
74.7.227.39 - - [21/Apr/2026:20:38:52 +0000] "GET /goods.php?detail/14804200360620 HTTP/1.1" 404 21054 "https://s2spw.com/goods.php?detail/024028627621" "Mozilla/5.0 AppleWebKit/537.36 (KHTML, like Gecko; compatible; GPTBot/1.3; +https://openai.com/gptbot)"
66.249.79.196 - - [21/Apr/2026:20:38:52 +0000] "GET /?goods/218023360 HTTP/1.1" 200 556717 "-" "Mozilla/5.0 (Linux; Android 6.0.1; Nexus 5X Build/MMB29P) AppleWebKit/537.36 (KHTML, like Gecko) Chrome/146.0.7680.177 Mobile Safari/537.36 (compatible; Googlebot/2.1; +http://www.google.com/bot.html)"
74.7.227.39 - - [21/Apr/2026:20:38:55 +0000] "GET /goods.php?detail/04600220475235 HTTP/1.1" 404 21054 "https://s2spw.com/goods.php?detail/046042725491" "Mozilla/5.0 AppleWebKit/537.36 (KHTML, like Gecko; compatible; GPTBot/1.3; +https://openai.com/gptbot)"
74.7.227.39 - - [21/Apr/2026:20:38:58 +0000] "GET /goods.php?detail/27700522051642 HTTP/1.1" 404 21054 "https://s2spw.com/goods.php?detail/277000233703" "Mozilla/5.0 AppleWebKit/537.36 (KHTML, like Gecko; compatible; GPTBot/1.3; +https://openai.com/gptbot)"
74.7.227.39 - - [21/Apr/2026:20:39:01 +0000] "GET /goods.php?detail/22700398819838 HTTP/1.1" 404 21054 "https://s2spw.com/goods.php?detail/122000763307" "Mozilla/5.0 AppleWebKit/537.36 (KHTML, like Gecko; compatible; GPTBot/1.3; +https://openai.com/gptbot)"
66.249.79.196 - - [21/Apr/2026:20:39:02 +0000] "GET /?detail/11601490467578 HTTP/1.1" 200 555837 "-" "Mozilla/5.0 (Linux; Android 6.0.1; Nexus 5X Build/MMB29P) AppleWebKit/537.36 (KHTML, like Gecko) Chrome/146.0.7680.177 Mobile Safari/537.36 (compatible; GoogleOther)"
66.249.79.195 - - [21/Apr/2026:20:39:02 +0000] "GET /?goods/118022865 HTTP/1.1" 200 559446 "-" "Mozilla/5.0 (Linux; Android 6.0.1; Nexus 5X Build/MMB29P) AppleWebKit/537.36 (KHTML, like Gecko) Chrome/146.0.7680.177 Mobile Safari/537.36 (compatible; Googlebot/2.1; +http://www.google.com/bot.html)"
74.7.227.39 - - [21/Apr/2026:20:39:04 +0000] "GET /goods.php?detail/10202703779119 HTTP/1.1" 404 21054 "https://s2spw.com/goods.php?detail/102019384040" "Mozilla/5.0 AppleWebKit/537.36 (KHTML, like Gecko; compatible; GPTBot/1.3; +https://openai.com/gptbot)"
74.7.227.39 - - [21/Apr/2026:20:39:06 +0000] "GET /goods.php?detail/23503429005069 HTTP/1.1" 404 21054 "https://s2spw.com/goods.php?detail/048044547314" "Mozilla/5.0 AppleWebKit/537.36 (KHTML, like Gecko; compatible; GPTBot/1.3; +https://openai.com/gptbot)"
74.7.227.39 - - [21/Apr/2026:20:39:09 +0000] "GET /goods.php?detail/09002718060993 HTTP/1.1" 404 21054 "https://s2spw.com/goods.php?jp/090027424.html" "Mozilla/5.0 AppleWebKit/537.36 (KHTML, like Gecko; compatible; GPTBot/1.3; +https://openai.com/gptbot)"
74.7.227.39 - - [21/Apr/2026:20:39:12 +0000] "GET /goods.php?detail/22801287606003 HTTP/1.1" 404 21054 "https://s2spw.com/goods.php?detail/246002824062" "Mozilla/5.0 AppleWebKit/537.36 (KHTML, like Gecko; compatible; GPTBot/1.3; +https://openai.com/gptbot)"
66.249.79.196 - - [21/Apr/2026:20:39:12 +0000] "GET /?jp/204002034.html HTTP/1.1" 200 556420 "-" "Mozilla/5.0 (Linux; Android 6.0.1; Nexus 5X Build/MMB29P) AppleWebKit/537.36 (KHTML, like Gecko) Chrome/146.0.7680.177 Mobile Safari/537.36 (compatible; Googlebot/2.1; +http://www.google.com/bot.html)"
74.7.227.39 - - [21/Apr/2026:20:39:15 +0000] "GET /goods.php?detail/08202209643604 HTTP/1.1" 404 21054 "https://s2spw.com/goods.php?detail/082020560304" "Mozilla/5.0 AppleWebKit/537.36 (KHTML, like Gecko; compatible; GPTBot/1.3; +https://openai.com/gptbot)"
74.7.227.39 - - [21/Apr/2026:20:39:18 +0000] "GET /goods.php?detail/00400694087117 HTTP/1.1" 404 21054 "https://s2spw.com/goods.php?detail/004011300899" "Mozilla/5.0 AppleWebKit/537.36 (KHTML, like Gecko; compatible; GPTBot/1.3; +https://openai.com/gptbot)"
74.7.227.39 - - [21/Apr/2026:20:39:21 +0000] "GET /goods.php?detail/18500179910152 HTTP/1.1" 404 21054 "https://s2spw.com/goods.php?detail/276024073409" "Mozilla/5.0 AppleWebKit/537.36 (KHTML, like Gecko; compatible; GPTBot/1.3; +https://openai.com/gptbot)"
216.73.216.14 - - [21/Apr/2026:20:39:23 +0000] "GET / HTTP/1.1" 200 43282 "-" "Mozilla/5.0 AppleWebKit/537.36 (KHTML, like Gecko; compatible; ClaudeBot/1.0; +claudebot@anthropic.com)"
74.7.227.39 - - [21/Apr/2026:20:39:24 +0000] "GET /goods.php?detail/03101352380019 HTTP/1.1" 404 21054 "https://s2spw.com/goods.php?detail/031013481370" "Mozilla/5.0 AppleWebKit/537.36 (KHTML, like Gecko; compatible; GPTBot/1.3; +https://openai.com/gptbot)"
74.7.227.39 - - [21/Apr/2026:20:39:27 +0000] "GET /goods.php?detail/20703080209669 HTTP/1.1" 404 21054 "https://s2spw.com/goods.php?detail/038019536252" "Mozilla/5.0 AppleWebKit/537.36 (KHTML, like Gecko; compatible; GPTBot/1.3; +https://openai.com/gptbot)"
74.7.227.39 - - [21/Apr/2026:20:39:29 +0000] "GET /goods.php?detail/00603085922630 HTTP/1.1" 404 21054 "https://s2spw.com/goods.php?detail/006013167376" "Mozilla/5.0 AppleWebKit/537.36 (KHTML, like Gecko; compatible; GPTBot/1.3; +https://openai.com/gptbot)"
70.35.205.237 - - [21/Apr/2026:20:39:30 +0000] "HEAD / HTTP/1.1" 200 - "https://s2spw.com/" "Mozilla/5.0 (Windows NT 10.0; Win64; x64) AppleWebKit/537.36 (KHTML, like Gecko) Chrome/91.0.4472.124 Safari/537.36"
70.35.205.237 - - [21/Apr/2026:20:39:30 +0000] "HEAD / HTTP/1.1" 200 - "https://s2spw.com/" "Mozilla/5.0 (Windows NT 10.0; Win64; x64) AppleWebKit/537.36 (KHTML, like Gecko) Chrome/91.0.4472.124 Safari/537.36"
70.35.205.237 - - [21/Apr/2026:20:39:30 +0000] "HEAD / HTTP/1.1" 200 - "https://s2spw.com/" "Mozilla/5.0 (Windows NT 10.0; Win64; x64) AppleWebKit/537.36 (KHTML, like Gecko) Chrome/91.0.4472.124 Safari/537.36"
